May 20 19:41:03.532319 dv-cinder-792462-2-smb neutron-server[98302]: DEBUG neutron_lib.callbacks.manager [req-f23d52df-0ffd-4190-a9ad-9313a05b4b91 req-fdf03fff-2189-42b9-ad1d-c6a4fe59eaf6 service neutron] Notify callbacks [] for port, precommit_update {{(pid=98302) _notify_loop /usr/local/lib/python3.8/dist-packages/neutron_lib/callbacks/manager.py:192}}
May 20 19:41:03.533611 dv-cinder-792462-2-smb neutron-server[98303]: DEBUG neutron.plugins.ml2.db [None req-2a9a6abd-dbec-44c9-bbf6-1d5118c6fea5 None None] For port 25fdc674-5f19-4a4a-9567-cfe468f8d671, host hv-cinder-79246, got binding levels [PortBindingLevel(driver='hyperv',host='hv-cinder-79246',level=0,port_id=25fdc674-5f19-4a4a-9567-cfe468f8d671,segment=NetworkSegment(56fe947c-7cc6-4144-9be6-169f8c67ca9a),segment_id=56fe947c-7cc6-4144-9be6-169f8c67ca9a)] {{(pid=98303) get_binding_level_objs /opt/stack/neutron/neutron/plugins/ml2/db.py:75}}
May 20 19:41:03.542640 dv-cinder-792462-2-smb neutron-server[98303]: DEBUG neutron_lib.callbacks.manager [None req-2a9a6abd-dbec-44c9-bbf6-1d5118c6fea5 None None] Notify callbacks ['neutron.plugins.ml2.plugin.SecurityGroupServerNotifierRpcMixin.notify_sg_on_port_change-3655290', 'neutron.plugins.ml2.ovo_rpc._ObjectChangeHandler.handle_event-108908', 'neutron.api.rpc.agentnotifiers.dhcp_rpc_agent_api.DhcpAgentNotifyAPI._native_event_send_dhcp_notification-3727286', 'neutron.db.l3_db.L3RpcNotifierMixin._notify_gateway_port_ip_changed-8771302468024', 'neutron.db.l3_dvrscheduler_db._notify_l3_agent_port_update-8771302085497', 'neutron.db.l3_hascheduler_db._notify_l3_agent_ha_port_update-8771302085542'] for port, after_update {{(pid=98303) _notify_loop /usr/local/lib/python3.8/dist-packages/neutron_lib/callbacks/manager.py:192}}
May 20 19:41:03.545912 dv-cinder-792462-2-smb neutron-server[98303]: DEBUG oslo_concurrency.lockutils [-] Lock "event-dispatch" acquired by "neutron.plugins.ml2.ovo_rpc._ObjectChangeHandler.dispatch_events" :: waited 0.000s {{(pid=98303) inner /usr/local/lib/python3.8/dist-packages/oslo_concurrency/lockutils.py:355}}
May 20 19:41:03.561757 dv-cinder-792462-2-smb neutron-server[98301]: INFO neutron.wsgi [req-d99bf480-3b7e-4fe6-87b4-1a690087433e req-6edcde32-ac22-46de-b622-8ed4d163fc1a service neutron] 10.222.0.16 "GET /v2.0/networks/4fd580fa-8747-45e2-8a5c-27dd0102a58b?fields=segments HTTP/1.1" status: 200 len: 212 time: 0.4002464
May 20 19:41:03.564656 dv-cinder-792462-2-smb neutron-server[98302]: INFO neutron.wsgi [req-4517339a-fecf-4464-9c26-b550b927e494 req-12639d79-716a-411e-9bd2-9167b095dc8f tempest-ServerRescueNegativeTestJSON-2018295672 tempest-ServerRescueNegativeTestJSON-2018295672-project] 10.222.0.44 "GET /v2.0/security-groups?id=4fb38b49-f7a5-445f-9a4e-518d69358a9c&fields=id&fields=name HTTP/1.1" status: 200 len: 286 time: 0.1099794
May 20 19:41:03.576272 dv-cinder-792462-2-smb neutron-server[98302]: DEBUG neutron.db.provisioning_blocks [req-f23d52df-0ffd-4190-a9ad-9313a05b4b91 req-fdf03fff-2189-42b9-ad1d-c6a4fe59eaf6 service neutron] Transition to ACTIVE for port object cb9ef393-2584-44dd-bfc4-4dbb57d67f9a will not be triggered until provisioned by entity L2. {{(pid=98302) add_provisioning_component /opt/stack/neutron/neutron/db/provisioning_blocks.py:73}}
May 20 19:41:03.585493 dv-cinder-792462-2-smb neutron-server[98302]: DEBUG neutron_lib.callbacks.manager [req-f23d52df-0ffd-4190-a9ad-9313a05b4b91 req-fdf03fff-2189-42b9-ad1d-c6a4fe59eaf6 service neutron] Notify callbacks ['neutron.plugins.ml2.plugin.SecurityGroupServerNotifierRpcMixin.notify_sg_on_port_change-3655290', 'neutron.plugins.ml2.ovo_rpc._ObjectChangeHandler.handle_event-108908', 'neutron.api.rpc.agentnotifiers.dhcp_rpc_agent_api.DhcpAgentNotifyAPI._native_event_send_dhcp_notification-3727286', 'neutron.db.l3_db.L3RpcNotifierMixin._notify_gateway_port_ip_changed-8771302468024', 'neutron.db.l3_dvrscheduler_db._notify_l3_agent_port_update-8771302085497', 'neutron.db.l3_hascheduler_db._notify_l3_agent_ha_port_update-8771302085542', 'neutron.services.segments.plugin.NovaSegmentNotifier._notify_port_updated-1797802'] for port, after_update {{(pid=98302) _notify_loop /usr/local/lib/python3.8/dist-packages/neutron_lib/callbacks/manager.py:192}}
May 20 19:41:03.591726 dv-cinder-792462-2-smb neutron-server[98302]: DEBUG oslo_concurrency.lockutils [-] Lock "event-dispatch" acquired by "neutron.plugins.ml2.ovo_rpc._ObjectChangeHandler.dispatch_events" :: waited 0.000s {{(pid=98302) inner /usr/local/lib/python3.8/dist-packages/oslo_concurrency/lockutils.py:355}}
May 20 19:41:03.615840 dv-cinder-792462-2-smb neutron-server[98301]: DEBUG neutron.wsgi [-] (98301) accepted ('10.222.0.44', 58464) {{(pid=98301) server /usr/local/lib/python3.8/dist-packages/eventlet/wsgi.py:992}}
May 20 19:41:03.624261 dv-cinder-792462-2-smb neutron-server[98303]: DEBUG neutron.api.rpc.handlers.resources_rpc [None req-2a9a6abd-dbec-44c9-bbf6-1d5118c6fea5 None None] Pushing event updated for resources: {'Port': ['ID=25fdc674-5f19-4a4a-9567-cfe468f8d671,revision_number=4']} {{(pid=98303) push /opt/stack/neutron/neutron/api/rpc/handlers/resources_rpc.py:237}}
May 20 19:41:03.633933 dv-cinder-792462-2-smb neutron-server[98303]: DEBUG oslo_concurrency.lockutils [None req-2a9a6abd-dbec-44c9-bbf6-1d5118c6fea5 None None] Lock "event-dispatch" released by "neutron.plugins.ml2.ovo_rpc._ObjectChangeHandler.dispatch_events" :: held 0.088s {{(pid=98303) inner /usr/local/lib/python3.8/dist-packages/oslo_concurrency/lockutils.py:367}}
May 20 19:41:03.746633 dv-cinder-792462-2-smb neutron-server[98301]: DEBUG neutron_lib.callbacks.manager [None req-7955bd79-f2b1-49e0-9271-22ee51357a43 admin admin] Notify callbacks [] for security_group, precommit_create {{(pid=98301) _notify_loop /usr/local/lib/python3.8/dist-packages/neutron_lib/callbacks/manager.py:192}}
May 20 19:41:03.839741 dv-cinder-792462-2-smb neutron-server[98301]: DEBUG neutron_lib.callbacks.manager [None req-7955bd79-f2b1-49e0-9271-22ee51357a43 admin admin] Notify callbacks ['neutron.plugins.ml2.ovo_rpc._ObjectChangeHandler.handle_event-466559'] for security_group, after_create {{(pid=98301) _notify_loop /usr/local/lib/python3.8/dist-packages/neutron_lib/callbacks/manager.py:192}}
May 20 19:41:03.852598 dv-cinder-792462-2-smb neutron-server[98302]: DEBUG neutron.api.rpc.handlers.resources_rpc [None req-fdf03fff-2189-42b9-ad1d-c6a4fe59eaf6 service neutron] Pushing event updated for resources: {'Port': ['ID=cb9ef393-2584-44dd-bfc4-4dbb57d67f9a,revision_number=2']} {{(pid=98302) push /opt/stack/neutron/neutron/api/rpc/handlers/resources_rpc.py:237}}
May 20 19:41:03.861070 dv-cinder-792462-2-smb neutron-server[98302]: DEBUG oslo_concurrency.lockutils [None req-fdf03fff-2189-42b9-ad1d-c6a4fe59eaf6 service neutron] Lock "event-dispatch" released by "neutron.plugins.ml2.ovo_rpc._ObjectChangeHandler.dispatch_events" :: held 0.268s {{(pid=98302) inner /usr/local/lib/python3.8/dist-packages/oslo_concurrency/lockutils.py:367}}
May 20 19:41:03.867345 dv-cinder-792462-2-smb neutron-server[98301]: DEBUG oslo_concurrency.lockutils [None req-63b735a4-2192-4667-85c8-b393f9e7fd50 admin admin] Lock "event-dispatch" acquired by "neutron.plugins.ml2.ovo_rpc._ObjectChangeHandler.dispatch_events" :: waited 0.000s {{(pid=98301) inner /usr/local/lib/python3.8/dist-packages/oslo_concurrency/lockutils.py:355}}
May 20 19:41:03.914064 dv-cinder-792462-2-smb neutron-server[98301]: DEBUG neutron.pecan_wsgi.hooks.policy_enforcement [req-849b445b-63d3-4f84-b657-6b5747b0816d req-148876f0-b8f7-421b-b6a5-67b91eb94d77 tempest-AttachVolumeNegativeTest-56551896 tempest-AttachVolumeNegativeTest-56551896-project] Attributes excluded by policy engine: ['standard_attr_id', 'binding:profile', 'binding:host_id', 'binding:vif_type', 'binding:vif_details'] {{(pid=98301) _exclude_attributes_by_policy /opt/stack/neutron/neutron/pecan_wsgi/hooks/policy_enforcement.py:255}}
May 20 19:41:03.923852 dv-cinder-792462-2-smb neutron-server[98303]: DEBUG neutron.plugins.ml2.db [None req-2a9a6abd-dbec-44c9-bbf6-1d5118c6fea5 None None] get_ports_and_sgs() called for port_ids ['25fdc674-5f19-4a4a-9567-cfe468f8d671'] {{(pid=98303) get_ports_and_sgs /opt/stack/neutron/neutron/plugins/ml2/db.py:164}}
May 20 19:41:03.924657 dv-cinder-792462-2-smb neutron-server[98301]: INFO neutron.wsgi [req-849b445b-63d3-4f84-b657-6b5747b0816d req-148876f0-b8f7-421b-b6a5-67b91eb94d77 tempest-AttachVolumeNegativeTest-56551896 tempest-AttachVolumeNegativeTest-56551896-project] 10.222.0.44 "GET /v2.0/ports?device_id=0fa37a14-2162-4f26-991c-6e7197ed2557 HTTP/1.1" status: 200 len: 944 time: 0.4968066
May 20 19:41:03.957908 dv-cinder-792462-2-smb neutron-server[98301]: DEBUG neutron.api.rpc.handlers.resources_rpc [None req-7955bd79-f2b1-49e0-9271-22ee51357a43 admin admin] Pushing event updated for resources: {'SecurityGroup': ['ID=d2cafdff-77f4-4b04-b4f5-9b9d8c1cd03e,revision_number=1']} {{(pid=98301) push /opt/stack/neutron/neutron/api/rpc/handlers/resources_rpc.py:237}}
May 20 19:41:03.971105 dv-cinder-792462-2-smb neutron-server[98301]: DEBUG oslo_concurrency.lockutils [None req-7955bd79-f2b1-49e0-9271-22ee51357a43 admin admin] Lock "event-dispatch" released by "neutron.plugins.ml2.ovo_rpc._ObjectChangeHandler.dispatch_events" :: held 0.104s {{(pid=98301) inner /usr/local/lib/python3.8/dist-packages/oslo_concurrency/lockutils.py:367}}
May 20 19:41:03.973069 dv-cinder-792462-2-smb neutron-server[98302]: DEBUG neutron.plugins.ml2.managers [req-f23d52df-0ffd-4190-a9ad-9313a05b4b91 req-fdf03fff-2189-42b9-ad1d-c6a4fe59eaf6 service neutron] Attempting to bind port cb9ef393-2584-44dd-bfc4-4dbb57d67f9a on host hv-cinder-79246 for vnic_type normal with profile {{(pid=98302) bind_port /opt/stack/neutron/neutron/plugins/ml2/managers.py:790}}
May 20 19:41:03.974978 dv-cinder-792462-2-smb neutron-server[98302]: DEBUG neutron.plugins.ml2.managers [req-f23d52df-0ffd-4190-a9ad-9313a05b4b91 req-fdf03fff-2189-42b9-ad1d-c6a4fe59eaf6 service neutron] Attempting to bind port cb9ef393-2584-44dd-bfc4-4dbb57d67f9a by drivers openvswitch,hyperv on host hv-cinder-79246 at level 0 using segments [{'id': '4185d6aa-e633-4b26-a0d7-10d637e78818', 'network_type': 'vlan', 'physical_network': 'physnet1', 'segmentation_id': 178, 'network_id': '4fd580fa-8747-45e2-8a5c-27dd0102a58b'}] {{(pid=98302) _bind_port_level /opt/stack/neutron/neutron/plugins/ml2/managers.py:815}}
May 20 19:41:03.975403 dv-cinder-792462-2-smb neutron-server[98302]: DEBUG neutron.plugins.ml2.drivers.mech_agent [req-f23d52df-0ffd-4190-a9ad-9313a05b4b91 req-fdf03fff-2189-42b9-ad1d-c6a4fe59eaf6 service neutron] Attempting to bind port cb9ef393-2584-44dd-bfc4-4dbb57d67f9a on network 4fd580fa-8747-45e2-8a5c-27dd0102a58b {{(pid=98302) bind_port /opt/stack/neutron/neutron/plugins/ml2/drivers/mech_agent.py:86}}
May 20 19:41:03.976313 dv-cinder-792462-2-smb neutron-server[98301]: DEBUG neutron_lib.callbacks.manager [None req-73bf38b8-f425-4bf7-b536-52dcf2a8a77d admin admin] Notify callbacks [] for security_group, before_create {{(pid=98301) _notify_loop /usr/local/lib/python3.8/dist-packages/neutron_lib/callbacks/manager.py:192}}
May 20 19:41:03.989758 dv-cinder-792462-2-smb neutron-server[98302]: DEBUG neutron.plugins.ml2.drivers.mech_agent [req-f23d52df-0ffd-4190-a9ad-9313a05b4b91 req-fdf03fff-2189-42b9-ad1d-c6a4fe59eaf6 service neutron] Port cb9ef393-2584-44dd-bfc4-4dbb57d67f9a on network 4fd580fa-8747-45e2-8a5c-27dd0102a58b not bound, no agent of type Open vSwitch agent registered on host hv-cinder-79246 {{(pid=98302) bind_port /opt/stack/neutron/neutron/plugins/ml2/drivers/mech_agent.py:98}}
May 20 19:41:03.990421 dv-cinder-792462-2-smb neutron-server[98302]: DEBUG neutron.plugins.ml2.drivers.mech_agent [req-f23d52df-0ffd-4190-a9ad-9313a05b4b91 req-fdf03fff-2189-42b9-ad1d-c6a4fe59eaf6 service neutron] Attempting to bind port cb9ef393-2584-44dd-bfc4-4dbb57d67f9a on network 4fd580fa-8747-45e2-8a5c-27dd0102a58b {{(pid=98302) bind_port /opt/stack/neutron/neutron/plugins/ml2/drivers/mech_agent.py:86}}
May 20 19:41:03.998245 dv-cinder-792462-2-smb neutron-server[98303]: DEBUG neutron.plugins.ml2.db [None req-2a9a6abd-dbec-44c9-bbf6-1d5118c6fea5 None None] get_ports_and_sgs() called for port_ids ['2951a5a9-61ee-4749-a014-bbc9db9b5b70'] {{(pid=98303) get_ports_and_sgs /opt/stack/neutron/neutron/plugins/ml2/db.py:164}}
May 20 19:41:04.000346 dv-cinder-792462-2-smb neutron-server[98302]: DEBUG neutron.plugins.ml2.drivers.mech_agent [req-f23d52df-0ffd-4190-a9ad-9313a05b4b91 req-fdf03fff-2189-42b9-ad1d-c6a4fe59eaf6 service neutron] Checking agent: {'id': '23d24453-0981-4a9e-8643-e534fd07e148', 'agent_type': 'HyperV agent', 'binary': 'neutron-hyperv-agent', 'topic': 'N/A', 'host': 'hv-cinder-79246', 'admin_state_up': True, 'created_at': datetime.datetime(2021, 5, 20, 19, 38, 44), 'started_at': datetime.datetime(2021, 5, 20, 19, 38, 44), 'heartbeat_timestamp': datetime.datetime(2021, 5, 20, 19, 40, 44), 'description': None, 'resources_synced': None, 'availability_zone': None, 'alive': True, 'configurations': {'vswitch_mappings': {'physnet1$': 'br-data'}}, 'resource_versions': {}} {{(pid=98302) bind_port /opt/stack/neutron/neutron/plugins/ml2/drivers/mech_agent.py:105}}
May 20 19:41:04.001003 dv-cinder-792462-2-smb neutron-server[98302]: DEBUG neutron.plugins.ml2.drivers.mech_agent [req-f23d52df-0ffd-4190-a9ad-9313a05b4b91 req-fdf03fff-2189-42b9-ad1d-c6a4fe59eaf6 service neutron] Checking segment: {'id': '4185d6aa-e633-4b26-a0d7-10d637e78818', 'network_type': 'vlan', 'physical_network': 'physnet1', 'segmentation_id': 178, 'network_id': '4fd580fa-8747-45e2-8a5c-27dd0102a58b'} for mappings: {'physnet1$': 'br-data'} with network types: ['local', 'flat', 'vlan'] {{(pid=98302) check_segment_for_agent /opt/stack/neutron/neutron/plugins/ml2/drivers/mech_agent.py:341}}
May 20 19:41:04.003272 dv-cinder-792462-2-smb neutron-server[98302]: DEBUG neutron.plugins.ml2.drivers.mech_agent [req-f23d52df-0ffd-4190-a9ad-9313a05b4b91 req-fdf03fff-2189-42b9-ad1d-c6a4fe59eaf6 service neutron] Bound using segment: {'id': '4185d6aa-e633-4b26-a0d7-10d637e78818', 'network_type': 'vlan', 'physical_network': 'physnet1', 'segmentation_id': 178, 'network_id': '4fd580fa-8747-45e2-8a5c-27dd0102a58b'} {{(pid=98302) bind_port /opt/stack/neutron/neutron/plugins/ml2/drivers/mech_agent.py:115}}
May 20 19:41:04.003935 dv-cinder-792462-2-smb neutron-server[98302]: DEBUG neutron.plugins.ml2.managers [req-f23d52df-0ffd-4190-a9ad-9313a05b4b91 req-fdf03fff-2189-42b9-ad1d-c6a4fe59eaf6 service neutron] Bound port: cb9ef393-2584-44dd-bfc4-4dbb57d67f9a, host: hv-cinder-79246, vif_type: hyperv, vif_details: {"connectivity": "legacy", "port_filter": false}, binding_levels: [{'bound_driver': 'hyperv', 'bound_segment': {'id': '4185d6aa-e633-4b26-a0d7-10d637e78818', 'network_type': 'vlan', 'physical_network': 'physnet1', 'segmentation_id': 178, 'network_id': '4fd580fa-8747-45e2-8a5c-27dd0102a58b'}}] {{(pid=98302) _bind_port_level /opt/stack/neutron/neutron/plugins/ml2/managers.py:928}}
May 20 19:41:04.004547 dv-cinder-792462-2-smb neutron-server[98302]: DEBUG neutron_lib.callbacks.manager [req-f23d52df-0ffd-4190-a9ad-9313a05b4b91 req-fdf03fff-2189-42b9-ad1d-c6a4fe59eaf6 service neutron] Notify callbacks ['neutron.plugins.ml2.plugin.SecurityGroupDbMixin._ensure_default_security_group_handler_port-3655341'] for port, before_update {{(pid=98302) _notify_loop /usr/local/lib/python3.8/dist-packages/neutron_lib/callbacks/manager.py:192}}
May 20 19:41:04.023494 dv-cinder-792462-2-smb neutron-server[98301]: DEBUG neutron.db.quota.driver [None req-73bf38b8-f425-4bf7-b536-52dcf2a8a77d admin admin] Resources subnetpool have unlimited quota limit. It is not required to calculate headroom {{(pid=98301) make_reservation /opt/stack/neutron/neutron/db/quota/driver.py:219}}
May 20 19:41:04.036860 dv-cinder-792462-2-smb neutron-server[98301]: INFO neutron.wsgi [req-849b445b-63d3-4f84-b657-6b5747b0816d req-55248281-11ed-4a5f-8fd3-0f977dc9a114 tempest-AttachVolumeNegativeTest-56551896 tempest-AttachVolumeNegativeTest-56551896-project] 10.222.0.44 "GET /v2.0/security-groups?id=e51ecafd-6d24-49f8-ba8d-ae5353f2d644&fields=id&fields=name HTTP/1.1" status: 200 len: 286 time: 0.1112795
May 20 19:41:04.037776 dv-cinder-792462-2-smb neutron-server[98301]: DEBUG neutron.quota.resource [None req-73bf38b8-f425-4bf7-b536-52dcf2a8a77d admin admin] Usage tracker for resource:security_group_rule and tenant:035abccfa01d48fda0c0a0c910021ece is out of sync, need to count used quota {{(pid=98301) count_used /opt/stack/neutron/neutron/quota/resource.py:270}}
May 20 19:41:04.048507 dv-cinder-792462-2-smb neutron-server[98301]: INFO neutron.wsgi [None req-7955bd79-f2b1-49e0-9271-22ee51357a43 admin admin] 10.222.0.44 "GET /v2.0/security-groups?tenant_id=338c0ab0b3f644328ae135bf71245bd6&name=default HTTP/1.1" status: 200 len: 2979 time: 1.0638034
May 20 19:41:04.052020 dv-cinder-792462-2-smb neutron-server[98301]: DEBUG neutron.quota.resource [None req-73bf38b8-f425-4bf7-b536-52dcf2a8a77d admin admin] Quota usage for security_group_rule was recalculated. Used quota:0. {{(pid=98301) count_used /opt/stack/neutron/neutron/quota/resource.py:290}}
May 20 19:41:04.058944 dv-cinder-792462-2-smb neutron-server[98301]: DEBUG neutron.wsgi [-] (98301) accepted ('10.222.0.44', 58486) {{(pid=98301) server /usr/local/lib/python3.8/dist-packages/eventlet/wsgi.py:992}}
May 20 19:41:04.087944 dv-cinder-792462-2-smb neutron-server[98301]: INFO neutron.wsgi [req-d99bf480-3b7e-4fe6-87b4-1a690087433e req-d2aa5555-c14e-4b33-81fb-9dc2c91d93c7 service neutron] 10.222.0.16 "GET /v2.0/networks/4fd580fa-8747-45e2-8a5c-27dd0102a58b?fields=provider%3Aphysical_network&fields=provider%3Anetwork_type HTTP/1.1" status: 200 len: 281 time: 0.5020416
May 20 19:41:04.088930 dv-cinder-792462-2-smb neutron-server[98301]: DEBUG neutron.db.quota.driver [None req-73bf38b8-f425-4bf7-b536-52dcf2a8a77d admin admin] Attempting to reserve 4 items for resource security_group_rule. Total usage: 0; quota limit: 100; headroom:100 {{(pid=98301) make_reservation /opt/stack/neutron/neutron/db/quota/driver.py:246}}
May 20 19:41:04.226658 dv-cinder-792462-2-smb neutron-server[98302]: DEBUG neutron.plugins.ml2.db [req-f23d52df-0ffd-4190-a9ad-9313a05b4b91 req-fdf03fff-2189-42b9-ad1d-c6a4fe59eaf6 service neutron] For port cb9ef393-2584-44dd-bfc4-4dbb57d67f9a, host hv-cinder-79246, cleared binding levels {{(pid=98302) clear_binding_levels /opt/stack/neutron/neutron/plugins/ml2/db.py:88}}
May 20 19:41:04.232102 dv-cinder-792462-2-smb neutron-server[98302]: DEBUG neutron.plugins.ml2.db [req-f23d52df-0ffd-4190-a9ad-9313a05b4b91 req-fdf03fff-2189-42b9-ad1d-c6a4fe59eaf6 service neutron] For port cb9ef393-2584-44dd-bfc4-4dbb57d67f9a, host hv-cinder-79246, set binding levels [PortBindingLevel(driver='hyperv',host='hv-cinder-79246',level=0,port_id=cb9ef393-2584-44dd-bfc4-4dbb57d67f9a,segment=NetworkSegment(4185d6aa-e633-4b26-a0d7-10d637e78818),segment_id=4185d6aa-e633-4b26-a0d7-10d637e78818)] {{(pid=98302) set_binding_levels /opt/stack/neutron/neutron/plugins/ml2/db.py:60}}
May 20 19:41:04.247267 dv-cinder-792462-2-smb neutron-server[98302]: DEBUG neutron_lib.callbacks.manager [req-f23d52df-0ffd-4190-a9ad-9313a05b4b91 req-fdf03fff-2189-42b9-ad1d-c6a4fe59eaf6 service neutron] Notify callbacks ['neutron.plugins.ml2.plugin.SecurityGroupServerNotifierRpcMixin.notify_sg_on_port_change-3655290', 'neutron.plugins.ml2.ovo_rpc._ObjectChangeHandler.handle_event-108908', 'neutron.api.rpc.agentnotifiers.dhcp_rpc_agent_api.DhcpAgentNotifyAPI._native_event_send_dhcp_notification-3727286', 'neutron.db.l3_db.L3RpcNotifierMixin._notify_gateway_port_ip_changed-8771302468024', 'neutron.db.l3_dvrscheduler_db._notify_l3_agent_port_update-8771302085497', 'neutron.db.l3_hascheduler_db._notify_l3_agent_ha_port_update-8771302085542', 'neutron.services.segments.plugin.NovaSegmentNotifier._notify_port_updated-1797802'] for port, after_update {{(pid=98302) _notify_loop /usr/local/lib/python3.8/dist-packages/neutron_lib/callbacks/manager.py:192}}
May 20 19:41:04.278678 dv-cinder-792462-2-smb neutron-server[98302]: DEBUG neutron.pecan_wsgi.hooks.policy_enforcement [req-c38aeb0d-8d53-4400-8c58-a76ada7ea5d1 req-ed7e46a8-6d12-41a2-88f7-9b6cea9be447 tempest-DeleteServersTestJSON-282611271 tempest-DeleteServersTestJSON-282611271-project] Attributes excluded by policy engine: ['standard_attr_id', 'binding:profile', 'binding:host_id', 'binding:vif_type', 'binding:vif_details'] {{(pid=98302) _exclude_attributes_by_policy /opt/stack/neutron/neutron/pecan_wsgi/hooks/policy_enforcement.py:255}}
May 20 19:41:04.292525 dv-cinder-792462-2-smb neutron-server[98302]: INFO neutron.wsgi [req-c38aeb0d-8d53-4400-8c58-a76ada7ea5d1 req-ed7e46a8-6d12-41a2-88f7-9b6cea9be447 tempest-DeleteServersTestJSON-282611271 tempest-DeleteServersTestJSON-282611271-project] 10.222.0.44 "GET /v2.0/ports?device_id=f10c75d8-c93d-4d93-a72b-c451827403e3 HTTP/1.1" status: 200 len: 945 time: 0.1590118
May 20 19:41:04.296177 dv-cinder-792462-2-smb neutron-server[98302]: DEBUG oslo_concurrency.lockutils [None req-1239df21-c43e-4b90-afd1-151dd5668ed7 tempest-ServerRescueNegativeTestJSON-2018295672 tempest-ServerRescueNegativeTestJSON-2018295672-project] Lock "event-dispatch" acquired by "neutron.plugins.ml2.ovo_rpc._ObjectChangeHandler.dispatch_events" :: waited 0.000s {{(pid=98302) inner /usr/local/lib/python3.8/dist-packages/oslo_concurrency/lockutils.py:355}}
May 20 19:41:04.333245 dv-cinder-792462-2-smb neutron-server[98301]: DEBUG neutron_lib.callbacks.manager [None req-7c6a7de7-709d-4509-8be1-e82a7c1af823 admin admin] Notify callbacks [] for security_group, before_delete {{(pid=98301) _notify_loop /usr/local/lib/python3.8/dist-packages/neutron_lib/callbacks/manager.py:192}}
May 20 19:41:04.376873 dv-cinder-792462-2-smb neutron-server[98301]: DEBUG neutron_lib.callbacks.manager [None req-7c6a7de7-709d-4509-8be1-e82a7c1af823 admin admin] Notify callbacks [] for security_group, precommit_delete {{(pid=98301) _notify_loop /usr/local/lib/python3.8/dist-packages/neutron_lib/callbacks/manager.py:192}}
May 20 19:41:04.381728 dv-cinder-792462-2-smb neutron-server[98302]: DEBUG neutron.pecan_wsgi.hooks.policy_enforcement [req-f23d52df-0ffd-4190-a9ad-9313a05b4b91 req-fdf03fff-2189-42b9-ad1d-c6a4fe59eaf6 service neutron] Attributes excluded by policy engine: ['standard_attr_id'] {{(pid=98302) _exclude_attributes_by_policy /opt/stack/neutron/neutron/pecan_wsgi/hooks/policy_enforcement.py:255}}
May 20 19:41:04.382304 dv-cinder-792462-2-smb neutron-server[98302]: DEBUG neutron_lib.callbacks.manager [req-f23d52df-0ffd-4190-a9ad-9313a05b4b91 req-fdf03fff-2189-42b9-ad1d-c6a4fe59eaf6 service neutron] Notify callbacks ['neutron.notifiers.nova.Notifier._send_nova_notification-4065722', 'neutron.api.rpc.agentnotifiers.dhcp_rpc_agent_api.DhcpAgentNotifyAPI._send_dhcp_notification-3727236'] for port, before_response {{(pid=98302) _notify_loop /usr/local/lib/python3.8/dist-packages/neutron_lib/callbacks/manager.py:192}}
May 20 19:41:04.384006 dv-cinder-792462-2-smb neutron-server[98302]: INFO neutron.wsgi [req-f23d52df-0ffd-4190-a9ad-9313a05b4b91 req-fdf03fff-2189-42b9-ad1d-c6a4fe59eaf6 service neutron] 10.222.0.16 "PUT /v2.0/ports/cb9ef393-2584-44dd-bfc4-4dbb57d67f9a HTTP/1.1" status: 200 len: 1094 time: 1.8801553
May 20 19:41:04.384505 dv-cinder-792462-2-smb neutron-server[98302]: DEBUG neutron.notifiers.nova [-] Sending events: [{'name': 'network-changed', 'server_uuid': '7c7ed510-9c48-494b-ae9d-e47f5f69d545', 'tag': 'cb9ef393-2584-44dd-bfc4-4dbb57d67f9a'}] {{(pid=98302) send_events /opt/stack/neutron/neutron/notifiers/nova.py:262}}
May 20 19:41:04.432478 dv-cinder-792462-2-smb neutron-server[98302]: INFO neutron.wsgi [req-c38aeb0d-8d53-4400-8c58-a76ada7ea5d1 req-a137bf0f-b923-46eb-8948-223d8b966089 tempest-DeleteServersTestJSON-282611271 tempest-DeleteServersTestJSON-282611271-project] 10.222.0.44 "GET /v2.0/security-groups?id=c135b93f-6d29-458a-8076-afc4a1933cdc&fields=id&fields=name HTTP/1.1" status: 200 len: 286 time: 0.1388712
May 20 19:41:04.481859 dv-cinder-792462-2-smb neutron-server[98302]: INFO neutron.notifiers.nova [-] Nova event response: {'name': 'network-changed', 'server_uuid': '7c7ed510-9c48-494b-ae9d-e47f5f69d545', 'tag': 'cb9ef393-2584-44dd-bfc4-4dbb57d67f9a', 'status': 'completed', 'code': 200}
May 20 19:41:04.487107 dv-cinder-792462-2-smb neutron-server[98302]: DEBUG neutron.api.rpc.handlers.resources_rpc [None req-fdf03fff-2189-42b9-ad1d-c6a4fe59eaf6 service neutron] Pushing event updated for resources: {'Port': ['ID=cb9ef393-2584-44dd-bfc4-4dbb57d67f9a,revision_number=3']} {{(pid=98302) push /opt/stack/neutron/neutron/api/rpc/handlers/resources_rpc.py:237}}
May 20 19:41:04.501011 dv-cinder-792462-2-smb neutron-server[98302]: DEBUG oslo_concurrency.lockutils [None req-fdf03fff-2189-42b9-ad1d-c6a4fe59eaf6 service neutron] Lock "event-dispatch" released by "neutron.plugins.ml2.ovo_rpc._ObjectChangeHandler.dispatch_events" :: held 0.205s {{(pid=98302) inner /usr/local/lib/python3.8/dist-packages/oslo_concurrency/lockutils.py:367}}
May 20 19:41:04.522753 dv-cinder-792462-2-smb neutron-server[98301]: DEBUG neutron.pecan_wsgi.hooks.policy_enforcement [req-9c5eac54-1aa4-45fb-8597-9f75b1296dd2 req-8d1e9723-771d-4bc0-8c2e-1dd6da6abf0a service neutron] Attributes excluded by policy engine: ['standard_attr_id'] {{(pid=98301) _exclude_attributes_by_policy /opt/stack/neutron/neutron/pecan_wsgi/hooks/policy_enforcement.py:255}}
May 20 19:41:04.524293 dv-cinder-792462-2-smb neutron-server[98301]: INFO neutron.wsgi [req-9c5eac54-1aa4-45fb-8597-9f75b1296dd2 req-8d1e9723-771d-4bc0-8c2e-1dd6da6abf0a service neutron] 10.222.0.16 "GET /v2.0/ports?tenant_id=cc4fb9fc99f44c52a521041c42fde774&device_id=5bd73339-7e9f-4a7c-a87b-4c3ca361dfde HTTP/1.1" status: 200 len: 1096 time: 0.3475218
May 20 19:41:04.532190 dv-cinder-792462-2-smb neutron-server[98301]: DEBUG neutron_lib.callbacks.manager [None req-73bf38b8-f425-4bf7-b536-52dcf2a8a77d admin admin] Notify callbacks [] for security_group, precommit_create {{(pid=98301) _notify_loop /usr/local/lib/python3.8/dist-packages/neutron_lib/callbacks/manager.py:192}}
May 20 19:41:04.542083 dv-cinder-792462-2-smb neutron-server[98302]: DEBUG neutron.pecan_wsgi.hooks.policy_enforcement [req-f23d52df-0ffd-4190-a9ad-9313a05b4b91 req-ef8bae5e-dc92-4b8d-b7c7-a51df647d8d5 service neutron] Attributes excluded by policy engine: ['standard_attr_id'] {{(pid=98302) _exclude_attributes_by_policy /opt/stack/neutron/neutron/pecan_wsgi/hooks/policy_enforcement.py:255}}
May 20 19:41:04.544100 dv-cinder-792462-2-smb neutron-server[98302]: INFO neutron.wsgi [req-f23d52df-0ffd-4190-a9ad-9313a05b4b91 req-ef8bae5e-dc92-4b8d-b7c7-a51df647d8d5 service neutron] 10.222.0.16 "GET /v2.0/ports?tenant_id=cc4fb9fc99f44c52a521041c42fde774&device_id=7c7ed510-9c48-494b-ae9d-e47f5f69d545 HTTP/1.1" status: 200 len: 1097 time: 0.0952277
May 20 19:41:04.554693 dv-cinder-792462-2-smb neutron-server[98301]: DEBUG neutron_lib.callbacks.manager [None req-73bf38b8-f425-4bf7-b536-52dcf2a8a77d admin admin] Notify callbacks ['neutron.plugins.ml2.ovo_rpc._ObjectChangeHandler.handle_event-466559'] for security_group, after_create {{(pid=98301) _notify_loop /usr/local/lib/python3.8/dist-packages/neutron_lib/callbacks/manager.py:192}}
May 20 19:41:04.643538 dv-cinder-792462-2-smb neutron-server[98301]: DEBUG oslo_concurrency.lockutils [-] Lock "event-dispatch" acquired by "neutron.plugins.ml2.ovo_rpc._ObjectChangeHandler.dispatch_events" :: waited 0.000s {{(pid=98301) inner /usr/local/lib/python3.8/dist-packages/oslo_concurrency/lockutils.py:355}}
May 20 19:41:04.666893 dv-cinder-792462-2-smb neutron-server[98301]: INFO neutron.wsgi [None req-73bf38b8-f425-4bf7-b536-52dcf2a8a77d admin admin] 10.222.0.44 "GET /v2.0/security-groups?tenant_id=035abccfa01d48fda0c0a0c910021ece&name=default HTTP/1.1" status: 200 len: 2979 time: 1.0447624
May 20 19:41:04.681627 dv-cinder-792462-2-smb neutron-server[98301]: DEBUG neutron.wsgi [-] (98301) accepted ('10.222.0.44', 58516) {{(pid=98301) server /usr/local/lib/python3.8/dist-packages/eventlet/wsgi.py:992}}
May 20 19:41:04.681848 dv-cinder-792462-2-smb neutron-server[98302]: INFO neutron.wsgi [req-f23d52df-0ffd-4190-a9ad-9313a05b4b91 req-b7a36a3b-766b-4341-b8d7-f311d414979d service neutron] 10.222.0.16 "GET /v2.0/floatingips?fixed_ip_address=172.20.0.11&port_id=cb9ef393-2584-44dd-bfc4-4dbb57d67f9a HTTP/1.1" status: 200 len: 217 time: 0.1306860
May 20 19:41:04.824598 dv-cinder-792462-2-smb neutron-server[98302]: DEBUG neutron.pecan_wsgi.hooks.policy_enforcement [req-f23d52df-0ffd-4190-a9ad-9313a05b4b91 req-3881d380-c716-4c2c-9217-36f46c27f131 service neutron] Attributes excluded by policy engine: ['standard_attr_id', 'shared', 'segment_id'] {{(pid=98302) _exclude_attributes_by_policy /opt/stack/neutron/neutron/pecan_wsgi/hooks/policy_enforcement.py:255}}
May 20 19:41:04.826111 dv-cinder-792462-2-smb neutron-server[98302]: INFO neutron.wsgi [req-f23d52df-0ffd-4190-a9ad-9313a05b4b91 req-3881d380-c716-4c2c-9217-36f46c27f131 service neutron] 10.222.0.16 "GET /v2.0/subnets?id=7949ae50-1bb2-4488-9a28-3be9e26200c6 HTTP/1.1" status: 200 len: 858 time: 0.1354942
May 20 19:41:04.827422 dv-cinder-792462-2-smb neutron-server[98301]: DEBUG neutron_lib.callbacks.manager [None req-7c6a7de7-709d-4509-8be1-e82a7c1af823 admin admin] Notify callbacks ['neutron.plugins.ml2.ovo_rpc._ObjectChangeHandler.handle_event-466559'] for security_group, after_delete {{(pid=98301) _notify_loop /usr/local/lib/python3.8/dist-packages/neutron_lib/callbacks/manager.py:192}}
May 20 19:41:04.882688 dv-cinder-792462-2-smb neutron-server[98302]: INFO neutron.wsgi [req-f23d52df-0ffd-4190-a9ad-9313a05b4b91 req-9d18d9d6-e607-4116-8794-1a8e391cc3e1 service neutron] 10.222.0.16 "GET /v2.0/ports?network_id=4fd580fa-8747-45e2-8a5c-27dd0102a58b&device_owner=network%3Adhcp HTTP/1.1" status: 200 len: 210 time: 0.0494215
May 20 19:41:04.882825 dv-cinder-792462-2-smb neutron-server[98301]: DEBUG neutron.api.rpc.handlers.resources_rpc [None req-73bf38b8-f425-4bf7-b536-52dcf2a8a77d admin admin] Pushing event updated for resources: {'SecurityGroup': ['ID=ac28ae63-9952-4380-830e-c7f61645a270,revision_number=1']} {{(pid=98301) push /opt/stack/neutron/neutron/api/rpc/handlers/resources_rpc.py:237}}
May 20 19:41:04.906124 dv-cinder-792462-2-smb neutron-server[98301]: DEBUG oslo_concurrency.lockutils [None req-73bf38b8-f425-4bf7-b536-52dcf2a8a77d admin admin] Lock "event-dispatch" released by "neutron.plugins.ml2.ovo_rpc._ObjectChangeHandler.dispatch_events" :: held 0.263s {{(pid=98301) inner /usr/local/lib/python3.8/dist-packages/oslo_concurrency/lockutils.py:367}}
May 20 19:41:04.906670 dv-cinder-792462-2-smb neutron-server[98301]: DEBUG oslo_concurrency.lockutils [-] Lock "event-dispatch" acquired by "neutron.plugins.ml2.ovo_rpc._ObjectChangeHandler.dispatch_events" :: waited 0.063s {{(pid=98301) inner /usr/local/lib/python3.8/dist-packages/oslo_concurrency/lockutils.py:355}}
May 20 19:41:04.936425 dv-cinder-792462-2-smb neutron-server[98301]: DEBUG neutron_lib.callbacks.manager [None req-7c6a7de7-709d-4509-8be1-e82a7c1af823 admin admin] Notify callbacks [] for security_group, before_response {{(pid=98301) _notify_loop /usr/local/lib/python3.8/dist-packages/neutron_lib/callbacks/manager.py:192}}
May 20 19:41:04.938706 dv-cinder-792462-2-smb neutron-server[98301]: INFO neutron.wsgi [None req-7c6a7de7-709d-4509-8be1-e82a7c1af823 admin admin] 10.222.0.44 "DELETE /v2.0/security-groups/d2cafdff-77f4-4b04-b4f5-9b9d8c1cd03e HTTP/1.1" status: 204 len: 168 time: 0.8774810
May 20 19:41:04.940594 dv-cinder-792462-2-smb neutron-server[98301]: DEBUG neutron.api.rpc.handlers.resources_rpc [None req-7c6a7de7-709d-4509-8be1-e82a7c1af823 admin admin] Pushing event deleted for resources: {'SecurityGroup': ['ID=d2cafdff-77f4-4b04-b4f5-9b9d8c1cd03e,revision_number=None']} {{(pid=98301) push /opt/stack/neutron/neutron/api/rpc/handlers/resources_rpc.py:237}}
May 20 19:41:04.957462 dv-cinder-792462-2-smb neutron-server[98301]: DEBUG oslo_concurrency.lockutils [None req-7c6a7de7-709d-4509-8be1-e82a7c1af823 admin admin] Lock "event-dispatch" released by "neutron.plugins.ml2.ovo_rpc._ObjectChangeHandler.dispatch_events" :: held 0.050s {{(pid=98301) inner /usr/local/lib/python3.8/dist-packages/oslo_concurrency/lockutils.py:367}}
May 20 19:41:04.977843 dv-cinder-792462-2-smb neutron-server[98301]: DEBUG neutron.pecan_wsgi.hooks.policy_enforcement [req-9c5eac54-1aa4-45fb-8597-9f75b1296dd2 req-2bfbd42a-8a8d-4161-80a4-93817ad0f458 service neutron] Attributes excluded by policy engine: ['standard_attr_id', 'vlan_transparent'] {{(pid=98301) _exclude_attributes_by_policy /opt/stack/neutron/neutron/pecan_wsgi/hooks/policy_enforcement.py:255}}
May 20 19:41:04.980108 dv-cinder-792462-2-smb neutron-server[98301]: INFO neutron.wsgi [req-9c5eac54-1aa4-45fb-8597-9f75b1296dd2 req-2bfbd42a-8a8d-4161-80a4-93817ad0f458 service neutron] 10.222.0.16 "GET /v2.0/networks?id=4fd580fa-8747-45e2-8a5c-27dd0102a58b HTTP/1.1" status: 200 len: 919 time: 0.4481237
May 20 19:41:04.990490 dv-cinder-792462-2-smb neutron-server[98301]: DEBUG neutron_lib.callbacks.manager [None req-8380a252-4f1f-4cc7-90ba-fc239342d584 admin admin] Notify callbacks [] for security_group, before_delete {{(pid=98301) _notify_loop /usr/local/lib/python3.8/dist-packages/neutron_lib/callbacks/manager.py:192}}
May 20 19:41:05.034172 dv-cinder-792462-2-smb neutron-server[98302]: DEBUG neutron.pecan_wsgi.hooks.policy_enforcement [req-bf36c3e3-0a01-4f3f-9397-03ef3d61a765 req-405f3f7a-df28-432f-8dcf-13e8b7fd4e1b tempest-ServerRescueNegativeTestJSON-2018295672 tempest-ServerRescueNegativeTestJSON-2018295672-project] Attributes excluded by policy engine: ['standard_attr_id', 'binding:profile', 'binding:host_id', 'binding:vif_type', 'binding:vif_details'] {{(pid=98302) _exclude_attributes_by_policy /opt/stack/neutron/neutron/pecan_wsgi/hooks/policy_enforcement.py:255}}
May 20 19:41:05.035774 dv-cinder-792462-2-smb neutron-server[98302]: INFO neutron.wsgi [req-bf36c3e3-0a01-4f3f-9397-03ef3d61a765 req-405f3f7a-df28-432f-8dcf-13e8b7fd4e1b tempest-ServerRescueNegativeTestJSON-2018295672 tempest-ServerRescueNegativeTestJSON-2018295672-project] 10.222.0.44 "GET /v2.0/ports?device_id=7c7ed510-9c48-494b-ae9d-e47f5f69d545 HTTP/1.1" status: 200 len: 944 time: 0.2625802
May 20 19:41:05.098622 dv-cinder-792462-2-smb neutron-server[98301]: INFO neutron.wsgi [req-9c5eac54-1aa4-45fb-8597-9f75b1296dd2 req-00b42c02-4ca1-4177-8f31-54170ad6f54a service neutron] 10.222.0.16 "GET /v2.0/floatingips?fixed_ip_address=172.20.0.8&port_id=967970ad-9535-45c6-85aa-915d4660b023 HTTP/1.1" status: 200 len: 217 time: 0.1098008
May 20 19:41:05.127738 dv-cinder-792462-2-smb neutron-server[98302]: INFO neutron.wsgi [req-f23d52df-0ffd-4190-a9ad-9313a05b4b91 req-0c882555-647a-45b0-b134-2731a0970c83 service neutron] 10.222.0.16 "GET /v2.0/networks/4fd580fa-8747-45e2-8a5c-27dd0102a58b?fields=segments HTTP/1.1" status: 200 len: 212 time: 0.2347136
May 20 19:41:05.175227 dv-cinder-792462-2-smb neutron-server[98302]: INFO neutron.wsgi [req-bf36c3e3-0a01-4f3f-9397-03ef3d61a765 req-f23fb090-84af-4f29-9adb-835c1f045f94 tempest-ServerRescueNegativeTestJSON-2018295672 tempest-ServerRescueNegativeTestJSON-2018295672-project] 10.222.0.44 "GET /v2.0/security-groups?id=4fb38b49-f7a5-445f-9a4e-518d69358a9c&fields=id&fields=name HTTP/1.1" status: 200 len: 286 time: 0.1301696
May 20 19:41:05.190080 dv-cinder-792462-2-smb neutron-server[98301]: DEBUG neutron_lib.callbacks.manager [None req-8380a252-4f1f-4cc7-90ba-fc239342d584 admin admin] Notify callbacks [] for security_group, precommit_delete {{(pid=98301) _notify_loop /usr/local/lib/python3.8/dist-packages/neutron_lib/callbacks/manager.py:192}}
May 20 19:41:05.247824 dv-cinder-792462-2-smb neutron-server[98302]: DEBUG neutron.wsgi [-] (98302) accepted ('10.222.0.44', 58542) {{(pid=98302) server /usr/local/lib/python3.8/dist-packages/eventlet/wsgi.py:992}}
May 20 19:41:05.313745 dv-cinder-792462-2-smb neutron-server[98302]: INFO neutron.wsgi [req-f23d52df-0ffd-4190-a9ad-9313a05b4b91 req-49eadac4-72c1-4d60-b11b-cc5810aaebf7 service neutron] 10.222.0.16 "GET /v2.0/networks/4fd580fa-8747-45e2-8a5c-27dd0102a58b?fields=provider%3Aphysical_network&fields=provider%3Anetwork_type HTTP/1.1" status: 200 len: 281 time: 0.1768095
May 20 19:41:05.314116 dv-cinder-792462-2-smb neutron-server[98301]: DEBUG neutron.pecan_wsgi.hooks.policy_enforcement [req-9c5eac54-1aa4-45fb-8597-9f75b1296dd2 req-f075259a-5963-488a-858c-b6561bfb49cf service neutron] Attributes excluded by policy engine: ['standard_attr_id', 'shared'] {{(pid=98301) _exclude_attributes_by_policy /opt/stack/neutron/neutron/pecan_wsgi/hooks/policy_enforcement.py:255}}
May 20 19:41:05.315595 dv-cinder-792462-2-smb neutron-server[98301]: INFO neutron.wsgi [req-9c5eac54-1aa4-45fb-8597-9f75b1296dd2 req-f075259a-5963-488a-858c-b6561bfb49cf service neutron] 10.222.0.16 "GET /v2.0/subnets?id=7949ae50-1bb2-4488-9a28-3be9e26200c6 HTTP/1.1" status: 200 len: 858 time: 0.2053890
May 20 19:41:05.371901 dv-cinder-792462-2-smb neutron-server[98301]: INFO neutron.wsgi [req-9c5eac54-1aa4-45fb-8597-9f75b1296dd2 req-83340c2b-46ff-44e1-9218-3e3d0e47bc17 service neutron] 10.222.0.16 "GET /v2.0/ports?network_id=4fd580fa-8747-45e2-8a5c-27dd0102a58b&device_owner=network%3Adhcp HTTP/1.1" status: 200 len: 210 time: 0.0465043
May 20 19:41:05.425229 dv-cinder-792462-2-smb neutron-server[98301]: DEBUG neutron_lib.callbacks.manager [None req-8380a252-4f1f-4cc7-90ba-fc239342d584 admin admin] Notify callbacks ['neutron.plugins.ml2.ovo_rpc._ObjectChangeHandler.handle_event-466559'] for security_group, after_delete {{(pid=98301) _notify_loop /usr/local/lib/python3.8/dist-packages/neutron_lib/callbacks/manager.py:192}}
May 20 19:41:05.432109 dv-cinder-792462-2-smb neutron-server[98301]: DEBUG oslo_concurrency.lockutils [None req-7955bd79-f2b1-49e0-9271-22ee51357a43 admin admin] Lock "event-dispatch" acquired by "neutron.plugins.ml2.ovo_rpc._ObjectChangeHandler.dispatch_events" :: waited 0.000s {{(pid=98301) inner /usr/local/lib/python3.8/dist-packages/oslo_concurrency/lockutils.py:355}}
May 20 19:41:05.439390 dv-cinder-792462-2-smb neutron-server[98302]: DEBUG neutron.wsgi [-] (98302) accepted ('10.222.0.44', 58548) {{(pid=98302) server /usr/local/lib/python3.8/dist-packages/eventlet/wsgi.py:992}}
May 20 19:41:05.440198 dv-cinder-792462-2-smb neutron-server[98302]: DEBUG neutron_lib.callbacks.manager [None req-3f52689d-0ffa-47b8-9b6e-ab6433307370 admin admin] Notify callbacks [] for security_group, before_create {{(pid=98302) _notify_loop /usr/local/lib/python3.8/dist-packages/neutron_lib/callbacks/manager.py:192}}
May 20 19:41:05.481141 dv-cinder-792462-2-smb neutron-server[98302]: DEBUG neutron_lib.callbacks.manager [None req-480ccfe1-b0e2-4c1e-a685-d8f5c146a1f4 admin admin] Notify callbacks [] for security_group, before_create {{(pid=98302) _notify_loop /usr/local/lib/python3.8/dist-packages/neutron_lib/callbacks/manager.py:192}}
May 20 19:41:05.495655 dv-cinder-792462-2-smb neutron-server[98302]: DEBUG neutron.db.quota.driver [None req-3f52689d-0ffa-47b8-9b6e-ab6433307370 admin admin] Resources subnetpool have unlimited quota limit. It is not required to calculate headroom {{(pid=98302) make_reservation /opt/stack/neutron/neutron/db/quota/driver.py:219}}
May 20 19:41:05.507764 dv-cinder-792462-2-smb neutron-server[98302]: DEBUG neutron.quota.resource [None req-3f52689d-0ffa-47b8-9b6e-ab6433307370 admin admin] Usage tracker for resource:security_group_rule and tenant:80d01cc444cc4e4e8f57dc4859a2c519 is out of sync, need to count used quota {{(pid=98302) count_used /opt/stack/neutron/neutron/quota/resource.py:270}}
May 20 19:41:05.513523 dv-cinder-792462-2-smb neutron-server[98302]: DEBUG neutron.quota.resource [None req-3f52689d-0ffa-47b8-9b6e-ab6433307370 admin admin] Quota usage for security_group_rule was recalculated. Used quota:0. {{(pid=98302) count_used /opt/stack/neutron/neutron/quota/resource.py:290}}
May 20 19:41:05.517033 dv-cinder-792462-2-smb neutron-server[98301]: DEBUG neutron.pecan_wsgi.hooks.policy_enforcement [req-305639e9-4954-4bf9-9393-141c50c1de33 req-2770472c-940f-4fdf-9aa9-d48589507b8d tempest-AttachVolumeNegativeTest-56551896 tempest-AttachVolumeNegativeTest-56551896-project] Attributes excluded by policy engine: ['standard_attr_id', 'binding:profile', 'binding:host_id', 'binding:vif_type', 'binding:vif_details'] {{(pid=98301) _exclude_attributes_by_policy /opt/stack/neutron/neutron/pecan_wsgi/hooks/policy_enforcement.py:255}}
May 20 19:41:05.518502 dv-cinder-792462-2-smb neutron-server[98301]: INFO neutron.wsgi [req-305639e9-4954-4bf9-9393-141c50c1de33 req-2770472c-940f-4fdf-9aa9-d48589507b8d tempest-AttachVolumeNegativeTest-56551896 tempest-AttachVolumeNegativeTest-56551896-project] 10.222.0.44 "GET /v2.0/ports?device_id=0fa37a14-2162-4f26-991c-6e7197ed2557 HTTP/1.1" status: 200 len: 945 time: 0.3352146
May 20 19:41:05.521009 dv-cinder-792462-2-smb neutron-server[98302]: DEBUG neutron.db.quota.driver [None req-480ccfe1-b0e2-4c1e-a685-d8f5c146a1f4 admin admin] Resources subnetpool have unlimited quota limit. It is not required to calculate headroom {{(pid=98302) make_reservation /opt/stack/neutron/neutron/db/quota/driver.py:219}}
May 20 19:41:05.523242 dv-cinder-792462-2-smb neutron-server[98302]: DEBUG neutron.db.quota.driver [None req-3f52689d-0ffa-47b8-9b6e-ab6433307370 admin admin] Attempting to reserve 4 items for resource security_group_rule. Total usage: 0; quota limit: 100; headroom:100 {{(pid=98302) make_reservation /opt/stack/neutron/neutron/db/quota/driver.py:246}}
May 20 19:41:05.529842 dv-cinder-792462-2-smb neutron-server[98302]: DEBUG neutron.quota.resource [None req-480ccfe1-b0e2-4c1e-a685-d8f5c146a1f4 admin admin] Usage tracker for resource:security_group_rule and tenant:6300af2ae33a4e2fba7126e938005f58 is out of sync, need to count used quota {{(pid=98302) count_used /opt/stack/neutron/neutron/quota/resource.py:270}}
May 20 19:41:05.535021 dv-cinder-792462-2-smb neutron-server[98302]: DEBUG neutron.quota.resource [None req-480ccfe1-b0e2-4c1e-a685-d8f5c146a1f4 admin admin] Quota usage for security_group_rule was recalculated. Used quota:0. {{(pid=98302) count_used /opt/stack/neutron/neutron/quota/resource.py:290}}
May 20 19:41:05.539439 dv-cinder-792462-2-smb neutron-server[98302]: DEBUG neutron.pecan_wsgi.hooks.policy_enforcement [req-bf4c181d-9eab-41b2-92b2-97d22bb3abad req-c12144fb-17eb-4cba-aace-51fb0269642b service neutron] Attributes excluded by policy engine: ['standard_attr_id'] {{(pid=98302) _exclude_attributes_by_policy /opt/stack/neutron/neutron/pecan_wsgi/hooks/policy_enforcement.py:255}}
May 20 19:41:05.541037 dv-cinder-792462-2-smb neutron-server[98302]: INFO neutron.wsgi [req-bf4c181d-9eab-41b2-92b2-97d22bb3abad req-c12144fb-17eb-4cba-aace-51fb0269642b service neutron] 10.222.0.16 "GET /v2.0/ports?tenant_id=cc4fb9fc99f44c52a521041c42fde774&device_id=7c7ed510-9c48-494b-ae9d-e47f5f69d545 HTTP/1.1" status: 200 len: 1097 time: 0.1777596
May 20 19:41:05.550753 dv-cinder-792462-2-smb neutron-server[98302]: DEBUG neutron.db.quota.driver [None req-480ccfe1-b0e2-4c1e-a685-d8f5c146a1f4 admin admin] Attempting to reserve 4 items for resource security_group_rule. Total usage: 0; quota limit: 100; headroom:100 {{(pid=98302) make_reservation /opt/stack/neutron/neutron/db/quota/driver.py:246}}
May 20 19:41:05.566263 dv-cinder-792462-2-smb neutron-server[98301]: DEBUG neutron.api.rpc.handlers.resources_rpc [None req-8380a252-4f1f-4cc7-90ba-fc239342d584 admin admin] Pushing event deleted for resources: {'SecurityGroup': ['ID=ac28ae63-9952-4380-830e-c7f61645a270,revision_number=None']} {{(pid=98301) push /opt/stack/neutron/neutron/api/rpc/handlers/resources_rpc.py:237}}
May 20 19:41:05.579870 dv-cinder-792462-2-smb neutron-server[98301]: DEBUG oslo_concurrency.lockutils [None req-8380a252-4f1f-4cc7-90ba-fc239342d584 admin admin] Lock "event-dispatch" released by "neutron.plugins.ml2.ovo_rpc._ObjectChangeHandler.dispatch_events" :: held 0.148s {{(pid=98301) inner /usr/local/lib/python3.8/dist-packages/oslo_concurrency/lockutils.py:367}}
May 20 19:41:05.604278 dv-cinder-792462-2-smb neutron-server[98301]: DEBUG neutron_lib.callbacks.manager [None req-8380a252-4f1f-4cc7-90ba-fc239342d584 admin admin] Notify callbacks [] for security_group, before_response {{(pid=98301) _notify_loop /usr/local/lib/python3.8/dist-packages/neutron_lib/callbacks/manager.py:192}}
May 20 19:41:05.605759 dv-cinder-792462-2-smb neutron-server[98301]: INFO neutron.wsgi [None req-8380a252-4f1f-4cc7-90ba-fc239342d584 admin admin] 10.222.0.44 "DELETE /v2.0/security-groups/ac28ae63-9952-4380-830e-c7f61645a270 HTTP/1.1" status: 204 len: 168 time: 0.9181392
May 20 19:41:05.653456 dv-cinder-792462-2-smb neutron-server[98301]: INFO neutron.wsgi [req-305639e9-4954-4bf9-9393-141c50c1de33 req-12b85498-0779-4b29-97a4-02f67cc0272b tempest-AttachVolumeNegativeTest-56551896 tempest-AttachVolumeNegativeTest-56551896-project] 10.222.0.44 "GET /v2.0/security-groups?id=e51ecafd-6d24-49f8-ba8d-ae5353f2d644&fields=id&fields=name HTTP/1.1" status: 200 len: 286 time: 0.0747006
May 20 19:41:05.658984 dv-cinder-792462-2-smb neutron-server[98301]: INFO neutron.wsgi [req-9c5eac54-1aa4-45fb-8597-9f75b1296dd2 req-26179379-7764-4249-9b5e-f2fd985ca1ac service neutron] 10.222.0.16 "GET /v2.0/networks/4fd580fa-8747-45e2-8a5c-27dd0102a58b?fields=segments HTTP/1.1" status: 200 len: 212 time: 0.2804785
May 20 19:41:05.837838 dv-cinder-792462-2-smb neutron-server[98301]: INFO neutron.wsgi [req-9c5eac54-1aa4-45fb-8597-9f75b1296dd2 req-28171c7c-a537-489e-9104-ff04edf316d3 service neutron] 10.222.0.16 "GET /v2.0/networks/4fd580fa-8747-45e2-8a5c-27dd0102a58b?fields=provider%3Aphysical_network&fields=provider%3Anetwork_type HTTP/1.1" status: 200 len: 281 time: 0.1707542
May 20 19:41:05.888892 dv-cinder-792462-2-smb neutron-server[98302]: DEBUG neutron.pecan_wsgi.hooks.policy_enforcement [req-bf4c181d-9eab-41b2-92b2-97d22bb3abad req-0c9091fc-7152-492f-bd3c-388774cea842 service neutron] Attributes excluded by policy engine: ['standard_attr_id', 'vlan_transparent'] {{(pid=98302) _exclude_attributes_by_policy /opt/stack/neutron/neutron/pecan_wsgi/hooks/policy_enforcement.py:255}}
May 20 19:41:05.890372 dv-cinder-792462-2-smb neutron-server[98302]: INFO neutron.wsgi [req-bf4c181d-9eab-41b2-92b2-97d22bb3abad req-0c9091fc-7152-492f-bd3c-388774cea842 service neutron] 10.222.0.16 "GET /v2.0/networks?id=4fd580fa-8747-45e2-8a5c-27dd0102a58b HTTP/1.1" status: 200 len: 919 time: 0.3413596
May 20 19:41:06.033616 dv-cinder-792462-2-smb neutron-server[98302]: DEBUG neutron.pecan_wsgi.hooks.policy_enforcement [req-c6c31661-7d44-41a5-bff2-0319ba017848 req-8135d451-89a4-4d60-a88a-bfcf859f49df tempest-DeleteServersTestJSON-282611271 tempest-DeleteServersTestJSON-282611271-project] Attributes excluded by policy engine: ['standard_attr_id', 'binding:profile', 'binding:host_id', 'binding:vif_type', 'binding:vif_details'] {{(pid=98302) _exclude_attributes_by_policy /opt/stack/neutron/neutron/pecan_wsgi/hooks/policy_enforcement.py:255}}
May 20 19:41:06.035552 dv-cinder-792462-2-smb neutron-server[98302]: INFO neutron.wsgi [req-c6c31661-7d44-41a5-bff2-0319ba017848 req-8135d451-89a4-4d60-a88a-bfcf859f49df tempest-DeleteServersTestJSON-282611271 tempest-DeleteServersTestJSON-282611271-project] 10.222.0.44 "GET /v2.0/ports?device_id=f10c75d8-c93d-4d93-a72b-c451827403e3 HTTP/1.1" status: 200 len: 945 time: 0.4906962
May 20 19:41:06.049497 dv-cinder-792462-2-smb neutron-server[98302]: DEBUG neutron_lib.callbacks.manager [None req-3f52689d-0ffa-47b8-9b6e-ab6433307370 admin admin] Notify callbacks [] for security_group, precommit_create {{(pid=98302) _notify_loop /usr/local/lib/python3.8/dist-packages/neutron_lib/callbacks/manager.py:192}}
May 20 19:41:06.079120 dv-cinder-792462-2-smb neutron-server[98302]: INFO neutron.wsgi [req-bf4c181d-9eab-41b2-92b2-97d22bb3abad req-6f7e6378-bdfa-4a9b-bcd0-1393e7bf4bf4 service neutron] 10.222.0.16 "GET /v2.0/floatingips?fixed_ip_address=172.20.0.11&port_id=cb9ef393-2584-44dd-bfc4-4dbb57d67f9a HTTP/1.1" status: 200 len: 217 time: 0.1691475
May 20 19:41:06.080041 dv-cinder-792462-2-smb neutron-server[98302]: DEBUG neutron_lib.callbacks.manager [None req-3f52689d-0ffa-47b8-9b6e-ab6433307370 admin admin] Notify callbacks ['neutron.plugins.ml2.ovo_rpc._ObjectChangeHandler.handle_event-466559'] for security_group, after_create {{(pid=98302) _notify_loop /usr/local/lib/python3.8/dist-packages/neutron_lib/callbacks/manager.py:192}}
May 20 19:41:06.082616 dv-cinder-792462-2-smb neutron-server[98302]: DEBUG neutron_lib.callbacks.manager [None req-480ccfe1-b0e2-4c1e-a685-d8f5c146a1f4 admin admin] Notify callbacks [] for security_group, precommit_create {{(pid=98302) _notify_loop /usr/local/lib/python3.8/dist-packages/neutron_lib/callbacks/manager.py:192}}
May 20 19:41:06.110254 dv-cinder-792462-2-smb neutron-server[98301]: DEBUG neutron.wsgi [-] (98301) accepted ('10.222.0.44', 58568) {{(pid=98301) server /usr/local/lib/python3.8/dist-packages/eventlet/wsgi.py:992}}
May 20 19:41:06.154481 dv-cinder-792462-2-smb neutron-server[98301]: DEBUG neutron_lib.callbacks.manager [None req-ac4054ba-51e5-49e4-a29d-f0289dfc8432 admin admin] Notify callbacks [] for security_group, before_create {{(pid=98301) _notify_loop /usr/local/lib/python3.8/dist-packages/neutron_lib/callbacks/manager.py:192}}
May 20 19:41:06.174339 dv-cinder-792462-2-smb neutron-server[98301]: DEBUG neutron.db.quota.driver [None req-ac4054ba-51e5-49e4-a29d-f0289dfc8432 admin admin] Resources subnetpool have unlimited quota limit. It is not required to calculate headroom {{(pid=98301) make_reservation /opt/stack/neutron/neutron/db/quota/driver.py:219}}
