May 20 19:41:00.230584 dv-cinder-792462-2-smb devstack@c-api.service[105088]: INFO cinder.api.openstack.wsgi [None req-7652aaa8-2d25-4d34-bd79-730aa9c63d7a tempest-VolumesServicesTestJSON-921076863 tempest-VolumesServicesTestJSON-921076863-project] http://10.222.0.44/volume/v3/035abccfa01d48fda0c0a0c910021ece/volumes/fc1e1b80-8859-4e25-b312-6e9444322cae returned with HTTP 200
May 20 19:41:00.232981 dv-cinder-792462-2-smb devstack@c-api.service[105089]: DEBUG cinder.api.openstack.wsgi [None req-2722c2b6-cdd6-4e5d-a065-755ca6cb276f tempest-VolumesListAdminTestJSON-543809010 tempest-VolumesListAdminTestJSON-543809010-project] Empty body provided in request {{(pid=105089) get_body /opt/stack/cinder/cinder/api/openstack/wsgi.py:713}}
May 20 19:41:00.233164 dv-cinder-792462-2-smb devstack@c-api.service[105089]: /usr/local/lib/python3.8/dist-packages/webob/acceptparse.py:1047: DeprecationWarning: The behavior of AcceptValidHeader.best_match is currently being maintained for backward compatibility, but it will be deprecated in the future, as it does not conform to the RFC.
May 20 19:41:00.233164 dv-cinder-792462-2-smb devstack@c-api.service[105089]: warnings.warn(
May 20 19:41:00.233517 dv-cinder-792462-2-smb devstack@c-api.service[105089]: DEBUG cinder.api.openstack.wsgi [None req-2722c2b6-cdd6-4e5d-a065-755ca6cb276f tempest-VolumesListAdminTestJSON-543809010 tempest-VolumesListAdminTestJSON-543809010-project] Calling method 'show' {{(pid=105089) _process_stack /opt/stack/cinder/cinder/api/openstack/wsgi.py:866}}
May 20 19:41:00.234365 dv-cinder-792462-2-smb devstack@c-api.service[105088]: [pid: 105088|app: 0|req: 56/114] 10.222.0.44 () {58 vars in 1325 bytes} [Thu May 20 19:41:00 2021] GET /volume/v3/035abccfa01d48fda0c0a0c910021ece/volumes/fc1e1b80-8859-4e25-b312-6e9444322cae => generated 914 bytes in 218 msecs (HTTP/1.1 200) 7 headers in 285 bytes (1 switches on core 0)
May 20 19:41:00.245628 dv-cinder-792462-2-smb devstack@c-api.service[105088]: INFO cinder.api.openstack.wsgi [None req-b3366581-e171-4ef0-8275-fb9a3578f949 tempest-SnapshotsActionsTest-694846527 tempest-SnapshotsActionsTest-694846527-project] POST http://10.222.0.44/volume/v3/7d115312baeb4672ac1d2436b21d0a65/snapshots
May 20 19:41:00.246299 dv-cinder-792462-2-smb devstack@c-api.service[105088]: /usr/local/lib/python3.8/dist-packages/webob/acceptparse.py:1047: DeprecationWarning: The behavior of AcceptValidHeader.best_match is currently being maintained for backward compatibility, but it will be deprecated in the future, as it does not conform to the RFC.
May 20 19:41:00.246299 dv-cinder-792462-2-smb devstack@c-api.service[105088]: warnings.warn(
May 20 19:41:00.246879 dv-cinder-792462-2-smb devstack@c-api.service[105088]: DEBUG cinder.api.openstack.wsgi [None req-b3366581-e171-4ef0-8275-fb9a3578f949 tempest-SnapshotsActionsTest-694846527 tempest-SnapshotsActionsTest-694846527-project] Action: 'create', calling method: create, body: {"snapshot": {"volume_id": "c010a36c-efbd-4bd7-88f8-4fb0a6ce09ae", "name": "tempest-SnapshotsActionsTest-Snapshot-430715128"}} {{(pid=105088) _process_stack /opt/stack/cinder/cinder/api/openstack/wsgi.py:864}}
May 20 19:41:00.352752 dv-cinder-792462-2-smb devstack@c-api.service[105088]: /usr/local/lib/python3.8/dist-packages/oslo_context/context.py:105: DeprecationWarning: Policy enforcement is depending on the value of is_admin. This key is deprecated. Please update your policy file to use the standard policy values.
May 20 19:41:00.352752 dv-cinder-792462-2-smb devstack@c-api.service[105088]: warnings.warn('Policy enforcement is depending on the value of '
May 20 19:41:00.354200 dv-cinder-792462-2-smb devstack@c-api.service[105088]: INFO cinder.volume.api [None req-b3366581-e171-4ef0-8275-fb9a3578f949 tempest-SnapshotsActionsTest-694846527 tempest-SnapshotsActionsTest-694846527-project] Volume info retrieved successfully.
May 20 19:41:00.354689 dv-cinder-792462-2-smb devstack@c-api.service[105088]: INFO cinder.api.v2.snapshots [None req-b3366581-e171-4ef0-8275-fb9a3578f949 tempest-SnapshotsActionsTest-694846527 tempest-SnapshotsActionsTest-694846527-project] Create snapshot from volume c010a36c-efbd-4bd7-88f8-4fb0a6ce09ae
May 20 19:41:00.383136 dv-cinder-792462-2-smb devstack@c-api.service[105089]: /usr/local/lib/python3.8/dist-packages/oslo_context/context.py:105: DeprecationWarning: Policy enforcement is depending on the value of is_admin. This key is deprecated. Please update your policy file to use the standard policy values.
May 20 19:41:00.383136 dv-cinder-792462-2-smb devstack@c-api.service[105089]: warnings.warn('Policy enforcement is depending on the value of '
May 20 19:41:00.391710 dv-cinder-792462-2-smb devstack@c-api.service[105089]: INFO cinder.volume.api [None req-2722c2b6-cdd6-4e5d-a065-755ca6cb276f tempest-VolumesListAdminTestJSON-543809010 tempest-VolumesListAdminTestJSON-543809010-project] Volume info retrieved successfully.
May 20 19:41:00.414850 dv-cinder-792462-2-smb devstack@c-api.service[105089]: INFO cinder.api.openstack.wsgi [None req-2722c2b6-cdd6-4e5d-a065-755ca6cb276f tempest-VolumesListAdminTestJSON-543809010 tempest-VolumesListAdminTestJSON-543809010-project] http://10.222.0.44/volume/v3/3bf319d37da44bbe8b5e2b652aba9c16/volumes/577399cc-43d6-4c45-bad3-cf183a75ee3d returned with HTTP 200
May 20 19:41:00.424238 dv-cinder-792462-2-smb devstack@c-api.service[105089]: [pid: 105089|app: 0|req: 59/115] 10.222.0.44 () {58 vars in 1325 bytes} [Thu May 20 19:41:00 2021] GET /volume/v3/3bf319d37da44bbe8b5e2b652aba9c16/volumes/577399cc-43d6-4c45-bad3-cf183a75ee3d => generated 916 bytes in 203 msecs (HTTP/1.1 200) 7 headers in 285 bytes (1 switches on core 0)
May 20 19:41:00.433891 dv-cinder-792462-2-smb devstack@c-api.service[105088]: DEBUG cinder.quota [None req-b3366581-e171-4ef0-8275-fb9a3578f949 tempest-SnapshotsActionsTest-694846527 tempest-SnapshotsActionsTest-694846527-project] Created reservations ['7041ca3f-feec-4912-a901-b5ed327bde4a', 'ebb8af8f-fc0f-4997-b009-671429dc4826', '23501585-432e-4ba8-9e60-464838ea3794', '63f11d8e-cb09-4774-975d-d88dfd7af986'] {{(pid=105088) reserve /opt/stack/cinder/cinder/quota.py:755}}
May 20 19:41:00.591296 dv-cinder-792462-2-smb devstack@c-api.service[105089]: INFO cinder.api.openstack.wsgi [None req-f0143193-738b-46d8-b3b5-db4199826492 tempest-GroupsV320Test-710334479 tempest-GroupsV320Test-710334479-project-admin] POST http://10.222.0.44/volume/v3/53a1e9b7bda644d199f6ce784425bd08/types
May 20 19:41:00.591743 dv-cinder-792462-2-smb devstack@c-api.service[105089]: /usr/local/lib/python3.8/dist-packages/webob/acceptparse.py:1047: DeprecationWarning: The behavior of AcceptValidHeader.best_match is currently being maintained for backward compatibility, but it will be deprecated in the future, as it does not conform to the RFC.
May 20 19:41:00.591743 dv-cinder-792462-2-smb devstack@c-api.service[105089]: warnings.warn(
May 20 19:41:00.592217 dv-cinder-792462-2-smb devstack@c-api.service[105089]: DEBUG cinder.api.openstack.wsgi [None req-f0143193-738b-46d8-b3b5-db4199826492 tempest-GroupsV320Test-710334479 tempest-GroupsV320Test-710334479-project-admin] Action: 'create', calling method: _create, body: {"volume_type": {"name": "tempest-GroupsV320Test-volume-type-102734924"}} {{(pid=105089) _process_stack /opt/stack/cinder/cinder/api/openstack/wsgi.py:864}}
May 20 19:41:00.604058 dv-cinder-792462-2-smb devstack@c-api.service[105088]: INFO cinder.volume.api [None req-b3366581-e171-4ef0-8275-fb9a3578f949 tempest-SnapshotsActionsTest-694846527 tempest-SnapshotsActionsTest-694846527-project] Snapshot create request issued successfully.
May 20 19:41:00.605102 dv-cinder-792462-2-smb devstack@c-api.service[105088]: INFO cinder.api.openstack.wsgi [None req-b3366581-e171-4ef0-8275-fb9a3578f949 tempest-SnapshotsActionsTest-694846527 tempest-SnapshotsActionsTest-694846527-project] http://10.222.0.44/volume/v3/7d115312baeb4672ac1d2436b21d0a65/snapshots returned with HTTP 202
May 20 19:41:00.612836 dv-cinder-792462-2-smb devstack@c-api.service[105088]: [pid: 105088|app: 0|req: 57/116] 10.222.0.44 () {60 vars in 1242 bytes} [Thu May 20 19:41:00 2021] POST /volume/v3/7d115312baeb4672ac1d2436b21d0a65/snapshots => generated 306 bytes in 378 msecs (HTTP/1.1 202) 7 headers in 291 bytes (1 switches on core 0)
May 20 19:41:00.621924 dv-cinder-792462-2-smb devstack@c-api.service[105088]: INFO cinder.api.openstack.wsgi [None req-2b2469a9-6f27-4b9d-9217-1f6e35edf81b tempest-SnapshotsActionsTest-694846527 tempest-SnapshotsActionsTest-694846527-project] GET http://10.222.0.44/volume/v3/7d115312baeb4672ac1d2436b21d0a65/snapshots/fcc25770-cc03-49d5-8f1c-358551189564
May 20 19:41:00.623541 dv-cinder-792462-2-smb devstack@c-api.service[105088]: DEBUG cinder.api.openstack.wsgi [None req-2b2469a9-6f27-4b9d-9217-1f6e35edf81b tempest-SnapshotsActionsTest-694846527 tempest-SnapshotsActionsTest-694846527-project] Empty body provided in request {{(pid=105088) get_body /opt/stack/cinder/cinder/api/openstack/wsgi.py:713}}
May 20 19:41:00.623825 dv-cinder-792462-2-smb devstack@c-api.service[105088]: /usr/local/lib/python3.8/dist-packages/webob/acceptparse.py:1047: DeprecationWarning: The behavior of AcceptValidHeader.best_match is currently being maintained for backward compatibility, but it will be deprecated in the future, as it does not conform to the RFC.
May 20 19:41:00.623825 dv-cinder-792462-2-smb devstack@c-api.service[105088]: warnings.warn(
May 20 19:41:00.624709 dv-cinder-792462-2-smb devstack@c-api.service[105088]: DEBUG cinder.api.openstack.wsgi [None req-2b2469a9-6f27-4b9d-9217-1f6e35edf81b tempest-SnapshotsActionsTest-694846527 tempest-SnapshotsActionsTest-694846527-project] Calling method 'show' {{(pid=105088) _process_stack /opt/stack/cinder/cinder/api/openstack/wsgi.py:866}}
May 20 19:41:00.671673 dv-cinder-792462-2-smb devstack@c-api.service[105088]: /usr/local/lib/python3.8/dist-packages/oslo_context/context.py:105: DeprecationWarning: Policy enforcement is depending on the value of is_admin. This key is deprecated. Please update your policy file to use the standard policy values.
May 20 19:41:00.671673 dv-cinder-792462-2-smb devstack@c-api.service[105088]: warnings.warn('Policy enforcement is depending on the value of '
May 20 19:41:00.673928 dv-cinder-792462-2-smb devstack@c-api.service[105088]: INFO cinder.volume.api [None req-2b2469a9-6f27-4b9d-9217-1f6e35edf81b tempest-SnapshotsActionsTest-694846527 tempest-SnapshotsActionsTest-694846527-project] Snapshot retrieved successfully.
May 20 19:41:00.676171 dv-cinder-792462-2-smb devstack@c-api.service[105089]: INFO cinder.api.openstack.wsgi [None req-f0143193-738b-46d8-b3b5-db4199826492 tempest-GroupsV320Test-710334479 tempest-GroupsV320Test-710334479-project-admin] http://10.222.0.44/volume/v3/53a1e9b7bda644d199f6ce784425bd08/types returned with HTTP 200
May 20 19:41:00.676487 dv-cinder-792462-2-smb devstack@c-api.service[105088]: INFO cinder.api.openstack.wsgi [None req-2b2469a9-6f27-4b9d-9217-1f6e35edf81b tempest-SnapshotsActionsTest-694846527 tempest-SnapshotsActionsTest-694846527-project] http://10.222.0.44/volume/v3/7d115312baeb4672ac1d2436b21d0a65/snapshots/fcc25770-cc03-49d5-8f1c-358551189564 returned with HTTP 200
May 20 19:41:00.677787 dv-cinder-792462-2-smb devstack@c-api.service[105088]: [pid: 105088|app: 0|req: 58/117] 10.222.0.44 () {58 vars in 1331 bytes} [Thu May 20 19:41:00 2021] GET /volume/v3/7d115312baeb4672ac1d2436b21d0a65/snapshots/fcc25770-cc03-49d5-8f1c-358551189564 => generated 438 bytes in 64 msecs (HTTP/1.1 200) 7 headers in 285 bytes (1 switches on core 0)
May 20 19:41:00.684182 dv-cinder-792462-2-smb devstack@c-api.service[105089]: [pid: 105089|app: 0|req: 60/118] 10.222.0.44 () {60 vars in 1229 bytes} [Thu May 20 19:41:00 2021] POST /volume/v3/53a1e9b7bda644d199f6ce784425bd08/types => generated 219 bytes in 259 msecs (HTTP/1.1 200) 7 headers in 285 bytes (1 switches on core 0)
May 20 19:41:00.709819 dv-cinder-792462-2-smb devstack@c-api.service[105088]: INFO cinder.api.openstack.wsgi [None req-48762bfc-5894-4442-8f06-fd6808381ae8 tempest-GroupsV320Test-710334479 tempest-GroupsV320Test-710334479-project-admin] POST http://10.222.0.44/volume/v3/53a1e9b7bda644d199f6ce784425bd08/group_types
May 20 19:41:00.710550 dv-cinder-792462-2-smb devstack@c-api.service[105088]: /usr/local/lib/python3.8/dist-packages/webob/acceptparse.py:1047: DeprecationWarning: The behavior of AcceptValidHeader.best_match is currently being maintained for backward compatibility, but it will be deprecated in the future, as it does not conform to the RFC.
May 20 19:41:00.710550 dv-cinder-792462-2-smb devstack@c-api.service[105088]: warnings.warn(
May 20 19:41:00.710987 dv-cinder-792462-2-smb devstack@c-api.service[105088]: DEBUG cinder.api.openstack.wsgi [None req-48762bfc-5894-4442-8f06-fd6808381ae8 tempest-GroupsV320Test-710334479 tempest-GroupsV320Test-710334479-project-admin] Action: 'create', calling method: version_select, body: {"group_type": {"name": "tempest-GroupsV320Test-group-type-479821967"}} {{(pid=105088) _process_stack /opt/stack/cinder/cinder/api/openstack/wsgi.py:864}}
May 20 19:41:00.757034 dv-cinder-792462-2-smb devstack@c-api.service[105088]: INFO cinder.api.openstack.wsgi [None req-48762bfc-5894-4442-8f06-fd6808381ae8 tempest-GroupsV320Test-710334479 tempest-GroupsV320Test-710334479-project-admin] http://10.222.0.44/volume/v3/53a1e9b7bda644d199f6ce784425bd08/group_types returned with HTTP 202
May 20 19:41:00.758305 dv-cinder-792462-2-smb devstack@c-api.service[105088]: [pid: 105088|app: 0|req: 59/119] 10.222.0.44 () {62 vars in 1288 bytes} [Thu May 20 19:41:00 2021] POST /volume/v3/53a1e9b7bda644d199f6ce784425bd08/group_types => generated 176 bytes in 67 msecs (HTTP/1.1 202) 7 headers in 292 bytes (1 switches on core 0)
May 20 19:41:01.087397 dv-cinder-792462-2-smb devstack@c-api.service[105089]: INFO cinder.api.openstack.wsgi [None req-33d403a0-9839-468a-9ef2-1a951f84473a tempest-GroupsV320Test-432735975 tempest-GroupsV320Test-432735975-project] POST http://10.222.0.44/volume/v3/80d01cc444cc4e4e8f57dc4859a2c519/groups
May 20 19:41:01.088553 dv-cinder-792462-2-smb devstack@c-api.service[105089]: DEBUG cinder.api.openstack.wsgi [None req-33d403a0-9839-468a-9ef2-1a951f84473a tempest-GroupsV320Test-432735975 tempest-GroupsV320Test-432735975-project] Action: 'create', calling method: version_select, body: {"group": {"group_type": "56fa42f1-34dc-4eb1-9db1-649c0dc1f713", "volume_types": ["21195e3a-1ed8-4d24-b0d4-4767702579cd"], "name": "tempest-GroupsV320Test-Group-472309802"}} {{(pid=105089) _process_stack /opt/stack/cinder/cinder/api/openstack/wsgi.py:864}}
May 20 19:41:01.091281 dv-cinder-792462-2-smb devstack@c-api.service[105089]: DEBUG cinder.api.v3.groups [None req-33d403a0-9839-468a-9ef2-1a951f84473a tempest-GroupsV320Test-432735975 tempest-GroupsV320Test-432735975-project] Creating new group {'group': {'group_type': '56fa42f1-34dc-4eb1-9db1-649c0dc1f713', 'volume_types': ['21195e3a-1ed8-4d24-b0d4-4767702579cd'], 'name': 'tempest-GroupsV320Test-Group-472309802'}} {{(pid=105089) create /opt/stack/cinder/cinder/api/v3/groups.py:190}}
May 20 19:41:01.108796 dv-cinder-792462-2-smb devstack@c-api.service[105089]: INFO cinder.api.v3.groups [None req-33d403a0-9839-468a-9ef2-1a951f84473a tempest-GroupsV320Test-432735975 tempest-GroupsV320Test-432735975-project] Creating group tempest-GroupsV320Test-Group-472309802.
May 20 19:41:01.171616 dv-cinder-792462-2-smb devstack@c-api.service[105089]: DEBUG cinder.volume.api [None req-33d403a0-9839-468a-9ef2-1a951f84473a tempest-GroupsV320Test-432735975 tempest-GroupsV320Test-432735975-project] Availability zone cache updated, next update will occur around 2021-05-20 20:41:01.170951. {{(pid=105089) list_availability_zones /opt/stack/cinder/cinder/volume/api.py:148}}
May 20 19:41:01.172474 dv-cinder-792462-2-smb devstack@c-api.service[105089]: INFO cinder.volume.api [None req-33d403a0-9839-468a-9ef2-1a951f84473a tempest-GroupsV320Test-432735975 tempest-GroupsV320Test-432735975-project] Availability Zones retrieved successfully.
May 20 19:41:01.212710 dv-cinder-792462-2-smb devstack@c-api.service[105089]: DEBUG cinder.quota [None req-33d403a0-9839-468a-9ef2-1a951f84473a tempest-GroupsV320Test-432735975 tempest-GroupsV320Test-432735975-project] Created reservations ['f454b042-d70a-4929-8101-9b83d09fd2cb'] {{(pid=105089) reserve /opt/stack/cinder/cinder/quota.py:755}}
May 20 19:41:01.248306 dv-cinder-792462-2-smb devstack@c-api.service[105088]: INFO cinder.api.openstack.wsgi [None req-eaaee960-d86b-455f-aa86-dd5b9f09a314 tempest-VolumesServicesTestJSON-921076863 tempest-VolumesServicesTestJSON-921076863-project] GET http://10.222.0.44/volume/v3/035abccfa01d48fda0c0a0c910021ece/volumes/fc1e1b80-8859-4e25-b312-6e9444322cae
May 20 19:41:01.249052 dv-cinder-792462-2-smb devstack@c-api.service[105088]: DEBUG cinder.api.openstack.wsgi [None req-eaaee960-d86b-455f-aa86-dd5b9f09a314 tempest-VolumesServicesTestJSON-921076863 tempest-VolumesServicesTestJSON-921076863-project] Empty body provided in request {{(pid=105088) get_body /opt/stack/cinder/cinder/api/openstack/wsgi.py:713}}
May 20 19:41:01.249300 dv-cinder-792462-2-smb devstack@c-api.service[105088]: DEBUG cinder.api.openstack.wsgi [None req-eaaee960-d86b-455f-aa86-dd5b9f09a314 tempest-VolumesServicesTestJSON-921076863 tempest-VolumesServicesTestJSON-921076863-project] Calling method 'show' {{(pid=105088) _process_stack /opt/stack/cinder/cinder/api/openstack/wsgi.py:866}}
May 20 19:41:01.327957 dv-cinder-792462-2-smb devstack@c-api.service[105088]: /usr/local/lib/python3.8/dist-packages/oslo_context/context.py:105: DeprecationWarning: Policy enforcement is depending on the value of is_admin. This key is deprecated. Please update your policy file to use the standard policy values.
May 20 19:41:01.327957 dv-cinder-792462-2-smb devstack@c-api.service[105088]: warnings.warn('Policy enforcement is depending on the value of '
May 20 19:41:01.331226 dv-cinder-792462-2-smb devstack@c-api.service[105089]: INFO cinder.api.openstack.wsgi [None req-33d403a0-9839-468a-9ef2-1a951f84473a tempest-GroupsV320Test-432735975 tempest-GroupsV320Test-432735975-project] http://10.222.0.44/volume/v3/80d01cc444cc4e4e8f57dc4859a2c519/groups returned with HTTP 202
May 20 19:41:01.332618 dv-cinder-792462-2-smb devstack@c-api.service[105089]: [pid: 105089|app: 0|req: 61/120] 10.222.0.44 () {62 vars in 1274 bytes} [Thu May 20 19:41:00 2021] POST /volume/v3/80d01cc444cc4e4e8f57dc4859a2c519/groups => generated 107 bytes in 568 msecs (HTTP/1.1 202) 7 headers in 292 bytes (1 switches on core 0)
May 20 19:41:01.342565 dv-cinder-792462-2-smb devstack@c-api.service[105088]: INFO cinder.volume.api [None req-eaaee960-d86b-455f-aa86-dd5b9f09a314 tempest-VolumesServicesTestJSON-921076863 tempest-VolumesServicesTestJSON-921076863-project] Volume info retrieved successfully.
May 20 19:41:01.347072 dv-cinder-792462-2-smb devstack@c-api.service[105089]: INFO cinder.api.openstack.wsgi [None req-96504bfa-d423-4c52-a3e6-64f8e19cd4f0 tempest-GroupsV320Test-432735975 tempest-GroupsV320Test-432735975-project] GET http://10.222.0.44/volume/v3/80d01cc444cc4e4e8f57dc4859a2c519/groups/b1df0b5f-4740-4026-9507-44a1b3572faf
May 20 19:41:01.349334 dv-cinder-792462-2-smb devstack@c-api.service[105089]: DEBUG cinder.api.openstack.wsgi [None req-96504bfa-d423-4c52-a3e6-64f8e19cd4f0 tempest-GroupsV320Test-432735975 tempest-GroupsV320Test-432735975-project] Empty body provided in request {{(pid=105089) get_body /opt/stack/cinder/cinder/api/openstack/wsgi.py:713}}
May 20 19:41:01.351247 dv-cinder-792462-2-smb devstack@c-api.service[105089]: /usr/local/lib/python3.8/dist-packages/webob/acceptparse.py:1047: DeprecationWarning: The behavior of AcceptValidHeader.best_match is currently being maintained for backward compatibility, but it will be deprecated in the future, as it does not conform to the RFC.
May 20 19:41:01.351247 dv-cinder-792462-2-smb devstack@c-api.service[105089]: warnings.warn(
May 20 19:41:01.351899 dv-cinder-792462-2-smb devstack@c-api.service[105089]: DEBUG cinder.api.openstack.wsgi [None req-96504bfa-d423-4c52-a3e6-64f8e19cd4f0 tempest-GroupsV320Test-432735975 tempest-GroupsV320Test-432735975-project] Calling method 'version_select' {{(pid=105089) _process_stack /opt/stack/cinder/cinder/api/openstack/wsgi.py:866}}
May 20 19:41:01.355224 dv-cinder-792462-2-smb devstack@c-api.service[105089]: DEBUG cinder.api.v3.groups [None req-96504bfa-d423-4c52-a3e6-64f8e19cd4f0 tempest-GroupsV320Test-432735975 tempest-GroupsV320Test-432735975-project] show called for member b1df0b5f-4740-4026-9507-44a1b3572faf {{(pid=105089) show /opt/stack/cinder/cinder/api/v3/groups.py:58}}
May 20 19:41:01.366674 dv-cinder-792462-2-smb devstack@c-api.service[105088]: INFO cinder.api.openstack.wsgi [None req-eaaee960-d86b-455f-aa86-dd5b9f09a314 tempest-VolumesServicesTestJSON-921076863 tempest-VolumesServicesTestJSON-921076863-project] http://10.222.0.44/volume/v3/035abccfa01d48fda0c0a0c910021ece/volumes/fc1e1b80-8859-4e25-b312-6e9444322cae returned with HTTP 200
May 20 19:41:01.368245 dv-cinder-792462-2-smb devstack@c-api.service[105088]: [pid: 105088|app: 0|req: 60/121] 10.222.0.44 () {58 vars in 1325 bytes} [Thu May 20 19:41:01 2021] GET /volume/v3/035abccfa01d48fda0c0a0c910021ece/volumes/fc1e1b80-8859-4e25-b312-6e9444322cae => generated 915 bytes in 123 msecs (HTTP/1.1 200) 7 headers in 285 bytes (1 switches on core 0)
May 20 19:41:01.369355 dv-cinder-792462-2-smb devstack@c-api.service[105089]: /usr/local/lib/python3.8/dist-packages/oslo_context/context.py:105: DeprecationWarning: Policy enforcement is depending on the value of is_admin. This key is deprecated. Please update your policy file to use the standard policy values.
May 20 19:41:01.369355 dv-cinder-792462-2-smb devstack@c-api.service[105089]: warnings.warn('Policy enforcement is depending on the value of '
May 20 19:41:01.385252 dv-cinder-792462-2-smb devstack@c-api.service[105088]: INFO cinder.api.openstack.wsgi [None req-bdc4d359-b177-4fa9-ab6a-1c83d128af51 tempest-VolumesServicesTestJSON-1780290488 tempest-VolumesServicesTestJSON-1780290488-project-admin] GET http://10.222.0.44/volume/v3/e91c862641054cd4ad66fee8ac6cb248/volumes/fc1e1b80-8859-4e25-b312-6e9444322cae
May 20 19:41:01.385797 dv-cinder-792462-2-smb devstack@c-api.service[105088]: DEBUG cinder.api.openstack.wsgi [None req-bdc4d359-b177-4fa9-ab6a-1c83d128af51 tempest-VolumesServicesTestJSON-1780290488 tempest-VolumesServicesTestJSON-1780290488-project-admin] Empty body provided in request {{(pid=105088) get_body /opt/stack/cinder/cinder/api/openstack/wsgi.py:713}}
May 20 19:41:01.385976 dv-cinder-792462-2-smb devstack@c-api.service[105088]: /usr/local/lib/python3.8/dist-packages/webob/acceptparse.py:1047: DeprecationWarning: The behavior of AcceptValidHeader.best_match is currently being maintained for backward compatibility, but it will be deprecated in the future, as it does not conform to the RFC.
May 20 19:41:01.385976 dv-cinder-792462-2-smb devstack@c-api.service[105088]: warnings.warn(
May 20 19:41:01.386309 dv-cinder-792462-2-smb devstack@c-api.service[105088]: DEBUG cinder.api.openstack.wsgi [None req-bdc4d359-b177-4fa9-ab6a-1c83d128af51 tempest-VolumesServicesTestJSON-1780290488 tempest-VolumesServicesTestJSON-1780290488-project-admin] Calling method 'show' {{(pid=105088) _process_stack /opt/stack/cinder/cinder/api/openstack/wsgi.py:866}}
May 20 19:41:01.433703 dv-cinder-792462-2-smb devstack@c-api.service[105089]: INFO cinder.api.openstack.wsgi [None req-96504bfa-d423-4c52-a3e6-64f8e19cd4f0 tempest-GroupsV320Test-432735975 tempest-GroupsV320Test-432735975-project] http://10.222.0.44/volume/v3/80d01cc444cc4e4e8f57dc4859a2c519/groups/b1df0b5f-4740-4026-9507-44a1b3572faf returned with HTTP 200
May 20 19:41:01.434724 dv-cinder-792462-2-smb devstack@c-api.service[105089]: [pid: 105089|app: 0|req: 62/122] 10.222.0.44 () {60 vars in 1363 bytes} [Thu May 20 19:41:01 2021] GET /volume/v3/80d01cc444cc4e4e8f57dc4859a2c519/groups/b1df0b5f-4740-4026-9507-44a1b3572faf => generated 387 bytes in 96 msecs (HTTP/1.1 200) 7 headers in 286 bytes (1 switches on core 0)
May 20 19:41:01.439290 dv-cinder-792462-2-smb devstack@c-api.service[105089]: INFO cinder.api.openstack.wsgi [None req-56304d92-c005-4007-ab40-d6ad444d6130 tempest-VolumesListAdminTestJSON-543809010 tempest-VolumesListAdminTestJSON-543809010-project] GET http://10.222.0.44/volume/v3/3bf319d37da44bbe8b5e2b652aba9c16/volumes/577399cc-43d6-4c45-bad3-cf183a75ee3d
May 20 19:41:01.439751 dv-cinder-792462-2-smb devstack@c-api.service[105089]: DEBUG cinder.api.openstack.wsgi [None req-56304d92-c005-4007-ab40-d6ad444d6130 tempest-VolumesListAdminTestJSON-543809010 tempest-VolumesListAdminTestJSON-543809010-project] Empty body provided in request {{(pid=105089) get_body /opt/stack/cinder/cinder/api/openstack/wsgi.py:713}}
May 20 19:41:01.439926 dv-cinder-792462-2-smb devstack@c-api.service[105089]: /usr/local/lib/python3.8/dist-packages/webob/acceptparse.py:1047: DeprecationWarning: The behavior of AcceptValidHeader.best_match is currently being maintained for backward compatibility, but it will be deprecated in the future, as it does not conform to the RFC.
May 20 19:41:01.439926 dv-cinder-792462-2-smb devstack@c-api.service[105089]: warnings.warn(
May 20 19:41:01.440272 dv-cinder-792462-2-smb devstack@c-api.service[105089]: DEBUG cinder.api.openstack.wsgi [None req-56304d92-c005-4007-ab40-d6ad444d6130 tempest-VolumesListAdminTestJSON-543809010 tempest-VolumesListAdminTestJSON-543809010-project] Calling method 'show' {{(pid=105089) _process_stack /opt/stack/cinder/cinder/api/openstack/wsgi.py:866}}
May 20 19:41:01.457302 dv-cinder-792462-2-smb devstack@c-api.service[105088]: /usr/local/lib/python3.8/dist-packages/oslo_context/context.py:105: DeprecationWarning: Policy enforcement is depending on the value of is_admin. This key is deprecated. Please update your policy file to use the standard policy values.
May 20 19:41:01.457302 dv-cinder-792462-2-smb devstack@c-api.service[105088]: warnings.warn('Policy enforcement is depending on the value of '
May 20 19:41:01.472119 dv-cinder-792462-2-smb devstack@c-api.service[105088]: INFO cinder.volume.api [None req-bdc4d359-b177-4fa9-ab6a-1c83d128af51 tempest-VolumesServicesTestJSON-1780290488 tempest-VolumesServicesTestJSON-1780290488-project-admin] Volume info retrieved successfully.
May 20 19:41:01.493488 dv-cinder-792462-2-smb devstack@c-api.service[105088]: INFO cinder.api.openstack.wsgi [None req-bdc4d359-b177-4fa9-ab6a-1c83d128af51 tempest-VolumesServicesTestJSON-1780290488 tempest-VolumesServicesTestJSON-1780290488-project-admin] http://10.222.0.44/volume/v3/e91c862641054cd4ad66fee8ac6cb248/volumes/fc1e1b80-8859-4e25-b312-6e9444322cae returned with HTTP 200
May 20 19:41:01.494855 dv-cinder-792462-2-smb devstack@c-api.service[105088]: [pid: 105088|app: 0|req: 61/123] 10.222.0.44 () {58 vars in 1325 bytes} [Thu May 20 19:41:01 2021] GET /volume/v3/e91c862641054cd4ad66fee8ac6cb248/volumes/fc1e1b80-8859-4e25-b312-6e9444322cae => generated 1081 bytes in 115 msecs (HTTP/1.1 200) 7 headers in 286 bytes (1 switches on core 0)
May 20 19:41:01.499903 dv-cinder-792462-2-smb devstack@c-api.service[105089]: /usr/local/lib/python3.8/dist-packages/oslo_context/context.py:105: DeprecationWarning: Policy enforcement is depending on the value of is_admin. This key is deprecated. Please update your policy file to use the standard policy values.
May 20 19:41:01.499903 dv-cinder-792462-2-smb devstack@c-api.service[105089]: warnings.warn('Policy enforcement is depending on the value of '
May 20 19:41:01.509897 dv-cinder-792462-2-smb devstack@c-api.service[105089]: INFO cinder.volume.api [None req-56304d92-c005-4007-ab40-d6ad444d6130 tempest-VolumesListAdminTestJSON-543809010 tempest-VolumesListAdminTestJSON-543809010-project] Volume info retrieved successfully.
May 20 19:41:01.511414 dv-cinder-792462-2-smb devstack@c-api.service[105088]: INFO cinder.api.openstack.wsgi [None req-a0c88a20-0d29-445f-8d24-5d2e96975244 tempest-VolumesServicesTestJSON-1780290488 tempest-VolumesServicesTestJSON-1780290488-project-admin] GET http://10.222.0.44/volume/v3/e91c862641054cd4ad66fee8ac6cb248/os-services?host=hv-cinder-79246&binary=cinder-volume
May 20 19:41:01.511891 dv-cinder-792462-2-smb devstack@c-api.service[105088]: DEBUG cinder.api.openstack.wsgi [None req-a0c88a20-0d29-445f-8d24-5d2e96975244 tempest-VolumesServicesTestJSON-1780290488 tempest-VolumesServicesTestJSON-1780290488-project-admin] Empty body provided in request {{(pid=105088) get_body /opt/stack/cinder/cinder/api/openstack/wsgi.py:713}}
May 20 19:41:01.512182 dv-cinder-792462-2-smb devstack@c-api.service[105088]: /usr/local/lib/python3.8/dist-packages/webob/acceptparse.py:1047: DeprecationWarning: The behavior of AcceptValidHeader.best_match is currently being maintained for backward compatibility, but it will be deprecated in the future, as it does not conform to the RFC.
May 20 19:41:01.512182 dv-cinder-792462-2-smb devstack@c-api.service[105088]: warnings.warn(
May 20 19:41:01.512516 dv-cinder-792462-2-smb devstack@c-api.service[105088]: DEBUG cinder.api.openstack.wsgi [None req-a0c88a20-0d29-445f-8d24-5d2e96975244 tempest-VolumesServicesTestJSON-1780290488 tempest-VolumesServicesTestJSON-1780290488-project-admin] Calling method 'index' {{(pid=105088) _process_stack /opt/stack/cinder/cinder/api/openstack/wsgi.py:866}}
May 20 19:41:01.527109 dv-cinder-792462-2-smb devstack@c-api.service[105088]: INFO cinder.api.openstack.wsgi [None req-a0c88a20-0d29-445f-8d24-5d2e96975244 tempest-VolumesServicesTestJSON-1780290488 tempest-VolumesServicesTestJSON-1780290488-project-admin] http://10.222.0.44/volume/v3/e91c862641054cd4ad66fee8ac6cb248/os-services?host=hv-cinder-79246&binary=cinder-volume returned with HTTP 200
May 20 19:41:01.527999 dv-cinder-792462-2-smb devstack@c-api.service[105088]: [pid: 105088|app: 0|req: 62/124] 10.222.0.44 () {58 vars in 1309 bytes} [Thu May 20 19:41:01 2021] GET /volume/v3/e91c862641054cd4ad66fee8ac6cb248/os-services?host=hv-cinder-79246&binary=cinder-volume => generated 276 bytes in 22 msecs (HTTP/1.1 200) 7 headers in 285 bytes (1 switches on core 0)
May 20 19:41:01.542891 dv-cinder-792462-2-smb devstack@c-api.service[105088]: INFO cinder.api.openstack.wsgi [None req-7001bdc6-be9c-43e1-bf23-fa7f1eced55d tempest-VolumesServicesTestJSON-1780290488 tempest-VolumesServicesTestJSON-1780290488-project-admin] GET http://10.222.0.44/volume/v3/e91c862641054cd4ad66fee8ac6cb248/os-services
May 20 19:41:01.545749 dv-cinder-792462-2-smb devstack@c-api.service[105088]: DEBUG cinder.api.openstack.wsgi [None req-7001bdc6-be9c-43e1-bf23-fa7f1eced55d tempest-VolumesServicesTestJSON-1780290488 tempest-VolumesServicesTestJSON-1780290488-project-admin] Empty body provided in request {{(pid=105088) get_body /opt/stack/cinder/cinder/api/openstack/wsgi.py:713}}
May 20 19:41:01.546013 dv-cinder-792462-2-smb devstack@c-api.service[105088]: DEBUG cinder.api.openstack.wsgi [None req-7001bdc6-be9c-43e1-bf23-fa7f1eced55d tempest-VolumesServicesTestJSON-1780290488 tempest-VolumesServicesTestJSON-1780290488-project-admin] Calling method 'index' {{(pid=105088) _process_stack /opt/stack/cinder/cinder/api/openstack/wsgi.py:866}}
May 20 19:41:01.552550 dv-cinder-792462-2-smb devstack@c-api.service[105089]: INFO cinder.api.openstack.wsgi [None req-56304d92-c005-4007-ab40-d6ad444d6130 tempest-VolumesListAdminTestJSON-543809010 tempest-VolumesListAdminTestJSON-543809010-project] http://10.222.0.44/volume/v3/3bf319d37da44bbe8b5e2b652aba9c16/volumes/577399cc-43d6-4c45-bad3-cf183a75ee3d returned with HTTP 200
May 20 19:41:01.553302 dv-cinder-792462-2-smb devstack@c-api.service[105089]: [pid: 105089|app: 0|req: 63/125] 10.222.0.44 () {58 vars in 1325 bytes} [Thu May 20 19:41:01 2021] GET /volume/v3/3bf319d37da44bbe8b5e2b652aba9c16/volumes/577399cc-43d6-4c45-bad3-cf183a75ee3d => generated 917 bytes in 118 msecs (HTTP/1.1 200) 7 headers in 285 bytes (1 switches on core 0)
May 20 19:41:01.570347 dv-cinder-792462-2-smb devstack@c-api.service[105089]: INFO cinder.api.openstack.wsgi [None req-d743dba3-b819-4294-adb7-43790018c1c0 tempest-VolumesListAdminTestJSON-543809010 tempest-VolumesListAdminTestJSON-543809010-project] GET http://10.222.0.44/volume/v3/3bf319d37da44bbe8b5e2b652aba9c16/volumes/577399cc-43d6-4c45-bad3-cf183a75ee3d
May 20 19:41:01.570843 dv-cinder-792462-2-smb devstack@c-api.service[105089]: DEBUG cinder.api.openstack.wsgi [None req-d743dba3-b819-4294-adb7-43790018c1c0 tempest-VolumesListAdminTestJSON-543809010 tempest-VolumesListAdminTestJSON-543809010-project] Empty body provided in request {{(pid=105089) get_body /opt/stack/cinder/cinder/api/openstack/wsgi.py:713}}
May 20 19:41:01.571037 dv-cinder-792462-2-smb devstack@c-api.service[105089]: /usr/local/lib/python3.8/dist-packages/webob/acceptparse.py:1047: DeprecationWarning: The behavior of AcceptValidHeader.best_match is currently being maintained for backward compatibility, but it will be deprecated in the future, as it does not conform to the RFC.
May 20 19:41:01.571037 dv-cinder-792462-2-smb devstack@c-api.service[105089]: warnings.warn(
May 20 19:41:01.571338 dv-cinder-792462-2-smb devstack@c-api.service[105089]: DEBUG cinder.api.openstack.wsgi [None req-d743dba3-b819-4294-adb7-43790018c1c0 tempest-VolumesListAdminTestJSON-543809010 tempest-VolumesListAdminTestJSON-543809010-project] Calling method 'show' {{(pid=105089) _process_stack /opt/stack/cinder/cinder/api/openstack/wsgi.py:866}}
May 20 19:41:01.575745 dv-cinder-792462-2-smb devstack@c-api.service[105088]: INFO cinder.api.openstack.wsgi [None req-7001bdc6-be9c-43e1-bf23-fa7f1eced55d tempest-VolumesServicesTestJSON-1780290488 tempest-VolumesServicesTestJSON-1780290488-project-admin] http://10.222.0.44/volume/v3/e91c862641054cd4ad66fee8ac6cb248/os-services returned with HTTP 200
May 20 19:41:01.582655 dv-cinder-792462-2-smb devstack@c-api.service[105088]: [pid: 105088|app: 0|req: 63/126] 10.222.0.44 () {58 vars in 1226 bytes} [Thu May 20 19:41:01 2021] GET /volume/v3/e91c862641054cd4ad66fee8ac6cb248/os-services => generated 640 bytes in 47 msecs (HTTP/1.1 200) 7 headers in 285 bytes (1 switches on core 0)
May 20 19:41:01.586510 dv-cinder-792462-2-smb devstack@c-api.service[105088]: INFO cinder.api.openstack.wsgi [None req-d1bc75c2-aef6-47d4-9767-6a23700f6104 tempest-VolumesServicesTestJSON-921076863 tempest-VolumesServicesTestJSON-921076863-project] DELETE http://10.222.0.44/volume/v3/035abccfa01d48fda0c0a0c910021ece/volumes/fc1e1b80-8859-4e25-b312-6e9444322cae
May 20 19:41:01.586965 dv-cinder-792462-2-smb devstack@c-api.service[105088]: DEBUG cinder.api.openstack.wsgi [None req-d1bc75c2-aef6-47d4-9767-6a23700f6104 tempest-VolumesServicesTestJSON-921076863 tempest-VolumesServicesTestJSON-921076863-project] Empty body provided in request {{(pid=105088) get_body /opt/stack/cinder/cinder/api/openstack/wsgi.py:713}}
May 20 19:41:01.587391 dv-cinder-792462-2-smb devstack@c-api.service[105088]: DEBUG cinder.api.openstack.wsgi [None req-d1bc75c2-aef6-47d4-9767-6a23700f6104 tempest-VolumesServicesTestJSON-921076863 tempest-VolumesServicesTestJSON-921076863-project] Calling method 'delete' {{(pid=105088) _process_stack /opt/stack/cinder/cinder/api/openstack/wsgi.py:866}}
May 20 19:41:01.587795 dv-cinder-792462-2-smb devstack@c-api.service[105088]: INFO cinder.api.v3.volumes [None req-d1bc75c2-aef6-47d4-9767-6a23700f6104 tempest-VolumesServicesTestJSON-921076863 tempest-VolumesServicesTestJSON-921076863-project] Delete volume with id: fc1e1b80-8859-4e25-b312-6e9444322cae
May 20 19:41:01.668763 dv-cinder-792462-2-smb devstack@c-api.service[105088]: /usr/local/lib/python3.8/dist-packages/oslo_context/context.py:105: DeprecationWarning: Policy enforcement is depending on the value of is_admin. This key is deprecated. Please update your policy file to use the standard policy values.
May 20 19:41:01.668763 dv-cinder-792462-2-smb devstack@c-api.service[105088]: warnings.warn('Policy enforcement is depending on the value of '
May 20 19:41:01.672580 dv-cinder-792462-2-smb devstack@c-api.service[105088]: INFO cinder.volume.api [None req-d1bc75c2-aef6-47d4-9767-6a23700f6104 tempest-VolumesServicesTestJSON-921076863 tempest-VolumesServicesTestJSON-921076863-project] Volume info retrieved successfully.
May 20 19:41:01.678630 dv-cinder-792462-2-smb devstack@c-api.service[105089]: /usr/local/lib/python3.8/dist-packages/oslo_context/context.py:105: DeprecationWarning: Policy enforcement is depending on the value of is_admin. This key is deprecated. Please update your policy file to use the standard policy values.
May 20 19:41:01.678630 dv-cinder-792462-2-smb devstack@c-api.service[105089]: warnings.warn('Policy enforcement is depending on the value of '
May 20 19:41:01.696383 dv-cinder-792462-2-smb devstack@c-api.service[105089]: INFO cinder.volume.api [None req-d743dba3-b819-4294-adb7-43790018c1c0 tempest-VolumesListAdminTestJSON-543809010 tempest-VolumesListAdminTestJSON-543809010-project] Volume info retrieved successfully.
May 20 19:41:01.732104 dv-cinder-792462-2-smb devstack@c-api.service[105088]: INFO cinder.volume.api [None req-d1bc75c2-aef6-47d4-9767-6a23700f6104 tempest-VolumesServicesTestJSON-921076863 tempest-VolumesServicesTestJSON-921076863-project] Delete volume request issued successfully.
May 20 19:41:01.732855 dv-cinder-792462-2-smb devstack@c-api.service[105088]: INFO cinder.api.openstack.wsgi [None req-d1bc75c2-aef6-47d4-9767-6a23700f6104 tempest-VolumesServicesTestJSON-921076863 tempest-VolumesServicesTestJSON-921076863-project] http://10.222.0.44/volume/v3/035abccfa01d48fda0c0a0c910021ece/volumes/fc1e1b80-8859-4e25-b312-6e9444322cae returned with HTTP 202
May 20 19:41:01.733646 dv-cinder-792462-2-smb devstack@c-api.service[105088]: [pid: 105088|app: 0|req: 64/127] 10.222.0.44 () {58 vars in 1328 bytes} [Thu May 20 19:41:01 2021] DELETE /volume/v3/035abccfa01d48fda0c0a0c910021ece/volumes/fc1e1b80-8859-4e25-b312-6e9444322cae => generated 0 bytes in 150 msecs (HTTP/1.1 202) 6 headers in 233 bytes (1 switches on core 0)
May 20 19:41:01.744949 dv-cinder-792462-2-smb devstack@c-api.service[105089]: INFO cinder.api.openstack.wsgi [None req-d743dba3-b819-4294-adb7-43790018c1c0 tempest-VolumesListAdminTestJSON-543809010 tempest-VolumesListAdminTestJSON-543809010-project] http://10.222.0.44/volume/v3/3bf319d37da44bbe8b5e2b652aba9c16/volumes/577399cc-43d6-4c45-bad3-cf183a75ee3d returned with HTTP 200
May 20 19:41:01.755426 dv-cinder-792462-2-smb devstack@c-api.service[105089]: [pid: 105089|app: 0|req: 64/128] 10.222.0.44 () {58 vars in 1325 bytes} [Thu May 20 19:41:01 2021] GET /volume/v3/3bf319d37da44bbe8b5e2b652aba9c16/volumes/577399cc-43d6-4c45-bad3-cf183a75ee3d => generated 917 bytes in 190 msecs (HTTP/1.1 200) 7 headers in 285 bytes (1 switches on core 0)
May 20 19:41:01.760741 dv-cinder-792462-2-smb devstack@c-api.service[105089]: INFO cinder.api.openstack.wsgi [None req-acab9b91-4217-431e-a24a-36a80fce097a tempest-SnapshotsActionsTest-694846527 tempest-SnapshotsActionsTest-694846527-project] GET http://10.222.0.44/volume/v3/7d115312baeb4672ac1d2436b21d0a65/snapshots/fcc25770-cc03-49d5-8f1c-358551189564
May 20 19:41:01.761429 dv-cinder-792462-2-smb devstack@c-api.service[105089]: DEBUG cinder.api.openstack.wsgi [None req-acab9b91-4217-431e-a24a-36a80fce097a tempest-SnapshotsActionsTest-694846527 tempest-SnapshotsActionsTest-694846527-project] Empty body provided in request {{(pid=105089) get_body /opt/stack/cinder/cinder/api/openstack/wsgi.py:713}}
May 20 19:41:01.761616 dv-cinder-792462-2-smb devstack@c-api.service[105089]: /usr/local/lib/python3.8/dist-packages/webob/acceptparse.py:1047: DeprecationWarning: The behavior of AcceptValidHeader.best_match is currently being maintained for backward compatibility, but it will be deprecated in the future, as it does not conform to the RFC.
May 20 19:41:01.761616 dv-cinder-792462-2-smb devstack@c-api.service[105089]: warnings.warn(
May 20 19:41:01.761952 dv-cinder-792462-2-smb devstack@c-api.service[105089]: DEBUG cinder.api.openstack.wsgi [None req-acab9b91-4217-431e-a24a-36a80fce097a tempest-SnapshotsActionsTest-694846527 tempest-SnapshotsActionsTest-694846527-project] Calling method 'show' {{(pid=105089) _process_stack /opt/stack/cinder/cinder/api/openstack/wsgi.py:866}}
May 20 19:41:01.791604 dv-cinder-792462-2-smb devstack@c-api.service[105089]: /usr/local/lib/python3.8/dist-packages/oslo_context/context.py:105: DeprecationWarning: Policy enforcement is depending on the value of is_admin. This key is deprecated. Please update your policy file to use the standard policy values.
May 20 19:41:01.791604 dv-cinder-792462-2-smb devstack@c-api.service[105089]: warnings.warn('Policy enforcement is depending on the value of '
May 20 19:41:01.792826 dv-cinder-792462-2-smb devstack@c-api.service[105089]: INFO cinder.volume.api [None req-acab9b91-4217-431e-a24a-36a80fce097a tempest-SnapshotsActionsTest-694846527 tempest-SnapshotsActionsTest-694846527-project] Snapshot retrieved successfully.
May 20 19:41:01.794715 dv-cinder-792462-2-smb devstack@c-api.service[105089]: INFO cinder.api.openstack.wsgi [None req-acab9b91-4217-431e-a24a-36a80fce097a tempest-SnapshotsActionsTest-694846527 tempest-SnapshotsActionsTest-694846527-project] http://10.222.0.44/volume/v3/7d115312baeb4672ac1d2436b21d0a65/snapshots/fcc25770-cc03-49d5-8f1c-358551189564 returned with HTTP 200
May 20 19:41:01.800943 dv-cinder-792462-2-smb devstack@c-api.service[105089]: [pid: 105089|app: 0|req: 65/129] 10.222.0.44 () {58 vars in 1331 bytes} [Thu May 20 19:41:01 2021] GET /volume/v3/7d115312baeb4672ac1d2436b21d0a65/snapshots/fcc25770-cc03-49d5-8f1c-358551189564 => generated 568 bytes in 40 msecs (HTTP/1.1 200) 7 headers in 285 bytes (1 switches on core 0)
May 20 19:41:01.800943 dv-cinder-792462-2-smb devstack@c-api.service[105089]: INFO cinder.api.openstack.wsgi [None req-89bd5f70-d5eb-48c8-a141-78cd13371b7a tempest-VolumesServicesTestJSON-921076863 tempest-VolumesServicesTestJSON-921076863-project] GET http://10.222.0.44/volume/v3/035abccfa01d48fda0c0a0c910021ece/volumes/fc1e1b80-8859-4e25-b312-6e9444322cae
May 20 19:41:01.800943 dv-cinder-792462-2-smb devstack@c-api.service[105089]: DEBUG cinder.api.openstack.wsgi [None req-89bd5f70-d5eb-48c8-a141-78cd13371b7a tempest-VolumesServicesTestJSON-921076863 tempest-VolumesServicesTestJSON-921076863-project] Empty body provided in request {{(pid=105089) get_body /opt/stack/cinder/cinder/api/openstack/wsgi.py:713}}
May 20 19:41:01.800943 dv-cinder-792462-2-smb devstack@c-api.service[105089]: /usr/local/lib/python3.8/dist-packages/webob/acceptparse.py:1047: DeprecationWarning: The behavior of AcceptValidHeader.best_match is currently being maintained for backward compatibility, but it will be deprecated in the future, as it does not conform to the RFC.
May 20 19:41:01.800943 dv-cinder-792462-2-smb devstack@c-api.service[105089]: warnings.warn(
May 20 19:41:01.800943 dv-cinder-792462-2-smb devstack@c-api.service[105089]: DEBUG cinder.api.openstack.wsgi [None req-89bd5f70-d5eb-48c8-a141-78cd13371b7a tempest-VolumesServicesTestJSON-921076863 tempest-VolumesServicesTestJSON-921076863-project] Calling method 'show' {{(pid=105089) _process_stack /opt/stack/cinder/cinder/api/openstack/wsgi.py:866}}
May 20 19:41:01.861340 dv-cinder-792462-2-smb devstack@c-api.service[105089]: /usr/local/lib/python3.8/dist-packages/oslo_context/context.py:105: DeprecationWarning: Policy enforcement is depending on the value of is_admin. This key is deprecated. Please update your policy file to use the standard policy values.
May 20 19:41:01.861340 dv-cinder-792462-2-smb devstack@c-api.service[105089]: warnings.warn('Policy enforcement is depending on the value of '
May 20 19:41:01.878073 dv-cinder-792462-2-smb devstack@c-api.service[105089]: INFO cinder.volume.api [None req-89bd5f70-d5eb-48c8-a141-78cd13371b7a tempest-VolumesServicesTestJSON-921076863 tempest-VolumesServicesTestJSON-921076863-project] Volume info retrieved successfully.
May 20 19:41:01.922879 dv-cinder-792462-2-smb devstack@c-api.service[105089]: INFO cinder.api.openstack.wsgi [None req-89bd5f70-d5eb-48c8-a141-78cd13371b7a tempest-VolumesServicesTestJSON-921076863 tempest-VolumesServicesTestJSON-921076863-project] http://10.222.0.44/volume/v3/035abccfa01d48fda0c0a0c910021ece/volumes/fc1e1b80-8859-4e25-b312-6e9444322cae returned with HTTP 200
May 20 19:41:01.933934 dv-cinder-792462-2-smb devstack@c-api.service[105089]: [pid: 105089|app: 0|req: 66/130] 10.222.0.44 () {58 vars in 1325 bytes} [Thu May 20 19:41:01 2021] GET /volume/v3/035abccfa01d48fda0c0a0c910021ece/volumes/fc1e1b80-8859-4e25-b312-6e9444322cae => generated 914 bytes in 137 msecs (HTTP/1.1 200) 7 headers in 285 bytes (1 switches on core 0)
May 20 19:41:01.937821 dv-cinder-792462-2-smb devstack@c-api.service[105089]: INFO cinder.api.openstack.wsgi [None req-48d7f885-04ee-4935-8308-d495070df941 tempest-VolumesListAdminTestJSON-543809010 tempest-VolumesListAdminTestJSON-543809010-project] POST http://10.222.0.44/volume/v3/3bf319d37da44bbe8b5e2b652aba9c16/volumes
May 20 19:41:01.938212 dv-cinder-792462-2-smb devstack@c-api.service[105089]: /usr/local/lib/python3.8/dist-packages/webob/acceptparse.py:1047: DeprecationWarning: The behavior of AcceptValidHeader.best_match is currently being maintained for backward compatibility, but it will be deprecated in the future, as it does not conform to the RFC.
May 20 19:41:01.938212 dv-cinder-792462-2-smb devstack@c-api.service[105089]: warnings.warn(
May 20 19:41:01.938581 dv-cinder-792462-2-smb devstack@c-api.service[105089]: DEBUG cinder.api.openstack.wsgi [None req-48d7f885-04ee-4935-8308-d495070df941 tempest-VolumesListAdminTestJSON-543809010 tempest-VolumesListAdminTestJSON-543809010-project] Action: 'create', calling method: create, body: {"volume": {"size": 1, "name": "tempest-VolumesListAdminTestJSON-Volume-1164010780"}} {{(pid=105089) _process_stack /opt/stack/cinder/cinder/api/openstack/wsgi.py:864}}
May 20 19:41:01.939539 dv-cinder-792462-2-smb devstack@c-api.service[105089]: DEBUG cinder.api.v3.volumes [None req-48d7f885-04ee-4935-8308-d495070df941 tempest-VolumesListAdminTestJSON-543809010 tempest-VolumesListAdminTestJSON-543809010-project] Create volume request body: {'volume': {'size': 1, 'name': 'tempest-VolumesListAdminTestJSON-Volume-1164010780'}} {{(pid=105089) create /opt/stack/cinder/cinder/api/v3/volumes.py:289}}
May 20 19:41:01.939862 dv-cinder-792462-2-smb devstack@c-api.service[105089]: INFO cinder.api.v3.volumes [None req-48d7f885-04ee-4935-8308-d495070df941 tempest-VolumesListAdminTestJSON-543809010 tempest-VolumesListAdminTestJSON-543809010-project] Create volume of 1 GB
May 20 19:41:01.955443 dv-cinder-792462-2-smb devstack@c-api.service[105089]: INFO cinder.volume.api [None req-48d7f885-04ee-4935-8308-d495070df941 tempest-VolumesListAdminTestJSON-543809010 tempest-VolumesListAdminTestJSON-543809010-project] Availability Zones retrieved successfully.
May 20 19:41:01.975159 dv-cinder-792462-2-smb devstack@c-api.service[105088]: INFO cinder.api.openstack.wsgi [None req-e15e17fb-49ea-4382-a7f0-f7e2d02afef5 tempest-BackendsCapabilitiesAdminTestsJSON-924993545 tempest-BackendsCapabilitiesAdminTestsJSON-924993545-project-admin] GET http://10.222.0.44/volume/v3/6300af2ae33a4e2fba7126e938005f58/scheduler-stats/get_pools
May 20 19:41:01.975890 dv-cinder-792462-2-smb devstack@c-api.service[105088]: DEBUG cinder.api.openstack.wsgi [None req-e15e17fb-49ea-4382-a7f0-f7e2d02afef5 tempest-BackendsCapabilitiesAdminTestsJSON-924993545 tempest-BackendsCapabilitiesAdminTestsJSON-924993545-project-admin] Empty body provided in request {{(pid=105088) get_body /opt/stack/cinder/cinder/api/openstack/wsgi.py:713}}
May 20 19:41:01.976238 dv-cinder-792462-2-smb devstack@c-api.service[105088]: /usr/local/lib/python3.8/dist-packages/webob/acceptparse.py:1047: DeprecationWarning: The behavior of AcceptValidHeader.best_match is currently being maintained for backward compatibility, but it will be deprecated in the future, as it does not conform to the RFC.
May 20 19:41:01.976238 dv-cinder-792462-2-smb devstack@c-api.service[105088]: warnings.warn(
May 20 19:41:01.976785 dv-cinder-792462-2-smb devstack@c-api.service[105088]: DEBUG cinder.api.openstack.wsgi [None req-e15e17fb-49ea-4382-a7f0-f7e2d02afef5 tempest-BackendsCapabilitiesAdminTestsJSON-924993545 tempest-BackendsCapabilitiesAdminTestsJSON-924993545-project-admin] Calling method 'get_pools' {{(pid=105088) _process_stack /opt/stack/cinder/cinder/api/openstack/wsgi.py:866}}
May 20 19:41:01.991223 dv-cinder-792462-2-smb devstack@c-api.service[105089]: DEBUG cinder.volume.api [None req-48d7f885-04ee-4935-8308-d495070df941 tempest-VolumesListAdminTestJSON-543809010 tempest-VolumesListAdminTestJSON-543809010-project] Flow 'volume_create_api' (16496410-6bf1-45d9-84f5-bcaee699ba9f) transitioned into state 'RUNNING' from state 'PENDING' {{(pid=105089) _flow_receiver /usr/local/lib/python3.8/dist-packages/taskflow/listeners/logging.py:141}}
May 20 19:41:01.998586 dv-cinder-792462-2-smb devstack@c-api.service[105089]: DEBUG cinder.volume.api [None req-48d7f885-04ee-4935-8308-d495070df941 tempest-VolumesListAdminTestJSON-543809010 tempest-VolumesListAdminTestJSON-543809010-project] Task 'cinder.volume.flows.api.create_volume.ExtractVolumeRequestTask;volume:create' (21b6431e-13e8-4136-951e-23e9f6ef9df8) transitioned into state 'RUNNING' from state 'PENDING' {{(pid=105089) _task_receiver /usr/local/lib/python3.8/dist-packages/taskflow/listeners/logging.py:190}}
