Jun 21 15:58:01.461254 dv-cinder-792462-13-smb devstack@c-api.service[99439]: INFO cinder.api.openstack.wsgi [None req-87370e27-64ee-47c5-905a-159b1a8eb556 tempest-VolumesListAdminTestJSON-53178496 tempest-VolumesListAdminTestJSON-53178496-project] http://10.222.0.89/volume/v3/489668be2af94567990ad7738948bb74/volumes/5e278579-9794-4969-9554-d7eaf92cb3ab returned with HTTP 200
Jun 21 15:58:01.462605 dv-cinder-792462-13-smb devstack@c-api.service[99439]: [pid: 99439|app: 0|req: 219/418] 10.222.0.89 () {58 vars in 1325 bytes} [Mon Jun 21 15:58:01 2021] GET /volume/v3/489668be2af94567990ad7738948bb74/volumes/5e278579-9794-4969-9554-d7eaf92cb3ab => generated 917 bytes in 45 msecs (HTTP/1.1 200) 7 headers in 285 bytes (2 switches on core 0)
Jun 21 15:58:01.487981 dv-cinder-792462-13-smb devstack@c-api.service[99438]: INFO cinder.api.openstack.wsgi [None req-506026d7-1f0f-4aa8-a04a-e4bca36ee02d tempest-VolumeTypesExtraSpecsTest-2125312414 tempest-VolumeTypesExtraSpecsTest-2125312414-project-admin] http://10.222.0.89/volume/v3/58cc4542a94b47249c1f2865bda5b23a/types returned with HTTP 200
Jun 21 15:58:01.488783 dv-cinder-792462-13-smb devstack@c-api.service[99438]: [pid: 99438|app: 0|req: 200/419] 10.222.0.89 () {60 vars in 1229 bytes} [Mon Jun 21 15:58:01 2021] POST /volume/v3/58cc4542a94b47249c1f2865bda5b23a/types => generated 231 bytes in 292 msecs (HTTP/1.1 200) 7 headers in 285 bytes (1 switches on core 0)
Jun 21 15:58:01.506753 dv-cinder-792462-13-smb devstack@c-api.service[99438]: INFO cinder.api.openstack.wsgi [None req-dbc0d7e6-81bb-4bb8-8559-2ec5c6dab966 tempest-VolumeTypesExtraSpecsTest-2125312414 tempest-VolumeTypesExtraSpecsTest-2125312414-project-admin] POST http://10.222.0.89/volume/v3/58cc4542a94b47249c1f2865bda5b23a/types/928dde90-6a82-4030-8676-58048df56407/extra_specs
Jun 21 15:58:01.506753 dv-cinder-792462-13-smb devstack@c-api.service[99438]: DEBUG cinder.api.openstack.wsgi [None req-dbc0d7e6-81bb-4bb8-8559-2ec5c6dab966 tempest-VolumeTypesExtraSpecsTest-2125312414 tempest-VolumeTypesExtraSpecsTest-2125312414-project-admin] Action: 'create', calling method: create, body: {"extra_specs": {"spec3": "val1"}} {{(pid=99438) _process_stack /opt/stack/cinder/cinder/api/openstack/wsgi.py:864}}
Jun 21 15:58:01.600395 dv-cinder-792462-13-smb devstack@c-api.service[99438]: INFO cinder.api.openstack.wsgi [None req-dbc0d7e6-81bb-4bb8-8559-2ec5c6dab966 tempest-VolumeTypesExtraSpecsTest-2125312414 tempest-VolumeTypesExtraSpecsTest-2125312414-project-admin] http://10.222.0.89/volume/v3/58cc4542a94b47249c1f2865bda5b23a/types/928dde90-6a82-4030-8676-58048df56407/extra_specs returned with HTTP 200
Jun 21 15:58:01.602451 dv-cinder-792462-13-smb devstack@c-api.service[99438]: [pid: 99438|app: 0|req: 201/420] 10.222.0.89 () {60 vars in 1376 bytes} [Mon Jun 21 15:58:01 2021] POST /volume/v3/58cc4542a94b47249c1f2865bda5b23a/types/928dde90-6a82-4030-8676-58048df56407/extra_specs => generated 34 bytes in 107 msecs (HTTP/1.1 200) 7 headers in 284 bytes (2 switches on core 0)
Jun 21 15:58:01.616245 dv-cinder-792462-13-smb devstack@c-api.service[99438]: INFO cinder.api.openstack.wsgi [None req-76bc11c9-036b-4c38-b50d-92f6fbbcf278 tempest-VolumeTypesExtraSpecsTest-2125312414 tempest-VolumeTypesExtraSpecsTest-2125312414-project-admin] GET http://10.222.0.89/volume/v3/58cc4542a94b47249c1f2865bda5b23a/types/928dde90-6a82-4030-8676-58048df56407/extra_specs/spec3
Jun 21 15:58:01.617575 dv-cinder-792462-13-smb devstack@c-api.service[99438]: DEBUG cinder.api.openstack.wsgi [None req-76bc11c9-036b-4c38-b50d-92f6fbbcf278 tempest-VolumeTypesExtraSpecsTest-2125312414 tempest-VolumeTypesExtraSpecsTest-2125312414-project-admin] Empty body provided in request {{(pid=99438) get_body /opt/stack/cinder/cinder/api/openstack/wsgi.py:713}}
Jun 21 15:58:01.618029 dv-cinder-792462-13-smb devstack@c-api.service[99438]: DEBUG cinder.api.openstack.wsgi [None req-76bc11c9-036b-4c38-b50d-92f6fbbcf278 tempest-VolumeTypesExtraSpecsTest-2125312414 tempest-VolumeTypesExtraSpecsTest-2125312414-project-admin] Calling method 'show' {{(pid=99438) _process_stack /opt/stack/cinder/cinder/api/openstack/wsgi.py:866}}
Jun 21 15:58:01.631053 dv-cinder-792462-13-smb devstack@c-api.service[99438]: INFO cinder.api.openstack.wsgi [None req-76bc11c9-036b-4c38-b50d-92f6fbbcf278 tempest-VolumeTypesExtraSpecsTest-2125312414 tempest-VolumeTypesExtraSpecsTest-2125312414-project-admin] http://10.222.0.89/volume/v3/58cc4542a94b47249c1f2865bda5b23a/types/928dde90-6a82-4030-8676-58048df56407/extra_specs/spec3 returned with HTTP 200
Jun 21 15:58:01.632760 dv-cinder-792462-13-smb devstack@c-api.service[99438]: [pid: 99438|app: 0|req: 202/421] 10.222.0.89 () {58 vars in 1373 bytes} [Mon Jun 21 15:58:01 2021] GET /volume/v3/58cc4542a94b47249c1f2865bda5b23a/types/928dde90-6a82-4030-8676-58048df56407/extra_specs/spec3 => generated 17 bytes in 26 msecs (HTTP/1.1 200) 7 headers in 284 bytes (1 switches on core 0)
Jun 21 15:58:01.649728 dv-cinder-792462-13-smb devstack@c-api.service[99438]: INFO cinder.api.openstack.wsgi [None req-54f9f562-70ae-411d-b510-1c3d8d9be260 tempest-VolumeTypesExtraSpecsTest-2125312414 tempest-VolumeTypesExtraSpecsTest-2125312414-project-admin] DELETE http://10.222.0.89/volume/v3/58cc4542a94b47249c1f2865bda5b23a/types/928dde90-6a82-4030-8676-58048df56407/extra_specs/spec3
Jun 21 15:58:01.650817 dv-cinder-792462-13-smb devstack@c-api.service[99438]: DEBUG cinder.api.openstack.wsgi [None req-54f9f562-70ae-411d-b510-1c3d8d9be260 tempest-VolumeTypesExtraSpecsTest-2125312414 tempest-VolumeTypesExtraSpecsTest-2125312414-project-admin] Empty body provided in request {{(pid=99438) get_body /opt/stack/cinder/cinder/api/openstack/wsgi.py:713}}
Jun 21 15:58:01.651428 dv-cinder-792462-13-smb devstack@c-api.service[99438]: DEBUG cinder.api.openstack.wsgi [None req-54f9f562-70ae-411d-b510-1c3d8d9be260 tempest-VolumeTypesExtraSpecsTest-2125312414 tempest-VolumeTypesExtraSpecsTest-2125312414-project-admin] Calling method 'delete' {{(pid=99438) _process_stack /opt/stack/cinder/cinder/api/openstack/wsgi.py:866}}
Jun 21 15:58:01.700013 dv-cinder-792462-13-smb devstack@c-api.service[99439]: INFO cinder.api.openstack.wsgi [None req-d673bd85-f3e3-4363-953f-38a25efcddee tempest-VolumesListAdminTestJSON-1388999793 tempest-VolumesListAdminTestJSON-1388999793-project-admin] POST http://10.222.0.89/volume/v3/c126e188279c4f6eb935e56fb1472367/volumes
Jun 21 15:58:01.700405 dv-cinder-792462-13-smb devstack@c-api.service[99439]: /usr/local/lib/python3.8/dist-packages/webob/acceptparse.py:1047: DeprecationWarning: The behavior of AcceptValidHeader.best_match is currently being maintained for backward compatibility, but it will be deprecated in the future, as it does not conform to the RFC.
Jun 21 15:58:01.700405 dv-cinder-792462-13-smb devstack@c-api.service[99439]: warnings.warn(
Jun 21 15:58:01.701060 dv-cinder-792462-13-smb devstack@c-api.service[99439]: DEBUG cinder.api.openstack.wsgi [None req-d673bd85-f3e3-4363-953f-38a25efcddee tempest-VolumesListAdminTestJSON-1388999793 tempest-VolumesListAdminTestJSON-1388999793-project-admin] Action: 'create', calling method: create, body: {"volume": {"size": 1}} {{(pid=99439) _process_stack /opt/stack/cinder/cinder/api/openstack/wsgi.py:864}}
Jun 21 15:58:01.702338 dv-cinder-792462-13-smb devstack@c-api.service[99439]: DEBUG cinder.api.v3.volumes [None req-d673bd85-f3e3-4363-953f-38a25efcddee tempest-VolumesListAdminTestJSON-1388999793 tempest-VolumesListAdminTestJSON-1388999793-project-admin] Create volume request body: {'volume': {'size': 1}} {{(pid=99439) create /opt/stack/cinder/cinder/api/v3/volumes.py:289}}
Jun 21 15:58:01.702862 dv-cinder-792462-13-smb devstack@c-api.service[99439]: INFO cinder.api.v3.volumes [None req-d673bd85-f3e3-4363-953f-38a25efcddee tempest-VolumesListAdminTestJSON-1388999793 tempest-VolumesListAdminTestJSON-1388999793-project-admin] Create volume of 1 GB
Jun 21 15:58:01.703367 dv-cinder-792462-13-smb devstack@c-api.service[99438]: INFO cinder.api.openstack.wsgi [None req-54f9f562-70ae-411d-b510-1c3d8d9be260 tempest-VolumeTypesExtraSpecsTest-2125312414 tempest-VolumeTypesExtraSpecsTest-2125312414-project-admin] http://10.222.0.89/volume/v3/58cc4542a94b47249c1f2865bda5b23a/types/928dde90-6a82-4030-8676-58048df56407/extra_specs/spec3 returned with HTTP 202
Jun 21 15:58:01.707831 dv-cinder-792462-13-smb devstack@c-api.service[99438]: [pid: 99438|app: 0|req: 203/422] 10.222.0.89 () {58 vars in 1376 bytes} [Mon Jun 21 15:58:01 2021] DELETE /volume/v3/58cc4542a94b47249c1f2865bda5b23a/types/928dde90-6a82-4030-8676-58048df56407/extra_specs/spec3 => generated 0 bytes in 70 msecs (HTTP/1.1 202) 7 headers in 289 bytes (1 switches on core 0)
Jun 21 15:58:01.712445 dv-cinder-792462-13-smb devstack@c-api.service[99439]: INFO cinder.volume.api [None req-d673bd85-f3e3-4363-953f-38a25efcddee tempest-VolumesListAdminTestJSON-1388999793 tempest-VolumesListAdminTestJSON-1388999793-project-admin] Availability Zones retrieved successfully.
Jun 21 15:58:01.715636 dv-cinder-792462-13-smb devstack@c-api.service[99438]: INFO cinder.api.openstack.wsgi [None req-87d015a6-cbe0-422d-b362-f1153b000913 tempest-VolumeTypesExtraSpecsTest-2125312414 tempest-VolumeTypesExtraSpecsTest-2125312414-project-admin] GET http://10.222.0.89/volume/v3/58cc4542a94b47249c1f2865bda5b23a/types/928dde90-6a82-4030-8676-58048df56407/extra_specs/spec3
Jun 21 15:58:01.718816 dv-cinder-792462-13-smb devstack@c-api.service[99438]: DEBUG cinder.api.openstack.wsgi [None req-87d015a6-cbe0-422d-b362-f1153b000913 tempest-VolumeTypesExtraSpecsTest-2125312414 tempest-VolumeTypesExtraSpecsTest-2125312414-project-admin] Empty body provided in request {{(pid=99438) get_body /opt/stack/cinder/cinder/api/openstack/wsgi.py:713}}
Jun 21 15:58:01.720411 dv-cinder-792462-13-smb devstack@c-api.service[99438]: DEBUG cinder.api.openstack.wsgi [None req-87d015a6-cbe0-422d-b362-f1153b000913 tempest-VolumeTypesExtraSpecsTest-2125312414 tempest-VolumeTypesExtraSpecsTest-2125312414-project-admin] Calling method 'show' {{(pid=99438) _process_stack /opt/stack/cinder/cinder/api/openstack/wsgi.py:866}}
Jun 21 15:58:01.741666 dv-cinder-792462-13-smb devstack@c-api.service[99438]: INFO cinder.api.openstack.wsgi [None req-87d015a6-cbe0-422d-b362-f1153b000913 tempest-VolumeTypesExtraSpecsTest-2125312414 tempest-VolumeTypesExtraSpecsTest-2125312414-project-admin] http://10.222.0.89/volume/v3/58cc4542a94b47249c1f2865bda5b23a/types/928dde90-6a82-4030-8676-58048df56407/extra_specs/spec3 returned with HTTP 404
Jun 21 15:58:01.747666 dv-cinder-792462-13-smb devstack@c-api.service[99438]: [pid: 99438|app: 0|req: 204/423] 10.222.0.89 () {58 vars in 1373 bytes} [Mon Jun 21 15:58:01 2021] GET /volume/v3/58cc4542a94b47249c1f2865bda5b23a/types/928dde90-6a82-4030-8676-58048df56407/extra_specs/spec3 => generated 129 bytes in 34 msecs (HTTP/1.1 404) 7 headers in 292 bytes (1 switches on core 0)
Jun 21 15:58:01.752159 dv-cinder-792462-13-smb devstack@c-api.service[99439]: DEBUG cinder.volume.api [None req-d673bd85-f3e3-4363-953f-38a25efcddee tempest-VolumesListAdminTestJSON-1388999793 tempest-VolumesListAdminTestJSON-1388999793-project-admin] Flow 'volume_create_api' (4a7fbc14-3242-4d03-b3fa-543d99d164ad) transitioned into state 'RUNNING' from state 'PENDING' {{(pid=99439) _flow_receiver /usr/local/lib/python3.8/dist-packages/taskflow/listeners/logging.py:141}}
Jun 21 15:58:01.756463 dv-cinder-792462-13-smb devstack@c-api.service[99439]: DEBUG cinder.volume.api [None req-d673bd85-f3e3-4363-953f-38a25efcddee tempest-VolumesListAdminTestJSON-1388999793 tempest-VolumesListAdminTestJSON-1388999793-project-admin] Task 'cinder.volume.flows.api.create_volume.ExtractVolumeRequestTask;volume:create' (36ba5643-042a-415d-b823-3173d7be67ba) transitioned into state 'RUNNING' from state 'PENDING' {{(pid=99439) _task_receiver /usr/local/lib/python3.8/dist-packages/taskflow/listeners/logging.py:190}}
Jun 21 15:58:01.757229 dv-cinder-792462-13-smb devstack@c-api.service[99438]: INFO cinder.api.openstack.wsgi [None req-b1e52075-2c77-434e-b690-81a094038d8c tempest-VolumeTypesExtraSpecsTest-2125312414 tempest-VolumeTypesExtraSpecsTest-2125312414-project-admin] POST http://10.222.0.89/volume/v3/58cc4542a94b47249c1f2865bda5b23a/types/928dde90-6a82-4030-8676-58048df56407/extra_specs
Jun 21 15:58:01.758103 dv-cinder-792462-13-smb devstack@c-api.service[99438]: DEBUG cinder.api.openstack.wsgi [None req-b1e52075-2c77-434e-b690-81a094038d8c tempest-VolumeTypesExtraSpecsTest-2125312414 tempest-VolumeTypesExtraSpecsTest-2125312414-project-admin] Action: 'create', calling method: create, body: {"extra_specs": {"spec1": "val1"}} {{(pid=99438) _process_stack /opt/stack/cinder/cinder/api/openstack/wsgi.py:864}}
Jun 21 15:58:01.766458 dv-cinder-792462-13-smb devstack@c-api.service[99439]: DEBUG cinder.volume.flows.api.create_volume [None req-d673bd85-f3e3-4363-953f-38a25efcddee tempest-VolumesListAdminTestJSON-1388999793 tempest-VolumesListAdminTestJSON-1388999793-project-admin] Validating volume size '1' using validate_int {{(pid=99439) _extract_size /opt/stack/cinder/cinder/volume/flows/api/create_volume.py:201}}
Jun 21 15:58:01.815042 dv-cinder-792462-13-smb devstack@c-api.service[99438]: INFO cinder.api.openstack.wsgi [None req-b1e52075-2c77-434e-b690-81a094038d8c tempest-VolumeTypesExtraSpecsTest-2125312414 tempest-VolumeTypesExtraSpecsTest-2125312414-project-admin] http://10.222.0.89/volume/v3/58cc4542a94b47249c1f2865bda5b23a/types/928dde90-6a82-4030-8676-58048df56407/extra_specs returned with HTTP 200
Jun 21 15:58:01.820833 dv-cinder-792462-13-smb devstack@c-api.service[99438]: [pid: 99438|app: 0|req: 205/424] 10.222.0.89 () {60 vars in 1376 bytes} [Mon Jun 21 15:58:01 2021] POST /volume/v3/58cc4542a94b47249c1f2865bda5b23a/types/928dde90-6a82-4030-8676-58048df56407/extra_specs => generated 34 bytes in 71 msecs (HTTP/1.1 200) 7 headers in 284 bytes (1 switches on core 0)
Jun 21 15:58:01.826130 dv-cinder-792462-13-smb devstack@c-api.service[99438]: INFO cinder.api.openstack.wsgi [None req-98dcd615-95e9-4d68-9ae1-9aac9a8edcbf tempest-VolumesCloneTest-1880724378 tempest-VolumesCloneTest-1880724378-project] POST http://10.222.0.89/volume/v3/c50054834dc74422ab4821c6e4c43054/volumes
Jun 21 15:58:01.828399 dv-cinder-792462-13-smb devstack@c-api.service[99438]: DEBUG cinder.api.openstack.wsgi [None req-98dcd615-95e9-4d68-9ae1-9aac9a8edcbf tempest-VolumesCloneTest-1880724378 tempest-VolumesCloneTest-1880724378-project] Action: 'create', calling method: create, body: {"volume": {"imageRef": "b6b484eb-647e-4337-9605-1fea4387ecf7", "size": 1, "name": "tempest-VolumesCloneTest-Volume-1223987154"}} {{(pid=99438) _process_stack /opt/stack/cinder/cinder/api/openstack/wsgi.py:864}}
Jun 21 15:58:01.830930 dv-cinder-792462-13-smb devstack@c-api.service[99438]: DEBUG cinder.api.v3.volumes [None req-98dcd615-95e9-4d68-9ae1-9aac9a8edcbf tempest-VolumesCloneTest-1880724378 tempest-VolumesCloneTest-1880724378-project] Create volume request body: {'volume': {'imageRef': 'b6b484eb-647e-4337-9605-1fea4387ecf7', 'size': 1, 'name': 'tempest-VolumesCloneTest-Volume-1223987154'}} {{(pid=99438) create /opt/stack/cinder/cinder/api/v3/volumes.py:289}}
Jun 21 15:58:01.838160 dv-cinder-792462-13-smb devstack@c-api.service[99439]: DEBUG cinder.volume.api [None req-d673bd85-f3e3-4363-953f-38a25efcddee tempest-VolumesListAdminTestJSON-1388999793 tempest-VolumesListAdminTestJSON-1388999793-project-admin] Task 'cinder.volume.flows.api.create_volume.ExtractVolumeRequestTask;volume:create' (36ba5643-042a-415d-b823-3173d7be67ba) transitioned into state 'SUCCESS' from state 'RUNNING' with result '{'size': 1, 'snapshot_id': None, 'source_volid': None, 'volume_type': VolumeType(created_at=2021-06-21T15:47:42Z,deleted=False,deleted_at=None,description='Default Volume Type',extra_specs={},id=cbd0ebe7-b355-477f-b433-5efa48978a9b,is_public=True,name='__DEFAULT__',projects=[],qos_specs=,qos_specs_id=None,updated_at=2021-06-21T15:47:42Z), 'volume_type_id': 'cbd0ebe7-b355-477f-b433-5efa48978a9b', 'encryption_key_id': None, 'qos_specs': None, 'consistencygroup_id': None, 'cgsnapshot_id': None, 'group_id': None, 'replication_status': 'disabled', 'refresh_az': False, 'backup_id': None, 'multiattach': False, 'availability_zones': ['nova']}' {{(pid=99439) _task_receiver /usr/local/lib/python3.8/dist-packages/taskflow/listeners/logging.py:178}}
Jun 21 15:58:01.844703 dv-cinder-792462-13-smb devstack@c-api.service[99439]: DEBUG cinder.volume.api [None req-d673bd85-f3e3-4363-953f-38a25efcddee tempest-VolumesListAdminTestJSON-1388999793 tempest-VolumesListAdminTestJSON-1388999793-project-admin] Task 'cinder.volume.flows.api.create_volume.QuotaReserveTask;volume:create' (d26b29bc-c6cb-4c11-a85c-969720f48e0e) transitioned into state 'RUNNING' from state 'PENDING' {{(pid=99439) _task_receiver /usr/local/lib/python3.8/dist-packages/taskflow/listeners/logging.py:190}}
Jun 21 15:58:01.973744 dv-cinder-792462-13-smb devstack@c-api.service[99439]: DEBUG cinder.quota [None req-d673bd85-f3e3-4363-953f-38a25efcddee tempest-VolumesListAdminTestJSON-1388999793 tempest-VolumesListAdminTestJSON-1388999793-project-admin] Created reservations ['6ec97157-0799-4705-8391-b170b332410a', 'c76564e1-a102-4036-98c9-1094dabdedd3', '7266e972-42e1-497f-ac59-652ba84fb1c6', '1f274c27-6a30-461c-a375-0fc580392b5e'] {{(pid=99439) reserve /opt/stack/cinder/cinder/quota.py:755}}
Jun 21 15:58:01.980539 dv-cinder-792462-13-smb devstack@c-api.service[99439]: DEBUG cinder.volume.api [None req-d673bd85-f3e3-4363-953f-38a25efcddee tempest-VolumesListAdminTestJSON-1388999793 tempest-VolumesListAdminTestJSON-1388999793-project-admin] Task 'cinder.volume.flows.api.create_volume.QuotaReserveTask;volume:create' (d26b29bc-c6cb-4c11-a85c-969720f48e0e) transitioned into state 'SUCCESS' from state 'RUNNING' with result '{'reservations': ['6ec97157-0799-4705-8391-b170b332410a', 'c76564e1-a102-4036-98c9-1094dabdedd3', '7266e972-42e1-497f-ac59-652ba84fb1c6', '1f274c27-6a30-461c-a375-0fc580392b5e']}' {{(pid=99439) _task_receiver /usr/local/lib/python3.8/dist-packages/taskflow/listeners/logging.py:178}}
Jun 21 15:58:01.982602 dv-cinder-792462-13-smb devstack@c-api.service[99439]: DEBUG cinder.volume.api [None req-d673bd85-f3e3-4363-953f-38a25efcddee tempest-VolumesListAdminTestJSON-1388999793 tempest-VolumesListAdminTestJSON-1388999793-project-admin] Task 'cinder.volume.flows.api.create_volume.EntryCreateTask;volume:create' (e9507488-c049-4b4e-bbda-a97a57cbf212) transitioned into state 'RUNNING' from state 'PENDING' {{(pid=99439) _task_receiver /usr/local/lib/python3.8/dist-packages/taskflow/listeners/logging.py:190}}
Jun 21 15:58:01.989216 dv-cinder-792462-13-smb devstack@c-api.service[99438]: INFO cinder.api.v3.volumes [None req-98dcd615-95e9-4d68-9ae1-9aac9a8edcbf tempest-VolumesCloneTest-1880724378 tempest-VolumesCloneTest-1880724378-project] Create volume of 1 GB
Jun 21 15:58:01.996803 dv-cinder-792462-13-smb devstack@c-api.service[99438]: INFO cinder.volume.api [None req-98dcd615-95e9-4d68-9ae1-9aac9a8edcbf tempest-VolumesCloneTest-1880724378 tempest-VolumesCloneTest-1880724378-project] Availability Zones retrieved successfully.
Jun 21 15:58:02.012883 dv-cinder-792462-13-smb devstack@c-api.service[99438]: DEBUG cinder.volume.api [None req-98dcd615-95e9-4d68-9ae1-9aac9a8edcbf tempest-VolumesCloneTest-1880724378 tempest-VolumesCloneTest-1880724378-project] Flow 'volume_create_api' (78013d7a-3db3-4cca-bfdb-cf620c5cd242) transitioned into state 'RUNNING' from state 'PENDING' {{(pid=99438) _flow_receiver /usr/local/lib/python3.8/dist-packages/taskflow/listeners/logging.py:141}}
Jun 21 15:58:02.017239 dv-cinder-792462-13-smb devstack@c-api.service[99438]: DEBUG cinder.volume.api [None req-98dcd615-95e9-4d68-9ae1-9aac9a8edcbf tempest-VolumesCloneTest-1880724378 tempest-VolumesCloneTest-1880724378-project] Task 'cinder.volume.flows.api.create_volume.ExtractVolumeRequestTask;volume:create' (30c49f13-a689-4a8c-bc5c-8e0c5fc0be09) transitioned into state 'RUNNING' from state 'PENDING' {{(pid=99438) _task_receiver /usr/local/lib/python3.8/dist-packages/taskflow/listeners/logging.py:190}}
Jun 21 15:58:02.022515 dv-cinder-792462-13-smb devstack@c-api.service[99438]: DEBUG cinder.volume.flows.api.create_volume [None req-98dcd615-95e9-4d68-9ae1-9aac9a8edcbf tempest-VolumesCloneTest-1880724378 tempest-VolumesCloneTest-1880724378-project] Validating volume size '1' using validate_int {{(pid=99438) _extract_size /opt/stack/cinder/cinder/volume/flows/api/create_volume.py:201}}
Jun 21 15:58:02.034883 dv-cinder-792462-13-smb devstack@c-api.service[99439]: DEBUG cinder.volume.api [None req-d673bd85-f3e3-4363-953f-38a25efcddee tempest-VolumesListAdminTestJSON-1388999793 tempest-VolumesListAdminTestJSON-1388999793-project-admin] Task 'cinder.volume.flows.api.create_volume.EntryCreateTask;volume:create' (e9507488-c049-4b4e-bbda-a97a57cbf212) transitioned into state 'SUCCESS' from state 'RUNNING' with result '{'volume_id': '9060eb9c-abfb-4584-afd3-a65a1bfb1cc0', 'volume_properties': VolumeProperties(attach_status='detached',availability_zone='nova',cgsnapshot_id=None,consistencygroup_id=None,display_description=None,display_name=None,encryption_key_id=None,group_id=None,group_type_id=,metadata={},multiattach=False,project_id='c126e188279c4f6eb935e56fb1472367',qos_specs=None,replication_status=,reservations=['6ec97157-0799-4705-8391-b170b332410a','c76564e1-a102-4036-98c9-1094dabdedd3','7266e972-42e1-497f-ac59-652ba84fb1c6','1f274c27-6a30-461c-a375-0fc580392b5e'],size=1,snapshot_id=None,source_replicaid=,source_volid=None,status='creating',user_id='95db3ba7a683493b9136b5c41decfbe3',volume_type_id=cbd0ebe7-b355-477f-b433-5efa48978a9b), 'volume': Volume(_name_id=None,admin_metadata={},attach_status='detached',availability_zone='nova',bootable=False,cluster=,cluster_name=None,consistencygroup=,consistencygroup_id=None,created_at=2021-06-21T15:58:01Z,deleted=False,deleted_at=None,display_description=None,display_name=None,ec2_id=None,encryption_key_id=None,glance_metadata=,group=,group_id=None,host=None,id=9060eb9c-abfb-4584-afd3-a65a1bfb1cc0,launched_at=None,metadata={},migration_status=None,multiattach=False,previous_status=None,project_id='c126e188279c4f6eb935e56fb1472367',provider_auth=None,provider_geometry=None,provider_id=None,provider_location=None,replication_driver_data=None,replication_extended_status=None,replication_status=None,scheduled_at=None,service_uuid=None,shared_targets=True,size=1,snapshot_id=None,snapshots=,source_volid=None,status='creating',terminated_at=None,updated_at=None,user_id='95db3ba7a683493b9136b5c41decfbe3',volume_attachment=,volume_type=VolumeType(cbd0ebe7-b355-477f-b433-5efa48978a9b),volume_type_id=cbd0ebe7-b355-477f-b433-5efa48978a9b)}' {{(pid=99439) _task_receiver /usr/local/lib/python3.8/dist-packages/taskflow/listeners/logging.py:178}}
Jun 21 15:58:02.037173 dv-cinder-792462-13-smb devstack@c-api.service[99439]: DEBUG cinder.volume.api [None req-d673bd85-f3e3-4363-953f-38a25efcddee tempest-VolumesListAdminTestJSON-1388999793 tempest-VolumesListAdminTestJSON-1388999793-project-admin] Task 'cinder.volume.flows.api.create_volume.QuotaCommitTask;volume:create' (7ad54799-7f63-4bc1-8102-f8ae538a8ab9) transitioned into state 'RUNNING' from state 'PENDING' {{(pid=99439) _task_receiver /usr/local/lib/python3.8/dist-packages/taskflow/listeners/logging.py:190}}
Jun 21 15:58:02.077986 dv-cinder-792462-13-smb devstack@c-api.service[99439]: DEBUG cinder.volume.api [None req-d673bd85-f3e3-4363-953f-38a25efcddee tempest-VolumesListAdminTestJSON-1388999793 tempest-VolumesListAdminTestJSON-1388999793-project-admin] Task 'cinder.volume.flows.api.create_volume.QuotaCommitTask;volume:create' (7ad54799-7f63-4bc1-8102-f8ae538a8ab9) transitioned into state 'SUCCESS' from state 'RUNNING' with result '{'volume_properties': VolumeProperties(attach_status='detached',availability_zone='nova',cgsnapshot_id=None,consistencygroup_id=None,display_description=None,display_name=None,encryption_key_id=None,group_id=None,group_type_id=,metadata={},multiattach=False,project_id='c126e188279c4f6eb935e56fb1472367',qos_specs=None,replication_status=,reservations=['6ec97157-0799-4705-8391-b170b332410a','c76564e1-a102-4036-98c9-1094dabdedd3','7266e972-42e1-497f-ac59-652ba84fb1c6','1f274c27-6a30-461c-a375-0fc580392b5e'],size=1,snapshot_id=None,source_replicaid=,source_volid=None,status='creating',user_id='95db3ba7a683493b9136b5c41decfbe3',volume_type_id=cbd0ebe7-b355-477f-b433-5efa48978a9b)}' {{(pid=99439) _task_receiver /usr/local/lib/python3.8/dist-packages/taskflow/listeners/logging.py:178}}
Jun 21 15:58:02.080054 dv-cinder-792462-13-smb devstack@c-api.service[99439]: DEBUG cinder.volume.api [None req-d673bd85-f3e3-4363-953f-38a25efcddee tempest-VolumesListAdminTestJSON-1388999793 tempest-VolumesListAdminTestJSON-1388999793-project-admin] Task 'cinder.volume.flows.api.create_volume.VolumeCastTask;volume:create' (1357e335-e676-41ce-8df9-010ea48d9558) transitioned into state 'RUNNING' from state 'PENDING' {{(pid=99439) _task_receiver /usr/local/lib/python3.8/dist-packages/taskflow/listeners/logging.py:190}}
Jun 21 15:58:02.108455 dv-cinder-792462-13-smb devstack@c-api.service[99439]: DEBUG cinder.volume.api [None req-d673bd85-f3e3-4363-953f-38a25efcddee tempest-VolumesListAdminTestJSON-1388999793 tempest-VolumesListAdminTestJSON-1388999793-project-admin] Task 'cinder.volume.flows.api.create_volume.VolumeCastTask;volume:create' (1357e335-e676-41ce-8df9-010ea48d9558) transitioned into state 'SUCCESS' from state 'RUNNING' with result 'None' {{(pid=99439) _task_receiver /usr/local/lib/python3.8/dist-packages/taskflow/listeners/logging.py:178}}
Jun 21 15:58:02.113782 dv-cinder-792462-13-smb devstack@c-api.service[99439]: DEBUG cinder.volume.api [None req-d673bd85-f3e3-4363-953f-38a25efcddee tempest-VolumesListAdminTestJSON-1388999793 tempest-VolumesListAdminTestJSON-1388999793-project-admin] Flow 'volume_create_api' (4a7fbc14-3242-4d03-b3fa-543d99d164ad) transitioned into state 'SUCCESS' from state 'RUNNING' {{(pid=99439) _flow_receiver /usr/local/lib/python3.8/dist-packages/taskflow/listeners/logging.py:141}}
Jun 21 15:58:02.114606 dv-cinder-792462-13-smb devstack@c-api.service[99439]: INFO cinder.volume.api [None req-d673bd85-f3e3-4363-953f-38a25efcddee tempest-VolumesListAdminTestJSON-1388999793 tempest-VolumesListAdminTestJSON-1388999793-project-admin] Create volume request issued successfully.
Jun 21 15:58:02.130209 dv-cinder-792462-13-smb devstack@c-api.service[99439]: INFO cinder.api.openstack.wsgi [None req-d673bd85-f3e3-4363-953f-38a25efcddee tempest-VolumesListAdminTestJSON-1388999793 tempest-VolumesListAdminTestJSON-1388999793-project-admin] http://10.222.0.89/volume/v3/c126e188279c4f6eb935e56fb1472367/volumes returned with HTTP 202
Jun 21 15:58:02.131312 dv-cinder-792462-13-smb devstack@c-api.service[99439]: [pid: 99439|app: 0|req: 220/425] 10.222.0.89 () {60 vars in 1235 bytes} [Mon Jun 21 15:58:01 2021] POST /volume/v3/c126e188279c4f6eb935e56fb1472367/volumes => generated 802 bytes in 658 msecs (HTTP/1.1 202) 7 headers in 291 bytes (2 switches on core 0)
Jun 21 15:58:02.137924 dv-cinder-792462-13-smb devstack@c-api.service[99439]: INFO cinder.api.openstack.wsgi [None req-ff868063-3265-4849-8311-d1c1cb8207f4 tempest-VolumeTypesExtraSpecsTest-2125312414 tempest-VolumeTypesExtraSpecsTest-2125312414-project-admin] GET http://10.222.0.89/volume/v3/58cc4542a94b47249c1f2865bda5b23a/types/928dde90-6a82-4030-8676-58048df56407/extra_specs
Jun 21 15:58:02.138589 dv-cinder-792462-13-smb devstack@c-api.service[99439]: DEBUG cinder.api.openstack.wsgi [None req-ff868063-3265-4849-8311-d1c1cb8207f4 tempest-VolumeTypesExtraSpecsTest-2125312414 tempest-VolumeTypesExtraSpecsTest-2125312414-project-admin] Empty body provided in request {{(pid=99439) get_body /opt/stack/cinder/cinder/api/openstack/wsgi.py:713}}
Jun 21 15:58:02.139366 dv-cinder-792462-13-smb devstack@c-api.service[99439]: /usr/local/lib/python3.8/dist-packages/webob/acceptparse.py:1047: DeprecationWarning: The behavior of AcceptValidHeader.best_match is currently being maintained for backward compatibility, but it will be deprecated in the future, as it does not conform to the RFC.
Jun 21 15:58:02.139366 dv-cinder-792462-13-smb devstack@c-api.service[99439]: warnings.warn(
Jun 21 15:58:02.139827 dv-cinder-792462-13-smb devstack@c-api.service[99439]: DEBUG cinder.api.openstack.wsgi [None req-ff868063-3265-4849-8311-d1c1cb8207f4 tempest-VolumeTypesExtraSpecsTest-2125312414 tempest-VolumeTypesExtraSpecsTest-2125312414-project-admin] Calling method 'index' {{(pid=99439) _process_stack /opt/stack/cinder/cinder/api/openstack/wsgi.py:866}}
Jun 21 15:58:02.140807 dv-cinder-792462-13-smb devstack@c-api.service[99439]: /usr/local/lib/python3.8/dist-packages/oslo_context/context.py:105: DeprecationWarning: Policy enforcement is depending on the value of is_admin. This key is deprecated. Please update your policy file to use the standard policy values.
Jun 21 15:58:02.140807 dv-cinder-792462-13-smb devstack@c-api.service[99439]: warnings.warn('Policy enforcement is depending on the value of '
Jun 21 15:58:02.151832 dv-cinder-792462-13-smb devstack@c-api.service[99439]: INFO cinder.api.openstack.wsgi [None req-ff868063-3265-4849-8311-d1c1cb8207f4 tempest-VolumeTypesExtraSpecsTest-2125312414 tempest-VolumeTypesExtraSpecsTest-2125312414-project-admin] http://10.222.0.89/volume/v3/58cc4542a94b47249c1f2865bda5b23a/types/928dde90-6a82-4030-8676-58048df56407/extra_specs returned with HTTP 200
Jun 21 15:58:02.152905 dv-cinder-792462-13-smb devstack@c-api.service[99439]: [pid: 99439|app: 0|req: 221/426] 10.222.0.89 () {58 vars in 1355 bytes} [Mon Jun 21 15:58:02 2021] GET /volume/v3/58cc4542a94b47249c1f2865bda5b23a/types/928dde90-6a82-4030-8676-58048df56407/extra_specs => generated 34 bytes in 21 msecs (HTTP/1.1 200) 7 headers in 284 bytes (1 switches on core 0)
Jun 21 15:58:02.162080 dv-cinder-792462-13-smb devstack@c-api.service[99439]: INFO cinder.api.openstack.wsgi [None req-1ee13bca-164a-401e-b8e7-744c921f3dcf tempest-VolumesListAdminTestJSON-1388999793 tempest-VolumesListAdminTestJSON-1388999793-project-admin] GET http://10.222.0.89/volume/v3/c126e188279c4f6eb935e56fb1472367/volumes/9060eb9c-abfb-4584-afd3-a65a1bfb1cc0
Jun 21 15:58:02.166020 dv-cinder-792462-13-smb devstack@c-api.service[99439]: DEBUG cinder.api.openstack.wsgi [None req-1ee13bca-164a-401e-b8e7-744c921f3dcf tempest-VolumesListAdminTestJSON-1388999793 tempest-VolumesListAdminTestJSON-1388999793-project-admin] Empty body provided in request {{(pid=99439) get_body /opt/stack/cinder/cinder/api/openstack/wsgi.py:713}}
Jun 21 15:58:02.166527 dv-cinder-792462-13-smb devstack@c-api.service[99439]: DEBUG cinder.api.openstack.wsgi [None req-1ee13bca-164a-401e-b8e7-744c921f3dcf tempest-VolumesListAdminTestJSON-1388999793 tempest-VolumesListAdminTestJSON-1388999793-project-admin] Calling method 'show' {{(pid=99439) _process_stack /opt/stack/cinder/cinder/api/openstack/wsgi.py:866}}
Jun 21 15:58:02.167646 dv-cinder-792462-13-smb devstack@c-api.service[99438]: DEBUG cinder.volume.api [None req-98dcd615-95e9-4d68-9ae1-9aac9a8edcbf tempest-VolumesCloneTest-1880724378 tempest-VolumesCloneTest-1880724378-project] Task 'cinder.volume.flows.api.create_volume.ExtractVolumeRequestTask;volume:create' (30c49f13-a689-4a8c-bc5c-8e0c5fc0be09) transitioned into state 'SUCCESS' from state 'RUNNING' with result '{'size': 1, 'snapshot_id': None, 'source_volid': None, 'volume_type': VolumeType(created_at=2021-06-21T15:47:42Z,deleted=False,deleted_at=None,description='Default Volume Type',extra_specs={},id=cbd0ebe7-b355-477f-b433-5efa48978a9b,is_public=True,name='__DEFAULT__',projects=[],qos_specs=,qos_specs_id=None,updated_at=2021-06-21T15:47:42Z), 'volume_type_id': 'cbd0ebe7-b355-477f-b433-5efa48978a9b', 'encryption_key_id': None, 'qos_specs': None, 'consistencygroup_id': None, 'cgsnapshot_id': None, 'group_id': None, 'replication_status': 'disabled', 'refresh_az': False, 'backup_id': None, 'multiattach': False, 'availability_zones': ['nova']}' {{(pid=99438) _task_receiver /usr/local/lib/python3.8/dist-packages/taskflow/listeners/logging.py:178}}
Jun 21 15:58:02.169741 dv-cinder-792462-13-smb devstack@c-api.service[99438]: DEBUG cinder.volume.api [None req-98dcd615-95e9-4d68-9ae1-9aac9a8edcbf tempest-VolumesCloneTest-1880724378 tempest-VolumesCloneTest-1880724378-project] Task 'cinder.volume.flows.api.create_volume.QuotaReserveTask;volume:create' (e65e2446-1f92-4aad-af2c-7b5cdd7c7f53) transitioned into state 'RUNNING' from state 'PENDING' {{(pid=99438) _task_receiver /usr/local/lib/python3.8/dist-packages/taskflow/listeners/logging.py:190}}
Jun 21 15:58:02.187167 dv-cinder-792462-13-smb devstack@c-api.service[99439]: /usr/local/lib/python3.8/dist-packages/oslo_context/context.py:105: DeprecationWarning: Policy enforcement is depending on the value of is_admin. This key is deprecated. Please update your policy file to use the standard policy values.
Jun 21 15:58:02.187167 dv-cinder-792462-13-smb devstack@c-api.service[99439]: warnings.warn('Policy enforcement is depending on the value of '
Jun 21 15:58:02.197183 dv-cinder-792462-13-smb devstack@c-api.service[99439]: INFO cinder.volume.api [None req-1ee13bca-164a-401e-b8e7-744c921f3dcf tempest-VolumesListAdminTestJSON-1388999793 tempest-VolumesListAdminTestJSON-1388999793-project-admin] Volume info retrieved successfully.
Jun 21 15:58:02.221565 dv-cinder-792462-13-smb devstack@c-api.service[99439]: INFO cinder.api.openstack.wsgi [None req-1ee13bca-164a-401e-b8e7-744c921f3dcf tempest-VolumesListAdminTestJSON-1388999793 tempest-VolumesListAdminTestJSON-1388999793-project-admin] http://10.222.0.89/volume/v3/c126e188279c4f6eb935e56fb1472367/volumes/9060eb9c-abfb-4584-afd3-a65a1bfb1cc0 returned with HTTP 200
Jun 21 15:58:02.222576 dv-cinder-792462-13-smb devstack@c-api.service[99439]: [pid: 99439|app: 0|req: 222/427] 10.222.0.89 () {58 vars in 1325 bytes} [Mon Jun 21 15:58:02 2021] GET /volume/v3/c126e188279c4f6eb935e56fb1472367/volumes/9060eb9c-abfb-4584-afd3-a65a1bfb1cc0 => generated 981 bytes in 69 msecs (HTTP/1.1 200) 7 headers in 285 bytes (1 switches on core 0)
Jun 21 15:58:02.228662 dv-cinder-792462-13-smb devstack@c-api.service[99439]: INFO cinder.api.openstack.wsgi [None req-46cebb1f-246f-4bde-a219-fe88d194d2b7 tempest-VolumeTypesExtraSpecsTest-2125312414 tempest-VolumeTypesExtraSpecsTest-2125312414-project-admin] POST http://10.222.0.89/volume/v3/58cc4542a94b47249c1f2865bda5b23a/types/928dde90-6a82-4030-8676-58048df56407/extra_specs
Jun 21 15:58:02.229326 dv-cinder-792462-13-smb devstack@c-api.service[99439]: /usr/local/lib/python3.8/dist-packages/webob/acceptparse.py:1047: DeprecationWarning: The behavior of AcceptValidHeader.best_match is currently being maintained for backward compatibility, but it will be deprecated in the future, as it does not conform to the RFC.
Jun 21 15:58:02.229326 dv-cinder-792462-13-smb devstack@c-api.service[99439]: warnings.warn(
Jun 21 15:58:02.229530 dv-cinder-792462-13-smb devstack@c-api.service[99439]: DEBUG cinder.api.openstack.wsgi [None req-46cebb1f-246f-4bde-a219-fe88d194d2b7 tempest-VolumeTypesExtraSpecsTest-2125312414 tempest-VolumeTypesExtraSpecsTest-2125312414-project-admin] Action: 'create', calling method: create, body: {"extra_specs": {"spec2": "val1"}} {{(pid=99439) _process_stack /opt/stack/cinder/cinder/api/openstack/wsgi.py:864}}
Jun 21 15:58:02.283884 dv-cinder-792462-13-smb devstack@c-api.service[99439]: INFO cinder.api.openstack.wsgi [None req-46cebb1f-246f-4bde-a219-fe88d194d2b7 tempest-VolumeTypesExtraSpecsTest-2125312414 tempest-VolumeTypesExtraSpecsTest-2125312414-project-admin] http://10.222.0.89/volume/v3/58cc4542a94b47249c1f2865bda5b23a/types/928dde90-6a82-4030-8676-58048df56407/extra_specs returned with HTTP 200
Jun 21 15:58:02.285526 dv-cinder-792462-13-smb devstack@c-api.service[99439]: [pid: 99439|app: 0|req: 223/428] 10.222.0.89 () {60 vars in 1376 bytes} [Mon Jun 21 15:58:02 2021] POST /volume/v3/58cc4542a94b47249c1f2865bda5b23a/types/928dde90-6a82-4030-8676-58048df56407/extra_specs => generated 34 bytes in 62 msecs (HTTP/1.1 200) 7 headers in 284 bytes (1 switches on core 0)
Jun 21 15:58:02.295340 dv-cinder-792462-13-smb devstack@c-api.service[99439]: INFO cinder.api.openstack.wsgi [None req-17783495-326c-4878-b375-23f511eda126 tempest-VolumeTypesExtraSpecsTest-2125312414 tempest-VolumeTypesExtraSpecsTest-2125312414-project-admin] PUT http://10.222.0.89/volume/v3/58cc4542a94b47249c1f2865bda5b23a/types/928dde90-6a82-4030-8676-58048df56407/extra_specs/spec2
Jun 21 15:58:02.296414 dv-cinder-792462-13-smb devstack@c-api.service[99439]: DEBUG cinder.api.openstack.wsgi [None req-17783495-326c-4878-b375-23f511eda126 tempest-VolumeTypesExtraSpecsTest-2125312414 tempest-VolumeTypesExtraSpecsTest-2125312414-project-admin] Action: 'update', calling method: update, body: {"spec2": "val2"} {{(pid=99439) _process_stack /opt/stack/cinder/cinder/api/openstack/wsgi.py:864}}
Jun 21 15:58:02.305941 dv-cinder-792462-13-smb devstack@c-api.service[99438]: DEBUG cinder.quota [None req-98dcd615-95e9-4d68-9ae1-9aac9a8edcbf tempest-VolumesCloneTest-1880724378 tempest-VolumesCloneTest-1880724378-project] Created reservations ['18b6f52b-a920-435f-84b3-e0ffc4fb2e6d', '9791292c-b0a1-4db0-a555-3fa6132c6523', '6c4ea529-87e5-4e35-b80a-f312e111b6ed', '65b37452-bfa6-46d5-b0d1-fe7687bec8fe'] {{(pid=99438) reserve /opt/stack/cinder/cinder/quota.py:755}}
Jun 21 15:58:02.307874 dv-cinder-792462-13-smb devstack@c-api.service[99438]: DEBUG cinder.volume.api [None req-98dcd615-95e9-4d68-9ae1-9aac9a8edcbf tempest-VolumesCloneTest-1880724378 tempest-VolumesCloneTest-1880724378-project] Task 'cinder.volume.flows.api.create_volume.QuotaReserveTask;volume:create' (e65e2446-1f92-4aad-af2c-7b5cdd7c7f53) transitioned into state 'SUCCESS' from state 'RUNNING' with result '{'reservations': ['18b6f52b-a920-435f-84b3-e0ffc4fb2e6d', '9791292c-b0a1-4db0-a555-3fa6132c6523', '6c4ea529-87e5-4e35-b80a-f312e111b6ed', '65b37452-bfa6-46d5-b0d1-fe7687bec8fe']}' {{(pid=99438) _task_receiver /usr/local/lib/python3.8/dist-packages/taskflow/listeners/logging.py:178}}
Jun 21 15:58:02.314233 dv-cinder-792462-13-smb devstack@c-api.service[99438]: DEBUG cinder.volume.api [None req-98dcd615-95e9-4d68-9ae1-9aac9a8edcbf tempest-VolumesCloneTest-1880724378 tempest-VolumesCloneTest-1880724378-project] Task 'cinder.volume.flows.api.create_volume.EntryCreateTask;volume:create' (66e97770-501e-4b1c-96a4-d57527cbb656) transitioned into state 'RUNNING' from state 'PENDING' {{(pid=99438) _task_receiver /usr/local/lib/python3.8/dist-packages/taskflow/listeners/logging.py:190}}
Jun 21 15:58:02.352702 dv-cinder-792462-13-smb devstack@c-api.service[99439]: INFO cinder.api.openstack.wsgi [None req-17783495-326c-4878-b375-23f511eda126 tempest-VolumeTypesExtraSpecsTest-2125312414 tempest-VolumeTypesExtraSpecsTest-2125312414-project-admin] http://10.222.0.89/volume/v3/58cc4542a94b47249c1f2865bda5b23a/types/928dde90-6a82-4030-8676-58048df56407/extra_specs/spec2 returned with HTTP 200
Jun 21 15:58:02.353772 dv-cinder-792462-13-smb devstack@c-api.service[99439]: [pid: 99439|app: 0|req: 224/429] 10.222.0.89 () {60 vars in 1393 bytes} [Mon Jun 21 15:58:02 2021] PUT /volume/v3/58cc4542a94b47249c1f2865bda5b23a/types/928dde90-6a82-4030-8676-58048df56407/extra_specs/spec2 => generated 17 bytes in 64 msecs (HTTP/1.1 200) 7 headers in 284 bytes (2 switches on core 0)
Jun 21 15:58:02.368968 dv-cinder-792462-13-smb devstack@c-api.service[99438]: DEBUG cinder.volume.api [None req-98dcd615-95e9-4d68-9ae1-9aac9a8edcbf tempest-VolumesCloneTest-1880724378 tempest-VolumesCloneTest-1880724378-project] Task 'cinder.volume.flows.api.create_volume.EntryCreateTask;volume:create' (66e97770-501e-4b1c-96a4-d57527cbb656) transitioned into state 'SUCCESS' from state 'RUNNING' with result '{'volume_id': 'c7609984-0980-478d-8113-f688108bb8d3', 'volume_properties': VolumeProperties(attach_status='detached',availability_zone='nova',cgsnapshot_id=None,consistencygroup_id=None,display_description=None,display_name='tempest-VolumesCloneTest-Volume-1223987154',encryption_key_id=None,group_id=None,group_type_id=,metadata={},multiattach=False,project_id='c50054834dc74422ab4821c6e4c43054',qos_specs=None,replication_status=,reservations=['18b6f52b-a920-435f-84b3-e0ffc4fb2e6d','9791292c-b0a1-4db0-a555-3fa6132c6523','6c4ea529-87e5-4e35-b80a-f312e111b6ed','65b37452-bfa6-46d5-b0d1-fe7687bec8fe'],size=1,snapshot_id=None,source_replicaid=,source_volid=None,status='creating',user_id='2ac51ba334b54bd893a9716579479012',volume_type_id=cbd0ebe7-b355-477f-b433-5efa48978a9b), 'volume': Volume(_name_id=None,admin_metadata=,attach_status='detached',availability_zone='nova',bootable=False,cluster=,cluster_name=None,consistencygroup=,consistencygroup_id=None,created_at=2021-06-21T15:58:02Z,deleted=False,deleted_at=None,display_description=None,display_name='tempest-VolumesCloneTest-Volume-1223987154',ec2_id=None,encryption_key_id=None,glance_metadata=,group=,group_id=None,host=None,id=c7609984-0980-478d-8113-f688108bb8d3,launched_at=None,metadata={},migration_status=None,multiattach=False,previous_status=None,project_id='c50054834dc74422ab4821c6e4c43054',provider_auth=None,provider_geometry=None,provider_id=None,provider_location=None,replication_driver_data=None,replication_extended_status=None,replication_status=None,scheduled_at=None,service_uuid=None,shared_targets=True,size=1,snapshot_id=None,snapshots=,source_volid=None,status='creating',terminated_at=None,updated_at=None,user_id='2ac51ba334b54bd893a9716579479012',volume_attachment=,volume_type=VolumeType(cbd0ebe7-b355-477f-b433-5efa48978a9b),volume_type_id=cbd0ebe7-b355-477f-b433-5efa48978a9b)}' {{(pid=99438) _task_receiver /usr/local/lib/python3.8/dist-packages/taskflow/listeners/logging.py:178}}
Jun 21 15:58:02.371695 dv-cinder-792462-13-smb devstack@c-api.service[99439]: INFO cinder.api.openstack.wsgi [None req-11d0f58e-8969-4623-b4cf-dc125a2e3b1b tempest-VolumeTypesExtraSpecsTest-2125312414 tempest-VolumeTypesExtraSpecsTest-2125312414-project-admin] GET http://10.222.0.89/volume/v3/58cc4542a94b47249c1f2865bda5b23a/types/928dde90-6a82-4030-8676-58048df56407/extra_specs/spec2
Jun 21 15:58:02.372194 dv-cinder-792462-13-smb devstack@c-api.service[99439]: DEBUG cinder.api.openstack.wsgi [None req-11d0f58e-8969-4623-b4cf-dc125a2e3b1b tempest-VolumeTypesExtraSpecsTest-2125312414 tempest-VolumeTypesExtraSpecsTest-2125312414-project-admin] Empty body provided in request {{(pid=99439) get_body /opt/stack/cinder/cinder/api/openstack/wsgi.py:713}}
Jun 21 15:58:02.373620 dv-cinder-792462-13-smb devstack@c-api.service[99438]: DEBUG cinder.volume.api [None req-98dcd615-95e9-4d68-9ae1-9aac9a8edcbf tempest-VolumesCloneTest-1880724378 tempest-VolumesCloneTest-1880724378-project] Task 'cinder.volume.flows.api.create_volume.QuotaCommitTask;volume:create' (a03e4d01-855a-42c0-a2c7-b538750ed06e) transitioned into state 'RUNNING' from state 'PENDING' {{(pid=99438) _task_receiver /usr/local/lib/python3.8/dist-packages/taskflow/listeners/logging.py:190}}
Jun 21 15:58:02.374030 dv-cinder-792462-13-smb devstack@c-api.service[99439]: DEBUG cinder.api.openstack.wsgi [None req-11d0f58e-8969-4623-b4cf-dc125a2e3b1b tempest-VolumeTypesExtraSpecsTest-2125312414 tempest-VolumeTypesExtraSpecsTest-2125312414-project-admin] Calling method 'show' {{(pid=99439) _process_stack /opt/stack/cinder/cinder/api/openstack/wsgi.py:866}}
Jun 21 15:58:02.396189 dv-cinder-792462-13-smb devstack@c-api.service[99439]: INFO cinder.api.openstack.wsgi [None req-11d0f58e-8969-4623-b4cf-dc125a2e3b1b tempest-VolumeTypesExtraSpecsTest-2125312414 tempest-VolumeTypesExtraSpecsTest-2125312414-project-admin] http://10.222.0.89/volume/v3/58cc4542a94b47249c1f2865bda5b23a/types/928dde90-6a82-4030-8676-58048df56407/extra_specs/spec2 returned with HTTP 200
Jun 21 15:58:02.397284 dv-cinder-792462-13-smb devstack@c-api.service[99439]: [pid: 99439|app: 0|req: 225/430] 10.222.0.89 () {58 vars in 1373 bytes} [Mon Jun 21 15:58:02 2021] GET /volume/v3/58cc4542a94b47249c1f2865bda5b23a/types/928dde90-6a82-4030-8676-58048df56407/extra_specs/spec2 => generated 17 bytes in 39 msecs (HTTP/1.1 200) 7 headers in 284 bytes (1 switches on core 0)
Jun 21 15:58:02.409409 dv-cinder-792462-13-smb devstack@c-api.service[99439]: INFO cinder.api.openstack.wsgi [None req-98854b5f-7df2-4dd7-8cfa-89d713f03846 tempest-VolumeTypesExtraSpecsTest-2125312414 tempest-VolumeTypesExtraSpecsTest-2125312414-project-admin] POST http://10.222.0.89/volume/v3/58cc4542a94b47249c1f2865bda5b23a/types/928dde90-6a82-4030-8676-58048df56407/extra_specs
Jun 21 15:58:02.410091 dv-cinder-792462-13-smb devstack@c-api.service[99439]: DEBUG cinder.api.openstack.wsgi [None req-98854b5f-7df2-4dd7-8cfa-89d713f03846 tempest-VolumeTypesExtraSpecsTest-2125312414 tempest-VolumeTypesExtraSpecsTest-2125312414-project-admin] Action: 'create', calling method: create, body: {"extra_specs": {"spec2": "val3", "spec4": "val4"}} {{(pid=99439) _process_stack /opt/stack/cinder/cinder/api/openstack/wsgi.py:864}}
Jun 21 15:58:02.425246 dv-cinder-792462-13-smb devstack@c-api.service[99438]: DEBUG cinder.volume.api [None req-98dcd615-95e9-4d68-9ae1-9aac9a8edcbf tempest-VolumesCloneTest-1880724378 tempest-VolumesCloneTest-1880724378-project] Task 'cinder.volume.flows.api.create_volume.QuotaCommitTask;volume:create' (a03e4d01-855a-42c0-a2c7-b538750ed06e) transitioned into state 'SUCCESS' from state 'RUNNING' with result '{'volume_properties': VolumeProperties(attach_status='detached',availability_zone='nova',cgsnapshot_id=None,consistencygroup_id=None,display_description=None,display_name='tempest-VolumesCloneTest-Volume-1223987154',encryption_key_id=None,group_id=None,group_type_id=,metadata={},multiattach=False,project_id='c50054834dc74422ab4821c6e4c43054',qos_specs=None,replication_status=,reservations=['18b6f52b-a920-435f-84b3-e0ffc4fb2e6d','9791292c-b0a1-4db0-a555-3fa6132c6523','6c4ea529-87e5-4e35-b80a-f312e111b6ed','65b37452-bfa6-46d5-b0d1-fe7687bec8fe'],size=1,snapshot_id=None,source_replicaid=,source_volid=None,status='creating',user_id='2ac51ba334b54bd893a9716579479012',volume_type_id=cbd0ebe7-b355-477f-b433-5efa48978a9b)}' {{(pid=99438) _task_receiver /usr/local/lib/python3.8/dist-packages/taskflow/listeners/logging.py:178}}
Jun 21 15:58:02.427431 dv-cinder-792462-13-smb devstack@c-api.service[99438]: DEBUG cinder.volume.api [None req-98dcd615-95e9-4d68-9ae1-9aac9a8edcbf tempest-VolumesCloneTest-1880724378 tempest-VolumesCloneTest-1880724378-project] Task 'cinder.volume.flows.api.create_volume.VolumeCastTask;volume:create' (2d4a8bb2-3b28-408c-9e36-95a6e7715367) transitioned into state 'RUNNING' from state 'PENDING' {{(pid=99438) _task_receiver /usr/local/lib/python3.8/dist-packages/taskflow/listeners/logging.py:190}}
Jun 21 15:58:02.451114 dv-cinder-792462-13-smb devstack@c-api.service[99438]: DEBUG cinder.volume.api [None req-98dcd615-95e9-4d68-9ae1-9aac9a8edcbf tempest-VolumesCloneTest-1880724378 tempest-VolumesCloneTest-1880724378-project] Task 'cinder.volume.flows.api.create_volume.VolumeCastTask;volume:create' (2d4a8bb2-3b28-408c-9e36-95a6e7715367) transitioned into state 'SUCCESS' from state 'RUNNING' with result 'None' {{(pid=99438) _task_receiver /usr/local/lib/python3.8/dist-packages/taskflow/listeners/logging.py:178}}
Jun 21 15:58:02.454089 dv-cinder-792462-13-smb devstack@c-api.service[99438]: DEBUG cinder.volume.api [None req-98dcd615-95e9-4d68-9ae1-9aac9a8edcbf tempest-VolumesCloneTest-1880724378 tempest-VolumesCloneTest-1880724378-project] Flow 'volume_create_api' (78013d7a-3db3-4cca-bfdb-cf620c5cd242) transitioned into state 'SUCCESS' from state 'RUNNING' {{(pid=99438) _flow_receiver /usr/local/lib/python3.8/dist-packages/taskflow/listeners/logging.py:141}}
Jun 21 15:58:02.455007 dv-cinder-792462-13-smb devstack@c-api.service[99438]: INFO cinder.volume.api [None req-98dcd615-95e9-4d68-9ae1-9aac9a8edcbf tempest-VolumesCloneTest-1880724378 tempest-VolumesCloneTest-1880724378-project] Create volume request issued successfully.
Jun 21 15:58:02.460962 dv-cinder-792462-13-smb devstack@c-api.service[99439]: INFO cinder.api.openstack.wsgi [None req-98854b5f-7df2-4dd7-8cfa-89d713f03846 tempest-VolumeTypesExtraSpecsTest-2125312414 tempest-VolumeTypesExtraSpecsTest-2125312414-project-admin] http://10.222.0.89/volume/v3/58cc4542a94b47249c1f2865bda5b23a/types/928dde90-6a82-4030-8676-58048df56407/extra_specs returned with HTTP 200
Jun 21 15:58:02.462178 dv-cinder-792462-13-smb devstack@c-api.service[99439]: [pid: 99439|app: 0|req: 226/431] 10.222.0.89 () {60 vars in 1376 bytes} [Mon Jun 21 15:58:02 2021] POST /volume/v3/58cc4542a94b47249c1f2865bda5b23a/types/928dde90-6a82-4030-8676-58048df56407/extra_specs => generated 51 bytes in 59 msecs (HTTP/1.1 200) 7 headers in 284 bytes (2 switches on core 0)
Jun 21 15:58:02.464449 dv-cinder-792462-13-smb devstack@c-api.service[99438]: INFO cinder.api.openstack.wsgi [None req-98dcd615-95e9-4d68-9ae1-9aac9a8edcbf tempest-VolumesCloneTest-1880724378 tempest-VolumesCloneTest-1880724378-project] http://10.222.0.89/volume/v3/c50054834dc74422ab4821c6e4c43054/volumes returned with HTTP 202
Jun 21 15:58:02.465762 dv-cinder-792462-13-smb devstack@c-api.service[99438]: [pid: 99438|app: 0|req: 206/432] 10.222.0.89 () {60 vars in 1236 bytes} [Mon Jun 21 15:58:01 2021] POST /volume/v3/c50054834dc74422ab4821c6e4c43054/volumes => generated 816 bytes in 644 msecs (HTTP/1.1 202) 7 headers in 291 bytes (1 switches on core 0)
Jun 21 15:58:02.480679 dv-cinder-792462-13-smb devstack@c-api.service[99439]: INFO cinder.api.openstack.wsgi [None req-11c2b062-5390-4c5c-b3d8-67296a29b6cc tempest-VolumesCloneTest-1880724378 tempest-VolumesCloneTest-1880724378-project] GET http://10.222.0.89/volume/v3/c50054834dc74422ab4821c6e4c43054/volumes/c7609984-0980-478d-8113-f688108bb8d3
