May 21 15:21:41.694780 dv-cinder-792299-3-iscsi neutron-server[91548]: DEBUG neutron.quota.resource [req-659c1053-601d-4b77-92b2-13baaf592a4b req-555cabff-b2a5-41a2-8969-b8384de1cf0a tempest-ServerRescueNegativeTestJSON-1734040754 tempest-ServerRescueNegativeTestJSON-1734040754-project] Quota usage for port was recalculated. Used quota:2. {{(pid=91548) count_used /opt/stack/neutron/neutron/quota/resource.py:290}}
May 21 15:21:41.717177 dv-cinder-792299-3-iscsi neutron-server[91548]: DEBUG neutron_lib.callbacks.manager [None req-1529106e-42fa-4c8b-bb80-f559201333c8 admin admin] Notify callbacks [] for security_group, before_response {{(pid=91548) _notify_loop /usr/local/lib/python3.8/dist-packages/neutron_lib/callbacks/manager.py:192}}
May 21 15:21:41.721061 dv-cinder-792299-3-iscsi neutron-server[91548]: INFO neutron.wsgi [None req-1529106e-42fa-4c8b-bb80-f559201333c8 admin admin] 10.222.0.69 "DELETE /v2.0/security-groups/fd23503c-6752-4a3b-9c4a-24ec6fd2addf HTTP/1.1" status: 204 len: 168 time: 1.1786876
May 21 15:21:41.721061 dv-cinder-792299-3-iscsi neutron-server[91548]: DEBUG neutron_lib.callbacks.manager [req-3fc6b930-97f9-4cd4-a7c8-136095612a95 req-e5bb3f03-782a-4c9e-b775-d48046fa0acb service neutron] Notify callbacks ['neutron.plugins.ml2.plugin.SecurityGroupDbMixin._ensure_default_security_group_handler_port-578643'] for port, before_update {{(pid=91548) _notify_loop /usr/local/lib/python3.8/dist-packages/neutron_lib/callbacks/manager.py:192}}
May 21 15:21:41.760945 dv-cinder-792299-3-iscsi neutron-server[91548]: DEBUG neutron.api.rpc.handlers.resources_rpc [None req-1529106e-42fa-4c8b-bb80-f559201333c8 admin admin] Pushing event deleted for resources: {'SecurityGroup': ['ID=fd23503c-6752-4a3b-9c4a-24ec6fd2addf,revision_number=None']} {{(pid=91548) push /opt/stack/neutron/neutron/api/rpc/handlers/resources_rpc.py:237}}
May 21 15:21:41.763734 dv-cinder-792299-3-iscsi neutron-server[91548]: DEBUG oslo_concurrency.lockutils [None req-1529106e-42fa-4c8b-bb80-f559201333c8 admin admin] Lock "event-dispatch" released by "neutron.plugins.ml2.ovo_rpc._ObjectChangeHandler.dispatch_events" :: held 0.104s {{(pid=91548) inner /usr/local/lib/python3.8/dist-packages/oslo_concurrency/lockutils.py:367}}
May 21 15:21:41.767310 dv-cinder-792299-3-iscsi neutron-server[91548]: DEBUG neutron.db.quota.driver [req-659c1053-601d-4b77-92b2-13baaf592a4b req-555cabff-b2a5-41a2-8969-b8384de1cf0a tempest-ServerRescueNegativeTestJSON-1734040754 tempest-ServerRescueNegativeTestJSON-1734040754-project] Attempting to reserve 1 items for resource port. Total usage: 2; quota limit: 500; headroom:498 {{(pid=91548) make_reservation /opt/stack/neutron/neutron/db/quota/driver.py:246}}
May 21 15:21:41.828671 dv-cinder-792299-3-iscsi neutron-server[91548]: DEBUG neutron.pecan_wsgi.hooks.quota_enforcement [req-659c1053-601d-4b77-92b2-13baaf592a4b req-555cabff-b2a5-41a2-8969-b8384de1cf0a tempest-ServerRescueNegativeTestJSON-1734040754 tempest-ServerRescueNegativeTestJSON-1734040754-project] Made reservation on behalf of 0fc01a07398c478fb3a1b2d71b22bbeb for: {'port': 1} {{(pid=91548) before /opt/stack/neutron/neutron/pecan_wsgi/hooks/quota_enforcement.py:53}}
May 21 15:21:41.832416 dv-cinder-792299-3-iscsi neutron-server[91548]: DEBUG neutron_lib.callbacks.manager [req-659c1053-601d-4b77-92b2-13baaf592a4b req-555cabff-b2a5-41a2-8969-b8384de1cf0a tempest-ServerRescueNegativeTestJSON-1734040754 tempest-ServerRescueNegativeTestJSON-1734040754-project] Notify callbacks ['neutron.plugins.ml2.plugin.SecurityGroupDbMixin._ensure_default_security_group_handler_port-578643'] for port, before_create {{(pid=91548) _notify_loop /usr/local/lib/python3.8/dist-packages/neutron_lib/callbacks/manager.py:192}}
May 21 15:21:41.903766 dv-cinder-792299-3-iscsi neutron-server[91549]: DEBUG neutron.pecan_wsgi.hooks.policy_enforcement [req-9f50fa2f-4536-4435-8596-1d4b3b26bdc0 req-34aacf8f-ec13-4ef5-bb83-9ea077191675 tempest-AttachVolumeNegativeTest-1331093451 tempest-AttachVolumeNegativeTest-1331093451-project] Attributes excluded by policy engine: ['standard_attr_id', 'binding:profile', 'binding:host_id', 'binding:vif_type', 'binding:vif_details'] {{(pid=91549) _exclude_attributes_by_policy /opt/stack/neutron/neutron/pecan_wsgi/hooks/policy_enforcement.py:255}}
May 21 15:21:41.905494 dv-cinder-792299-3-iscsi neutron-server[91549]: INFO neutron.wsgi [req-9f50fa2f-4536-4435-8596-1d4b3b26bdc0 req-34aacf8f-ec13-4ef5-bb83-9ea077191675 tempest-AttachVolumeNegativeTest-1331093451 tempest-AttachVolumeNegativeTest-1331093451-project] 10.222.0.69 "GET /v2.0/ports?device_id=3fd0f3d1-318d-4077-963b-2f7a7d95b23a HTTP/1.1" status: 200 len: 945 time: 0.1006782
May 21 15:21:41.960581 dv-cinder-792299-3-iscsi neutron-server[91549]: INFO neutron.wsgi [req-9f50fa2f-4536-4435-8596-1d4b3b26bdc0 req-407f4544-f7f1-412b-ac7d-fd57128cdafe tempest-AttachVolumeNegativeTest-1331093451 tempest-AttachVolumeNegativeTest-1331093451-project] 10.222.0.69 "GET /v2.0/security-groups?id=d3b78fdd-8b23-431a-a677-c884f9e23eab&fields=id&fields=name HTTP/1.1" status: 200 len: 286 time: 0.0479398
May 21 15:21:42.158847 dv-cinder-792299-3-iscsi neutron-server[91548]: DEBUG neutron.db.db_base_plugin_common [req-659c1053-601d-4b77-92b2-13baaf592a4b req-555cabff-b2a5-41a2-8969-b8384de1cf0a tempest-ServerRescueNegativeTestJSON-1734040754 tempest-ServerRescueNegativeTestJSON-1734040754-project] Allocated IP 172.20.0.4 (d29c3f89-e388-4f8b-92df-23b0002e5815/b5806df6-2818-423b-b237-cbbc2236feaf/5df660a9-edbd-44d1-9e02-0d036fb5652c) {{(pid=91548) _store_ip_allocation /opt/stack/neutron/neutron/db/db_base_plugin_common.py:131}}
May 21 15:21:42.387939 dv-cinder-792299-3-iscsi neutron-server[91548]: DEBUG neutron_lib.callbacks.manager [req-659c1053-601d-4b77-92b2-13baaf592a4b req-555cabff-b2a5-41a2-8969-b8384de1cf0a tempest-ServerRescueNegativeTestJSON-1734040754 tempest-ServerRescueNegativeTestJSON-1734040754-project] Notify callbacks [] for port, precommit_create {{(pid=91548) _notify_loop /usr/local/lib/python3.8/dist-packages/neutron_lib/callbacks/manager.py:192}}
May 21 15:21:42.446249 dv-cinder-792299-3-iscsi neutron-server[91548]: DEBUG neutron_lib.callbacks.manager [req-659c1053-601d-4b77-92b2-13baaf592a4b req-555cabff-b2a5-41a2-8969-b8384de1cf0a tempest-ServerRescueNegativeTestJSON-1734040754 tempest-ServerRescueNegativeTestJSON-1734040754-project] Notify callbacks ['neutron.plugins.ml2.plugin.SecurityGroupServerNotifierRpcMixin.notify_sg_on_port_change-578690', 'neutron.plugins.ml2.ovo_rpc._ObjectChangeHandler.handle_event-158381', 'neutron.api.rpc.agentnotifiers.dhcp_rpc_agent_api.DhcpAgentNotifyAPI._native_event_send_dhcp_notification-1697757', 'neutron.db.l3_dvrscheduler_db._notify_l3_agent_new_port-8730419340153', 'neutron.services.segments.plugin.NovaSegmentNotifier._notify_port_created_or_deleted-14885552'] for port, after_create {{(pid=91548) _notify_loop /usr/local/lib/python3.8/dist-packages/neutron_lib/callbacks/manager.py:192}}
May 21 15:21:42.457116 dv-cinder-792299-3-iscsi neutron-server[91548]: DEBUG oslo_concurrency.lockutils [-] Lock "event-dispatch" acquired by "neutron.plugins.ml2.ovo_rpc._ObjectChangeHandler.dispatch_events" :: waited 0.000s {{(pid=91548) inner /usr/local/lib/python3.8/dist-packages/oslo_concurrency/lockutils.py:355}}
May 21 15:21:42.457773 dv-cinder-792299-3-iscsi neutron-server[91550]: DEBUG neutron.plugins.ml2.rpc [None req-8b286010-b736-40a6-8a2f-75d59bb66ba3 None None] Device 9a882cd3-25a6-4034-9bf3-1dac4b128753 up at agent ovs-agent-dv-cinder-792299-3-iscsi {{(pid=91550) update_device_up /opt/stack/neutron/neutron/plugins/ml2/rpc.py:278}}
May 21 15:21:42.522736 dv-cinder-792299-3-iscsi neutron-server[91549]: DEBUG neutron.pecan_wsgi.hooks.policy_enforcement [req-a5c8d11a-4a09-45b6-88b2-16be120c8fa6 req-326e951f-5e38-40c4-9e8a-e6a6f569850e tempest-ServerRescueNegativeTestJSON-1734040754 tempest-ServerRescueNegativeTestJSON-1734040754-project] Attributes excluded by policy engine: ['standard_attr_id', 'binding:profile', 'binding:host_id', 'binding:vif_type', 'binding:vif_details'] {{(pid=91549) _exclude_attributes_by_policy /opt/stack/neutron/neutron/pecan_wsgi/hooks/policy_enforcement.py:255}}
May 21 15:21:42.524492 dv-cinder-792299-3-iscsi neutron-server[91549]: INFO neutron.wsgi [req-a5c8d11a-4a09-45b6-88b2-16be120c8fa6 req-326e951f-5e38-40c4-9e8a-e6a6f569850e tempest-ServerRescueNegativeTestJSON-1734040754 tempest-ServerRescueNegativeTestJSON-1734040754-project] 10.222.0.69 "GET /v2.0/ports?device_id=be512a37-5ce9-4914-8807-04f8f80ad54e HTTP/1.1" status: 200 len: 931 time: 0.1002164
May 21 15:21:42.534852 dv-cinder-792299-3-iscsi neutron-server[91550]: DEBUG neutron.db.provisioning_blocks [None req-8b286010-b736-40a6-8a2f-75d59bb66ba3 None None] Provisioning complete for port 9a882cd3-25a6-4034-9bf3-1dac4b128753 triggered by entity L2. {{(pid=91550) provisioning_complete /opt/stack/neutron/neutron/db/provisioning_blocks.py:139}}
May 21 15:21:42.535837 dv-cinder-792299-3-iscsi neutron-server[91550]: DEBUG neutron_lib.callbacks.manager [None req-8b286010-b736-40a6-8a2f-75d59bb66ba3 None None] Notify callbacks ['neutron.plugins.ml2.plugin.Ml2Plugin._port_provisioned-711307'] for port, provisioning_complete {{(pid=91550) _notify_loop /usr/local/lib/python3.8/dist-packages/neutron_lib/callbacks/manager.py:192}}
May 21 15:21:42.585544 dv-cinder-792299-3-iscsi neutron-server[91549]: INFO neutron.wsgi [req-a5c8d11a-4a09-45b6-88b2-16be120c8fa6 req-2769e935-7ed5-4d77-9acf-ca132c0e4078 tempest-ServerRescueNegativeTestJSON-1734040754 tempest-ServerRescueNegativeTestJSON-1734040754-project] 10.222.0.69 "GET /v2.0/security-groups?id=b724d26e-82ce-4aac-8ea4-e44cfd253ab0&fields=id&fields=name HTTP/1.1" status: 200 len: 286 time: 0.0553610
May 21 15:21:42.616283 dv-cinder-792299-3-iscsi neutron-server[91548]: DEBUG neutron.scheduler.dhcp_agent_scheduler [req-659c1053-601d-4b77-92b2-13baaf592a4b req-555cabff-b2a5-41a2-8969-b8384de1cf0a tempest-ServerRescueNegativeTestJSON-1734040754 tempest-ServerRescueNegativeTestJSON-1734040754-project] Network d29c3f89-e388-4f8b-92df-23b0002e5815 is already hosted by enough agents. {{(pid=91548) _get_dhcp_agents_hosting_network /opt/stack/neutron/neutron/scheduler/dhcp_agent_scheduler.py:275}}
May 21 15:21:42.621237 dv-cinder-792299-3-iscsi neutron-server[91548]: DEBUG neutron.scheduler.base_scheduler [req-659c1053-601d-4b77-92b2-13baaf592a4b req-555cabff-b2a5-41a2-8969-b8384de1cf0a tempest-ServerRescueNegativeTestJSON-1734040754 tempest-ServerRescueNegativeTestJSON-1734040754-project] Resources bound (agent type, host, resource id): {{(pid=91548) schedule /opt/stack/neutron/neutron/scheduler/base_scheduler.py:57}}
May 21 15:21:42.623644 dv-cinder-792299-3-iscsi neutron-server[91548]: DEBUG neutron.db.l3_dvrscheduler_db [req-659c1053-601d-4b77-92b2-13baaf592a4b req-555cabff-b2a5-41a2-8969-b8384de1cf0a tempest-ServerRescueNegativeTestJSON-1734040754 tempest-ServerRescueNegativeTestJSON-1734040754-project] Received port after_create {{(pid=91548) _notify_l3_agent_new_port /opt/stack/neutron/neutron/db/l3_dvrscheduler_db.py:537}}
May 21 15:21:42.663401 dv-cinder-792299-3-iscsi neutron-server[91548]: DEBUG neutron.api.rpc.handlers.resources_rpc [None req-555cabff-b2a5-41a2-8969-b8384de1cf0a tempest-ServerRescueNegativeTestJSON-1734040754 tempest-ServerRescueNegativeTestJSON-1734040754-project] Pushing event updated for resources: {'Port': ['ID=5df660a9-edbd-44d1-9e02-0d036fb5652c,revision_number=1']} {{(pid=91548) push /opt/stack/neutron/neutron/api/rpc/handlers/resources_rpc.py:237}}
May 21 15:21:42.666177 dv-cinder-792299-3-iscsi neutron-server[91548]: DEBUG oslo_concurrency.lockutils [None req-555cabff-b2a5-41a2-8969-b8384de1cf0a tempest-ServerRescueNegativeTestJSON-1734040754 tempest-ServerRescueNegativeTestJSON-1734040754-project] Lock "event-dispatch" released by "neutron.plugins.ml2.ovo_rpc._ObjectChangeHandler.dispatch_events" :: held 0.209s {{(pid=91548) inner /usr/local/lib/python3.8/dist-packages/oslo_concurrency/lockutils.py:367}}
May 21 15:21:42.730044 dv-cinder-792299-3-iscsi neutron-server[91548]: DEBUG neutron.pecan_wsgi.hooks.policy_enforcement [req-659c1053-601d-4b77-92b2-13baaf592a4b req-555cabff-b2a5-41a2-8969-b8384de1cf0a tempest-ServerRescueNegativeTestJSON-1734040754 tempest-ServerRescueNegativeTestJSON-1734040754-project] Attributes excluded by policy engine: ['standard_attr_id', 'binding:profile', 'binding:host_id', 'binding:vif_type', 'binding:vif_details', 'network'] {{(pid=91548) _exclude_attributes_by_policy /opt/stack/neutron/neutron/pecan_wsgi/hooks/policy_enforcement.py:255}}
May 21 15:21:42.730367 dv-cinder-792299-3-iscsi neutron-server[91548]: DEBUG neutron_lib.callbacks.manager [req-659c1053-601d-4b77-92b2-13baaf592a4b req-555cabff-b2a5-41a2-8969-b8384de1cf0a tempest-ServerRescueNegativeTestJSON-1734040754 tempest-ServerRescueNegativeTestJSON-1734040754-project] Notify callbacks ['neutron.notifiers.nova.Notifier._send_nova_notification-230890'] for port, before_response {{(pid=91548) _notify_loop /usr/local/lib/python3.8/dist-packages/neutron_lib/callbacks/manager.py:192}}
May 21 15:21:42.775748 dv-cinder-792299-3-iscsi neutron-server[91548]: INFO neutron.wsgi [req-659c1053-601d-4b77-92b2-13baaf592a4b req-555cabff-b2a5-41a2-8969-b8384de1cf0a tempest-ServerRescueNegativeTestJSON-1734040754 tempest-ServerRescueNegativeTestJSON-1734040754-project] 10.222.0.68 "POST /v2.0/ports HTTP/1.1" status: 201 len: 933 time: 1.6578374
May 21 15:21:42.837421 dv-cinder-792299-3-iscsi neutron-server[91548]: DEBUG neutron.notifiers.nova [req-3fc6b930-97f9-4cd4-a7c8-136095612a95 req-e5bb3f03-782a-4c9e-b775-d48046fa0acb service neutron] Ignoring state change previous_port_status: DOWN current_port_status: DOWN port_id 69511024-0acb-4c43-8e69-3148f72d9dae {{(pid=91548) record_port_status_changed /opt/stack/neutron/neutron/notifiers/nova.py:224}}
May 21 15:21:42.845899 dv-cinder-792299-3-iscsi neutron-server[91548]: DEBUG neutron_lib.callbacks.manager [req-3fc6b930-97f9-4cd4-a7c8-136095612a95 req-e5bb3f03-782a-4c9e-b775-d48046fa0acb service neutron] Notify callbacks [] for port, precommit_update {{(pid=91548) _notify_loop /usr/local/lib/python3.8/dist-packages/neutron_lib/callbacks/manager.py:192}}
May 21 15:21:42.865349 dv-cinder-792299-3-iscsi neutron-server[91548]: DEBUG neutron.db.provisioning_blocks [req-3fc6b930-97f9-4cd4-a7c8-136095612a95 req-e5bb3f03-782a-4c9e-b775-d48046fa0acb service neutron] Transition to ACTIVE for port object 69511024-0acb-4c43-8e69-3148f72d9dae will not be triggered until provisioned by entity L2. {{(pid=91548) add_provisioning_component /opt/stack/neutron/neutron/db/provisioning_blocks.py:73}}
May 21 15:21:42.870996 dv-cinder-792299-3-iscsi neutron-server[91548]: DEBUG neutron_lib.callbacks.manager [req-3fc6b930-97f9-4cd4-a7c8-136095612a95 req-e5bb3f03-782a-4c9e-b775-d48046fa0acb service neutron] Notify callbacks ['neutron.plugins.ml2.plugin.SecurityGroupServerNotifierRpcMixin.notify_sg_on_port_change-578690', 'neutron.plugins.ml2.ovo_rpc._ObjectChangeHandler.handle_event-158381', 'neutron.api.rpc.agentnotifiers.dhcp_rpc_agent_api.DhcpAgentNotifyAPI._native_event_send_dhcp_notification-1697757', 'neutron.db.l3_db.L3RpcNotifierMixin._notify_gateway_port_ip_changed-8730419690177', 'neutron.db.l3_dvrscheduler_db._notify_l3_agent_port_update-8730419340171', 'neutron.db.l3_hascheduler_db._notify_l3_agent_ha_port_update-8730419340216', 'neutron.services.segments.plugin.NovaSegmentNotifier._notify_port_updated-14885543'] for port, after_update {{(pid=91548) _notify_loop /usr/local/lib/python3.8/dist-packages/neutron_lib/callbacks/manager.py:192}}
May 21 15:21:42.875909 dv-cinder-792299-3-iscsi neutron-server[91548]: DEBUG oslo_concurrency.lockutils [-] Lock "event-dispatch" acquired by "neutron.plugins.ml2.ovo_rpc._ObjectChangeHandler.dispatch_events" :: waited 0.000s {{(pid=91548) inner /usr/local/lib/python3.8/dist-packages/oslo_concurrency/lockutils.py:355}}
May 21 15:21:43.036528 dv-cinder-792299-3-iscsi neutron-server[91548]: DEBUG neutron.api.rpc.handlers.resources_rpc [None req-e5bb3f03-782a-4c9e-b775-d48046fa0acb service neutron] Pushing event updated for resources: {'Port': ['ID=69511024-0acb-4c43-8e69-3148f72d9dae,revision_number=2']} {{(pid=91548) push /opt/stack/neutron/neutron/api/rpc/handlers/resources_rpc.py:237}}
May 21 15:21:43.064249 dv-cinder-792299-3-iscsi neutron-server[91548]: DEBUG oslo_concurrency.lockutils [None req-e5bb3f03-782a-4c9e-b775-d48046fa0acb service neutron] Lock "event-dispatch" released by "neutron.plugins.ml2.ovo_rpc._ObjectChangeHandler.dispatch_events" :: held 0.188s {{(pid=91548) inner /usr/local/lib/python3.8/dist-packages/oslo_concurrency/lockutils.py:367}}
May 21 15:21:43.111492 dv-cinder-792299-3-iscsi neutron-server[91548]: DEBUG neutron.plugins.ml2.managers [req-3fc6b930-97f9-4cd4-a7c8-136095612a95 req-e5bb3f03-782a-4c9e-b775-d48046fa0acb service neutron] Attempting to bind port 69511024-0acb-4c43-8e69-3148f72d9dae on host hv-cinder-79229 for vnic_type normal with profile {{(pid=91548) bind_port /opt/stack/neutron/neutron/plugins/ml2/managers.py:790}}
May 21 15:21:43.111823 dv-cinder-792299-3-iscsi neutron-server[91548]: DEBUG neutron.plugins.ml2.managers [req-3fc6b930-97f9-4cd4-a7c8-136095612a95 req-e5bb3f03-782a-4c9e-b775-d48046fa0acb service neutron] Attempting to bind port 69511024-0acb-4c43-8e69-3148f72d9dae by drivers openvswitch,hyperv on host hv-cinder-79229 at level 0 using segments [{'id': 'e2ef194d-7ce8-41c1-ab43-91505874bf09', 'network_type': 'vlan', 'physical_network': 'physnet1', 'segmentation_id': 736, 'network_id': 'd29c3f89-e388-4f8b-92df-23b0002e5815'}] {{(pid=91548) _bind_port_level /opt/stack/neutron/neutron/plugins/ml2/managers.py:815}}
May 21 15:21:43.112164 dv-cinder-792299-3-iscsi neutron-server[91548]: DEBUG neutron.plugins.ml2.drivers.mech_agent [req-3fc6b930-97f9-4cd4-a7c8-136095612a95 req-e5bb3f03-782a-4c9e-b775-d48046fa0acb service neutron] Attempting to bind port 69511024-0acb-4c43-8e69-3148f72d9dae on network d29c3f89-e388-4f8b-92df-23b0002e5815 {{(pid=91548) bind_port /opt/stack/neutron/neutron/plugins/ml2/drivers/mech_agent.py:86}}
May 21 15:21:43.117613 dv-cinder-792299-3-iscsi neutron-server[91548]: DEBUG neutron.plugins.ml2.drivers.mech_agent [req-3fc6b930-97f9-4cd4-a7c8-136095612a95 req-e5bb3f03-782a-4c9e-b775-d48046fa0acb service neutron] Port 69511024-0acb-4c43-8e69-3148f72d9dae on network d29c3f89-e388-4f8b-92df-23b0002e5815 not bound, no agent of type Open vSwitch agent registered on host hv-cinder-79229 {{(pid=91548) bind_port /opt/stack/neutron/neutron/plugins/ml2/drivers/mech_agent.py:98}}
May 21 15:21:43.117854 dv-cinder-792299-3-iscsi neutron-server[91548]: DEBUG neutron.plugins.ml2.drivers.mech_agent [req-3fc6b930-97f9-4cd4-a7c8-136095612a95 req-e5bb3f03-782a-4c9e-b775-d48046fa0acb service neutron] Attempting to bind port 69511024-0acb-4c43-8e69-3148f72d9dae on network d29c3f89-e388-4f8b-92df-23b0002e5815 {{(pid=91548) bind_port /opt/stack/neutron/neutron/plugins/ml2/drivers/mech_agent.py:86}}
May 21 15:21:43.123117 dv-cinder-792299-3-iscsi neutron-server[91548]: DEBUG neutron.plugins.ml2.drivers.mech_agent [req-3fc6b930-97f9-4cd4-a7c8-136095612a95 req-e5bb3f03-782a-4c9e-b775-d48046fa0acb service neutron] Checking agent: {'id': '4762cb26-ef72-475b-a9a0-8f480bf27f9c', 'agent_type': 'HyperV agent', 'binary': 'neutron-hyperv-agent', 'topic': 'N/A', 'host': 'hv-cinder-79229', 'admin_state_up': True, 'created_at': datetime.datetime(2021, 5, 21, 15, 18, 22), 'started_at': datetime.datetime(2021, 5, 21, 15, 18, 22), 'heartbeat_timestamp': datetime.datetime(2021, 5, 21, 15, 21, 22), 'description': None, 'resources_synced': None, 'availability_zone': None, 'alive': True, 'configurations': {'vswitch_mappings': {'physnet1$': 'br-data'}}, 'resource_versions': {}} {{(pid=91548) bind_port /opt/stack/neutron/neutron/plugins/ml2/drivers/mech_agent.py:105}}
May 21 15:21:43.123454 dv-cinder-792299-3-iscsi neutron-server[91548]: DEBUG neutron.plugins.ml2.drivers.mech_agent [req-3fc6b930-97f9-4cd4-a7c8-136095612a95 req-e5bb3f03-782a-4c9e-b775-d48046fa0acb service neutron] Checking segment: {'id': 'e2ef194d-7ce8-41c1-ab43-91505874bf09', 'network_type': 'vlan', 'physical_network': 'physnet1', 'segmentation_id': 736, 'network_id': 'd29c3f89-e388-4f8b-92df-23b0002e5815'} for mappings: {'physnet1$': 'br-data'} with network types: ['local', 'flat', 'vlan'] {{(pid=91548) check_segment_for_agent /opt/stack/neutron/neutron/plugins/ml2/drivers/mech_agent.py:341}}
May 21 15:21:43.123836 dv-cinder-792299-3-iscsi neutron-server[91548]: DEBUG neutron.plugins.ml2.drivers.mech_agent [req-3fc6b930-97f9-4cd4-a7c8-136095612a95 req-e5bb3f03-782a-4c9e-b775-d48046fa0acb service neutron] Bound using segment: {'id': 'e2ef194d-7ce8-41c1-ab43-91505874bf09', 'network_type': 'vlan', 'physical_network': 'physnet1', 'segmentation_id': 736, 'network_id': 'd29c3f89-e388-4f8b-92df-23b0002e5815'} {{(pid=91548) bind_port /opt/stack/neutron/neutron/plugins/ml2/drivers/mech_agent.py:115}}
May 21 15:21:43.124264 dv-cinder-792299-3-iscsi neutron-server[91548]: DEBUG neutron.plugins.ml2.managers [req-3fc6b930-97f9-4cd4-a7c8-136095612a95 req-e5bb3f03-782a-4c9e-b775-d48046fa0acb service neutron] Bound port: 69511024-0acb-4c43-8e69-3148f72d9dae, host: hv-cinder-79229, vif_type: hyperv, vif_details: {"connectivity": "legacy", "port_filter": false}, binding_levels: [{'bound_driver': 'hyperv', 'bound_segment': {'id': 'e2ef194d-7ce8-41c1-ab43-91505874bf09', 'network_type': 'vlan', 'physical_network': 'physnet1', 'segmentation_id': 736, 'network_id': 'd29c3f89-e388-4f8b-92df-23b0002e5815'}}] {{(pid=91548) _bind_port_level /opt/stack/neutron/neutron/plugins/ml2/managers.py:928}}
May 21 15:21:43.124611 dv-cinder-792299-3-iscsi neutron-server[91548]: DEBUG neutron_lib.callbacks.manager [req-3fc6b930-97f9-4cd4-a7c8-136095612a95 req-e5bb3f03-782a-4c9e-b775-d48046fa0acb service neutron] Notify callbacks ['neutron.plugins.ml2.plugin.SecurityGroupDbMixin._ensure_default_security_group_handler_port-578643'] for port, before_update {{(pid=91548) _notify_loop /usr/local/lib/python3.8/dist-packages/neutron_lib/callbacks/manager.py:192}}
May 21 15:21:43.147988 dv-cinder-792299-3-iscsi neutron-server[91549]: DEBUG neutron.wsgi [-] (91549) accepted ('10.222.0.69', 59570) {{(pid=91549) server /usr/local/lib/python3.8/dist-packages/eventlet/wsgi.py:992}}
May 21 15:21:43.170874 dv-cinder-792299-3-iscsi neutron-server[91549]: DEBUG neutron.pecan_wsgi.hooks.policy_enforcement [req-b22b9259-e050-4ae6-a831-7d9c0472486e req-af9c9d04-ee6f-43c8-91c5-3122eab30804 tempest-AttachVolumeNegativeTest-1331093451 tempest-AttachVolumeNegativeTest-1331093451-project] Attributes excluded by policy engine: ['standard_attr_id', 'binding:profile', 'binding:host_id', 'binding:vif_type', 'binding:vif_details'] {{(pid=91549) _exclude_attributes_by_policy /opt/stack/neutron/neutron/pecan_wsgi/hooks/policy_enforcement.py:255}}
May 21 15:21:43.172507 dv-cinder-792299-3-iscsi neutron-server[91549]: INFO neutron.wsgi [req-b22b9259-e050-4ae6-a831-7d9c0472486e req-af9c9d04-ee6f-43c8-91c5-3122eab30804 tempest-AttachVolumeNegativeTest-1331093451 tempest-AttachVolumeNegativeTest-1331093451-project] 10.222.0.69 "GET /v2.0/ports?device_id=3fd0f3d1-318d-4077-963b-2f7a7d95b23a HTTP/1.1" status: 200 len: 945 time: 0.0935366
May 21 15:21:43.223695 dv-cinder-792299-3-iscsi neutron-server[91549]: INFO neutron.wsgi [req-b22b9259-e050-4ae6-a831-7d9c0472486e req-fdf40f90-6fa7-422e-a223-435cb708043f tempest-AttachVolumeNegativeTest-1331093451 tempest-AttachVolumeNegativeTest-1331093451-project] 10.222.0.69 "GET /v2.0/security-groups?id=d3b78fdd-8b23-431a-a677-c884f9e23eab&fields=id&fields=name HTTP/1.1" status: 200 len: 286 time: 0.0445712
May 21 15:21:43.225533 dv-cinder-792299-3-iscsi neutron-server[91548]: DEBUG neutron.plugins.ml2.db [req-3fc6b930-97f9-4cd4-a7c8-136095612a95 req-e5bb3f03-782a-4c9e-b775-d48046fa0acb service neutron] For port 69511024-0acb-4c43-8e69-3148f72d9dae, host hv-cinder-79229, cleared binding levels {{(pid=91548) clear_binding_levels /opt/stack/neutron/neutron/plugins/ml2/db.py:88}}
May 21 15:21:43.228810 dv-cinder-792299-3-iscsi neutron-server[91548]: DEBUG neutron.plugins.ml2.db [req-3fc6b930-97f9-4cd4-a7c8-136095612a95 req-e5bb3f03-782a-4c9e-b775-d48046fa0acb service neutron] For port 69511024-0acb-4c43-8e69-3148f72d9dae, host hv-cinder-79229, set binding levels [PortBindingLevel(driver='hyperv',host='hv-cinder-79229',level=0,port_id=69511024-0acb-4c43-8e69-3148f72d9dae,segment=NetworkSegment(e2ef194d-7ce8-41c1-ab43-91505874bf09),segment_id=e2ef194d-7ce8-41c1-ab43-91505874bf09)] {{(pid=91548) set_binding_levels /opt/stack/neutron/neutron/plugins/ml2/db.py:60}}
May 21 15:21:43.234498 dv-cinder-792299-3-iscsi neutron-server[91548]: DEBUG neutron_lib.callbacks.manager [req-3fc6b930-97f9-4cd4-a7c8-136095612a95 req-e5bb3f03-782a-4c9e-b775-d48046fa0acb service neutron] Notify callbacks ['neutron.plugins.ml2.plugin.SecurityGroupServerNotifierRpcMixin.notify_sg_on_port_change-578690', 'neutron.plugins.ml2.ovo_rpc._ObjectChangeHandler.handle_event-158381', 'neutron.api.rpc.agentnotifiers.dhcp_rpc_agent_api.DhcpAgentNotifyAPI._native_event_send_dhcp_notification-1697757', 'neutron.db.l3_db.L3RpcNotifierMixin._notify_gateway_port_ip_changed-8730419690177', 'neutron.db.l3_dvrscheduler_db._notify_l3_agent_port_update-8730419340171', 'neutron.db.l3_hascheduler_db._notify_l3_agent_ha_port_update-8730419340216', 'neutron.services.segments.plugin.NovaSegmentNotifier._notify_port_updated-14885543'] for port, after_update {{(pid=91548) _notify_loop /usr/local/lib/python3.8/dist-packages/neutron_lib/callbacks/manager.py:192}}
May 21 15:21:43.240088 dv-cinder-792299-3-iscsi neutron-server[91548]: DEBUG oslo_concurrency.lockutils [-] Lock "event-dispatch" acquired by "neutron.plugins.ml2.ovo_rpc._ObjectChangeHandler.dispatch_events" :: waited 0.000s {{(pid=91548) inner /usr/local/lib/python3.8/dist-packages/oslo_concurrency/lockutils.py:355}}
May 21 15:21:43.285132 dv-cinder-792299-3-iscsi neutron-server[91549]: DEBUG neutron_lib.callbacks.manager [None req-056eb0e3-7b84-460b-8922-3a0434e7b8bb admin admin] Notify callbacks [] for security_group, before_create {{(pid=91549) _notify_loop /usr/local/lib/python3.8/dist-packages/neutron_lib/callbacks/manager.py:192}}
May 21 15:21:43.293724 dv-cinder-792299-3-iscsi neutron-server[91548]: DEBUG neutron.pecan_wsgi.hooks.policy_enforcement [req-3fc6b930-97f9-4cd4-a7c8-136095612a95 req-e5bb3f03-782a-4c9e-b775-d48046fa0acb service neutron] Attributes excluded by policy engine: ['standard_attr_id'] {{(pid=91548) _exclude_attributes_by_policy /opt/stack/neutron/neutron/pecan_wsgi/hooks/policy_enforcement.py:255}}
May 21 15:21:43.294327 dv-cinder-792299-3-iscsi neutron-server[91548]: DEBUG neutron_lib.callbacks.manager [req-3fc6b930-97f9-4cd4-a7c8-136095612a95 req-e5bb3f03-782a-4c9e-b775-d48046fa0acb service neutron] Notify callbacks ['neutron.notifiers.nova.Notifier._send_nova_notification-230890'] for port, before_response {{(pid=91548) _notify_loop /usr/local/lib/python3.8/dist-packages/neutron_lib/callbacks/manager.py:192}}
May 21 15:21:43.296083 dv-cinder-792299-3-iscsi neutron-server[91548]: INFO neutron.wsgi [req-3fc6b930-97f9-4cd4-a7c8-136095612a95 req-e5bb3f03-782a-4c9e-b775-d48046fa0acb service neutron] 10.222.0.68 "PUT /v2.0/ports/69511024-0acb-4c43-8e69-3148f72d9dae HTTP/1.1" status: 200 len: 1093 time: 1.8145258
May 21 15:21:43.296202 dv-cinder-792299-3-iscsi neutron-server[91548]: DEBUG neutron.notifiers.nova [-] Sending events: [{'name': 'network-changed', 'server_uuid': '5d88d55e-b9b2-4cfe-916e-c2899e3fc98f', 'tag': '69511024-0acb-4c43-8e69-3148f72d9dae'}] {{(pid=91548) send_events /opt/stack/neutron/neutron/notifiers/nova.py:262}}
May 21 15:21:43.304072 dv-cinder-792299-3-iscsi neutron-server[91549]: DEBUG neutron.db.quota.driver [None req-056eb0e3-7b84-460b-8922-3a0434e7b8bb admin admin] Resources subnetpool have unlimited quota limit. It is not required to calculate headroom {{(pid=91549) make_reservation /opt/stack/neutron/neutron/db/quota/driver.py:219}}
May 21 15:21:43.308957 dv-cinder-792299-3-iscsi neutron-server[91549]: DEBUG neutron.quota.resource [None req-056eb0e3-7b84-460b-8922-3a0434e7b8bb admin admin] Usage tracker for resource:security_group_rule and tenant:96221a9259dd4f79958239aeb1d6b1f6 is out of sync, need to count used quota {{(pid=91549) count_used /opt/stack/neutron/neutron/quota/resource.py:270}}
May 21 15:21:43.315241 dv-cinder-792299-3-iscsi neutron-server[91549]: DEBUG neutron.quota.resource [None req-056eb0e3-7b84-460b-8922-3a0434e7b8bb admin admin] Quota usage for security_group_rule was recalculated. Used quota:0. {{(pid=91549) count_used /opt/stack/neutron/neutron/quota/resource.py:290}}
May 21 15:21:43.323449 dv-cinder-792299-3-iscsi neutron-server[91549]: DEBUG neutron.db.quota.driver [None req-056eb0e3-7b84-460b-8922-3a0434e7b8bb admin admin] Attempting to reserve 4 items for resource security_group_rule. Total usage: 0; quota limit: 100; headroom:100 {{(pid=91549) make_reservation /opt/stack/neutron/neutron/db/quota/driver.py:246}}
May 21 15:21:43.324224 dv-cinder-792299-3-iscsi neutron-server[91548]: DEBUG neutron.api.rpc.handlers.resources_rpc [None req-e5bb3f03-782a-4c9e-b775-d48046fa0acb service neutron] Pushing event updated for resources: {'Port': ['ID=69511024-0acb-4c43-8e69-3148f72d9dae,revision_number=3']} {{(pid=91548) push /opt/stack/neutron/neutron/api/rpc/handlers/resources_rpc.py:237}}
May 21 15:21:43.327381 dv-cinder-792299-3-iscsi neutron-server[91548]: DEBUG oslo_concurrency.lockutils [None req-e5bb3f03-782a-4c9e-b775-d48046fa0acb service neutron] Lock "event-dispatch" released by "neutron.plugins.ml2.ovo_rpc._ObjectChangeHandler.dispatch_events" :: held 0.087s {{(pid=91548) inner /usr/local/lib/python3.8/dist-packages/oslo_concurrency/lockutils.py:367}}
May 21 15:21:43.358652 dv-cinder-792299-3-iscsi neutron-server[91548]: INFO neutron.notifiers.nova [-] Nova event response: {'name': 'network-changed', 'server_uuid': '5d88d55e-b9b2-4cfe-916e-c2899e3fc98f', 'tag': '69511024-0acb-4c43-8e69-3148f72d9dae', 'status': 'completed', 'code': 200}
May 21 15:21:43.414969 dv-cinder-792299-3-iscsi neutron-server[91549]: DEBUG neutron_lib.callbacks.manager [None req-056eb0e3-7b84-460b-8922-3a0434e7b8bb admin admin] Notify callbacks [] for security_group, precommit_create {{(pid=91549) _notify_loop /usr/local/lib/python3.8/dist-packages/neutron_lib/callbacks/manager.py:192}}
May 21 15:21:43.418791 dv-cinder-792299-3-iscsi neutron-server[91549]: DEBUG neutron_lib.callbacks.manager [None req-056eb0e3-7b84-460b-8922-3a0434e7b8bb admin admin] Notify callbacks ['neutron.plugins.ml2.ovo_rpc._ObjectChangeHandler.handle_event-1595048'] for security_group, after_create {{(pid=91549) _notify_loop /usr/local/lib/python3.8/dist-packages/neutron_lib/callbacks/manager.py:192}}
May 21 15:21:43.427513 dv-cinder-792299-3-iscsi neutron-server[91549]: DEBUG oslo_concurrency.lockutils [None req-83674777-c790-447c-a05a-35bfcfa7e4ab admin admin] Lock "event-dispatch" acquired by "neutron.plugins.ml2.ovo_rpc._ObjectChangeHandler.dispatch_events" :: waited 0.000s {{(pid=91549) inner /usr/local/lib/python3.8/dist-packages/oslo_concurrency/lockutils.py:355}}
May 21 15:21:43.465829 dv-cinder-792299-3-iscsi neutron-server[91549]: INFO neutron.wsgi [None req-056eb0e3-7b84-460b-8922-3a0434e7b8bb admin admin] 10.222.0.69 "GET /v2.0/security-groups?tenant_id=96221a9259dd4f79958239aeb1d6b1f6&name=default HTTP/1.1" status: 200 len: 2979 time: 0.3154416
May 21 15:21:43.466667 dv-cinder-792299-3-iscsi neutron-server[91549]: DEBUG neutron.api.rpc.handlers.resources_rpc [None req-056eb0e3-7b84-460b-8922-3a0434e7b8bb admin admin] Pushing event updated for resources: {'SecurityGroup': ['ID=bac83ce6-c04b-4eeb-993d-89143b59c5ba,revision_number=1']} {{(pid=91549) push /opt/stack/neutron/neutron/api/rpc/handlers/resources_rpc.py:237}}
May 21 15:21:43.468634 dv-cinder-792299-3-iscsi neutron-server[91548]: DEBUG neutron.wsgi [-] (91548) accepted ('10.222.0.69', 59582) {{(pid=91548) server /usr/local/lib/python3.8/dist-packages/eventlet/wsgi.py:992}}
May 21 15:21:43.469620 dv-cinder-792299-3-iscsi neutron-server[91549]: DEBUG oslo_concurrency.lockutils [None req-056eb0e3-7b84-460b-8922-3a0434e7b8bb admin admin] Lock "event-dispatch" released by "neutron.plugins.ml2.ovo_rpc._ObjectChangeHandler.dispatch_events" :: held 0.042s {{(pid=91549) inner /usr/local/lib/python3.8/dist-packages/oslo_concurrency/lockutils.py:367}}
May 21 15:21:43.527486 dv-cinder-792299-3-iscsi neutron-server[91548]: DEBUG neutron_lib.callbacks.manager [None req-91c8b811-be11-44d8-a18e-3d970baae686 admin admin] Notify callbacks [] for security_group, before_delete {{(pid=91548) _notify_loop /usr/local/lib/python3.8/dist-packages/neutron_lib/callbacks/manager.py:192}}
May 21 15:21:43.552743 dv-cinder-792299-3-iscsi neutron-server[91548]: DEBUG neutron_lib.callbacks.manager [None req-91c8b811-be11-44d8-a18e-3d970baae686 admin admin] Notify callbacks [] for security_group, precommit_delete {{(pid=91548) _notify_loop /usr/local/lib/python3.8/dist-packages/neutron_lib/callbacks/manager.py:192}}
May 21 15:21:43.604355 dv-cinder-792299-3-iscsi neutron-server[91548]: DEBUG neutron_lib.callbacks.manager [None req-91c8b811-be11-44d8-a18e-3d970baae686 admin admin] Notify callbacks ['neutron.plugins.ml2.ovo_rpc._ObjectChangeHandler.handle_event-1595048'] for security_group, after_delete {{(pid=91548) _notify_loop /usr/local/lib/python3.8/dist-packages/neutron_lib/callbacks/manager.py:192}}
May 21 15:21:43.609239 dv-cinder-792299-3-iscsi neutron-server[91548]: DEBUG oslo_concurrency.lockutils [None req-2dda4d6c-a639-4aa8-ac9a-9e25d2d66448 admin admin] Lock "event-dispatch" acquired by "neutron.plugins.ml2.ovo_rpc._ObjectChangeHandler.dispatch_events" :: waited 0.000s {{(pid=91548) inner /usr/local/lib/python3.8/dist-packages/oslo_concurrency/lockutils.py:355}}
May 21 15:21:43.624112 dv-cinder-792299-3-iscsi neutron-server[91548]: DEBUG neutron.api.rpc.handlers.resources_rpc [None req-91c8b811-be11-44d8-a18e-3d970baae686 admin admin] Pushing event deleted for resources: {'SecurityGroup': ['ID=bac83ce6-c04b-4eeb-993d-89143b59c5ba,revision_number=None']} {{(pid=91548) push /opt/stack/neutron/neutron/api/rpc/handlers/resources_rpc.py:237}}
May 21 15:21:43.626325 dv-cinder-792299-3-iscsi neutron-server[91548]: DEBUG oslo_concurrency.lockutils [None req-91c8b811-be11-44d8-a18e-3d970baae686 admin admin] Lock "event-dispatch" released by "neutron.plugins.ml2.ovo_rpc._ObjectChangeHandler.dispatch_events" :: held 0.017s {{(pid=91548) inner /usr/local/lib/python3.8/dist-packages/oslo_concurrency/lockutils.py:367}}
May 21 15:21:43.627995 dv-cinder-792299-3-iscsi neutron-server[91548]: DEBUG neutron_lib.callbacks.manager [None req-91c8b811-be11-44d8-a18e-3d970baae686 admin admin] Notify callbacks [] for security_group, before_response {{(pid=91548) _notify_loop /usr/local/lib/python3.8/dist-packages/neutron_lib/callbacks/manager.py:192}}
May 21 15:21:43.629825 dv-cinder-792299-3-iscsi neutron-server[91548]: INFO neutron.wsgi [None req-91c8b811-be11-44d8-a18e-3d970baae686 admin admin] 10.222.0.69 "DELETE /v2.0/security-groups/bac83ce6-c04b-4eeb-993d-89143b59c5ba HTTP/1.1" status: 204 len: 168 time: 0.1594582
May 21 15:21:43.782068 dv-cinder-792299-3-iscsi neutron-server[91549]: DEBUG neutron.pecan_wsgi.hooks.policy_enforcement [req-56f8c191-ed1f-4cf5-8bde-6a9bce6643cc req-edf24f28-ac4b-4679-9a03-29ed4bb7bc29 tempest-ServerRescueNegativeTestJSON-1734040754 tempest-ServerRescueNegativeTestJSON-1734040754-project] Attributes excluded by policy engine: ['standard_attr_id', 'binding:profile', 'binding:host_id', 'binding:vif_type', 'binding:vif_details'] {{(pid=91549) _exclude_attributes_by_policy /opt/stack/neutron/neutron/pecan_wsgi/hooks/policy_enforcement.py:255}}
May 21 15:21:43.783704 dv-cinder-792299-3-iscsi neutron-server[91549]: INFO neutron.wsgi [req-56f8c191-ed1f-4cf5-8bde-6a9bce6643cc req-edf24f28-ac4b-4679-9a03-29ed4bb7bc29 tempest-ServerRescueNegativeTestJSON-1734040754 tempest-ServerRescueNegativeTestJSON-1734040754-project] 10.222.0.69 "GET /v2.0/ports?device_id=be512a37-5ce9-4914-8807-04f8f80ad54e HTTP/1.1" status: 200 len: 931 time: 0.0895772
May 21 15:21:43.839195 dv-cinder-792299-3-iscsi neutron-server[91549]: INFO neutron.wsgi [req-56f8c191-ed1f-4cf5-8bde-6a9bce6643cc req-0b8ae3e7-7f71-45cd-bf97-c449e0e41b6a tempest-ServerRescueNegativeTestJSON-1734040754 tempest-ServerRescueNegativeTestJSON-1734040754-project] 10.222.0.69 "GET /v2.0/security-groups?id=b724d26e-82ce-4aac-8ea4-e44cfd253ab0&fields=id&fields=name HTTP/1.1" status: 200 len: 286 time: 0.0454471
May 21 15:21:44.418635 dv-cinder-792299-3-iscsi neutron-server[91549]: DEBUG neutron.pecan_wsgi.hooks.policy_enforcement [req-149a28b3-b948-489f-8a8d-d05f06f2eeb9 req-8d337676-fd0d-4790-a7dc-b3329e77d620 tempest-AttachVolumeNegativeTest-1331093451 tempest-AttachVolumeNegativeTest-1331093451-project] Attributes excluded by policy engine: ['standard_attr_id', 'binding:profile', 'binding:host_id', 'binding:vif_type', 'binding:vif_details'] {{(pid=91549) _exclude_attributes_by_policy /opt/stack/neutron/neutron/pecan_wsgi/hooks/policy_enforcement.py:255}}
May 21 15:21:44.420093 dv-cinder-792299-3-iscsi neutron-server[91549]: INFO neutron.wsgi [req-149a28b3-b948-489f-8a8d-d05f06f2eeb9 req-8d337676-fd0d-4790-a7dc-b3329e77d620 tempest-AttachVolumeNegativeTest-1331093451 tempest-AttachVolumeNegativeTest-1331093451-project] 10.222.0.69 "GET /v2.0/ports?device_id=3fd0f3d1-318d-4077-963b-2f7a7d95b23a HTTP/1.1" status: 200 len: 945 time: 0.0828569
May 21 15:21:44.468738 dv-cinder-792299-3-iscsi neutron-server[91549]: INFO neutron.wsgi [req-149a28b3-b948-489f-8a8d-d05f06f2eeb9 req-e4e757ac-a98b-477f-9003-f71b38973315 tempest-AttachVolumeNegativeTest-1331093451 tempest-AttachVolumeNegativeTest-1331093451-project] 10.222.0.69 "GET /v2.0/security-groups?id=d3b78fdd-8b23-431a-a677-c884f9e23eab&fields=id&fields=name HTTP/1.1" status: 200 len: 286 time: 0.0430691
May 21 15:21:44.794306 dv-cinder-792299-3-iscsi neutron-server[91550]: DEBUG neutron.plugins.ml2.rpc [None req-5eef37c5-1683-4df7-99b1-3db32a5c991c None None] Device ef47a698-e886-4aee-b4fc-94139d8e5975 up at agent hyperv_hv-cinder-79229 {{(pid=91550) update_device_up /opt/stack/neutron/neutron/plugins/ml2/rpc.py:278}}
May 21 15:21:44.823671 dv-cinder-792299-3-iscsi neutron-server[91548]: DEBUG neutron.api.v2.base [req-659c1053-601d-4b77-92b2-13baaf592a4b req-d1e50600-e766-4f46-ba07-89bb3c01b8c1 service neutron] Request body: {'port': {'device_id': 'be512a37-5ce9-4914-8807-04f8f80ad54e', 'device_owner': 'compute:nova', 'binding:host_id': 'hv-cinder-79229'}} {{(pid=91548) prepare_request_body /opt/stack/neutron/neutron/api/v2/base.py:729}}
May 21 15:21:44.878053 dv-cinder-792299-3-iscsi neutron-server[91550]: DEBUG neutron.db.provisioning_blocks [None req-5eef37c5-1683-4df7-99b1-3db32a5c991c None None] Provisioning for port ef47a698-e886-4aee-b4fc-94139d8e5975 completed by entity L2. {{(pid=91550) provisioning_complete /opt/stack/neutron/neutron/db/provisioning_blocks.py:133}}
May 21 15:21:44.882853 dv-cinder-792299-3-iscsi neutron-server[91550]: DEBUG neutron.db.provisioning_blocks [None req-5eef37c5-1683-4df7-99b1-3db32a5c991c None None] Provisioning complete for port ef47a698-e886-4aee-b4fc-94139d8e5975 triggered by entity L2. {{(pid=91550) provisioning_complete /opt/stack/neutron/neutron/db/provisioning_blocks.py:139}}
May 21 15:21:44.883493 dv-cinder-792299-3-iscsi neutron-server[91550]: DEBUG neutron_lib.callbacks.manager [None req-5eef37c5-1683-4df7-99b1-3db32a5c991c None None] Notify callbacks ['neutron.plugins.ml2.plugin.Ml2Plugin._port_provisioned-711307'] for port, provisioning_complete {{(pid=91550) _notify_loop /usr/local/lib/python3.8/dist-packages/neutron_lib/callbacks/manager.py:192}}
May 21 15:21:45.025750 dv-cinder-792299-3-iscsi neutron-server[91550]: DEBUG neutron_lib.callbacks.manager [None req-5eef37c5-1683-4df7-99b1-3db32a5c991c None None] Notify callbacks ['neutron.plugins.ml2.plugin.SecurityGroupDbMixin._ensure_default_security_group_handler_port-578643'] for port, before_update {{(pid=91550) _notify_loop /usr/local/lib/python3.8/dist-packages/neutron_lib/callbacks/manager.py:192}}
May 21 15:21:45.064485 dv-cinder-792299-3-iscsi neutron-server[91550]: DEBUG neutron.plugins.ml2.db [None req-5eef37c5-1683-4df7-99b1-3db32a5c991c None None] For port ef47a698-e886-4aee-b4fc-94139d8e5975, host hv-cinder-79229, got binding levels [PortBindingLevel(driver='hyperv',host='hv-cinder-79229',level=0,port_id=ef47a698-e886-4aee-b4fc-94139d8e5975,segment=NetworkSegment(2d67f94e-8ecf-4f8b-811f-9d8f4012b1b2),segment_id=2d67f94e-8ecf-4f8b-811f-9d8f4012b1b2)] {{(pid=91550) get_binding_level_objs /opt/stack/neutron/neutron/plugins/ml2/db.py:75}}
May 21 15:21:45.065889 dv-cinder-792299-3-iscsi neutron-server[91550]: DEBUG neutron.notifiers.nova [-] Sending events: [{'server_uuid': '3fd0f3d1-318d-4077-963b-2f7a7d95b23a', 'name': 'network-vif-plugged', 'status': 'completed', 'tag': 'ef47a698-e886-4aee-b4fc-94139d8e5975'}] {{(pid=91550) send_events /opt/stack/neutron/neutron/notifiers/nova.py:262}}
May 21 15:21:45.071936 dv-cinder-792299-3-iscsi neutron-server[91550]: DEBUG neutron_lib.callbacks.manager [None req-5eef37c5-1683-4df7-99b1-3db32a5c991c None None] Notify callbacks ['neutron.plugins.ml2.plugin.SecurityGroupServerNotifierRpcMixin.notify_sg_on_port_change-578690', 'neutron.plugins.ml2.ovo_rpc._ObjectChangeHandler.handle_event-158381', 'neutron.api.rpc.agentnotifiers.dhcp_rpc_agent_api.DhcpAgentNotifyAPI._native_event_send_dhcp_notification-1697757', 'neutron.db.l3_db.L3RpcNotifierMixin._notify_gateway_port_ip_changed-8730419690177', 'neutron.db.l3_dvrscheduler_db._notify_l3_agent_port_update-8730419340171', 'neutron.db.l3_hascheduler_db._notify_l3_agent_ha_port_update-8730419340216'] for port, after_update {{(pid=91550) _notify_loop /usr/local/lib/python3.8/dist-packages/neutron_lib/callbacks/manager.py:192}}
May 21 15:21:45.073804 dv-cinder-792299-3-iscsi neutron-server[91550]: DEBUG oslo_concurrency.lockutils [None req-5eef37c5-1683-4df7-99b1-3db32a5c991c None None] Lock "event-dispatch" acquired by "neutron.plugins.ml2.ovo_rpc._ObjectChangeHandler.dispatch_events" :: waited 0.000s {{(pid=91550) inner /usr/local/lib/python3.8/dist-packages/oslo_concurrency/lockutils.py:355}}
May 21 15:21:45.151799 dv-cinder-792299-3-iscsi neutron-server[91549]: DEBUG neutron.pecan_wsgi.hooks.policy_enforcement [req-9a9caa52-ee95-48c9-a312-5381c277ae34 req-9879bac4-0ab4-45ab-b2f7-fa05cebfb2cb tempest-ServerRescueNegativeTestJSON-1734040754 tempest-ServerRescueNegativeTestJSON-1734040754-project] Attributes excluded by policy engine: ['standard_attr_id', 'binding:profile', 'binding:host_id', 'binding:vif_type', 'binding:vif_details'] {{(pid=91549) _exclude_attributes_by_policy /opt/stack/neutron/neutron/pecan_wsgi/hooks/policy_enforcement.py:255}}
May 21 15:21:45.154707 dv-cinder-792299-3-iscsi neutron-server[91550]: DEBUG neutron.api.rpc.handlers.resources_rpc [None req-5eef37c5-1683-4df7-99b1-3db32a5c991c None None] Pushing event updated for resources: {'Port': ['ID=ef47a698-e886-4aee-b4fc-94139d8e5975,revision_number=5']} {{(pid=91550) push /opt/stack/neutron/neutron/api/rpc/handlers/resources_rpc.py:237}}
May 21 15:21:45.161847 dv-cinder-792299-3-iscsi neutron-server[91550]: DEBUG oslo_concurrency.lockutils [None req-5eef37c5-1683-4df7-99b1-3db32a5c991c None None] Lock "event-dispatch" released by "neutron.plugins.ml2.ovo_rpc._ObjectChangeHandler.dispatch_events" :: held 0.088s {{(pid=91550) inner /usr/local/lib/python3.8/dist-packages/oslo_concurrency/lockutils.py:367}}
May 21 15:21:45.169458 dv-cinder-792299-3-iscsi neutron-server[91549]: INFO neutron.wsgi [req-9a9caa52-ee95-48c9-a312-5381c277ae34 req-9879bac4-0ab4-45ab-b2f7-fa05cebfb2cb tempest-ServerRescueNegativeTestJSON-1734040754 tempest-ServerRescueNegativeTestJSON-1734040754-project] 10.222.0.69 "GET /v2.0/ports?device_id=be512a37-5ce9-4914-8807-04f8f80ad54e HTTP/1.1" status: 200 len: 931 time: 0.1750009
May 21 15:21:45.172893 dv-cinder-792299-3-iscsi neutron-server[91548]: DEBUG neutron_lib.callbacks.manager [req-659c1053-601d-4b77-92b2-13baaf592a4b req-d1e50600-e766-4f46-ba07-89bb3c01b8c1 service neutron] Notify callbacks ['neutron.plugins.ml2.plugin.SecurityGroupDbMixin._ensure_default_security_group_handler_port-578643'] for port, before_update {{(pid=91548) _notify_loop /usr/local/lib/python3.8/dist-packages/neutron_lib/callbacks/manager.py:192}}
May 21 15:21:45.190502 dv-cinder-792299-3-iscsi neutron-server[91548]: DEBUG neutron.pecan_wsgi.hooks.policy_enforcement [req-0dbdc6c9-193f-4bf6-a0de-b545686009f2 req-c4496803-2fef-4d39-893c-c3c90eae806e service neutron] Attributes excluded by policy engine: ['standard_attr_id'] {{(pid=91548) _exclude_attributes_by_policy /opt/stack/neutron/neutron/pecan_wsgi/hooks/policy_enforcement.py:255}}
May 21 15:21:45.192356 dv-cinder-792299-3-iscsi neutron-server[91550]: INFO neutron.notifiers.nova [-] Nova event response: {'server_uuid': '3fd0f3d1-318d-4077-963b-2f7a7d95b23a', 'name': 'network-vif-plugged', 'status': 'completed', 'tag': 'ef47a698-e886-4aee-b4fc-94139d8e5975', 'code': 200}
May 21 15:21:45.192742 dv-cinder-792299-3-iscsi neutron-server[91548]: INFO neutron.wsgi [req-0dbdc6c9-193f-4bf6-a0de-b545686009f2 req-c4496803-2fef-4d39-893c-c3c90eae806e service neutron] 10.222.0.68 "GET /v2.0/ports?tenant_id=0fc01a07398c478fb3a1b2d71b22bbeb&device_id=5d88d55e-b9b2-4cfe-916e-c2899e3fc98f HTTP/1.1" status: 200 len: 1096 time: 0.3423083
May 21 15:21:45.240310 dv-cinder-792299-3-iscsi neutron-server[91550]: DEBUG neutron_lib.callbacks.manager [None req-dd623ceb-ba44-48ab-a92b-5c9a116f50f3 None None] Notify callbacks ['neutron.services.segments.db._update_segment_host_mapping_for_agent-8730419783006', 'neutron.plugins.ml2.plugin.Ml2Plugin._retry_binding_revived_agents-711418'] for agent, after_update {{(pid=91550) _notify_loop /usr/local/lib/python3.8/dist-packages/neutron_lib/callbacks/manager.py:192}}
May 21 15:21:45.254413 dv-cinder-792299-3-iscsi neutron-server[91549]: INFO neutron.wsgi [req-9a9caa52-ee95-48c9-a312-5381c277ae34 req-f44d8cc6-ee1c-462a-9a6e-53f68c04a01d tempest-ServerRescueNegativeTestJSON-1734040754 tempest-ServerRescueNegativeTestJSON-1734040754-project] 10.222.0.69 "GET /v2.0/security-groups?id=b724d26e-82ce-4aac-8ea4-e44cfd253ab0&fields=id&fields=name HTTP/1.1" status: 200 len: 286 time: 0.0831048
May 21 15:21:45.513257 dv-cinder-792299-3-iscsi neutron-server[91548]: DEBUG neutron.pecan_wsgi.hooks.policy_enforcement [req-0dbdc6c9-193f-4bf6-a0de-b545686009f2 req-e0653d0e-1b99-4473-9b4f-39b18c157b93 service neutron] Attributes excluded by policy engine: ['standard_attr_id', 'vlan_transparent'] {{(pid=91548) _exclude_attributes_by_policy /opt/stack/neutron/neutron/pecan_wsgi/hooks/policy_enforcement.py:255}}
May 21 15:21:45.515180 dv-cinder-792299-3-iscsi neutron-server[91548]: INFO neutron.wsgi [req-0dbdc6c9-193f-4bf6-a0de-b545686009f2 req-e0653d0e-1b99-4473-9b4f-39b18c157b93 service neutron] 10.222.0.68 "GET /v2.0/networks?tenant_id=0fc01a07398c478fb3a1b2d71b22bbeb&shared=False HTTP/1.1" status: 200 len: 919 time: 0.2930024
May 21 15:21:45.732617 dv-cinder-792299-3-iscsi neutron-server[91548]: DEBUG neutron.notifiers.nova [req-659c1053-601d-4b77-92b2-13baaf592a4b req-d1e50600-e766-4f46-ba07-89bb3c01b8c1 service neutron] Ignoring state change previous_port_status: DOWN current_port_status: DOWN port_id 5df660a9-edbd-44d1-9e02-0d036fb5652c {{(pid=91548) record_port_status_changed /opt/stack/neutron/neutron/notifiers/nova.py:224}}
May 21 15:21:45.739953 dv-cinder-792299-3-iscsi neutron-server[91548]: DEBUG neutron_lib.callbacks.manager [req-659c1053-601d-4b77-92b2-13baaf592a4b req-d1e50600-e766-4f46-ba07-89bb3c01b8c1 service neutron] Notify callbacks [] for port, precommit_update {{(pid=91548) _notify_loop /usr/local/lib/python3.8/dist-packages/neutron_lib/callbacks/manager.py:192}}
May 21 15:21:45.740121 dv-cinder-792299-3-iscsi neutron-server[91549]: DEBUG neutron.pecan_wsgi.hooks.policy_enforcement [req-b3f6495e-c11c-4945-b0fc-327acec9fae2 req-540370ce-afe4-419e-b0cc-e4b014bdee74 tempest-AttachVolumeNegativeTest-1331093451 tempest-AttachVolumeNegativeTest-1331093451-project] Attributes excluded by policy engine: ['standard_attr_id', 'binding:profile', 'binding:host_id', 'binding:vif_type', 'binding:vif_details'] {{(pid=91549) _exclude_attributes_by_policy /opt/stack/neutron/neutron/pecan_wsgi/hooks/policy_enforcement.py:255}}
May 21 15:21:45.741944 dv-cinder-792299-3-iscsi neutron-server[91549]: INFO neutron.wsgi [req-b3f6495e-c11c-4945-b0fc-327acec9fae2 req-540370ce-afe4-419e-b0cc-e4b014bdee74 tempest-AttachVolumeNegativeTest-1331093451 tempest-AttachVolumeNegativeTest-1331093451-project] 10.222.0.69 "GET /v2.0/ports?device_id=3fd0f3d1-318d-4077-963b-2f7a7d95b23a HTTP/1.1" status: 200 len: 946 time: 0.0852439
May 21 15:21:45.754287 dv-cinder-792299-3-iscsi neutron-server[91548]: DEBUG neutron.db.provisioning_blocks [req-659c1053-601d-4b77-92b2-13baaf592a4b req-d1e50600-e766-4f46-ba07-89bb3c01b8c1 service neutron] Transition to ACTIVE for port object 5df660a9-edbd-44d1-9e02-0d036fb5652c will not be triggered until provisioned by entity L2. {{(pid=91548) add_provisioning_component /opt/stack/neutron/neutron/db/provisioning_blocks.py:73}}
