Jul 07 12:56:29.274088 dv-cinder-792209-6-iscsi devstack@c-api.service[99804]: /usr/local/lib/python3.8/dist-packages/oslo_context/context.py:105: DeprecationWarning: Policy enforcement is depending on the value of is_admin. This key is deprecated. Please update your policy file to use the standard policy values.
Jul 07 12:56:29.274088 dv-cinder-792209-6-iscsi devstack@c-api.service[99804]: warnings.warn('Policy enforcement is depending on the value of '
Jul 07 12:56:29.276963 dv-cinder-792209-6-iscsi devstack@c-api.service[99804]: INFO cinder.volume.api [None req-63704693-134c-4ed1-8bf9-e37409d57235 tempest-SnapshotsActionsTest-1220748150 tempest-SnapshotsActionsTest-1220748150-project] Snapshot retrieved successfully.
Jul 07 12:56:29.278620 dv-cinder-792209-6-iscsi devstack@c-api.service[99804]: INFO cinder.api.openstack.wsgi [None req-63704693-134c-4ed1-8bf9-e37409d57235 tempest-SnapshotsActionsTest-1220748150 tempest-SnapshotsActionsTest-1220748150-project] http://10.222.0.21/volume/v3/8c2f505457a04b82a1defad693758b04/snapshots/bb700245-34f8-4ade-bf11-f9b446460123 returned with HTTP 200
Jul 07 12:56:29.283628 dv-cinder-792209-6-iscsi devstack@c-api.service[99804]: [pid: 99804|app: 0|req: 89/191] 10.222.0.21 () {58 vars in 1331 bytes} [Wed Jul 7 12:56:29 2021] GET /volume/v3/8c2f505457a04b82a1defad693758b04/snapshots/bb700245-34f8-4ade-bf11-f9b446460123 => generated 439 bytes in 25 msecs (HTTP/1.1 200) 7 headers in 285 bytes (1 switches on core 0)
Jul 07 12:56:29.289724 dv-cinder-792209-6-iscsi devstack@c-api.service[99804]: INFO cinder.api.openstack.wsgi [None req-042a8b2a-c750-4a83-9a71-cc0d3945d8d3 tempest-GroupsTest-610569940 tempest-GroupsTest-610569940-project] GET http://10.222.0.21/volume/v3/3631800c36014f50b38b46a16625972b/volumes/465c3adf-1046-43ff-b2ff-88a8329445f9
Jul 07 12:56:29.290435 dv-cinder-792209-6-iscsi devstack@c-api.service[99804]: DEBUG cinder.api.openstack.wsgi [None req-042a8b2a-c750-4a83-9a71-cc0d3945d8d3 tempest-GroupsTest-610569940 tempest-GroupsTest-610569940-project] Empty body provided in request {{(pid=99804) get_body /opt/stack/cinder/cinder/api/openstack/wsgi.py:713}}
Jul 07 12:56:29.291323 dv-cinder-792209-6-iscsi devstack@c-api.service[99804]: /usr/local/lib/python3.8/dist-packages/webob/acceptparse.py:1047: DeprecationWarning: The behavior of AcceptValidHeader.best_match is currently being maintained for backward compatibility, but it will be deprecated in the future, as it does not conform to the RFC.
Jul 07 12:56:29.291323 dv-cinder-792209-6-iscsi devstack@c-api.service[99804]: warnings.warn(
Jul 07 12:56:29.291947 dv-cinder-792209-6-iscsi devstack@c-api.service[99804]: DEBUG cinder.api.openstack.wsgi [None req-042a8b2a-c750-4a83-9a71-cc0d3945d8d3 tempest-GroupsTest-610569940 tempest-GroupsTest-610569940-project] Calling method 'show' {{(pid=99804) _process_stack /opt/stack/cinder/cinder/api/openstack/wsgi.py:866}}
Jul 07 12:56:29.320730 dv-cinder-792209-6-iscsi devstack@c-api.service[99804]: /usr/local/lib/python3.8/dist-packages/oslo_context/context.py:105: DeprecationWarning: Policy enforcement is depending on the value of is_admin. This key is deprecated. Please update your policy file to use the standard policy values.
Jul 07 12:56:29.320730 dv-cinder-792209-6-iscsi devstack@c-api.service[99804]: warnings.warn('Policy enforcement is depending on the value of '
Jul 07 12:56:29.334589 dv-cinder-792209-6-iscsi devstack@c-api.service[99804]: INFO cinder.volume.api [None req-042a8b2a-c750-4a83-9a71-cc0d3945d8d3 tempest-GroupsTest-610569940 tempest-GroupsTest-610569940-project] Volume info retrieved successfully.
Jul 07 12:56:29.337140 dv-cinder-792209-6-iscsi devstack@c-api.service[99803]: DEBUG cinder.volume.api [None req-48176b2d-4846-4621-9196-a5e078e1bd21 tempest-AbsoluteLimitsTests-1976374154 tempest-AbsoluteLimitsTests-1976374154-project] Task 'cinder.volume.flows.api.create_volume.ExtractVolumeRequestTask;volume:create' (d0998e20-1a88-4744-b4a6-5ed43aba7fac) transitioned into state 'SUCCESS' from state 'RUNNING' with result '{'size': 1, 'snapshot_id': None, 'source_volid': None, 'volume_type': VolumeType(created_at=2021-07-07T12:46:45Z,deleted=False,deleted_at=None,description='Default Volume Type',extra_specs={},id=48281dfb-27f3-4aae-848f-4b1f67156eb8,is_public=True,name='__DEFAULT__',projects=[],qos_specs=,qos_specs_id=None,updated_at=2021-07-07T12:46:45Z), 'volume_type_id': '48281dfb-27f3-4aae-848f-4b1f67156eb8', 'encryption_key_id': None, 'qos_specs': None, 'consistencygroup_id': None, 'cgsnapshot_id': None, 'group_id': None, 'replication_status': 'disabled', 'refresh_az': False, 'backup_id': None, 'multiattach': False, 'availability_zones': ['nova']}' {{(pid=99803) _task_receiver /usr/local/lib/python3.8/dist-packages/taskflow/listeners/logging.py:178}}
Jul 07 12:56:29.343148 dv-cinder-792209-6-iscsi devstack@c-api.service[99804]: WARNING stevedore.named [None req-042a8b2a-c750-4a83-9a71-cc0d3945d8d3 tempest-GroupsTest-610569940 tempest-GroupsTest-610569940-project] Could not load cinder.keymgr.conf_key_mgr.ConfKeyManager
Jul 07 12:56:29.344144 dv-cinder-792209-6-iscsi devstack@c-api.service[99804]: WARNING castellan.key_manager [None req-042a8b2a-c750-4a83-9a71-cc0d3945d8d3 tempest-GroupsTest-610569940 tempest-GroupsTest-610569940-project] Deprecation Warning : cinder.keymgr.conf_key_mgr.ConfKeyManager is not a stevedore based driver, trying to load it as a class: stevedore.exception.NoMatches: No 'castellan.drivers' driver found, looking for 'cinder.keymgr.conf_key_mgr.ConfKeyManager'
Jul 07 12:56:29.345831 dv-cinder-792209-6-iscsi devstack@c-api.service[99803]: DEBUG cinder.volume.api [None req-48176b2d-4846-4621-9196-a5e078e1bd21 tempest-AbsoluteLimitsTests-1976374154 tempest-AbsoluteLimitsTests-1976374154-project] Task 'cinder.volume.flows.api.create_volume.QuotaReserveTask;volume:create' (530008a6-523d-4ae2-9f80-016910cb52eb) transitioned into state 'RUNNING' from state 'PENDING' {{(pid=99803) _task_receiver /usr/local/lib/python3.8/dist-packages/taskflow/listeners/logging.py:190}}
Jul 07 12:56:29.353731 dv-cinder-792209-6-iscsi devstack@c-api.service[99804]: DEBUG oslo_db.sqlalchemy.engines [None req-042a8b2a-c750-4a83-9a71-cc0d3945d8d3 tempest-GroupsTest-610569940 tempest-GroupsTest-610569940-project] MySQL server mode set to STRICT_TRANS_TABLES,STRICT_ALL_TABLES,NO_ZERO_IN_DATE,NO_ZERO_DATE,ERROR_FOR_DIVISION_BY_ZERO,TRADITIONAL,NO_ENGINE_SUBSTITUTION {{(pid=99804) _check_effective_sql_mode /usr/local/lib/python3.8/dist-packages/oslo_db/sqlalchemy/engines.py:314}}
Jul 07 12:56:29.362618 dv-cinder-792209-6-iscsi devstack@c-api.service[99804]: /usr/local/lib/python3.8/dist-packages/oslo_context/context.py:105: DeprecationWarning: Policy enforcement is depending on the value of is_admin. This key is deprecated. Please update your policy file to use the standard policy values.
Jul 07 12:56:29.362618 dv-cinder-792209-6-iscsi devstack@c-api.service[99804]: warnings.warn('Policy enforcement is depending on the value of '
Jul 07 12:56:29.390357 dv-cinder-792209-6-iscsi devstack@c-api.service[99804]: INFO cinder.api.openstack.wsgi [None req-042a8b2a-c750-4a83-9a71-cc0d3945d8d3 tempest-GroupsTest-610569940 tempest-GroupsTest-610569940-project] http://10.222.0.21/volume/v3/3631800c36014f50b38b46a16625972b/volumes/465c3adf-1046-43ff-b2ff-88a8329445f9 returned with HTTP 200
Jul 07 12:56:29.393542 dv-cinder-792209-6-iscsi devstack@c-api.service[99804]: [pid: 99804|app: 0|req: 90/192] 10.222.0.21 () {60 vars in 1366 bytes} [Wed Jul 7 12:56:29 2021] GET /volume/v3/3631800c36014f50b38b46a16625972b/volumes/465c3adf-1046-43ff-b2ff-88a8329445f9 => generated 983 bytes in 108 msecs (HTTP/1.1 200) 7 headers in 286 bytes (1 switches on core 0)
Jul 07 12:56:29.404527 dv-cinder-792209-6-iscsi devstack@c-api.service[99804]: INFO cinder.api.openstack.wsgi [None req-ef2b58b9-9660-4c62-97e1-b9ccf7de9b3d tempest-GroupTypeSpecsTest-47853954 tempest-GroupTypeSpecsTest-47853954-project-admin] POST http://10.222.0.21/volume/v3/56633b3f3f0b4737ae08e2452389ed77/group_types/5b905bd7-294a-4917-bff5-bee718d1bc88/group_specs
Jul 07 12:56:29.405169 dv-cinder-792209-6-iscsi devstack@c-api.service[99804]: /usr/local/lib/python3.8/dist-packages/webob/acceptparse.py:1047: DeprecationWarning: The behavior of AcceptValidHeader.best_match is currently being maintained for backward compatibility, but it will be deprecated in the future, as it does not conform to the RFC.
Jul 07 12:56:29.405169 dv-cinder-792209-6-iscsi devstack@c-api.service[99804]: warnings.warn(
Jul 07 12:56:29.405795 dv-cinder-792209-6-iscsi devstack@c-api.service[99804]: DEBUG cinder.api.openstack.wsgi [None req-ef2b58b9-9660-4c62-97e1-b9ccf7de9b3d tempest-GroupTypeSpecsTest-47853954 tempest-GroupTypeSpecsTest-47853954-project-admin] Action: 'create', calling method: version_select, body: {"group_specs": {"key2": "value2-updated", "key3": "value3"}} {{(pid=99804) _process_stack /opt/stack/cinder/cinder/api/openstack/wsgi.py:864}}
Jul 07 12:56:29.446780 dv-cinder-792209-6-iscsi devstack@c-api.service[99803]: DEBUG cinder.quota [None req-48176b2d-4846-4621-9196-a5e078e1bd21 tempest-AbsoluteLimitsTests-1976374154 tempest-AbsoluteLimitsTests-1976374154-project] Created reservations ['e627ced9-6479-4cc8-92f9-2a461b821e70', 'e31e4e09-e29d-4725-86b9-605a3b784449', '63fb21da-cbc8-4a2a-8cf6-e94639fab08d', 'e5f4610c-87fe-4e64-a217-b761df3f6c7d'] {{(pid=99803) reserve /opt/stack/cinder/cinder/quota.py:755}}
Jul 07 12:56:29.449371 dv-cinder-792209-6-iscsi devstack@c-api.service[99803]: DEBUG cinder.volume.api [None req-48176b2d-4846-4621-9196-a5e078e1bd21 tempest-AbsoluteLimitsTests-1976374154 tempest-AbsoluteLimitsTests-1976374154-project] Task 'cinder.volume.flows.api.create_volume.QuotaReserveTask;volume:create' (530008a6-523d-4ae2-9f80-016910cb52eb) transitioned into state 'SUCCESS' from state 'RUNNING' with result '{'reservations': ['e627ced9-6479-4cc8-92f9-2a461b821e70', 'e31e4e09-e29d-4725-86b9-605a3b784449', '63fb21da-cbc8-4a2a-8cf6-e94639fab08d', 'e5f4610c-87fe-4e64-a217-b761df3f6c7d']}' {{(pid=99803) _task_receiver /usr/local/lib/python3.8/dist-packages/taskflow/listeners/logging.py:178}}
Jul 07 12:56:29.455107 dv-cinder-792209-6-iscsi devstack@c-api.service[99804]: INFO cinder.api.openstack.wsgi [None req-ef2b58b9-9660-4c62-97e1-b9ccf7de9b3d tempest-GroupTypeSpecsTest-47853954 tempest-GroupTypeSpecsTest-47853954-project-admin] http://10.222.0.21/volume/v3/56633b3f3f0b4737ae08e2452389ed77/group_types/5b905bd7-294a-4917-bff5-bee718d1bc88/group_specs returned with HTTP 202
Jul 07 12:56:29.456218 dv-cinder-792209-6-iscsi devstack@c-api.service[99803]: DEBUG cinder.volume.api [None req-48176b2d-4846-4621-9196-a5e078e1bd21 tempest-AbsoluteLimitsTests-1976374154 tempest-AbsoluteLimitsTests-1976374154-project] Task 'cinder.volume.flows.api.create_volume.EntryCreateTask;volume:create' (25aa6c72-0444-45db-8d9b-62289421680c) transitioned into state 'RUNNING' from state 'PENDING' {{(pid=99803) _task_receiver /usr/local/lib/python3.8/dist-packages/taskflow/listeners/logging.py:190}}
Jul 07 12:56:29.458207 dv-cinder-792209-6-iscsi devstack@c-api.service[99804]: [pid: 99804|app: 0|req: 91/193] 10.222.0.21 () {62 vars in 1435 bytes} [Wed Jul 7 12:56:29 2021] POST /volume/v3/56633b3f3f0b4737ae08e2452389ed77/group_types/5b905bd7-294a-4917-bff5-bee718d1bc88/group_specs => generated 61 bytes in 64 msecs (HTTP/1.1 202) 7 headers in 291 bytes (1 switches on core 0)
Jul 07 12:56:29.465141 dv-cinder-792209-6-iscsi devstack@c-api.service[99804]: INFO cinder.api.openstack.wsgi [None req-a9aa4db4-eb58-4288-a26c-08372ec260ba tempest-GroupsTest-610569940 tempest-GroupsTest-610569940-project] POST http://10.222.0.21/volume/v3/3631800c36014f50b38b46a16625972b/volumes
Jul 07 12:56:29.466173 dv-cinder-792209-6-iscsi devstack@c-api.service[99804]: DEBUG cinder.api.openstack.wsgi [None req-a9aa4db4-eb58-4288-a26c-08372ec260ba tempest-GroupsTest-610569940 tempest-GroupsTest-610569940-project] Action: 'create', calling method: create, body: {"volume": {"volume_type": "8590fb57-6c19-4d54-a20b-c9c4978f819e", "group_id": "4b4449c2-d410-43bc-b9c3-6d71543505a6", "size": 1, "name": "tempest-GroupsTest-Volume-2076478615"}} {{(pid=99804) _process_stack /opt/stack/cinder/cinder/api/openstack/wsgi.py:864}}
Jul 07 12:56:29.467473 dv-cinder-792209-6-iscsi devstack@c-api.service[99804]: DEBUG cinder.api.v3.volumes [None req-a9aa4db4-eb58-4288-a26c-08372ec260ba tempest-GroupsTest-610569940 tempest-GroupsTest-610569940-project] Create volume request body: {'volume': {'volume_type': '8590fb57-6c19-4d54-a20b-c9c4978f819e', 'group_id': '4b4449c2-d410-43bc-b9c3-6d71543505a6', 'size': 1, 'name': 'tempest-GroupsTest-Volume-2076478615'}} {{(pid=99804) create /opt/stack/cinder/cinder/api/v3/volumes.py:289}}
Jul 07 12:56:29.481594 dv-cinder-792209-6-iscsi devstack@c-api.service[99804]: /usr/local/lib/python3.8/dist-packages/oslo_context/context.py:105: DeprecationWarning: Policy enforcement is depending on the value of is_admin. This key is deprecated. Please update your policy file to use the standard policy values.
Jul 07 12:56:29.481594 dv-cinder-792209-6-iscsi devstack@c-api.service[99804]: warnings.warn('Policy enforcement is depending on the value of '
Jul 07 12:56:29.483207 dv-cinder-792209-6-iscsi devstack@c-api.service[99804]: INFO cinder.api.v3.volumes [None req-a9aa4db4-eb58-4288-a26c-08372ec260ba tempest-GroupsTest-610569940 tempest-GroupsTest-610569940-project] Create volume of 1 GB
Jul 07 12:56:29.495612 dv-cinder-792209-6-iscsi devstack@c-api.service[99803]: DEBUG cinder.volume.api [None req-48176b2d-4846-4621-9196-a5e078e1bd21 tempest-AbsoluteLimitsTests-1976374154 tempest-AbsoluteLimitsTests-1976374154-project] Task 'cinder.volume.flows.api.create_volume.EntryCreateTask;volume:create' (25aa6c72-0444-45db-8d9b-62289421680c) transitioned into state 'SUCCESS' from state 'RUNNING' with result '{'volume_id': 'a50a1343-a017-48de-baf4-f561de862c01', 'volume_properties': VolumeProperties(attach_status='detached',availability_zone='nova',cgsnapshot_id=None,consistencygroup_id=None,display_description=None,display_name='tempest-AbsoluteLimitsTests-Volume-1619886961',encryption_key_id=None,group_id=None,group_type_id=,metadata={},multiattach=False,project_id='5b9e69ec63c24269bdfa41eefc7b69cf',qos_specs=None,replication_status=,reservations=['e627ced9-6479-4cc8-92f9-2a461b821e70','e31e4e09-e29d-4725-86b9-605a3b784449','63fb21da-cbc8-4a2a-8cf6-e94639fab08d','e5f4610c-87fe-4e64-a217-b761df3f6c7d'],size=1,snapshot_id=None,source_replicaid=,source_volid=None,status='creating',user_id='86c53f7b0cd748d8a8a30a2f4c9d557b',volume_type_id=48281dfb-27f3-4aae-848f-4b1f67156eb8), 'volume': Volume(_name_id=None,admin_metadata=,attach_status='detached',availability_zone='nova',bootable=False,cluster=,cluster_name=None,consistencygroup=,consistencygroup_id=None,created_at=2021-07-07T12:56:29Z,deleted=False,deleted_at=None,display_description=None,display_name='tempest-AbsoluteLimitsTests-Volume-1619886961',ec2_id=None,encryption_key_id=None,glance_metadata=,group=,group_id=None,host=None,id=a50a1343-a017-48de-baf4-f561de862c01,launched_at=None,metadata={},migration_status=None,multiattach=False,previous_status=None,project_id='5b9e69ec63c24269bdfa41eefc7b69cf',provider_auth=None,provider_geometry=None,provider_id=None,provider_location=None,replication_driver_data=None,replication_extended_status=None,replication_status=None,scheduled_at=None,service_uuid=None,shared_targets=True,size=1,snapshot_id=None,snapshots=,source_volid=None,status='creating',terminated_at=None,updated_at=None,user_id='86c53f7b0cd748d8a8a30a2f4c9d557b',volume_attachment=,volume_type=VolumeType(48281dfb-27f3-4aae-848f-4b1f67156eb8),volume_type_id=48281dfb-27f3-4aae-848f-4b1f67156eb8)}' {{(pid=99803) _task_receiver /usr/local/lib/python3.8/dist-packages/taskflow/listeners/logging.py:178}}
Jul 07 12:56:29.498182 dv-cinder-792209-6-iscsi devstack@c-api.service[99803]: DEBUG cinder.volume.api [None req-48176b2d-4846-4621-9196-a5e078e1bd21 tempest-AbsoluteLimitsTests-1976374154 tempest-AbsoluteLimitsTests-1976374154-project] Task 'cinder.volume.flows.api.create_volume.QuotaCommitTask;volume:create' (6d329c12-14dd-48ef-a933-b3d798fd580a) transitioned into state 'RUNNING' from state 'PENDING' {{(pid=99803) _task_receiver /usr/local/lib/python3.8/dist-packages/taskflow/listeners/logging.py:190}}
Jul 07 12:56:29.500672 dv-cinder-792209-6-iscsi devstack@c-api.service[99804]: INFO cinder.volume.api [None req-a9aa4db4-eb58-4288-a26c-08372ec260ba tempest-GroupsTest-610569940 tempest-GroupsTest-610569940-project] Availability Zones retrieved successfully.
Jul 07 12:56:29.540868 dv-cinder-792209-6-iscsi devstack@c-api.service[99803]: DEBUG cinder.volume.api [None req-48176b2d-4846-4621-9196-a5e078e1bd21 tempest-AbsoluteLimitsTests-1976374154 tempest-AbsoluteLimitsTests-1976374154-project] Task 'cinder.volume.flows.api.create_volume.QuotaCommitTask;volume:create' (6d329c12-14dd-48ef-a933-b3d798fd580a) transitioned into state 'SUCCESS' from state 'RUNNING' with result '{'volume_properties': VolumeProperties(attach_status='detached',availability_zone='nova',cgsnapshot_id=None,consistencygroup_id=None,display_description=None,display_name='tempest-AbsoluteLimitsTests-Volume-1619886961',encryption_key_id=None,group_id=None,group_type_id=,metadata={},multiattach=False,project_id='5b9e69ec63c24269bdfa41eefc7b69cf',qos_specs=None,replication_status=,reservations=['e627ced9-6479-4cc8-92f9-2a461b821e70','e31e4e09-e29d-4725-86b9-605a3b784449','63fb21da-cbc8-4a2a-8cf6-e94639fab08d','e5f4610c-87fe-4e64-a217-b761df3f6c7d'],size=1,snapshot_id=None,source_replicaid=,source_volid=None,status='creating',user_id='86c53f7b0cd748d8a8a30a2f4c9d557b',volume_type_id=48281dfb-27f3-4aae-848f-4b1f67156eb8)}' {{(pid=99803) _task_receiver /usr/local/lib/python3.8/dist-packages/taskflow/listeners/logging.py:178}}
Jul 07 12:56:29.543003 dv-cinder-792209-6-iscsi devstack@c-api.service[99803]: DEBUG cinder.volume.api [None req-48176b2d-4846-4621-9196-a5e078e1bd21 tempest-AbsoluteLimitsTests-1976374154 tempest-AbsoluteLimitsTests-1976374154-project] Task 'cinder.volume.flows.api.create_volume.VolumeCastTask;volume:create' (f3ea969e-7333-487a-b3f8-928cff97b3fe) transitioned into state 'RUNNING' from state 'PENDING' {{(pid=99803) _task_receiver /usr/local/lib/python3.8/dist-packages/taskflow/listeners/logging.py:190}}
Jul 07 12:56:29.549744 dv-cinder-792209-6-iscsi devstack@c-api.service[99804]: DEBUG cinder.volume.api [None req-a9aa4db4-eb58-4288-a26c-08372ec260ba tempest-GroupsTest-610569940 tempest-GroupsTest-610569940-project] Flow 'volume_create_api' (61b67cb7-2b0a-41b3-aa3a-d24b5365b83c) transitioned into state 'RUNNING' from state 'PENDING' {{(pid=99804) _flow_receiver /usr/local/lib/python3.8/dist-packages/taskflow/listeners/logging.py:141}}
Jul 07 12:56:29.561408 dv-cinder-792209-6-iscsi devstack@c-api.service[99804]: DEBUG cinder.volume.api [None req-a9aa4db4-eb58-4288-a26c-08372ec260ba tempest-GroupsTest-610569940 tempest-GroupsTest-610569940-project] Task 'cinder.volume.flows.api.create_volume.ExtractVolumeRequestTask;volume:create' (da996cef-6c51-4327-81d7-a2f2f6b9fc76) transitioned into state 'RUNNING' from state 'PENDING' {{(pid=99804) _task_receiver /usr/local/lib/python3.8/dist-packages/taskflow/listeners/logging.py:190}}
Jul 07 12:56:29.568018 dv-cinder-792209-6-iscsi devstack@c-api.service[99804]: /usr/local/lib/python3.8/dist-packages/oslo_context/context.py:105: DeprecationWarning: Policy enforcement is depending on the value of is_admin. This key is deprecated. Please update your policy file to use the standard policy values.
Jul 07 12:56:29.568018 dv-cinder-792209-6-iscsi devstack@c-api.service[99804]: warnings.warn('Policy enforcement is depending on the value of '
Jul 07 12:56:29.570062 dv-cinder-792209-6-iscsi devstack@c-api.service[99804]: DEBUG cinder.volume.flows.api.create_volume [None req-a9aa4db4-eb58-4288-a26c-08372ec260ba tempest-GroupsTest-610569940 tempest-GroupsTest-610569940-project] Validating volume size '1' using validate_int {{(pid=99804) _extract_size /opt/stack/cinder/cinder/volume/flows/api/create_volume.py:201}}
Jul 07 12:56:29.580882 dv-cinder-792209-6-iscsi devstack@c-api.service[99803]: DEBUG cinder.volume.api [None req-48176b2d-4846-4621-9196-a5e078e1bd21 tempest-AbsoluteLimitsTests-1976374154 tempest-AbsoluteLimitsTests-1976374154-project] Task 'cinder.volume.flows.api.create_volume.VolumeCastTask;volume:create' (f3ea969e-7333-487a-b3f8-928cff97b3fe) transitioned into state 'SUCCESS' from state 'RUNNING' with result 'None' {{(pid=99803) _task_receiver /usr/local/lib/python3.8/dist-packages/taskflow/listeners/logging.py:178}}
Jul 07 12:56:29.583782 dv-cinder-792209-6-iscsi devstack@c-api.service[99803]: DEBUG cinder.volume.api [None req-48176b2d-4846-4621-9196-a5e078e1bd21 tempest-AbsoluteLimitsTests-1976374154 tempest-AbsoluteLimitsTests-1976374154-project] Flow 'volume_create_api' (0109f398-674e-47a2-baab-e1332eba3fa1) transitioned into state 'SUCCESS' from state 'RUNNING' {{(pid=99803) _flow_receiver /usr/local/lib/python3.8/dist-packages/taskflow/listeners/logging.py:141}}
Jul 07 12:56:29.584881 dv-cinder-792209-6-iscsi devstack@c-api.service[99803]: INFO cinder.volume.api [None req-48176b2d-4846-4621-9196-a5e078e1bd21 tempest-AbsoluteLimitsTests-1976374154 tempest-AbsoluteLimitsTests-1976374154-project] Create volume request issued successfully.
Jul 07 12:56:29.592531 dv-cinder-792209-6-iscsi devstack@c-api.service[99803]: INFO cinder.api.openstack.wsgi [None req-48176b2d-4846-4621-9196-a5e078e1bd21 tempest-AbsoluteLimitsTests-1976374154 tempest-AbsoluteLimitsTests-1976374154-project] http://10.222.0.21/volume/v3/5b9e69ec63c24269bdfa41eefc7b69cf/volumes returned with HTTP 202
Jul 07 12:56:29.593933 dv-cinder-792209-6-iscsi devstack@c-api.service[99803]: [pid: 99803|app: 0|req: 103/194] 10.222.0.21 () {60 vars in 1235 bytes} [Wed Jul 7 12:56:28 2021] POST /volume/v3/5b9e69ec63c24269bdfa41eefc7b69cf/volumes => generated 819 bytes in 677 msecs (HTTP/1.1 202) 7 headers in 291 bytes (1 switches on core 0)
Jul 07 12:56:29.601157 dv-cinder-792209-6-iscsi devstack@c-api.service[99804]: DEBUG cinder.volume.api [None req-a9aa4db4-eb58-4288-a26c-08372ec260ba tempest-GroupsTest-610569940 tempest-GroupsTest-610569940-project] Task 'cinder.volume.flows.api.create_volume.ExtractVolumeRequestTask;volume:create' (da996cef-6c51-4327-81d7-a2f2f6b9fc76) transitioned into state 'SUCCESS' from state 'RUNNING' with result '{'size': 1, 'snapshot_id': None, 'source_volid': None, 'volume_type': VolumeType(created_at=2021-07-07T12:56:26Z,deleted=False,deleted_at=None,description=None,extra_specs={},id=8590fb57-6c19-4d54-a20b-c9c4978f819e,is_public=True,name='tempest-GroupsTest-volume-type-243786615',projects=[],qos_specs=,qos_specs_id=None,updated_at=None), 'volume_type_id': '8590fb57-6c19-4d54-a20b-c9c4978f819e', 'encryption_key_id': None, 'qos_specs': None, 'consistencygroup_id': None, 'cgsnapshot_id': None, 'group_id': '4b4449c2-d410-43bc-b9c3-6d71543505a6', 'replication_status': 'disabled', 'refresh_az': False, 'backup_id': None, 'multiattach': False, 'availability_zones': ['nova']}' {{(pid=99804) _task_receiver /usr/local/lib/python3.8/dist-packages/taskflow/listeners/logging.py:178}}
Jul 07 12:56:29.603222 dv-cinder-792209-6-iscsi devstack@c-api.service[99804]: DEBUG cinder.volume.api [None req-a9aa4db4-eb58-4288-a26c-08372ec260ba tempest-GroupsTest-610569940 tempest-GroupsTest-610569940-project] Task 'cinder.volume.flows.api.create_volume.QuotaReserveTask;volume:create' (28e4cc2a-3d2c-4bae-9210-6fcc0083fd7a) transitioned into state 'RUNNING' from state 'PENDING' {{(pid=99804) _task_receiver /usr/local/lib/python3.8/dist-packages/taskflow/listeners/logging.py:190}}
Jul 07 12:56:29.607959 dv-cinder-792209-6-iscsi devstack@c-api.service[99803]: INFO cinder.api.openstack.wsgi [None req-ff57262b-eb4c-4923-bb8e-05a04eb513ab tempest-GroupTypeSpecsTest-47853954 tempest-GroupTypeSpecsTest-47853954-project-admin] GET http://10.222.0.21/volume/v3/56633b3f3f0b4737ae08e2452389ed77/group_types/5b905bd7-294a-4917-bff5-bee718d1bc88/group_specs/key2
Jul 07 12:56:29.608793 dv-cinder-792209-6-iscsi devstack@c-api.service[99803]: DEBUG cinder.api.openstack.wsgi [None req-ff57262b-eb4c-4923-bb8e-05a04eb513ab tempest-GroupTypeSpecsTest-47853954 tempest-GroupTypeSpecsTest-47853954-project-admin] Empty body provided in request {{(pid=99803) get_body /opt/stack/cinder/cinder/api/openstack/wsgi.py:713}}
Jul 07 12:56:29.609174 dv-cinder-792209-6-iscsi devstack@c-api.service[99803]: /usr/local/lib/python3.8/dist-packages/webob/acceptparse.py:1047: DeprecationWarning: The behavior of AcceptValidHeader.best_match is currently being maintained for backward compatibility, but it will be deprecated in the future, as it does not conform to the RFC.
Jul 07 12:56:29.609174 dv-cinder-792209-6-iscsi devstack@c-api.service[99803]: warnings.warn(
Jul 07 12:56:29.609758 dv-cinder-792209-6-iscsi devstack@c-api.service[99803]: DEBUG cinder.api.openstack.wsgi [None req-ff57262b-eb4c-4923-bb8e-05a04eb513ab tempest-GroupTypeSpecsTest-47853954 tempest-GroupTypeSpecsTest-47853954-project-admin] Calling method 'version_select' {{(pid=99803) _process_stack /opt/stack/cinder/cinder/api/openstack/wsgi.py:866}}
Jul 07 12:56:29.610644 dv-cinder-792209-6-iscsi devstack@c-api.service[99803]: /usr/local/lib/python3.8/dist-packages/oslo_context/context.py:105: DeprecationWarning: Policy enforcement is depending on the value of is_admin. This key is deprecated. Please update your policy file to use the standard policy values.
Jul 07 12:56:29.610644 dv-cinder-792209-6-iscsi devstack@c-api.service[99803]: warnings.warn('Policy enforcement is depending on the value of '
Jul 07 12:56:29.624571 dv-cinder-792209-6-iscsi devstack@c-api.service[99803]: INFO cinder.api.openstack.wsgi [None req-ff57262b-eb4c-4923-bb8e-05a04eb513ab tempest-GroupTypeSpecsTest-47853954 tempest-GroupTypeSpecsTest-47853954-project-admin] http://10.222.0.21/volume/v3/56633b3f3f0b4737ae08e2452389ed77/group_types/5b905bd7-294a-4917-bff5-bee718d1bc88/group_specs/key2 returned with HTTP 200
Jul 07 12:56:29.625803 dv-cinder-792209-6-iscsi devstack@c-api.service[99803]: [pid: 99803|app: 0|req: 104/195] 10.222.0.21 () {60 vars in 1429 bytes} [Wed Jul 7 12:56:29 2021] GET /volume/v3/56633b3f3f0b4737ae08e2452389ed77/group_types/5b905bd7-294a-4917-bff5-bee718d1bc88/group_specs/key2 => generated 26 bytes in 31 msecs (HTTP/1.1 200) 7 headers in 285 bytes (1 switches on core 0)
Jul 07 12:56:29.630468 dv-cinder-792209-6-iscsi devstack@c-api.service[99803]: INFO cinder.api.openstack.wsgi [None req-d2a3fd46-8fa9-4868-8525-0d29321318b0 tempest-AbsoluteLimitsTests-1976374154 tempest-AbsoluteLimitsTests-1976374154-project] GET http://10.222.0.21/volume/v3/5b9e69ec63c24269bdfa41eefc7b69cf/volumes/a50a1343-a017-48de-baf4-f561de862c01
Jul 07 12:56:29.631588 dv-cinder-792209-6-iscsi devstack@c-api.service[99803]: DEBUG cinder.api.openstack.wsgi [None req-d2a3fd46-8fa9-4868-8525-0d29321318b0 tempest-AbsoluteLimitsTests-1976374154 tempest-AbsoluteLimitsTests-1976374154-project] Empty body provided in request {{(pid=99803) get_body /opt/stack/cinder/cinder/api/openstack/wsgi.py:713}}
Jul 07 12:56:29.632352 dv-cinder-792209-6-iscsi devstack@c-api.service[99803]: DEBUG cinder.api.openstack.wsgi [None req-d2a3fd46-8fa9-4868-8525-0d29321318b0 tempest-AbsoluteLimitsTests-1976374154 tempest-AbsoluteLimitsTests-1976374154-project] Calling method 'show' {{(pid=99803) _process_stack /opt/stack/cinder/cinder/api/openstack/wsgi.py:866}}
Jul 07 12:56:29.647562 dv-cinder-792209-6-iscsi devstack@c-api.service[99804]: WARNING cinder.quota [None req-a9aa4db4-eb58-4288-a26c-08372ec260ba tempest-GroupsTest-610569940 tempest-GroupsTest-610569940-project] Deprecated: Default quota for resource: volumes_tempest-GroupsTest-volume-type-243786615 is set by the default quota flag: quota_volumes_tempest-GroupsTest-volume-type-243786615, it is now deprecated. Please use the default quota class for default quota.
Jul 07 12:56:29.648335 dv-cinder-792209-6-iscsi devstack@c-api.service[99804]: WARNING cinder.quota [None req-a9aa4db4-eb58-4288-a26c-08372ec260ba tempest-GroupsTest-610569940 tempest-GroupsTest-610569940-project] Deprecated: Default quota for resource: gigabytes_tempest-GroupsTest-volume-type-243786615 is set by the default quota flag: quota_gigabytes_tempest-GroupsTest-volume-type-243786615, it is now deprecated. Please use the default quota class for default quota.
Jul 07 12:56:29.652362 dv-cinder-792209-6-iscsi devstack@c-api.service[99803]: /usr/local/lib/python3.8/dist-packages/oslo_context/context.py:105: DeprecationWarning: Policy enforcement is depending on the value of is_admin. This key is deprecated. Please update your policy file to use the standard policy values.
Jul 07 12:56:29.652362 dv-cinder-792209-6-iscsi devstack@c-api.service[99803]: warnings.warn('Policy enforcement is depending on the value of '
Jul 07 12:56:29.662546 dv-cinder-792209-6-iscsi devstack@c-api.service[99803]: INFO cinder.volume.api [None req-d2a3fd46-8fa9-4868-8525-0d29321318b0 tempest-AbsoluteLimitsTests-1976374154 tempest-AbsoluteLimitsTests-1976374154-project] Volume info retrieved successfully.
Jul 07 12:56:29.671194 dv-cinder-792209-6-iscsi devstack@c-api.service[99804]: DEBUG cinder.quota [None req-a9aa4db4-eb58-4288-a26c-08372ec260ba tempest-GroupsTest-610569940 tempest-GroupsTest-610569940-project] Created reservations ['cfc784aa-b5b5-4393-92fa-8fb6433ea392', 'b721c788-0c52-4a60-a265-a3cfeed2e6f1', '573c01fd-3479-4d17-905f-22241c535d22', 'da252ef7-84a7-453e-93de-1bca9f43b2dd'] {{(pid=99804) reserve /opt/stack/cinder/cinder/quota.py:755}}
Jul 07 12:56:29.673844 dv-cinder-792209-6-iscsi devstack@c-api.service[99804]: DEBUG cinder.volume.api [None req-a9aa4db4-eb58-4288-a26c-08372ec260ba tempest-GroupsTest-610569940 tempest-GroupsTest-610569940-project] Task 'cinder.volume.flows.api.create_volume.QuotaReserveTask;volume:create' (28e4cc2a-3d2c-4bae-9210-6fcc0083fd7a) transitioned into state 'SUCCESS' from state 'RUNNING' with result '{'reservations': ['cfc784aa-b5b5-4393-92fa-8fb6433ea392', 'b721c788-0c52-4a60-a265-a3cfeed2e6f1', '573c01fd-3479-4d17-905f-22241c535d22', 'da252ef7-84a7-453e-93de-1bca9f43b2dd']}' {{(pid=99804) _task_receiver /usr/local/lib/python3.8/dist-packages/taskflow/listeners/logging.py:178}}
Jul 07 12:56:29.681194 dv-cinder-792209-6-iscsi devstack@c-api.service[99804]: DEBUG cinder.volume.api [None req-a9aa4db4-eb58-4288-a26c-08372ec260ba tempest-GroupsTest-610569940 tempest-GroupsTest-610569940-project] Task 'cinder.volume.flows.api.create_volume.EntryCreateTask;volume:create' (d4e365e5-9f45-45b4-997d-fd581f449415) transitioned into state 'RUNNING' from state 'PENDING' {{(pid=99804) _task_receiver /usr/local/lib/python3.8/dist-packages/taskflow/listeners/logging.py:190}}
Jul 07 12:56:29.686190 dv-cinder-792209-6-iscsi devstack@c-api.service[99803]: INFO cinder.api.openstack.wsgi [None req-d2a3fd46-8fa9-4868-8525-0d29321318b0 tempest-AbsoluteLimitsTests-1976374154 tempest-AbsoluteLimitsTests-1976374154-project] http://10.222.0.21/volume/v3/5b9e69ec63c24269bdfa41eefc7b69cf/volumes/a50a1343-a017-48de-baf4-f561de862c01 returned with HTTP 200
Jul 07 12:56:29.687664 dv-cinder-792209-6-iscsi devstack@c-api.service[99803]: [pid: 99803|app: 0|req: 105/196] 10.222.0.21 () {58 vars in 1325 bytes} [Wed Jul 7 12:56:29 2021] GET /volume/v3/5b9e69ec63c24269bdfa41eefc7b69cf/volumes/a50a1343-a017-48de-baf4-f561de862c01 => generated 887 bytes in 61 msecs (HTTP/1.1 200) 7 headers in 285 bytes (1 switches on core 0)
Jul 07 12:56:29.701596 dv-cinder-792209-6-iscsi devstack@c-api.service[99803]: INFO cinder.api.openstack.wsgi [None req-56e5ebd3-62db-4ee6-8814-4583d3ecf14e tempest-GroupTypeSpecsTest-47853954 tempest-GroupTypeSpecsTest-47853954-project-admin] GET http://10.222.0.21/volume/v3/56633b3f3f0b4737ae08e2452389ed77/group_types/5b905bd7-294a-4917-bff5-bee718d1bc88/group_specs/key3
Jul 07 12:56:29.702582 dv-cinder-792209-6-iscsi devstack@c-api.service[99803]: DEBUG cinder.api.openstack.wsgi [None req-56e5ebd3-62db-4ee6-8814-4583d3ecf14e tempest-GroupTypeSpecsTest-47853954 tempest-GroupTypeSpecsTest-47853954-project-admin] Empty body provided in request {{(pid=99803) get_body /opt/stack/cinder/cinder/api/openstack/wsgi.py:713}}
Jul 07 12:56:29.702995 dv-cinder-792209-6-iscsi devstack@c-api.service[99803]: /usr/local/lib/python3.8/dist-packages/webob/acceptparse.py:1047: DeprecationWarning: The behavior of AcceptValidHeader.best_match is currently being maintained for backward compatibility, but it will be deprecated in the future, as it does not conform to the RFC.
Jul 07 12:56:29.702995 dv-cinder-792209-6-iscsi devstack@c-api.service[99803]: warnings.warn(
Jul 07 12:56:29.703623 dv-cinder-792209-6-iscsi devstack@c-api.service[99803]: DEBUG cinder.api.openstack.wsgi [None req-56e5ebd3-62db-4ee6-8814-4583d3ecf14e tempest-GroupTypeSpecsTest-47853954 tempest-GroupTypeSpecsTest-47853954-project-admin] Calling method 'version_select' {{(pid=99803) _process_stack /opt/stack/cinder/cinder/api/openstack/wsgi.py:866}}
Jul 07 12:56:29.725906 dv-cinder-792209-6-iscsi devstack@c-api.service[99804]: DEBUG cinder.volume.api [None req-a9aa4db4-eb58-4288-a26c-08372ec260ba tempest-GroupsTest-610569940 tempest-GroupsTest-610569940-project] Task 'cinder.volume.flows.api.create_volume.EntryCreateTask;volume:create' (d4e365e5-9f45-45b4-997d-fd581f449415) transitioned into state 'SUCCESS' from state 'RUNNING' with result '{'volume_id': '8100d2d6-fcf8-4b89-b992-7f49756e9881', 'volume_properties': VolumeProperties(attach_status='detached',availability_zone='nova',cgsnapshot_id=None,consistencygroup_id=None,display_description=None,display_name='tempest-GroupsTest-Volume-2076478615',encryption_key_id=None,group_id=4b4449c2-d410-43bc-b9c3-6d71543505a6,group_type_id=,metadata={},multiattach=False,project_id='3631800c36014f50b38b46a16625972b',qos_specs=None,replication_status=,reservations=['cfc784aa-b5b5-4393-92fa-8fb6433ea392','b721c788-0c52-4a60-a265-a3cfeed2e6f1','573c01fd-3479-4d17-905f-22241c535d22','da252ef7-84a7-453e-93de-1bca9f43b2dd'],size=1,snapshot_id=None,source_replicaid=,source_volid=None,status='creating',user_id='36e4371acc1646f680b961ff13300a71',volume_type_id=8590fb57-6c19-4d54-a20b-c9c4978f819e), 'volume': Volume(_name_id=None,admin_metadata=,attach_status='detached',availability_zone='nova',bootable=False,cluster=,cluster_name=None,consistencygroup=,consistencygroup_id=None,created_at=2021-07-07T12:56:29Z,deleted=False,deleted_at=None,display_description=None,display_name='tempest-GroupsTest-Volume-2076478615',ec2_id=None,encryption_key_id=None,glance_metadata=,group=,group_id=4b4449c2-d410-43bc-b9c3-6d71543505a6,host=None,id=8100d2d6-fcf8-4b89-b992-7f49756e9881,launched_at=None,metadata={},migration_status=None,multiattach=False,previous_status=None,project_id='3631800c36014f50b38b46a16625972b',provider_auth=None,provider_geometry=None,provider_id=None,provider_location=None,replication_driver_data=None,replication_extended_status=None,replication_status=None,scheduled_at=None,service_uuid=None,shared_targets=True,size=1,snapshot_id=None,snapshots=,source_volid=None,status='creating',terminated_at=None,updated_at=None,user_id='36e4371acc1646f680b961ff13300a71',volume_attachment=,volume_type=VolumeType(8590fb57-6c19-4d54-a20b-c9c4978f819e),volume_type_id=8590fb57-6c19-4d54-a20b-c9c4978f819e)}' {{(pid=99804) _task_receiver /usr/local/lib/python3.8/dist-packages/taskflow/listeners/logging.py:178}}
Jul 07 12:56:29.726385 dv-cinder-792209-6-iscsi devstack@c-api.service[99803]: INFO cinder.api.openstack.wsgi [None req-56e5ebd3-62db-4ee6-8814-4583d3ecf14e tempest-GroupTypeSpecsTest-47853954 tempest-GroupTypeSpecsTest-47853954-project-admin] http://10.222.0.21/volume/v3/56633b3f3f0b4737ae08e2452389ed77/group_types/5b905bd7-294a-4917-bff5-bee718d1bc88/group_specs/key3 returned with HTTP 200
Jul 07 12:56:29.727206 dv-cinder-792209-6-iscsi devstack@c-api.service[99803]: [pid: 99803|app: 0|req: 106/197] 10.222.0.21 () {60 vars in 1429 bytes} [Wed Jul 7 12:56:29 2021] GET /volume/v3/56633b3f3f0b4737ae08e2452389ed77/group_types/5b905bd7-294a-4917-bff5-bee718d1bc88/group_specs/key3 => generated 18 bytes in 39 msecs (HTTP/1.1 200) 7 headers in 285 bytes (1 switches on core 0)
Jul 07 12:56:29.729451 dv-cinder-792209-6-iscsi devstack@c-api.service[99804]: DEBUG cinder.volume.api [None req-a9aa4db4-eb58-4288-a26c-08372ec260ba tempest-GroupsTest-610569940 tempest-GroupsTest-610569940-project] Task 'cinder.volume.flows.api.create_volume.QuotaCommitTask;volume:create' (65c015e3-37e4-4c10-a917-c5f713277b8d) transitioned into state 'RUNNING' from state 'PENDING' {{(pid=99804) _task_receiver /usr/local/lib/python3.8/dist-packages/taskflow/listeners/logging.py:190}}
Jul 07 12:56:29.735226 dv-cinder-792209-6-iscsi devstack@c-api.service[99803]: INFO cinder.api.openstack.wsgi [None req-cf6fdb29-34df-49b6-ac3d-c810a8db8765 tempest-GroupTypeSpecsTest-47853954 tempest-GroupTypeSpecsTest-47853954-project-admin] PUT http://10.222.0.21/volume/v3/56633b3f3f0b4737ae08e2452389ed77/group_types/5b905bd7-294a-4917-bff5-bee718d1bc88/group_specs/key3
Jul 07 12:56:29.736435 dv-cinder-792209-6-iscsi devstack@c-api.service[99803]: DEBUG cinder.api.openstack.wsgi [None req-cf6fdb29-34df-49b6-ac3d-c810a8db8765 tempest-GroupTypeSpecsTest-47853954 tempest-GroupTypeSpecsTest-47853954-project-admin] Action: 'update', calling method: version_select, body: {"key3": "value3-updated"} {{(pid=99803) _process_stack /opt/stack/cinder/cinder/api/openstack/wsgi.py:864}}
Jul 07 12:56:29.765184 dv-cinder-792209-6-iscsi devstack@c-api.service[99803]: INFO cinder.api.openstack.wsgi [None req-cf6fdb29-34df-49b6-ac3d-c810a8db8765 tempest-GroupTypeSpecsTest-47853954 tempest-GroupTypeSpecsTest-47853954-project-admin] http://10.222.0.21/volume/v3/56633b3f3f0b4737ae08e2452389ed77/group_types/5b905bd7-294a-4917-bff5-bee718d1bc88/group_specs/key3 returned with HTTP 200
Jul 07 12:56:29.766490 dv-cinder-792209-6-iscsi devstack@c-api.service[99803]: [pid: 99803|app: 0|req: 107/198] 10.222.0.21 () {62 vars in 1449 bytes} [Wed Jul 7 12:56:29 2021] PUT /volume/v3/56633b3f3f0b4737ae08e2452389ed77/group_types/5b905bd7-294a-4917-bff5-bee718d1bc88/group_specs/key3 => generated 26 bytes in 35 msecs (HTTP/1.1 200) 7 headers in 285 bytes (1 switches on core 0)
Jul 07 12:56:29.775904 dv-cinder-792209-6-iscsi devstack@c-api.service[99803]: INFO cinder.api.openstack.wsgi [None req-55db61a9-61d5-4c2b-90b1-e70a8b86a12a tempest-GroupTypeSpecsTest-47853954 tempest-GroupTypeSpecsTest-47853954-project-admin] GET http://10.222.0.21/volume/v3/56633b3f3f0b4737ae08e2452389ed77/group_types/5b905bd7-294a-4917-bff5-bee718d1bc88/group_specs
Jul 07 12:56:29.776786 dv-cinder-792209-6-iscsi devstack@c-api.service[99803]: DEBUG cinder.api.openstack.wsgi [None req-55db61a9-61d5-4c2b-90b1-e70a8b86a12a tempest-GroupTypeSpecsTest-47853954 tempest-GroupTypeSpecsTest-47853954-project-admin] Empty body provided in request {{(pid=99803) get_body /opt/stack/cinder/cinder/api/openstack/wsgi.py:713}}
Jul 07 12:56:29.777482 dv-cinder-792209-6-iscsi devstack@c-api.service[99803]: DEBUG cinder.api.openstack.wsgi [None req-55db61a9-61d5-4c2b-90b1-e70a8b86a12a tempest-GroupTypeSpecsTest-47853954 tempest-GroupTypeSpecsTest-47853954-project-admin] Calling method 'version_select' {{(pid=99803) _process_stack /opt/stack/cinder/cinder/api/openstack/wsgi.py:866}}
Jul 07 12:56:29.778047 dv-cinder-792209-6-iscsi devstack@c-api.service[99804]: DEBUG cinder.volume.api [None req-a9aa4db4-eb58-4288-a26c-08372ec260ba tempest-GroupsTest-610569940 tempest-GroupsTest-610569940-project] Task 'cinder.volume.flows.api.create_volume.QuotaCommitTask;volume:create' (65c015e3-37e4-4c10-a917-c5f713277b8d) transitioned into state 'SUCCESS' from state 'RUNNING' with result '{'volume_properties': VolumeProperties(attach_status='detached',availability_zone='nova',cgsnapshot_id=None,consistencygroup_id=None,display_description=None,display_name='tempest-GroupsTest-Volume-2076478615',encryption_key_id=None,group_id=4b4449c2-d410-43bc-b9c3-6d71543505a6,group_type_id=,metadata={},multiattach=False,project_id='3631800c36014f50b38b46a16625972b',qos_specs=None,replication_status=,reservations=['cfc784aa-b5b5-4393-92fa-8fb6433ea392','b721c788-0c52-4a60-a265-a3cfeed2e6f1','573c01fd-3479-4d17-905f-22241c535d22','da252ef7-84a7-453e-93de-1bca9f43b2dd'],size=1,snapshot_id=None,source_replicaid=,source_volid=None,status='creating',user_id='36e4371acc1646f680b961ff13300a71',volume_type_id=8590fb57-6c19-4d54-a20b-c9c4978f819e)}' {{(pid=99804) _task_receiver /usr/local/lib/python3.8/dist-packages/taskflow/listeners/logging.py:178}}
Jul 07 12:56:29.779869 dv-cinder-792209-6-iscsi devstack@c-api.service[99804]: DEBUG cinder.volume.api [None req-a9aa4db4-eb58-4288-a26c-08372ec260ba tempest-GroupsTest-610569940 tempest-GroupsTest-610569940-project] Task 'cinder.volume.flows.api.create_volume.VolumeCastTask;volume:create' (6e0a8564-4871-4faf-a6d9-c66f359ddb00) transitioned into state 'RUNNING' from state 'PENDING' {{(pid=99804) _task_receiver /usr/local/lib/python3.8/dist-packages/taskflow/listeners/logging.py:190}}
Jul 07 12:56:29.790324 dv-cinder-792209-6-iscsi devstack@c-api.service[99803]: INFO cinder.api.openstack.wsgi [None req-55db61a9-61d5-4c2b-90b1-e70a8b86a12a tempest-GroupTypeSpecsTest-47853954 tempest-GroupTypeSpecsTest-47853954-project-admin] http://10.222.0.21/volume/v3/56633b3f3f0b4737ae08e2452389ed77/group_types/5b905bd7-294a-4917-bff5-bee718d1bc88/group_specs returned with HTTP 200
Jul 07 12:56:29.791926 dv-cinder-792209-6-iscsi devstack@c-api.service[99803]: [pid: 99803|app: 0|req: 108/199] 10.222.0.21 () {60 vars in 1414 bytes} [Wed Jul 7 12:56:29 2021] GET /volume/v3/56633b3f3f0b4737ae08e2452389ed77/group_types/5b905bd7-294a-4917-bff5-bee718d1bc88/group_specs => generated 87 bytes in 20 msecs (HTTP/1.1 200) 7 headers in 285 bytes (1 switches on core 0)
Jul 07 12:56:29.801183 dv-cinder-792209-6-iscsi devstack@c-api.service[99803]: INFO cinder.api.openstack.wsgi [None req-2bc87cd6-598e-47be-bd84-a64895ccd2f0 tempest-GroupTypeSpecsTest-47853954 tempest-GroupTypeSpecsTest-47853954-project-admin] DELETE http://10.222.0.21/volume/v3/56633b3f3f0b4737ae08e2452389ed77/group_types/5b905bd7-294a-4917-bff5-bee718d1bc88/group_specs/key1
Jul 07 12:56:29.808234 dv-cinder-792209-6-iscsi devstack@c-api.service[99804]: DEBUG cinder.volume.api [None req-a9aa4db4-eb58-4288-a26c-08372ec260ba tempest-GroupsTest-610569940 tempest-GroupsTest-610569940-project] Task 'cinder.volume.flows.api.create_volume.VolumeCastTask;volume:create' (6e0a8564-4871-4faf-a6d9-c66f359ddb00) transitioned into state 'SUCCESS' from state 'RUNNING' with result 'None' {{(pid=99804) _task_receiver /usr/local/lib/python3.8/dist-packages/taskflow/listeners/logging.py:178}}
Jul 07 12:56:29.808234 dv-cinder-792209-6-iscsi devstack@c-api.service[99804]: DEBUG cinder.volume.api [None req-a9aa4db4-eb58-4288-a26c-08372ec260ba tempest-GroupsTest-610569940 tempest-GroupsTest-610569940-project] Flow 'volume_create_api' (61b67cb7-2b0a-41b3-aa3a-d24b5365b83c) transitioned into state 'SUCCESS' from state 'RUNNING' {{(pid=99804) _flow_receiver /usr/local/lib/python3.8/dist-packages/taskflow/listeners/logging.py:141}}
Jul 07 12:56:29.809853 dv-cinder-792209-6-iscsi devstack@c-api.service[99803]: DEBUG cinder.api.openstack.wsgi [None req-2bc87cd6-598e-47be-bd84-a64895ccd2f0 tempest-GroupTypeSpecsTest-47853954 tempest-GroupTypeSpecsTest-47853954-project-admin] Empty body provided in request {{(pid=99803) get_body /opt/stack/cinder/cinder/api/openstack/wsgi.py:713}}
Jul 07 12:56:29.811513 dv-cinder-792209-6-iscsi devstack@c-api.service[99803]: DEBUG cinder.api.openstack.wsgi [None req-2bc87cd6-598e-47be-bd84-a64895ccd2f0 tempest-GroupTypeSpecsTest-47853954 tempest-GroupTypeSpecsTest-47853954-project-admin] Calling method 'version_select' {{(pid=99803) _process_stack /opt/stack/cinder/cinder/api/openstack/wsgi.py:866}}
Jul 07 12:56:29.811983 dv-cinder-792209-6-iscsi devstack@c-api.service[99804]: INFO cinder.volume.api [None req-a9aa4db4-eb58-4288-a26c-08372ec260ba tempest-GroupsTest-610569940 tempest-GroupsTest-610569940-project] Create volume request issued successfully.
Jul 07 12:56:29.822628 dv-cinder-792209-6-iscsi devstack@c-api.service[99804]: WARNING stevedore.named [None req-a9aa4db4-eb58-4288-a26c-08372ec260ba tempest-GroupsTest-610569940 tempest-GroupsTest-610569940-project] Could not load cinder.keymgr.conf_key_mgr.ConfKeyManager
Jul 07 12:56:29.823241 dv-cinder-792209-6-iscsi devstack@c-api.service[99804]: WARNING castellan.key_manager [None req-a9aa4db4-eb58-4288-a26c-08372ec260ba tempest-GroupsTest-610569940 tempest-GroupsTest-610569940-project] Deprecation Warning : cinder.keymgr.conf_key_mgr.ConfKeyManager is not a stevedore based driver, trying to load it as a class: stevedore.exception.NoMatches: No 'castellan.drivers' driver found, looking for 'cinder.keymgr.conf_key_mgr.ConfKeyManager'
Jul 07 12:56:29.837137 dv-cinder-792209-6-iscsi devstack@c-api.service[99804]: DEBUG oslo_db.sqlalchemy.engines [None req-a9aa4db4-eb58-4288-a26c-08372ec260ba tempest-GroupsTest-610569940 tempest-GroupsTest-610569940-project] MySQL server mode set to STRICT_TRANS_TABLES,STRICT_ALL_TABLES,NO_ZERO_IN_DATE,NO_ZERO_DATE,ERROR_FOR_DIVISION_BY_ZERO,TRADITIONAL,NO_ENGINE_SUBSTITUTION {{(pid=99804) _check_effective_sql_mode /usr/local/lib/python3.8/dist-packages/oslo_db/sqlalchemy/engines.py:314}}
Jul 07 12:56:29.839255 dv-cinder-792209-6-iscsi devstack@c-api.service[99804]: /usr/local/lib/python3.8/dist-packages/oslo_context/context.py:105: DeprecationWarning: Policy enforcement is depending on the value of is_admin. This key is deprecated. Please update your policy file to use the standard policy values.
Jul 07 12:56:29.839255 dv-cinder-792209-6-iscsi devstack@c-api.service[99804]: warnings.warn('Policy enforcement is depending on the value of '
Jul 07 12:56:29.845809 dv-cinder-792209-6-iscsi devstack@c-api.service[99804]: INFO cinder.api.openstack.wsgi [None req-a9aa4db4-eb58-4288-a26c-08372ec260ba tempest-GroupsTest-610569940 tempest-GroupsTest-610569940-project] http://10.222.0.21/volume/v3/3631800c36014f50b38b46a16625972b/volumes returned with HTTP 202
Jul 07 12:56:29.846608 dv-cinder-792209-6-iscsi devstack@c-api.service[99804]: [pid: 99804|app: 0|req: 92/200] 10.222.0.21 () {62 vars in 1277 bytes} [Wed Jul 7 12:56:29 2021] POST /volume/v3/3631800c36014f50b38b46a16625972b/volumes => generated 891 bytes in 387 msecs (HTTP/1.1 202) 7 headers in 292 bytes (1 switches on core 0)
Jul 07 12:56:29.857008 dv-cinder-792209-6-iscsi devstack@c-api.service[99803]: INFO cinder.api.openstack.wsgi [None req-2bc87cd6-598e-47be-bd84-a64895ccd2f0 tempest-GroupTypeSpecsTest-47853954 tempest-GroupTypeSpecsTest-47853954-project-admin] http://10.222.0.21/volume/v3/56633b3f3f0b4737ae08e2452389ed77/group_types/5b905bd7-294a-4917-bff5-bee718d1bc88/group_specs/key1 returned with HTTP 202
Jul 07 12:56:29.861447 dv-cinder-792209-6-iscsi devstack@c-api.service[99803]: [pid: 99803|app: 0|req: 109/201] 10.222.0.21 () {60 vars in 1432 bytes} [Wed Jul 7 12:56:29 2021] DELETE /volume/v3/56633b3f3f0b4737ae08e2452389ed77/group_types/5b905bd7-294a-4917-bff5-bee718d1bc88/group_specs/key1 => generated 0 bytes in 61 msecs (HTTP/1.1 202) 6 headers in 234 bytes (1 switches on core 0)
Jul 07 12:56:29.862939 dv-cinder-792209-6-iscsi devstack@c-api.service[99804]: INFO cinder.api.openstack.wsgi [None req-75bb517a-cd45-471c-8820-bf4fa29369c4 tempest-GroupsTest-610569940 tempest-GroupsTest-610569940-project] GET http://10.222.0.21/volume/v3/3631800c36014f50b38b46a16625972b/volumes/8100d2d6-fcf8-4b89-b992-7f49756e9881
Jul 07 12:56:29.863444 dv-cinder-792209-6-iscsi devstack@c-api.service[99804]: DEBUG cinder.api.openstack.wsgi [None req-75bb517a-cd45-471c-8820-bf4fa29369c4 tempest-GroupsTest-610569940 tempest-GroupsTest-610569940-project] Empty body provided in request {{(pid=99804) get_body /opt/stack/cinder/cinder/api/openstack/wsgi.py:713}}
Jul 07 12:56:29.863664 dv-cinder-792209-6-iscsi devstack@c-api.service[99804]: /usr/local/lib/python3.8/dist-packages/webob/acceptparse.py:1047: DeprecationWarning: The behavior of AcceptValidHeader.best_match is currently being maintained for backward compatibility, but it will be deprecated in the future, as it does not conform to the RFC.
Jul 07 12:56:29.863664 dv-cinder-792209-6-iscsi devstack@c-api.service[99804]: warnings.warn(
Jul 07 12:56:29.863943 dv-cinder-792209-6-iscsi devstack@c-api.service[99804]: DEBUG cinder.api.openstack.wsgi [None req-75bb517a-cd45-471c-8820-bf4fa29369c4 tempest-GroupsTest-610569940 tempest-GroupsTest-610569940-project] Calling method 'show' {{(pid=99804) _process_stack /opt/stack/cinder/cinder/api/openstack/wsgi.py:866}}
Jul 07 12:56:29.866643 dv-cinder-792209-6-iscsi devstack@c-api.service[99803]: INFO cinder.api.openstack.wsgi [None req-36bf8ab9-528b-4de1-b906-1a311fec8521 tempest-GroupTypeSpecsTest-47853954 tempest-GroupTypeSpecsTest-47853954-project-admin] GET http://10.222.0.21/volume/v3/56633b3f3f0b4737ae08e2452389ed77/group_types/5b905bd7-294a-4917-bff5-bee718d1bc88/group_specs/key1
Jul 07 12:56:29.867247 dv-cinder-792209-6-iscsi devstack@c-api.service[99803]: DEBUG cinder.api.openstack.wsgi [None req-36bf8ab9-528b-4de1-b906-1a311fec8521 tempest-GroupTypeSpecsTest-47853954 tempest-GroupTypeSpecsTest-47853954-project-admin] Empty body provided in request {{(pid=99803) get_body /opt/stack/cinder/cinder/api/openstack/wsgi.py:713}}
Jul 07 12:56:29.867726 dv-cinder-792209-6-iscsi devstack@c-api.service[99803]: DEBUG cinder.api.openstack.wsgi [None req-36bf8ab9-528b-4de1-b906-1a311fec8521 tempest-GroupTypeSpecsTest-47853954 tempest-GroupTypeSpecsTest-47853954-project-admin] Calling method 'version_select' {{(pid=99803) _process_stack /opt/stack/cinder/cinder/api/openstack/wsgi.py:866}}
