Jul 07 12:56:53.370451 dv-cinder-792209-6-iscsi devstack@c-api.service[99804]: /usr/local/lib/python3.8/dist-packages/oslo_context/context.py:105: DeprecationWarning: Policy enforcement is depending on the value of is_admin. This key is deprecated. Please update your policy file to use the standard policy values.
Jul 07 12:56:53.370451 dv-cinder-792209-6-iscsi devstack@c-api.service[99804]: warnings.warn('Policy enforcement is depending on the value of '
Jul 07 12:56:53.393504 dv-cinder-792209-6-iscsi devstack@c-api.service[99804]: INFO cinder.api.openstack.wsgi [None req-05597f2c-841f-453d-89ee-664ede98499f tempest-SnapshotsActionsTest-1280519761 tempest-SnapshotsActionsTest-1280519761-project-admin] http://10.222.0.21/volume/v3/95a6db3dbc5c4ed5aec927a5e2c63aeb/snapshots/70642a14-71f0-4f87-afcd-34886f1db298/action returned with HTTP 202
Jul 07 12:56:53.395090 dv-cinder-792209-6-iscsi devstack@c-api.service[99804]: [pid: 99804|app: 0|req: 196/410] 10.222.0.21 () {60 vars in 1373 bytes} [Wed Jul 7 12:56:53 2021] POST /volume/v3/95a6db3dbc5c4ed5aec927a5e2c63aeb/snapshots/70642a14-71f0-4f87-afcd-34886f1db298/action => generated 0 bytes in 48 msecs (HTTP/1.1 202) 7 headers in 289 bytes (1 switches on core 0)
Jul 07 12:56:53.398277 dv-cinder-792209-6-iscsi devstack@c-api.service[99803]: DEBUG cinder.volume.api [None req-bfa53d4e-a53a-4ee5-8794-b245dd9b988d tempest-VolumesActionsTest-1168979570 tempest-VolumesActionsTest-1168979570-project] Task 'cinder.volume.flows.api.create_volume.QuotaCommitTask;volume:create' (48578fd0-57eb-4b01-acdd-d213183c37cb) transitioned into state 'SUCCESS' from state 'RUNNING' with result '{'volume_properties': VolumeProperties(attach_status='detached',availability_zone='nova',cgsnapshot_id=None,consistencygroup_id=None,display_description=None,display_name='tempest-VolumesActionsTest-Volume-1562516607',encryption_key_id=None,group_id=None,group_type_id=,metadata={},multiattach=False,project_id='11a9a4465c0c4404864b4ddd0cf02ff4',qos_specs=None,replication_status=,reservations=['6598f93c-5dd1-436e-8f84-324d8f3526a1','62044b83-25f5-457c-a1fd-0760268ff2e2','d5df7dbc-f5b2-45e0-8be0-a0bd9f9ccb64','3630a560-d0dd-4c63-83c3-141d61e09f0d'],size=1,snapshot_id=None,source_replicaid=,source_volid=None,status='creating',user_id='09a995d07f57440093e04765f9a29b82',volume_type_id=48281dfb-27f3-4aae-848f-4b1f67156eb8)}' {{(pid=99803) _task_receiver /usr/local/lib/python3.8/dist-packages/taskflow/listeners/logging.py:178}}
Jul 07 12:56:53.398863 dv-cinder-792209-6-iscsi devstack@c-api.service[99803]: DEBUG cinder.volume.api [None req-bfa53d4e-a53a-4ee5-8794-b245dd9b988d tempest-VolumesActionsTest-1168979570 tempest-VolumesActionsTest-1168979570-project] Task 'cinder.volume.flows.api.create_volume.VolumeCastTask;volume:create' (d3381353-c493-4d0e-8384-4bdacf25c256) transitioned into state 'RUNNING' from state 'PENDING' {{(pid=99803) _task_receiver /usr/local/lib/python3.8/dist-packages/taskflow/listeners/logging.py:190}}
Jul 07 12:56:53.403093 dv-cinder-792209-6-iscsi devstack@c-api.service[99804]: INFO cinder.api.openstack.wsgi [None req-60708b02-6ca0-4678-a9c7-6cd654859c87 tempest-SnapshotsActionsTest-1220748150 tempest-SnapshotsActionsTest-1220748150-project] GET http://10.222.0.21/volume/v3/8c2f505457a04b82a1defad693758b04/snapshots/70642a14-71f0-4f87-afcd-34886f1db298
Jul 07 12:56:53.403742 dv-cinder-792209-6-iscsi devstack@c-api.service[99804]: DEBUG cinder.api.openstack.wsgi [None req-60708b02-6ca0-4678-a9c7-6cd654859c87 tempest-SnapshotsActionsTest-1220748150 tempest-SnapshotsActionsTest-1220748150-project] Empty body provided in request {{(pid=99804) get_body /opt/stack/cinder/cinder/api/openstack/wsgi.py:713}}
Jul 07 12:56:53.404077 dv-cinder-792209-6-iscsi devstack@c-api.service[99804]: /usr/local/lib/python3.8/dist-packages/webob/acceptparse.py:1047: DeprecationWarning: The behavior of AcceptValidHeader.best_match is currently being maintained for backward compatibility, but it will be deprecated in the future, as it does not conform to the RFC.
Jul 07 12:56:53.404077 dv-cinder-792209-6-iscsi devstack@c-api.service[99804]: warnings.warn(
Jul 07 12:56:53.404871 dv-cinder-792209-6-iscsi devstack@c-api.service[99804]: DEBUG cinder.api.openstack.wsgi [None req-60708b02-6ca0-4678-a9c7-6cd654859c87 tempest-SnapshotsActionsTest-1220748150 tempest-SnapshotsActionsTest-1220748150-project] Calling method 'show' {{(pid=99804) _process_stack /opt/stack/cinder/cinder/api/openstack/wsgi.py:866}}
Jul 07 12:56:53.415276 dv-cinder-792209-6-iscsi devstack@c-api.service[99804]: /usr/local/lib/python3.8/dist-packages/oslo_context/context.py:105: DeprecationWarning: Policy enforcement is depending on the value of is_admin. This key is deprecated. Please update your policy file to use the standard policy values.
Jul 07 12:56:53.415276 dv-cinder-792209-6-iscsi devstack@c-api.service[99804]: warnings.warn('Policy enforcement is depending on the value of '
Jul 07 12:56:53.416223 dv-cinder-792209-6-iscsi devstack@c-api.service[99804]: INFO cinder.volume.api [None req-60708b02-6ca0-4678-a9c7-6cd654859c87 tempest-SnapshotsActionsTest-1220748150 tempest-SnapshotsActionsTest-1220748150-project] Snapshot retrieved successfully.
Jul 07 12:56:53.418040 dv-cinder-792209-6-iscsi devstack@c-api.service[99804]: INFO cinder.api.openstack.wsgi [None req-60708b02-6ca0-4678-a9c7-6cd654859c87 tempest-SnapshotsActionsTest-1220748150 tempest-SnapshotsActionsTest-1220748150-project] http://10.222.0.21/volume/v3/8c2f505457a04b82a1defad693758b04/snapshots/70642a14-71f0-4f87-afcd-34886f1db298 returned with HTTP 200
Jul 07 12:56:53.419635 dv-cinder-792209-6-iscsi devstack@c-api.service[99804]: [pid: 99804|app: 0|req: 197/411] 10.222.0.21 () {58 vars in 1331 bytes} [Wed Jul 7 12:56:53 2021] GET /volume/v3/8c2f505457a04b82a1defad693758b04/snapshots/70642a14-71f0-4f87-afcd-34886f1db298 => generated 464 bytes in 21 msecs (HTTP/1.1 200) 7 headers in 285 bytes (1 switches on core 0)
Jul 07 12:56:53.435528 dv-cinder-792209-6-iscsi devstack@c-api.service[99803]: DEBUG cinder.volume.api [None req-bfa53d4e-a53a-4ee5-8794-b245dd9b988d tempest-VolumesActionsTest-1168979570 tempest-VolumesActionsTest-1168979570-project] Task 'cinder.volume.flows.api.create_volume.VolumeCastTask;volume:create' (d3381353-c493-4d0e-8384-4bdacf25c256) transitioned into state 'SUCCESS' from state 'RUNNING' with result 'None' {{(pid=99803) _task_receiver /usr/local/lib/python3.8/dist-packages/taskflow/listeners/logging.py:178}}
Jul 07 12:56:53.440106 dv-cinder-792209-6-iscsi devstack@c-api.service[99803]: DEBUG cinder.volume.api [None req-bfa53d4e-a53a-4ee5-8794-b245dd9b988d tempest-VolumesActionsTest-1168979570 tempest-VolumesActionsTest-1168979570-project] Flow 'volume_create_api' (a8e7d634-a007-4be5-8071-2ce20fe8bc2b) transitioned into state 'SUCCESS' from state 'RUNNING' {{(pid=99803) _flow_receiver /usr/local/lib/python3.8/dist-packages/taskflow/listeners/logging.py:141}}
Jul 07 12:56:53.440940 dv-cinder-792209-6-iscsi devstack@c-api.service[99803]: INFO cinder.volume.api [None req-bfa53d4e-a53a-4ee5-8794-b245dd9b988d tempest-VolumesActionsTest-1168979570 tempest-VolumesActionsTest-1168979570-project] Create volume request issued successfully.
Jul 07 12:56:53.448249 dv-cinder-792209-6-iscsi devstack@c-api.service[99804]: INFO cinder.api.openstack.wsgi [None req-4d28512c-08cf-4414-b87f-9052bbea1fb0 tempest-SnapshotsActionsTest-1220748150 tempest-SnapshotsActionsTest-1220748150-project] POST http://10.222.0.21/volume/v3/8c2f505457a04b82a1defad693758b04/snapshots/70642a14-71f0-4f87-afcd-34886f1db298/action
Jul 07 12:56:53.448632 dv-cinder-792209-6-iscsi devstack@c-api.service[99804]: /usr/local/lib/python3.8/dist-packages/webob/acceptparse.py:1047: DeprecationWarning: The behavior of AcceptValidHeader.best_match is currently being maintained for backward compatibility, but it will be deprecated in the future, as it does not conform to the RFC.
Jul 07 12:56:53.448632 dv-cinder-792209-6-iscsi devstack@c-api.service[99804]: warnings.warn(
Jul 07 12:56:53.448897 dv-cinder-792209-6-iscsi devstack@c-api.service[99803]: INFO cinder.api.openstack.wsgi [None req-bfa53d4e-a53a-4ee5-8794-b245dd9b988d tempest-VolumesActionsTest-1168979570 tempest-VolumesActionsTest-1168979570-project] http://10.222.0.21/volume/v3/11a9a4465c0c4404864b4ddd0cf02ff4/volumes returned with HTTP 202
Jul 07 12:56:53.449923 dv-cinder-792209-6-iscsi devstack@c-api.service[99804]: DEBUG cinder.api.openstack.wsgi [None req-4d28512c-08cf-4414-b87f-9052bbea1fb0 tempest-SnapshotsActionsTest-1220748150 tempest-SnapshotsActionsTest-1220748150-project] Action body: b'{"os-update_snapshot_status": {"status": "error", "progress": "80%"}}' {{(pid=99804) get_method /opt/stack/cinder/cinder/api/openstack/wsgi.py:981}}
Jul 07 12:56:53.450595 dv-cinder-792209-6-iscsi devstack@c-api.service[99803]: [pid: 99803|app: 0|req: 215/412] 10.222.0.21 () {60 vars in 1235 bytes} [Wed Jul 7 12:56:52 2021] POST /volume/v3/11a9a4465c0c4404864b4ddd0cf02ff4/volumes => generated 818 bytes in 461 msecs (HTTP/1.1 202) 7 headers in 291 bytes (2 switches on core 0)
Jul 07 12:56:53.459290 dv-cinder-792209-6-iscsi devstack@c-api.service[99804]: DEBUG cinder.api.openstack.wsgi [None req-4d28512c-08cf-4414-b87f-9052bbea1fb0 tempest-SnapshotsActionsTest-1220748150 tempest-SnapshotsActionsTest-1220748150-project] Action: 'action', calling method: _update_snapshot_status, body: {"os-update_snapshot_status": {"status": "error", "progress": "80%"}} {{(pid=99804) _process_stack /opt/stack/cinder/cinder/api/openstack/wsgi.py:864}}
Jul 07 12:56:53.460141 dv-cinder-792209-6-iscsi devstack@c-api.service[99804]: DEBUG cinder.api.contrib.snapshot_actions [None req-4d28512c-08cf-4414-b87f-9052bbea1fb0 tempest-SnapshotsActionsTest-1220748150 tempest-SnapshotsActionsTest-1220748150-project] body: {'os-update_snapshot_status': {'status': 'error', 'progress': '80%'}} {{(pid=99804) _update_snapshot_status /opt/stack/cinder/cinder/api/contrib/snapshot_actions.py:46}}
Jul 07 12:56:53.466241 dv-cinder-792209-6-iscsi devstack@c-api.service[99803]: INFO cinder.api.openstack.wsgi [None req-66f2d9d3-87c8-41c0-8412-0cf55403a533 tempest-VolumesActionsTest-1168979570 tempest-VolumesActionsTest-1168979570-project] GET http://10.222.0.21/volume/v3/11a9a4465c0c4404864b4ddd0cf02ff4/volumes/58210dec-fd92-468f-ab4a-006263408208
Jul 07 12:56:53.469365 dv-cinder-792209-6-iscsi devstack@c-api.service[99803]: DEBUG cinder.api.openstack.wsgi [None req-66f2d9d3-87c8-41c0-8412-0cf55403a533 tempest-VolumesActionsTest-1168979570 tempest-VolumesActionsTest-1168979570-project] Empty body provided in request {{(pid=99803) get_body /opt/stack/cinder/cinder/api/openstack/wsgi.py:713}}
Jul 07 12:56:53.469772 dv-cinder-792209-6-iscsi devstack@c-api.service[99803]: /usr/local/lib/python3.8/dist-packages/webob/acceptparse.py:1047: DeprecationWarning: The behavior of AcceptValidHeader.best_match is currently being maintained for backward compatibility, but it will be deprecated in the future, as it does not conform to the RFC.
Jul 07 12:56:53.469772 dv-cinder-792209-6-iscsi devstack@c-api.service[99803]: warnings.warn(
Jul 07 12:56:53.470365 dv-cinder-792209-6-iscsi devstack@c-api.service[99803]: DEBUG cinder.api.openstack.wsgi [None req-66f2d9d3-87c8-41c0-8412-0cf55403a533 tempest-VolumesActionsTest-1168979570 tempest-VolumesActionsTest-1168979570-project] Calling method 'show' {{(pid=99803) _process_stack /opt/stack/cinder/cinder/api/openstack/wsgi.py:866}}
Jul 07 12:56:53.474682 dv-cinder-792209-6-iscsi devstack@c-api.service[99804]: /usr/local/lib/python3.8/dist-packages/oslo_context/context.py:105: DeprecationWarning: Policy enforcement is depending on the value of is_admin. This key is deprecated. Please update your policy file to use the standard policy values.
Jul 07 12:56:53.474682 dv-cinder-792209-6-iscsi devstack@c-api.service[99804]: warnings.warn('Policy enforcement is depending on the value of '
Jul 07 12:56:53.478893 dv-cinder-792209-6-iscsi devstack@c-api.service[99804]: INFO cinder.api.contrib.snapshot_actions [None req-4d28512c-08cf-4414-b87f-9052bbea1fb0 tempest-SnapshotsActionsTest-1220748150 tempest-SnapshotsActionsTest-1220748150-project] Updating snapshot 70642a14-71f0-4f87-afcd-34886f1db298 with info {'id': '70642a14-71f0-4f87-afcd-34886f1db298', 'status': 'error', 'progress': '80%'}
Jul 07 12:56:53.491674 dv-cinder-792209-6-iscsi devstack@c-api.service[99803]: /usr/local/lib/python3.8/dist-packages/oslo_context/context.py:105: DeprecationWarning: Policy enforcement is depending on the value of is_admin. This key is deprecated. Please update your policy file to use the standard policy values.
Jul 07 12:56:53.491674 dv-cinder-792209-6-iscsi devstack@c-api.service[99803]: warnings.warn('Policy enforcement is depending on the value of '
Jul 07 12:56:53.501063 dv-cinder-792209-6-iscsi devstack@c-api.service[99803]: INFO cinder.volume.api [None req-66f2d9d3-87c8-41c0-8412-0cf55403a533 tempest-VolumesActionsTest-1168979570 tempest-VolumesActionsTest-1168979570-project] Volume info retrieved successfully.
Jul 07 12:56:53.505498 dv-cinder-792209-6-iscsi devstack@c-api.service[99804]: INFO cinder.api.openstack.wsgi [None req-4d28512c-08cf-4414-b87f-9052bbea1fb0 tempest-SnapshotsActionsTest-1220748150 tempest-SnapshotsActionsTest-1220748150-project] http://10.222.0.21/volume/v3/8c2f505457a04b82a1defad693758b04/snapshots/70642a14-71f0-4f87-afcd-34886f1db298/action returned with HTTP 202
Jul 07 12:56:53.506929 dv-cinder-792209-6-iscsi devstack@c-api.service[99804]: [pid: 99804|app: 0|req: 198/413] 10.222.0.21 () {60 vars in 1373 bytes} [Wed Jul 7 12:56:53 2021] POST /volume/v3/8c2f505457a04b82a1defad693758b04/snapshots/70642a14-71f0-4f87-afcd-34886f1db298/action => generated 0 bytes in 72 msecs (HTTP/1.1 202) 6 headers in 233 bytes (1 switches on core 0)
Jul 07 12:56:53.513766 dv-cinder-792209-6-iscsi devstack@c-api.service[99804]: INFO cinder.api.openstack.wsgi [None req-1f3f1936-0a11-476b-a48c-a7a3da333bce tempest-SnapshotsActionsTest-1280519761 tempest-SnapshotsActionsTest-1280519761-project-admin] GET http://10.222.0.21/volume/v3/95a6db3dbc5c4ed5aec927a5e2c63aeb/snapshots/70642a14-71f0-4f87-afcd-34886f1db298
Jul 07 12:56:53.514202 dv-cinder-792209-6-iscsi devstack@c-api.service[99804]: DEBUG cinder.api.openstack.wsgi [None req-1f3f1936-0a11-476b-a48c-a7a3da333bce tempest-SnapshotsActionsTest-1280519761 tempest-SnapshotsActionsTest-1280519761-project-admin] Empty body provided in request {{(pid=99804) get_body /opt/stack/cinder/cinder/api/openstack/wsgi.py:713}}
Jul 07 12:56:53.514556 dv-cinder-792209-6-iscsi devstack@c-api.service[99804]: /usr/local/lib/python3.8/dist-packages/webob/acceptparse.py:1047: DeprecationWarning: The behavior of AcceptValidHeader.best_match is currently being maintained for backward compatibility, but it will be deprecated in the future, as it does not conform to the RFC.
Jul 07 12:56:53.514556 dv-cinder-792209-6-iscsi devstack@c-api.service[99804]: warnings.warn(
Jul 07 12:56:53.514719 dv-cinder-792209-6-iscsi devstack@c-api.service[99804]: DEBUG cinder.api.openstack.wsgi [None req-1f3f1936-0a11-476b-a48c-a7a3da333bce tempest-SnapshotsActionsTest-1280519761 tempest-SnapshotsActionsTest-1280519761-project-admin] Calling method 'show' {{(pid=99804) _process_stack /opt/stack/cinder/cinder/api/openstack/wsgi.py:866}}
Jul 07 12:56:53.523205 dv-cinder-792209-6-iscsi devstack@c-api.service[99803]: INFO cinder.api.openstack.wsgi [None req-66f2d9d3-87c8-41c0-8412-0cf55403a533 tempest-VolumesActionsTest-1168979570 tempest-VolumesActionsTest-1168979570-project] http://10.222.0.21/volume/v3/11a9a4465c0c4404864b4ddd0cf02ff4/volumes/58210dec-fd92-468f-ab4a-006263408208 returned with HTTP 200
Jul 07 12:56:53.532005 dv-cinder-792209-6-iscsi devstack@c-api.service[99803]: [pid: 99803|app: 0|req: 216/414] 10.222.0.21 () {58 vars in 1325 bytes} [Wed Jul 7 12:56:53 2021] GET /volume/v3/11a9a4465c0c4404864b4ddd0cf02ff4/volumes/58210dec-fd92-468f-ab4a-006263408208 => generated 886 bytes in 65 msecs (HTTP/1.1 200) 7 headers in 285 bytes (1 switches on core 0)
Jul 07 12:56:53.537411 dv-cinder-792209-6-iscsi devstack@c-api.service[99804]: /usr/local/lib/python3.8/dist-packages/oslo_context/context.py:105: DeprecationWarning: Policy enforcement is depending on the value of is_admin. This key is deprecated. Please update your policy file to use the standard policy values.
Jul 07 12:56:53.537411 dv-cinder-792209-6-iscsi devstack@c-api.service[99804]: warnings.warn('Policy enforcement is depending on the value of '
Jul 07 12:56:53.538188 dv-cinder-792209-6-iscsi devstack@c-api.service[99804]: INFO cinder.volume.api [None req-1f3f1936-0a11-476b-a48c-a7a3da333bce tempest-SnapshotsActionsTest-1280519761 tempest-SnapshotsActionsTest-1280519761-project-admin] Snapshot retrieved successfully.
Jul 07 12:56:53.539922 dv-cinder-792209-6-iscsi devstack@c-api.service[99804]: INFO cinder.api.openstack.wsgi [None req-1f3f1936-0a11-476b-a48c-a7a3da333bce tempest-SnapshotsActionsTest-1280519761 tempest-SnapshotsActionsTest-1280519761-project-admin] http://10.222.0.21/volume/v3/95a6db3dbc5c4ed5aec927a5e2c63aeb/snapshots/70642a14-71f0-4f87-afcd-34886f1db298 returned with HTTP 200
Jul 07 12:56:53.546076 dv-cinder-792209-6-iscsi devstack@c-api.service[99804]: [pid: 99804|app: 0|req: 199/415] 10.222.0.21 () {58 vars in 1331 bytes} [Wed Jul 7 12:56:53 2021] GET /volume/v3/95a6db3dbc5c4ed5aec927a5e2c63aeb/snapshots/70642a14-71f0-4f87-afcd-34886f1db298 => generated 460 bytes in 31 msecs (HTTP/1.1 200) 7 headers in 285 bytes (1 switches on core 0)
Jul 07 12:56:53.551558 dv-cinder-792209-6-iscsi devstack@c-api.service[99803]: INFO cinder.api.openstack.wsgi [None req-04253614-c533-478d-9491-8310b76a5756 tempest-SnapshotsActionsTest-1280519761 tempest-SnapshotsActionsTest-1280519761-project-admin] POST http://10.222.0.21/volume/v3/95a6db3dbc5c4ed5aec927a5e2c63aeb/snapshots/70642a14-71f0-4f87-afcd-34886f1db298/action
Jul 07 12:56:53.551965 dv-cinder-792209-6-iscsi devstack@c-api.service[99803]: /usr/local/lib/python3.8/dist-packages/webob/acceptparse.py:1047: DeprecationWarning: The behavior of AcceptValidHeader.best_match is currently being maintained for backward compatibility, but it will be deprecated in the future, as it does not conform to the RFC.
Jul 07 12:56:53.551965 dv-cinder-792209-6-iscsi devstack@c-api.service[99803]: warnings.warn(
Jul 07 12:56:53.552330 dv-cinder-792209-6-iscsi devstack@c-api.service[99803]: DEBUG cinder.api.openstack.wsgi [None req-04253614-c533-478d-9491-8310b76a5756 tempest-SnapshotsActionsTest-1280519761 tempest-SnapshotsActionsTest-1280519761-project-admin] Action body: b'{"os-reset_status": {"status": "available"}}' {{(pid=99803) get_method /opt/stack/cinder/cinder/api/openstack/wsgi.py:981}}
Jul 07 12:56:53.552667 dv-cinder-792209-6-iscsi devstack@c-api.service[99803]: DEBUG cinder.api.openstack.wsgi [None req-04253614-c533-478d-9491-8310b76a5756 tempest-SnapshotsActionsTest-1280519761 tempest-SnapshotsActionsTest-1280519761-project-admin] Action: 'action', calling method: _reset_status, body: {"os-reset_status": {"status": "available"}} {{(pid=99803) _process_stack /opt/stack/cinder/cinder/api/openstack/wsgi.py:864}}
Jul 07 12:56:53.553462 dv-cinder-792209-6-iscsi devstack@c-api.service[99803]: DEBUG cinder.api.contrib.admin_actions [None req-04253614-c533-478d-9491-8310b76a5756 tempest-SnapshotsActionsTest-1280519761 tempest-SnapshotsActionsTest-1280519761-project-admin] Updating snapshot '70642a14-71f0-4f87-afcd-34886f1db298' with '{'status': 'available'}' {{(pid=99803) _reset_status /opt/stack/cinder/cinder/api/contrib/admin_actions.py:100}}
Jul 07 12:56:53.585235 dv-cinder-792209-6-iscsi devstack@c-api.service[99803]: /usr/local/lib/python3.8/dist-packages/oslo_context/context.py:105: DeprecationWarning: Policy enforcement is depending on the value of is_admin. This key is deprecated. Please update your policy file to use the standard policy values.
Jul 07 12:56:53.585235 dv-cinder-792209-6-iscsi devstack@c-api.service[99803]: warnings.warn('Policy enforcement is depending on the value of '
Jul 07 12:56:53.610316 dv-cinder-792209-6-iscsi devstack@c-api.service[99803]: INFO cinder.api.openstack.wsgi [None req-04253614-c533-478d-9491-8310b76a5756 tempest-SnapshotsActionsTest-1280519761 tempest-SnapshotsActionsTest-1280519761-project-admin] http://10.222.0.21/volume/v3/95a6db3dbc5c4ed5aec927a5e2c63aeb/snapshots/70642a14-71f0-4f87-afcd-34886f1db298/action returned with HTTP 202
Jul 07 12:56:53.611435 dv-cinder-792209-6-iscsi devstack@c-api.service[99803]: [pid: 99803|app: 0|req: 217/416] 10.222.0.21 () {60 vars in 1373 bytes} [Wed Jul 7 12:56:53 2021] POST /volume/v3/95a6db3dbc5c4ed5aec927a5e2c63aeb/snapshots/70642a14-71f0-4f87-afcd-34886f1db298/action => generated 0 bytes in 65 msecs (HTTP/1.1 202) 7 headers in 289 bytes (1 switches on core 0)
Jul 07 12:56:53.619143 dv-cinder-792209-6-iscsi devstack@c-api.service[99804]: INFO cinder.api.openstack.wsgi [None req-cfaca9b2-a02e-47cf-99b5-ffa9014772d4 tempest-SnapshotsActionsTest-1220748150 tempest-SnapshotsActionsTest-1220748150-project] GET http://10.222.0.21/volume/v3/8c2f505457a04b82a1defad693758b04/snapshots/70642a14-71f0-4f87-afcd-34886f1db298
Jul 07 12:56:53.619702 dv-cinder-792209-6-iscsi devstack@c-api.service[99804]: DEBUG cinder.api.openstack.wsgi [None req-cfaca9b2-a02e-47cf-99b5-ffa9014772d4 tempest-SnapshotsActionsTest-1220748150 tempest-SnapshotsActionsTest-1220748150-project] Empty body provided in request {{(pid=99804) get_body /opt/stack/cinder/cinder/api/openstack/wsgi.py:713}}
Jul 07 12:56:53.619926 dv-cinder-792209-6-iscsi devstack@c-api.service[99804]: /usr/local/lib/python3.8/dist-packages/webob/acceptparse.py:1047: DeprecationWarning: The behavior of AcceptValidHeader.best_match is currently being maintained for backward compatibility, but it will be deprecated in the future, as it does not conform to the RFC.
Jul 07 12:56:53.619926 dv-cinder-792209-6-iscsi devstack@c-api.service[99804]: warnings.warn(
Jul 07 12:56:53.620320 dv-cinder-792209-6-iscsi devstack@c-api.service[99804]: DEBUG cinder.api.openstack.wsgi [None req-cfaca9b2-a02e-47cf-99b5-ffa9014772d4 tempest-SnapshotsActionsTest-1220748150 tempest-SnapshotsActionsTest-1220748150-project] Calling method 'show' {{(pid=99804) _process_stack /opt/stack/cinder/cinder/api/openstack/wsgi.py:866}}
Jul 07 12:56:53.630037 dv-cinder-792209-6-iscsi devstack@c-api.service[99804]: /usr/local/lib/python3.8/dist-packages/oslo_context/context.py:105: DeprecationWarning: Policy enforcement is depending on the value of is_admin. This key is deprecated. Please update your policy file to use the standard policy values.
Jul 07 12:56:53.630037 dv-cinder-792209-6-iscsi devstack@c-api.service[99804]: warnings.warn('Policy enforcement is depending on the value of '
Jul 07 12:56:53.631077 dv-cinder-792209-6-iscsi devstack@c-api.service[99804]: INFO cinder.volume.api [None req-cfaca9b2-a02e-47cf-99b5-ffa9014772d4 tempest-SnapshotsActionsTest-1220748150 tempest-SnapshotsActionsTest-1220748150-project] Snapshot retrieved successfully.
Jul 07 12:56:53.632859 dv-cinder-792209-6-iscsi devstack@c-api.service[99804]: INFO cinder.api.openstack.wsgi [None req-cfaca9b2-a02e-47cf-99b5-ffa9014772d4 tempest-SnapshotsActionsTest-1220748150 tempest-SnapshotsActionsTest-1220748150-project] http://10.222.0.21/volume/v3/8c2f505457a04b82a1defad693758b04/snapshots/70642a14-71f0-4f87-afcd-34886f1db298 returned with HTTP 200
Jul 07 12:56:53.633778 dv-cinder-792209-6-iscsi devstack@c-api.service[99804]: [pid: 99804|app: 0|req: 200/417] 10.222.0.21 () {58 vars in 1331 bytes} [Wed Jul 7 12:56:53 2021] GET /volume/v3/8c2f505457a04b82a1defad693758b04/snapshots/70642a14-71f0-4f87-afcd-34886f1db298 => generated 464 bytes in 18 msecs (HTTP/1.1 200) 7 headers in 285 bytes (1 switches on core 0)
Jul 07 12:56:53.645775 dv-cinder-792209-6-iscsi devstack@c-api.service[99803]: INFO cinder.api.openstack.wsgi [None req-8d0369fb-437a-4282-a978-5827f2212fc6 tempest-SnapshotsActionsTest-1220748150 tempest-SnapshotsActionsTest-1220748150-project] DELETE http://10.222.0.21/volume/v3/8c2f505457a04b82a1defad693758b04/snapshots/bed02704-ec4d-45be-ad8f-93d54014a017
Jul 07 12:56:53.646778 dv-cinder-792209-6-iscsi devstack@c-api.service[99803]: DEBUG cinder.api.openstack.wsgi [None req-8d0369fb-437a-4282-a978-5827f2212fc6 tempest-SnapshotsActionsTest-1220748150 tempest-SnapshotsActionsTest-1220748150-project] Empty body provided in request {{(pid=99803) get_body /opt/stack/cinder/cinder/api/openstack/wsgi.py:713}}
Jul 07 12:56:53.646989 dv-cinder-792209-6-iscsi devstack@c-api.service[99803]: /usr/local/lib/python3.8/dist-packages/webob/acceptparse.py:1047: DeprecationWarning: The behavior of AcceptValidHeader.best_match is currently being maintained for backward compatibility, but it will be deprecated in the future, as it does not conform to the RFC.
Jul 07 12:56:53.646989 dv-cinder-792209-6-iscsi devstack@c-api.service[99803]: warnings.warn(
Jul 07 12:56:53.647470 dv-cinder-792209-6-iscsi devstack@c-api.service[99803]: DEBUG cinder.api.openstack.wsgi [None req-8d0369fb-437a-4282-a978-5827f2212fc6 tempest-SnapshotsActionsTest-1220748150 tempest-SnapshotsActionsTest-1220748150-project] Calling method 'delete' {{(pid=99803) _process_stack /opt/stack/cinder/cinder/api/openstack/wsgi.py:866}}
Jul 07 12:56:53.647885 dv-cinder-792209-6-iscsi devstack@c-api.service[99803]: INFO cinder.api.v2.snapshots [None req-8d0369fb-437a-4282-a978-5827f2212fc6 tempest-SnapshotsActionsTest-1220748150 tempest-SnapshotsActionsTest-1220748150-project] Delete snapshot with id: bed02704-ec4d-45be-ad8f-93d54014a017
Jul 07 12:56:53.661632 dv-cinder-792209-6-iscsi devstack@c-api.service[99803]: INFO cinder.api.openstack.wsgi [None req-8d0369fb-437a-4282-a978-5827f2212fc6 tempest-SnapshotsActionsTest-1220748150 tempest-SnapshotsActionsTest-1220748150-project] http://10.222.0.21/volume/v3/8c2f505457a04b82a1defad693758b04/snapshots/bed02704-ec4d-45be-ad8f-93d54014a017 returned with HTTP 404
Jul 07 12:56:53.663196 dv-cinder-792209-6-iscsi devstack@c-api.service[99803]: [pid: 99803|app: 0|req: 218/418] 10.222.0.21 () {58 vars in 1334 bytes} [Wed Jul 7 12:56:53 2021] DELETE /volume/v3/8c2f505457a04b82a1defad693758b04/snapshots/bed02704-ec4d-45be-ad8f-93d54014a017 => generated 111 bytes in 22 msecs (HTTP/1.1 404) 7 headers in 292 bytes (1 switches on core 0)
Jul 07 12:56:53.671540 dv-cinder-792209-6-iscsi devstack@c-api.service[99804]: INFO cinder.api.openstack.wsgi [None req-1b6a4e69-20a4-4f0d-a8b0-b0d2df7144cc tempest-SnapshotsActionsTest-1220748150 tempest-SnapshotsActionsTest-1220748150-project] DELETE http://10.222.0.21/volume/v3/8c2f505457a04b82a1defad693758b04/snapshots/cbfd6393-40d2-494e-91fd-f624b576caa7
Jul 07 12:56:53.672109 dv-cinder-792209-6-iscsi devstack@c-api.service[99804]: DEBUG cinder.api.openstack.wsgi [None req-1b6a4e69-20a4-4f0d-a8b0-b0d2df7144cc tempest-SnapshotsActionsTest-1220748150 tempest-SnapshotsActionsTest-1220748150-project] Empty body provided in request {{(pid=99804) get_body /opt/stack/cinder/cinder/api/openstack/wsgi.py:713}}
Jul 07 12:56:53.672345 dv-cinder-792209-6-iscsi devstack@c-api.service[99804]: /usr/local/lib/python3.8/dist-packages/webob/acceptparse.py:1047: DeprecationWarning: The behavior of AcceptValidHeader.best_match is currently being maintained for backward compatibility, but it will be deprecated in the future, as it does not conform to the RFC.
Jul 07 12:56:53.672345 dv-cinder-792209-6-iscsi devstack@c-api.service[99804]: warnings.warn(
Jul 07 12:56:53.672764 dv-cinder-792209-6-iscsi devstack@c-api.service[99804]: DEBUG cinder.api.openstack.wsgi [None req-1b6a4e69-20a4-4f0d-a8b0-b0d2df7144cc tempest-SnapshotsActionsTest-1220748150 tempest-SnapshotsActionsTest-1220748150-project] Calling method 'delete' {{(pid=99804) _process_stack /opt/stack/cinder/cinder/api/openstack/wsgi.py:866}}
Jul 07 12:56:53.673036 dv-cinder-792209-6-iscsi devstack@c-api.service[99804]: INFO cinder.api.v2.snapshots [None req-1b6a4e69-20a4-4f0d-a8b0-b0d2df7144cc tempest-SnapshotsActionsTest-1220748150 tempest-SnapshotsActionsTest-1220748150-project] Delete snapshot with id: cbfd6393-40d2-494e-91fd-f624b576caa7
Jul 07 12:56:53.682964 dv-cinder-792209-6-iscsi devstack@c-api.service[99804]: INFO cinder.api.openstack.wsgi [None req-1b6a4e69-20a4-4f0d-a8b0-b0d2df7144cc tempest-SnapshotsActionsTest-1220748150 tempest-SnapshotsActionsTest-1220748150-project] http://10.222.0.21/volume/v3/8c2f505457a04b82a1defad693758b04/snapshots/cbfd6393-40d2-494e-91fd-f624b576caa7 returned with HTTP 404
Jul 07 12:56:53.684292 dv-cinder-792209-6-iscsi devstack@c-api.service[99804]: [pid: 99804|app: 0|req: 201/419] 10.222.0.21 () {58 vars in 1334 bytes} [Wed Jul 7 12:56:53 2021] DELETE /volume/v3/8c2f505457a04b82a1defad693758b04/snapshots/cbfd6393-40d2-494e-91fd-f624b576caa7 => generated 111 bytes in 17 msecs (HTTP/1.1 404) 7 headers in 292 bytes (1 switches on core 0)
Jul 07 12:56:53.692332 dv-cinder-792209-6-iscsi devstack@c-api.service[99803]: INFO cinder.api.openstack.wsgi [None req-19af8817-a558-4fc8-8930-00a5bded501c tempest-SnapshotsActionsTest-1220748150 tempest-SnapshotsActionsTest-1220748150-project] DELETE http://10.222.0.21/volume/v3/8c2f505457a04b82a1defad693758b04/snapshots/7b4da558-7e99-47c2-85d7-06ba7422bcd9
Jul 07 12:56:53.693081 dv-cinder-792209-6-iscsi devstack@c-api.service[99803]: DEBUG cinder.api.openstack.wsgi [None req-19af8817-a558-4fc8-8930-00a5bded501c tempest-SnapshotsActionsTest-1220748150 tempest-SnapshotsActionsTest-1220748150-project] Empty body provided in request {{(pid=99803) get_body /opt/stack/cinder/cinder/api/openstack/wsgi.py:713}}
Jul 07 12:56:53.693503 dv-cinder-792209-6-iscsi devstack@c-api.service[99803]: DEBUG cinder.api.openstack.wsgi [None req-19af8817-a558-4fc8-8930-00a5bded501c tempest-SnapshotsActionsTest-1220748150 tempest-SnapshotsActionsTest-1220748150-project] Calling method 'delete' {{(pid=99803) _process_stack /opt/stack/cinder/cinder/api/openstack/wsgi.py:866}}
Jul 07 12:56:53.693809 dv-cinder-792209-6-iscsi devstack@c-api.service[99803]: INFO cinder.api.v2.snapshots [None req-19af8817-a558-4fc8-8930-00a5bded501c tempest-SnapshotsActionsTest-1220748150 tempest-SnapshotsActionsTest-1220748150-project] Delete snapshot with id: 7b4da558-7e99-47c2-85d7-06ba7422bcd9
Jul 07 12:56:53.701368 dv-cinder-792209-6-iscsi devstack@c-api.service[99803]: INFO cinder.api.openstack.wsgi [None req-19af8817-a558-4fc8-8930-00a5bded501c tempest-SnapshotsActionsTest-1220748150 tempest-SnapshotsActionsTest-1220748150-project] http://10.222.0.21/volume/v3/8c2f505457a04b82a1defad693758b04/snapshots/7b4da558-7e99-47c2-85d7-06ba7422bcd9 returned with HTTP 404
Jul 07 12:56:53.702893 dv-cinder-792209-6-iscsi devstack@c-api.service[99803]: [pid: 99803|app: 0|req: 219/420] 10.222.0.21 () {58 vars in 1334 bytes} [Wed Jul 7 12:56:53 2021] DELETE /volume/v3/8c2f505457a04b82a1defad693758b04/snapshots/7b4da558-7e99-47c2-85d7-06ba7422bcd9 => generated 111 bytes in 14 msecs (HTTP/1.1 404) 7 headers in 292 bytes (1 switches on core 0)
Jul 07 12:56:53.710211 dv-cinder-792209-6-iscsi devstack@c-api.service[99804]: INFO cinder.api.openstack.wsgi [None req-dde73a65-4710-4fe2-a79c-b20d780342fa tempest-SnapshotsActionsTest-1220748150 tempest-SnapshotsActionsTest-1220748150-project] DELETE http://10.222.0.21/volume/v3/8c2f505457a04b82a1defad693758b04/snapshots/bb700245-34f8-4ade-bf11-f9b446460123
Jul 07 12:56:53.710917 dv-cinder-792209-6-iscsi devstack@c-api.service[99804]: DEBUG cinder.api.openstack.wsgi [None req-dde73a65-4710-4fe2-a79c-b20d780342fa tempest-SnapshotsActionsTest-1220748150 tempest-SnapshotsActionsTest-1220748150-project] Empty body provided in request {{(pid=99804) get_body /opt/stack/cinder/cinder/api/openstack/wsgi.py:713}}
Jul 07 12:56:53.711340 dv-cinder-792209-6-iscsi devstack@c-api.service[99804]: DEBUG cinder.api.openstack.wsgi [None req-dde73a65-4710-4fe2-a79c-b20d780342fa tempest-SnapshotsActionsTest-1220748150 tempest-SnapshotsActionsTest-1220748150-project] Calling method 'delete' {{(pid=99804) _process_stack /opt/stack/cinder/cinder/api/openstack/wsgi.py:866}}
Jul 07 12:56:53.711646 dv-cinder-792209-6-iscsi devstack@c-api.service[99804]: INFO cinder.api.v2.snapshots [None req-dde73a65-4710-4fe2-a79c-b20d780342fa tempest-SnapshotsActionsTest-1220748150 tempest-SnapshotsActionsTest-1220748150-project] Delete snapshot with id: bb700245-34f8-4ade-bf11-f9b446460123
Jul 07 12:56:53.719887 dv-cinder-792209-6-iscsi devstack@c-api.service[99804]: INFO cinder.api.openstack.wsgi [None req-dde73a65-4710-4fe2-a79c-b20d780342fa tempest-SnapshotsActionsTest-1220748150 tempest-SnapshotsActionsTest-1220748150-project] http://10.222.0.21/volume/v3/8c2f505457a04b82a1defad693758b04/snapshots/bb700245-34f8-4ade-bf11-f9b446460123 returned with HTTP 404
Jul 07 12:56:53.721119 dv-cinder-792209-6-iscsi devstack@c-api.service[99804]: [pid: 99804|app: 0|req: 202/421] 10.222.0.21 () {58 vars in 1334 bytes} [Wed Jul 7 12:56:53 2021] DELETE /volume/v3/8c2f505457a04b82a1defad693758b04/snapshots/bb700245-34f8-4ade-bf11-f9b446460123 => generated 111 bytes in 15 msecs (HTTP/1.1 404) 7 headers in 292 bytes (2 switches on core 0)
Jul 07 12:56:53.729041 dv-cinder-792209-6-iscsi devstack@c-api.service[99803]: INFO cinder.api.openstack.wsgi [None req-9fa42f78-f216-4ce6-b89a-2bfa07a9a1f8 tempest-SnapshotsActionsTest-1220748150 tempest-SnapshotsActionsTest-1220748150-project] DELETE http://10.222.0.21/volume/v3/8c2f505457a04b82a1defad693758b04/snapshots/70642a14-71f0-4f87-afcd-34886f1db298
Jul 07 12:56:53.729489 dv-cinder-792209-6-iscsi devstack@c-api.service[99803]: DEBUG cinder.api.openstack.wsgi [None req-9fa42f78-f216-4ce6-b89a-2bfa07a9a1f8 tempest-SnapshotsActionsTest-1220748150 tempest-SnapshotsActionsTest-1220748150-project] Empty body provided in request {{(pid=99803) get_body /opt/stack/cinder/cinder/api/openstack/wsgi.py:713}}
Jul 07 12:56:53.730098 dv-cinder-792209-6-iscsi devstack@c-api.service[99803]: DEBUG cinder.api.openstack.wsgi [None req-9fa42f78-f216-4ce6-b89a-2bfa07a9a1f8 tempest-SnapshotsActionsTest-1220748150 tempest-SnapshotsActionsTest-1220748150-project] Calling method 'delete' {{(pid=99803) _process_stack /opt/stack/cinder/cinder/api/openstack/wsgi.py:866}}
Jul 07 12:56:53.731159 dv-cinder-792209-6-iscsi devstack@c-api.service[99803]: INFO cinder.api.v2.snapshots [None req-9fa42f78-f216-4ce6-b89a-2bfa07a9a1f8 tempest-SnapshotsActionsTest-1220748150 tempest-SnapshotsActionsTest-1220748150-project] Delete snapshot with id: 70642a14-71f0-4f87-afcd-34886f1db298
Jul 07 12:56:53.739308 dv-cinder-792209-6-iscsi devstack@c-api.service[99803]: /usr/local/lib/python3.8/dist-packages/oslo_context/context.py:105: DeprecationWarning: Policy enforcement is depending on the value of is_admin. This key is deprecated. Please update your policy file to use the standard policy values.
Jul 07 12:56:53.739308 dv-cinder-792209-6-iscsi devstack@c-api.service[99803]: warnings.warn('Policy enforcement is depending on the value of '
Jul 07 12:56:53.740310 dv-cinder-792209-6-iscsi devstack@c-api.service[99803]: INFO cinder.volume.api [None req-9fa42f78-f216-4ce6-b89a-2bfa07a9a1f8 tempest-SnapshotsActionsTest-1220748150 tempest-SnapshotsActionsTest-1220748150-project] Snapshot retrieved successfully.
Jul 07 12:56:53.769957 dv-cinder-792209-6-iscsi devstack@c-api.service[99803]: INFO cinder.volume.api [None req-9fa42f78-f216-4ce6-b89a-2bfa07a9a1f8 tempest-SnapshotsActionsTest-1220748150 tempest-SnapshotsActionsTest-1220748150-project] Snapshot delete request issued successfully.
Jul 07 12:56:53.770424 dv-cinder-792209-6-iscsi devstack@c-api.service[99803]: INFO cinder.api.openstack.wsgi [None req-9fa42f78-f216-4ce6-b89a-2bfa07a9a1f8 tempest-SnapshotsActionsTest-1220748150 tempest-SnapshotsActionsTest-1220748150-project] http://10.222.0.21/volume/v3/8c2f505457a04b82a1defad693758b04/snapshots/70642a14-71f0-4f87-afcd-34886f1db298 returned with HTTP 202
Jul 07 12:56:53.774622 dv-cinder-792209-6-iscsi devstack@c-api.service[99803]: [pid: 99803|app: 0|req: 220/422] 10.222.0.21 () {58 vars in 1334 bytes} [Wed Jul 7 12:56:53 2021] DELETE /volume/v3/8c2f505457a04b82a1defad693758b04/snapshots/70642a14-71f0-4f87-afcd-34886f1db298 => generated 0 bytes in 49 msecs (HTTP/1.1 202) 6 headers in 233 bytes (1 switches on core 0)
Jul 07 12:56:53.780842 dv-cinder-792209-6-iscsi devstack@c-api.service[99804]: INFO cinder.api.openstack.wsgi [None req-1388744d-3be1-4e74-bb30-c00f53bc0d2d tempest-SnapshotsActionsTest-1220748150 tempest-SnapshotsActionsTest-1220748150-project] GET http://10.222.0.21/volume/v3/8c2f505457a04b82a1defad693758b04/snapshots/70642a14-71f0-4f87-afcd-34886f1db298
Jul 07 12:56:53.781333 dv-cinder-792209-6-iscsi devstack@c-api.service[99804]: DEBUG cinder.api.openstack.wsgi [None req-1388744d-3be1-4e74-bb30-c00f53bc0d2d tempest-SnapshotsActionsTest-1220748150 tempest-SnapshotsActionsTest-1220748150-project] Empty body provided in request {{(pid=99804) get_body /opt/stack/cinder/cinder/api/openstack/wsgi.py:713}}
Jul 07 12:56:53.781741 dv-cinder-792209-6-iscsi devstack@c-api.service[99804]: DEBUG cinder.api.openstack.wsgi [None req-1388744d-3be1-4e74-bb30-c00f53bc0d2d tempest-SnapshotsActionsTest-1220748150 tempest-SnapshotsActionsTest-1220748150-project] Calling method 'show' {{(pid=99804) _process_stack /opt/stack/cinder/cinder/api/openstack/wsgi.py:866}}
Jul 07 12:56:53.790847 dv-cinder-792209-6-iscsi devstack@c-api.service[99803]: INFO cinder.api.openstack.wsgi [None req-1182e90b-cb45-4c65-9a4e-73750b2475e6 tempest-VolumeRetypeWithoutMigrationTest-773763721 tempest-VolumeRetypeWithoutMigrationTest-773763721-project] GET http://10.222.0.21/volume/v3/66d8c79b1a794f82820ac47e94c03c79/volumes/0dc586c4-19fb-4001-a237-cd9f29aaf55a
Jul 07 12:56:53.791258 dv-cinder-792209-6-iscsi devstack@c-api.service[99803]: DEBUG cinder.api.openstack.wsgi [None req-1182e90b-cb45-4c65-9a4e-73750b2475e6 tempest-VolumeRetypeWithoutMigrationTest-773763721 tempest-VolumeRetypeWithoutMigrationTest-773763721-project] Empty body provided in request {{(pid=99803) get_body /opt/stack/cinder/cinder/api/openstack/wsgi.py:713}}
Jul 07 12:56:53.791449 dv-cinder-792209-6-iscsi devstack@c-api.service[99803]: /usr/local/lib/python3.8/dist-packages/webob/acceptparse.py:1047: DeprecationWarning: The behavior of AcceptValidHeader.best_match is currently being maintained for backward compatibility, but it will be deprecated in the future, as it does not conform to the RFC.
Jul 07 12:56:53.791449 dv-cinder-792209-6-iscsi devstack@c-api.service[99803]: warnings.warn(
Jul 07 12:56:53.791917 dv-cinder-792209-6-iscsi devstack@c-api.service[99803]: DEBUG cinder.api.openstack.wsgi [None req-1182e90b-cb45-4c65-9a4e-73750b2475e6 tempest-VolumeRetypeWithoutMigrationTest-773763721 tempest-VolumeRetypeWithoutMigrationTest-773763721-project] Calling method 'show' {{(pid=99803) _process_stack /opt/stack/cinder/cinder/api/openstack/wsgi.py:866}}
Jul 07 12:56:53.794312 dv-cinder-792209-6-iscsi devstack@c-api.service[99804]: /usr/local/lib/python3.8/dist-packages/oslo_context/context.py:105: DeprecationWarning: Policy enforcement is depending on the value of is_admin. This key is deprecated. Please update your policy file to use the standard policy values.
Jul 07 12:56:53.794312 dv-cinder-792209-6-iscsi devstack@c-api.service[99804]: warnings.warn('Policy enforcement is depending on the value of '
Jul 07 12:56:53.795932 dv-cinder-792209-6-iscsi devstack@c-api.service[99804]: INFO cinder.volume.api [None req-1388744d-3be1-4e74-bb30-c00f53bc0d2d tempest-SnapshotsActionsTest-1220748150 tempest-SnapshotsActionsTest-1220748150-project] Snapshot retrieved successfully.
Jul 07 12:56:53.798053 dv-cinder-792209-6-iscsi devstack@c-api.service[99804]: INFO cinder.api.openstack.wsgi [None req-1388744d-3be1-4e74-bb30-c00f53bc0d2d tempest-SnapshotsActionsTest-1220748150 tempest-SnapshotsActionsTest-1220748150-project] http://10.222.0.21/volume/v3/8c2f505457a04b82a1defad693758b04/snapshots/70642a14-71f0-4f87-afcd-34886f1db298 returned with HTTP 200
Jul 07 12:56:53.798859 dv-cinder-792209-6-iscsi devstack@c-api.service[99804]: [pid: 99804|app: 0|req: 203/423] 10.222.0.21 () {58 vars in 1331 bytes} [Wed Jul 7 12:56:53 2021] GET /volume/v3/8c2f505457a04b82a1defad693758b04/snapshots/70642a14-71f0-4f87-afcd-34886f1db298 => generated 463 bytes in 24 msecs (HTTP/1.1 200) 7 headers in 285 bytes (2 switches on core 0)
Jul 07 12:56:53.838732 dv-cinder-792209-6-iscsi devstack@c-api.service[99803]: /usr/local/lib/python3.8/dist-packages/oslo_context/context.py:105: DeprecationWarning: Policy enforcement is depending on the value of is_admin. This key is deprecated. Please update your policy file to use the standard policy values.
Jul 07 12:56:53.838732 dv-cinder-792209-6-iscsi devstack@c-api.service[99803]: warnings.warn('Policy enforcement is depending on the value of '
Jul 07 12:56:53.846591 dv-cinder-792209-6-iscsi devstack@c-api.service[99803]: INFO cinder.volume.api [None req-1182e90b-cb45-4c65-9a4e-73750b2475e6 tempest-VolumeRetypeWithoutMigrationTest-773763721 tempest-VolumeRetypeWithoutMigrationTest-773763721-project] Volume info retrieved successfully.
Jul 07 12:56:53.863512 dv-cinder-792209-6-iscsi devstack@c-api.service[99803]: INFO cinder.api.openstack.wsgi [None req-1182e90b-cb45-4c65-9a4e-73750b2475e6 tempest-VolumeRetypeWithoutMigrationTest-773763721 tempest-VolumeRetypeWithoutMigrationTest-773763721-project] http://10.222.0.21/volume/v3/66d8c79b1a794f82820ac47e94c03c79/volumes/0dc586c4-19fb-4001-a237-cd9f29aaf55a returned with HTTP 200
Jul 07 12:56:53.864246 dv-cinder-792209-6-iscsi devstack@c-api.service[99803]: [pid: 99803|app: 0|req: 221/424] 10.222.0.21 () {58 vars in 1325 bytes} [Wed Jul 7 12:56:53 2021] GET /volume/v3/66d8c79b1a794f82820ac47e94c03c79/volumes/0dc586c4-19fb-4001-a237-cd9f29aaf55a => generated 926 bytes in 78 msecs (HTTP/1.1 200) 7 headers in 285 bytes (1 switches on core 0)
Jul 07 12:56:53.879587 dv-cinder-792209-6-iscsi devstack@c-api.service[99804]: INFO cinder.api.openstack.wsgi [None req-16641a15-0887-4762-947c-f76986eeb280 tempest-VolumeRetypeWithoutMigrationTest-1448267111 tempest-VolumeRetypeWithoutMigrationTest-1448267111-project-admin] GET http://10.222.0.21/volume/v3/80948e1992ae4949a99adef49ea25c61/volumes/0dc586c4-19fb-4001-a237-cd9f29aaf55a
Jul 07 12:56:53.880516 dv-cinder-792209-6-iscsi devstack@c-api.service[99804]: DEBUG cinder.api.openstack.wsgi [None req-16641a15-0887-4762-947c-f76986eeb280 tempest-VolumeRetypeWithoutMigrationTest-1448267111 tempest-VolumeRetypeWithoutMigrationTest-1448267111-project-admin] Empty body provided in request {{(pid=99804) get_body /opt/stack/cinder/cinder/api/openstack/wsgi.py:713}}
Jul 07 12:56:53.881348 dv-cinder-792209-6-iscsi devstack@c-api.service[99804]: /usr/local/lib/python3.8/dist-packages/webob/acceptparse.py:1047: DeprecationWarning: The behavior of AcceptValidHeader.best_match is currently being maintained for backward compatibility, but it will be deprecated in the future, as it does not conform to the RFC.
Jul 07 12:56:53.881348 dv-cinder-792209-6-iscsi devstack@c-api.service[99804]: warnings.warn(
Jul 07 12:56:53.881962 dv-cinder-792209-6-iscsi devstack@c-api.service[99804]: DEBUG cinder.api.openstack.wsgi [None req-16641a15-0887-4762-947c-f76986eeb280 tempest-VolumeRetypeWithoutMigrationTest-1448267111 tempest-VolumeRetypeWithoutMigrationTest-1448267111-project-admin] Calling method 'show' {{(pid=99804) _process_stack /opt/stack/cinder/cinder/api/openstack/wsgi.py:866}}
Jul 07 12:56:53.900142 dv-cinder-792209-6-iscsi devstack@c-api.service[99804]: /usr/local/lib/python3.8/dist-packages/oslo_context/context.py:105: DeprecationWarning: Policy enforcement is depending on the value of is_admin. This key is deprecated. Please update your policy file to use the standard policy values.
Jul 07 12:56:53.900142 dv-cinder-792209-6-iscsi devstack@c-api.service[99804]: warnings.warn('Policy enforcement is depending on the value of '
Jul 07 12:56:53.901086 dv-cinder-792209-6-iscsi devstack@c-api.service[99803]: INFO cinder.api.openstack.wsgi [None req-03c471cb-4c63-4c2d-9e16-ed8491c96427 tempest-DeleteServersTestJSON-1238932221 tempest-DeleteServersTestJSON-1238932221-project] GET http://10.222.0.21/volume/v3/4f2578a2ae0f4ae782592ca58159f1bb/volumes/a46a7582-03e1-4b7a-8f45-a2e522104839
Jul 07 12:56:53.901199 dv-cinder-792209-6-iscsi devstack@c-api.service[99803]: DEBUG cinder.api.openstack.wsgi [None req-03c471cb-4c63-4c2d-9e16-ed8491c96427 tempest-DeleteServersTestJSON-1238932221 tempest-DeleteServersTestJSON-1238932221-project] Empty body provided in request {{(pid=99803) get_body /opt/stack/cinder/cinder/api/openstack/wsgi.py:713}}
Jul 07 12:56:53.901491 dv-cinder-792209-6-iscsi devstack@c-api.service[99803]: /usr/local/lib/python3.8/dist-packages/webob/acceptparse.py:1047: DeprecationWarning: The behavior of AcceptValidHeader.best_match is currently being maintained for backward compatibility, but it will be deprecated in the future, as it does not conform to the RFC.
Jul 07 12:56:53.901491 dv-cinder-792209-6-iscsi devstack@c-api.service[99803]: warnings.warn(
Jul 07 12:56:53.902561 dv-cinder-792209-6-iscsi devstack@c-api.service[99803]: DEBUG cinder.api.openstack.wsgi [None req-03c471cb-4c63-4c2d-9e16-ed8491c96427 tempest-DeleteServersTestJSON-1238932221 tempest-DeleteServersTestJSON-1238932221-project] Calling method 'show' {{(pid=99803) _process_stack /opt/stack/cinder/cinder/api/openstack/wsgi.py:866}}
Jul 07 12:56:53.919356 dv-cinder-792209-6-iscsi devstack@c-api.service[99803]: /usr/local/lib/python3.8/dist-packages/oslo_context/context.py:105: DeprecationWarning: Policy enforcement is depending on the value of is_admin. This key is deprecated. Please update your policy file to use the standard policy values.
Jul 07 12:56:53.919356 dv-cinder-792209-6-iscsi devstack@c-api.service[99803]: warnings.warn('Policy enforcement is depending on the value of '
Jul 07 12:56:53.923391 dv-cinder-792209-6-iscsi devstack@c-api.service[99804]: INFO cinder.volume.api [None req-16641a15-0887-4762-947c-f76986eeb280 tempest-VolumeRetypeWithoutMigrationTest-1448267111 tempest-VolumeRetypeWithoutMigrationTest-1448267111-project-admin] Volume info retrieved successfully.
Jul 07 12:56:53.927688 dv-cinder-792209-6-iscsi devstack@c-api.service[99803]: INFO cinder.volume.api [None req-03c471cb-4c63-4c2d-9e16-ed8491c96427 tempest-DeleteServersTestJSON-1238932221 tempest-DeleteServersTestJSON-1238932221-project] Volume info retrieved successfully.
Jul 07 12:56:53.945819 dv-cinder-792209-6-iscsi devstack@c-api.service[99803]: INFO cinder.api.openstack.wsgi [None req-03c471cb-4c63-4c2d-9e16-ed8491c96427 tempest-DeleteServersTestJSON-1238932221 tempest-DeleteServersTestJSON-1238932221-project] http://10.222.0.21/volume/v3/4f2578a2ae0f4ae782592ca58159f1bb/volumes/a46a7582-03e1-4b7a-8f45-a2e522104839 returned with HTTP 200
Jul 07 12:56:53.947035 dv-cinder-792209-6-iscsi devstack@c-api.service[99803]: [pid: 99803|app: 0|req: 222/425] 10.222.0.21 () {58 vars in 1325 bytes} [Wed Jul 7 12:56:53 2021] GET /volume/v3/4f2578a2ae0f4ae782592ca58159f1bb/volumes/a46a7582-03e1-4b7a-8f45-a2e522104839 => generated 914 bytes in 50 msecs (HTTP/1.1 200) 7 headers in 285 bytes (2 switches on core 0)
Jul 07 12:56:53.965230 dv-cinder-792209-6-iscsi devstack@c-api.service[99804]: INFO cinder.api.openstack.wsgi [None req-16641a15-0887-4762-947c-f76986eeb280 tempest-VolumeRetypeWithoutMigrationTest-1448267111 tempest-VolumeRetypeWithoutMigrationTest-1448267111-project-admin] http://10.222.0.21/volume/v3/80948e1992ae4949a99adef49ea25c61/volumes/0dc586c4-19fb-4001-a237-cd9f29aaf55a returned with HTTP 200
Jul 07 12:56:53.966205 dv-cinder-792209-6-iscsi devstack@c-api.service[99803]: INFO cinder.api.openstack.wsgi [None req-74657eed-7b2e-49d8-9c51-f04b5a5c33b7 tempest-VolumesGetTest-171792473 tempest-VolumesGetTest-171792473-project] GET http://10.222.0.21/volume/v3/6bb37e60f45145eaaf3afa529ae07d71/volumes/73d20381-97f2-4bd4-8cff-1e27965b648b
Jul 07 12:56:53.966973 dv-cinder-792209-6-iscsi devstack@c-api.service[99804]: [pid: 99804|app: 0|req: 204/426] 10.222.0.21 () {58 vars in 1325 bytes} [Wed Jul 7 12:56:53 2021] GET /volume/v3/80948e1992ae4949a99adef49ea25c61/volumes/0dc586c4-19fb-4001-a237-cd9f29aaf55a => generated 1102 bytes in 92 msecs (HTTP/1.1 200) 7 headers in 286 bytes (2 switches on core 0)
Jul 07 12:56:53.967088 dv-cinder-792209-6-iscsi devstack@c-api.service[99803]: DEBUG cinder.api.openstack.wsgi [None req-74657eed-7b2e-49d8-9c51-f04b5a5c33b7 tempest-VolumesGetTest-171792473 tempest-VolumesGetTest-171792473-project] Empty body provided in request {{(pid=99803) get_body /opt/stack/cinder/cinder/api/openstack/wsgi.py:713}}
Jul 07 12:56:53.968600 dv-cinder-792209-6-iscsi devstack@c-api.service[99803]: /usr/local/lib/python3.8/dist-packages/webob/acceptparse.py:1047: DeprecationWarning: The behavior of AcceptValidHeader.best_match is currently being maintained for backward compatibility, but it will be deprecated in the future, as it does not conform to the RFC.
Jul 07 12:56:53.968600 dv-cinder-792209-6-iscsi devstack@c-api.service[99803]: warnings.warn(
Jul 07 12:56:53.969278 dv-cinder-792209-6-iscsi devstack@c-api.service[99803]: DEBUG cinder.api.openstack.wsgi [None req-74657eed-7b2e-49d8-9c51-f04b5a5c33b7 tempest-VolumesGetTest-171792473 tempest-VolumesGetTest-171792473-project] Calling method 'show' {{(pid=99803) _process_stack /opt/stack/cinder/cinder/api/openstack/wsgi.py:866}}
Jul 07 12:56:53.981209 dv-cinder-792209-6-iscsi devstack@c-api.service[99804]: INFO cinder.api.openstack.wsgi [None req-d98f88b3-b82a-4338-a77c-e96a74e47877 tempest-VolumeRetypeWithoutMigrationTest-1448267111 tempest-VolumeRetypeWithoutMigrationTest-1448267111-project-admin] GET http://10.222.0.21/volume/v3/80948e1992ae4949a99adef49ea25c61/volumes?all_tenants=True&name=tempest-VolumeRetypeWithoutMigrationTest-Volume-732516520
