Jun 29 16:06:02.717895 dv-cinder-792209-4-smb devstack@c-api.service[100395]: DEBUG cinder.api.openstack.wsgi [None req-9e9abb18-e9c6-4cbd-90dd-e65be1b8d214 tempest-SnapshotsActionsTest-2008589682 tempest-SnapshotsActionsTest-2008589682-project-admin] Action body: b'{"os-reset_status": {"status": "available"}}' {{(pid=100395) get_method /opt/stack/cinder/cinder/api/openstack/wsgi.py:981}}
Jun 29 16:06:02.718358 dv-cinder-792209-4-smb devstack@c-api.service[100395]: DEBUG cinder.api.openstack.wsgi [None req-9e9abb18-e9c6-4cbd-90dd-e65be1b8d214 tempest-SnapshotsActionsTest-2008589682 tempest-SnapshotsActionsTest-2008589682-project-admin] Action: 'action', calling method: _reset_status, body: {"os-reset_status": {"status": "available"}} {{(pid=100395) _process_stack /opt/stack/cinder/cinder/api/openstack/wsgi.py:864}}
Jun 29 16:06:02.719307 dv-cinder-792209-4-smb devstack@c-api.service[100395]: DEBUG cinder.api.contrib.admin_actions [None req-9e9abb18-e9c6-4cbd-90dd-e65be1b8d214 tempest-SnapshotsActionsTest-2008589682 tempest-SnapshotsActionsTest-2008589682-project-admin] Updating snapshot 'd4177491-2dff-4eed-a029-8ed8d96e10b3' with '{'status': 'available'}' {{(pid=100395) _reset_status /opt/stack/cinder/cinder/api/contrib/admin_actions.py:100}}
Jun 29 16:06:02.746070 dv-cinder-792209-4-smb devstack@c-api.service[100395]: /usr/local/lib/python3.8/dist-packages/oslo_context/context.py:105: DeprecationWarning: Policy enforcement is depending on the value of is_admin. This key is deprecated. Please update your policy file to use the standard policy values.
Jun 29 16:06:02.746070 dv-cinder-792209-4-smb devstack@c-api.service[100395]: warnings.warn('Policy enforcement is depending on the value of '
Jun 29 16:06:02.753673 dv-cinder-792209-4-smb devstack@c-api.service[100394]: /usr/local/lib/python3.8/dist-packages/oslo_context/context.py:105: DeprecationWarning: Policy enforcement is depending on the value of is_admin. This key is deprecated. Please update your policy file to use the standard policy values.
Jun 29 16:06:02.753673 dv-cinder-792209-4-smb devstack@c-api.service[100394]: warnings.warn('Policy enforcement is depending on the value of '
Jun 29 16:06:02.821360 dv-cinder-792209-4-smb devstack@c-api.service[100395]: INFO cinder.api.openstack.wsgi [None req-9e9abb18-e9c6-4cbd-90dd-e65be1b8d214 tempest-SnapshotsActionsTest-2008589682 tempest-SnapshotsActionsTest-2008589682-project-admin] http://10.222.0.13/volume/v3/fbcce30d1ffb451b8164e2e97abf6db9/snapshots/d4177491-2dff-4eed-a029-8ed8d96e10b3/action returned with HTTP 202
Jun 29 16:06:02.824621 dv-cinder-792209-4-smb devstack@c-api.service[100395]: [pid: 100395|app: 0|req: 86/172] 10.222.0.13 () {60 vars in 1373 bytes} [Tue Jun 29 16:06:02 2021] POST /volume/v3/fbcce30d1ffb451b8164e2e97abf6db9/snapshots/d4177491-2dff-4eed-a029-8ed8d96e10b3/action => generated 0 bytes in 111 msecs (HTTP/1.1 202) 7 headers in 289 bytes (1 switches on core 0)
Jun 29 16:06:02.942436 dv-cinder-792209-4-smb devstack@c-api.service[100394]: INFO cinder.api.openstack.wsgi [req-b95b04cc-6cfb-451a-a0dc-3e2c03eb9bb6 req-3c442604-ca5a-4b59-892b-97c2ae79ddb4 tempest-AttachVolumeNegativeTest-1350301065 tempest-AttachVolumeNegativeTest-1350301065-project] http://10.222.0.13/volume/v3/c7942eaef00f484cb431425bbeda9740/attachments/779de098-c1aa-444b-bb69-1522011e2cf0/action returned with HTTP 204
Jun 29 16:06:02.942963 dv-cinder-792209-4-smb devstack@c-api.service[100395]: INFO cinder.api.openstack.wsgi [None req-0808433e-8172-47e1-80b1-f5153eee276e tempest-VolumeRetypeWithoutMigrationTest-1214157639 tempest-VolumeRetypeWithoutMigrationTest-1214157639-project] POST http://10.222.0.13/volume/v3/f69ae2fb77fc48e2bd61f1e10d4f21ce/volumes
Jun 29 16:06:02.943497 dv-cinder-792209-4-smb devstack@c-api.service[100394]: [pid: 100394|app: 0|req: 87/173] 10.222.0.86 () {64 vars in 1499 bytes} [Tue Jun 29 16:06:02 2021] POST /volume/v3/c7942eaef00f484cb431425bbeda9740/attachments/779de098-c1aa-444b-bb69-1522011e2cf0/action => generated 0 bytes in 232 msecs (HTTP/1.1 204) 7 headers in 292 bytes (1 switches on core 0)
Jun 29 16:06:02.943722 dv-cinder-792209-4-smb devstack@c-api.service[100395]: /usr/local/lib/python3.8/dist-packages/webob/acceptparse.py:1047: DeprecationWarning: The behavior of AcceptValidHeader.best_match is currently being maintained for backward compatibility, but it will be deprecated in the future, as it does not conform to the RFC.
Jun 29 16:06:02.943722 dv-cinder-792209-4-smb devstack@c-api.service[100395]: warnings.warn(
Jun 29 16:06:02.944132 dv-cinder-792209-4-smb devstack@c-api.service[100395]: DEBUG cinder.api.openstack.wsgi [None req-0808433e-8172-47e1-80b1-f5153eee276e tempest-VolumeRetypeWithoutMigrationTest-1214157639 tempest-VolumeRetypeWithoutMigrationTest-1214157639-project] Action: 'create', calling method: create, body: {"volume": {"volume_type": "volume-type-1", "size": 1, "name": "tempest-VolumeRetypeWithoutMigrationTest-Volume-1856414946"}} {{(pid=100395) _process_stack /opt/stack/cinder/cinder/api/openstack/wsgi.py:864}}
Jun 29 16:06:02.946249 dv-cinder-792209-4-smb devstack@c-api.service[100395]: DEBUG cinder.api.v3.volumes [None req-0808433e-8172-47e1-80b1-f5153eee276e tempest-VolumeRetypeWithoutMigrationTest-1214157639 tempest-VolumeRetypeWithoutMigrationTest-1214157639-project] Create volume request body: {'volume': {'volume_type': 'volume-type-1', 'size': 1, 'name': 'tempest-VolumeRetypeWithoutMigrationTest-Volume-1856414946'}} {{(pid=100395) create /opt/stack/cinder/cinder/api/v3/volumes.py:289}}
Jun 29 16:06:02.950772 dv-cinder-792209-4-smb devstack@c-api.service[100394]: INFO cinder.api.openstack.wsgi [None req-7b42edee-5a22-4fe9-94a3-6c00af56b239 tempest-GroupSnapshotsTest-345836265 tempest-GroupSnapshotsTest-345836265-project] GET http://10.222.0.13/volume/v3/963b1b2c39104692a10e83da133b2dea/snapshots/detail
Jun 29 16:06:02.951607 dv-cinder-792209-4-smb devstack@c-api.service[100394]: DEBUG cinder.api.openstack.wsgi [None req-7b42edee-5a22-4fe9-94a3-6c00af56b239 tempest-GroupSnapshotsTest-345836265 tempest-GroupSnapshotsTest-345836265-project] Empty body provided in request {{(pid=100394) get_body /opt/stack/cinder/cinder/api/openstack/wsgi.py:713}}
Jun 29 16:06:02.958687 dv-cinder-792209-4-smb devstack@c-api.service[100395]: INFO cinder.api.v3.volumes [None req-0808433e-8172-47e1-80b1-f5153eee276e tempest-VolumeRetypeWithoutMigrationTest-1214157639 tempest-VolumeRetypeWithoutMigrationTest-1214157639-project] Create volume of 1 GB
Jun 29 16:06:02.958687 dv-cinder-792209-4-smb devstack@c-api.service[100395]: /usr/local/lib/python3.8/dist-packages/oslo_context/context.py:105: DeprecationWarning: Policy enforcement is depending on the value of is_admin. This key is deprecated. Please update your policy file to use the standard policy values.
Jun 29 16:06:02.958687 dv-cinder-792209-4-smb devstack@c-api.service[100395]: warnings.warn('Policy enforcement is depending on the value of '
Jun 29 16:06:02.958687 dv-cinder-792209-4-smb devstack@c-api.service[100395]: INFO cinder.volume.api [None req-0808433e-8172-47e1-80b1-f5153eee276e tempest-VolumeRetypeWithoutMigrationTest-1214157639 tempest-VolumeRetypeWithoutMigrationTest-1214157639-project] Availability Zones retrieved successfully.
Jun 29 16:06:02.959629 dv-cinder-792209-4-smb devstack@c-api.service[100394]: /usr/local/lib/python3.8/dist-packages/webob/acceptparse.py:1047: DeprecationWarning: The behavior of AcceptValidHeader.best_match is currently being maintained for backward compatibility, but it will be deprecated in the future, as it does not conform to the RFC.
Jun 29 16:06:02.959629 dv-cinder-792209-4-smb devstack@c-api.service[100394]: warnings.warn(
Jun 29 16:06:02.959629 dv-cinder-792209-4-smb devstack@c-api.service[100394]: DEBUG cinder.api.openstack.wsgi [None req-7b42edee-5a22-4fe9-94a3-6c00af56b239 tempest-GroupSnapshotsTest-345836265 tempest-GroupSnapshotsTest-345836265-project] Calling method 'detail' {{(pid=100394) _process_stack /opt/stack/cinder/cinder/api/openstack/wsgi.py:866}}
Jun 29 16:06:02.960652 dv-cinder-792209-4-smb devstack@c-api.service[100394]: DEBUG cinder.api.api_utils [None req-7b42edee-5a22-4fe9-94a3-6c00af56b239 tempest-GroupSnapshotsTest-345836265 tempest-GroupSnapshotsTest-345836265-project] Removing options '' from query. {{(pid=100394) remove_invalid_filter_options /opt/stack/cinder/cinder/api/api_utils.py:73}}
Jun 29 16:06:02.963035 dv-cinder-792209-4-smb devstack@c-api.service[100394]: DEBUG cinder.db.sqlalchemy.api [None req-7b42edee-5a22-4fe9-94a3-6c00af56b239 tempest-GroupSnapshotsTest-345836265 tempest-GroupSnapshotsTest-345836265-project] Building query based on filter {{(pid=100394) _process_snaps_filters /opt/stack/cinder/cinder/db/sqlalchemy/api.py:3138}}
Jun 29 16:06:02.974249 dv-cinder-792209-4-smb devstack@c-api.service[100394]: INFO cinder.volume.api [None req-7b42edee-5a22-4fe9-94a3-6c00af56b239 tempest-GroupSnapshotsTest-345836265 tempest-GroupSnapshotsTest-345836265-project] Get all snapshots completed successfully.
Jun 29 16:06:02.975596 dv-cinder-792209-4-smb devstack@c-api.service[100394]: /usr/local/lib/python3.8/dist-packages/oslo_context/context.py:105: DeprecationWarning: Policy enforcement is depending on the value of is_admin. This key is deprecated. Please update your policy file to use the standard policy values.
Jun 29 16:06:02.975596 dv-cinder-792209-4-smb devstack@c-api.service[100394]: warnings.warn('Policy enforcement is depending on the value of '
Jun 29 16:06:02.977491 dv-cinder-792209-4-smb devstack@c-api.service[100394]: INFO cinder.api.openstack.wsgi [None req-7b42edee-5a22-4fe9-94a3-6c00af56b239 tempest-GroupSnapshotsTest-345836265 tempest-GroupSnapshotsTest-345836265-project] http://10.222.0.13/volume/v3/963b1b2c39104692a10e83da133b2dea/snapshots/detail returned with HTTP 200
Jun 29 16:06:02.977648 dv-cinder-792209-4-smb devstack@c-api.service[100395]: DEBUG cinder.volume.api [None req-0808433e-8172-47e1-80b1-f5153eee276e tempest-VolumeRetypeWithoutMigrationTest-1214157639 tempest-VolumeRetypeWithoutMigrationTest-1214157639-project] Flow 'volume_create_api' (2a36b0c0-83a2-4508-9584-1c8d702246f0) transitioned into state 'RUNNING' from state 'PENDING' {{(pid=100395) _flow_receiver /usr/local/lib/python3.8/dist-packages/taskflow/listeners/logging.py:141}}
Jun 29 16:06:02.978250 dv-cinder-792209-4-smb devstack@c-api.service[100394]: [pid: 100394|app: 0|req: 88/174] 10.222.0.13 () {58 vars in 1241 bytes} [Tue Jun 29 16:06:02 2021] GET /volume/v3/963b1b2c39104692a10e83da133b2dea/snapshots/detail => generated 518 bytes in 34 msecs (HTTP/1.1 200) 7 headers in 285 bytes (1 switches on core 0)
Jun 29 16:06:02.981263 dv-cinder-792209-4-smb devstack@c-api.service[100395]: DEBUG cinder.volume.api [None req-0808433e-8172-47e1-80b1-f5153eee276e tempest-VolumeRetypeWithoutMigrationTest-1214157639 tempest-VolumeRetypeWithoutMigrationTest-1214157639-project] Task 'cinder.volume.flows.api.create_volume.ExtractVolumeRequestTask;volume:create' (8fc0a6dc-1e1f-4c39-808f-14e7e3221412) transitioned into state 'RUNNING' from state 'PENDING' {{(pid=100395) _task_receiver /usr/local/lib/python3.8/dist-packages/taskflow/listeners/logging.py:190}}
Jun 29 16:06:02.983628 dv-cinder-792209-4-smb devstack@c-api.service[100395]: DEBUG cinder.volume.flows.api.create_volume [None req-0808433e-8172-47e1-80b1-f5153eee276e tempest-VolumeRetypeWithoutMigrationTest-1214157639 tempest-VolumeRetypeWithoutMigrationTest-1214157639-project] Validating volume size '1' using validate_int {{(pid=100395) _extract_size /opt/stack/cinder/cinder/volume/flows/api/create_volume.py:201}}
Jun 29 16:06:02.985275 dv-cinder-792209-4-smb devstack@c-api.service[100394]: INFO cinder.api.openstack.wsgi [None req-c1bd114e-e640-4378-baf5-a9174d2fb4d8 tempest-SnapshotsActionsTest-395035631 tempest-SnapshotsActionsTest-395035631-project] GET http://10.222.0.13/volume/v3/0c4625f3698f403b94cc422bc0268c01/snapshots/d4177491-2dff-4eed-a029-8ed8d96e10b3
Jun 29 16:06:02.985742 dv-cinder-792209-4-smb devstack@c-api.service[100394]: DEBUG cinder.api.openstack.wsgi [None req-c1bd114e-e640-4378-baf5-a9174d2fb4d8 tempest-SnapshotsActionsTest-395035631 tempest-SnapshotsActionsTest-395035631-project] Empty body provided in request {{(pid=100394) get_body /opt/stack/cinder/cinder/api/openstack/wsgi.py:713}}
Jun 29 16:06:02.986534 dv-cinder-792209-4-smb devstack@c-api.service[100394]: /usr/local/lib/python3.8/dist-packages/webob/acceptparse.py:1047: DeprecationWarning: The behavior of AcceptValidHeader.best_match is currently being maintained for backward compatibility, but it will be deprecated in the future, as it does not conform to the RFC.
Jun 29 16:06:02.986534 dv-cinder-792209-4-smb devstack@c-api.service[100394]: warnings.warn(
Jun 29 16:06:02.986882 dv-cinder-792209-4-smb devstack@c-api.service[100394]: DEBUG cinder.api.openstack.wsgi [None req-c1bd114e-e640-4378-baf5-a9174d2fb4d8 tempest-SnapshotsActionsTest-395035631 tempest-SnapshotsActionsTest-395035631-project] Calling method 'show' {{(pid=100394) _process_stack /opt/stack/cinder/cinder/api/openstack/wsgi.py:866}}
Jun 29 16:06:02.997755 dv-cinder-792209-4-smb devstack@c-api.service[100394]: /usr/local/lib/python3.8/dist-packages/oslo_context/context.py:105: DeprecationWarning: Policy enforcement is depending on the value of is_admin. This key is deprecated. Please update your policy file to use the standard policy values.
Jun 29 16:06:02.997755 dv-cinder-792209-4-smb devstack@c-api.service[100394]: warnings.warn('Policy enforcement is depending on the value of '
Jun 29 16:06:02.998815 dv-cinder-792209-4-smb devstack@c-api.service[100394]: INFO cinder.volume.api [None req-c1bd114e-e640-4378-baf5-a9174d2fb4d8 tempest-SnapshotsActionsTest-395035631 tempest-SnapshotsActionsTest-395035631-project] Snapshot retrieved successfully.
Jun 29 16:06:03.000705 dv-cinder-792209-4-smb devstack@c-api.service[100394]: INFO cinder.api.openstack.wsgi [None req-c1bd114e-e640-4378-baf5-a9174d2fb4d8 tempest-SnapshotsActionsTest-395035631 tempest-SnapshotsActionsTest-395035631-project] http://10.222.0.13/volume/v3/0c4625f3698f403b94cc422bc0268c01/snapshots/d4177491-2dff-4eed-a029-8ed8d96e10b3 returned with HTTP 200
Jun 29 16:06:03.001767 dv-cinder-792209-4-smb devstack@c-api.service[100394]: [pid: 100394|app: 0|req: 89/175] 10.222.0.13 () {58 vars in 1331 bytes} [Tue Jun 29 16:06:02 2021] GET /volume/v3/0c4625f3698f403b94cc422bc0268c01/snapshots/d4177491-2dff-4eed-a029-8ed8d96e10b3 => generated 532 bytes in 23 msecs (HTTP/1.1 200) 7 headers in 285 bytes (1 switches on core 0)
Jun 29 16:06:03.006953 dv-cinder-792209-4-smb devstack@c-api.service[100394]: INFO cinder.api.openstack.wsgi [None req-256a3cfa-e9fc-4c47-a2f6-4dc1ae42234d tempest-GroupSnapshotsTest-345836265 tempest-GroupSnapshotsTest-345836265-project] GET http://10.222.0.13/volume/v3/963b1b2c39104692a10e83da133b2dea/snapshots/a9bd7cdc-4308-478e-bafb-d3396d7e073f
Jun 29 16:06:03.007680 dv-cinder-792209-4-smb devstack@c-api.service[100394]: DEBUG cinder.api.openstack.wsgi [None req-256a3cfa-e9fc-4c47-a2f6-4dc1ae42234d tempest-GroupSnapshotsTest-345836265 tempest-GroupSnapshotsTest-345836265-project] Empty body provided in request {{(pid=100394) get_body /opt/stack/cinder/cinder/api/openstack/wsgi.py:713}}
Jun 29 16:06:03.008003 dv-cinder-792209-4-smb devstack@c-api.service[100394]: /usr/local/lib/python3.8/dist-packages/webob/acceptparse.py:1047: DeprecationWarning: The behavior of AcceptValidHeader.best_match is currently being maintained for backward compatibility, but it will be deprecated in the future, as it does not conform to the RFC.
Jun 29 16:06:03.008003 dv-cinder-792209-4-smb devstack@c-api.service[100394]: warnings.warn(
Jun 29 16:06:03.008515 dv-cinder-792209-4-smb devstack@c-api.service[100394]: DEBUG cinder.api.openstack.wsgi [None req-256a3cfa-e9fc-4c47-a2f6-4dc1ae42234d tempest-GroupSnapshotsTest-345836265 tempest-GroupSnapshotsTest-345836265-project] Calling method 'show' {{(pid=100394) _process_stack /opt/stack/cinder/cinder/api/openstack/wsgi.py:866}}
Jun 29 16:06:03.031050 dv-cinder-792209-4-smb devstack@c-api.service[100394]: /usr/local/lib/python3.8/dist-packages/oslo_context/context.py:105: DeprecationWarning: Policy enforcement is depending on the value of is_admin. This key is deprecated. Please update your policy file to use the standard policy values.
Jun 29 16:06:03.031050 dv-cinder-792209-4-smb devstack@c-api.service[100394]: warnings.warn('Policy enforcement is depending on the value of '
Jun 29 16:06:03.033190 dv-cinder-792209-4-smb devstack@c-api.service[100395]: DEBUG cinder.volume.api [None req-0808433e-8172-47e1-80b1-f5153eee276e tempest-VolumeRetypeWithoutMigrationTest-1214157639 tempest-VolumeRetypeWithoutMigrationTest-1214157639-project] Task 'cinder.volume.flows.api.create_volume.ExtractVolumeRequestTask;volume:create' (8fc0a6dc-1e1f-4c39-808f-14e7e3221412) transitioned into state 'SUCCESS' from state 'RUNNING' with result '{'size': 1, 'snapshot_id': None, 'source_volid': None, 'volume_type': VolumeType(created_at=2021-06-29T16:06:02Z,deleted=False,deleted_at=None,description=None,extra_specs={},id=0705373c-2a95-42db-9850-084c96957a17,is_public=True,name='volume-type-1',projects=[],qos_specs=,qos_specs_id=None,updated_at=None), 'volume_type_id': '0705373c-2a95-42db-9850-084c96957a17', 'encryption_key_id': None, 'qos_specs': None, 'consistencygroup_id': None, 'cgsnapshot_id': None, 'group_id': None, 'replication_status': 'disabled', 'refresh_az': False, 'backup_id': None, 'multiattach': False, 'availability_zones': ['nova']}' {{(pid=100395) _task_receiver /usr/local/lib/python3.8/dist-packages/taskflow/listeners/logging.py:178}}
Jun 29 16:06:03.033569 dv-cinder-792209-4-smb devstack@c-api.service[100394]: INFO cinder.volume.api [None req-256a3cfa-e9fc-4c47-a2f6-4dc1ae42234d tempest-GroupSnapshotsTest-345836265 tempest-GroupSnapshotsTest-345836265-project] Snapshot retrieved successfully.
Jun 29 16:06:03.035755 dv-cinder-792209-4-smb devstack@c-api.service[100395]: DEBUG cinder.volume.api [None req-0808433e-8172-47e1-80b1-f5153eee276e tempest-VolumeRetypeWithoutMigrationTest-1214157639 tempest-VolumeRetypeWithoutMigrationTest-1214157639-project] Task 'cinder.volume.flows.api.create_volume.QuotaReserveTask;volume:create' (fa913a96-8b79-4b87-9582-ab0efbc920fc) transitioned into state 'RUNNING' from state 'PENDING' {{(pid=100395) _task_receiver /usr/local/lib/python3.8/dist-packages/taskflow/listeners/logging.py:190}}
Jun 29 16:06:03.035898 dv-cinder-792209-4-smb devstack@c-api.service[100394]: INFO cinder.api.openstack.wsgi [None req-256a3cfa-e9fc-4c47-a2f6-4dc1ae42234d tempest-GroupSnapshotsTest-345836265 tempest-GroupSnapshotsTest-345836265-project] http://10.222.0.13/volume/v3/963b1b2c39104692a10e83da133b2dea/snapshots/a9bd7cdc-4308-478e-bafb-d3396d7e073f returned with HTTP 200
Jun 29 16:06:03.041311 dv-cinder-792209-4-smb devstack@c-api.service[100394]: [pid: 100394|app: 0|req: 90/176] 10.222.0.13 () {58 vars in 1331 bytes} [Tue Jun 29 16:06:03 2021] GET /volume/v3/963b1b2c39104692a10e83da133b2dea/snapshots/a9bd7cdc-4308-478e-bafb-d3396d7e073f => generated 515 bytes in 37 msecs (HTTP/1.1 200) 7 headers in 285 bytes (1 switches on core 0)
Jun 29 16:06:03.047814 dv-cinder-792209-4-smb devstack@c-api.service[100394]: INFO cinder.api.openstack.wsgi [None req-fec7f7a4-7ee4-46ae-a1ef-663db9d886c4 tempest-SnapshotsActionsTest-395035631 tempest-SnapshotsActionsTest-395035631-project] POST http://10.222.0.13/volume/v3/0c4625f3698f403b94cc422bc0268c01/snapshots
Jun 29 16:06:03.048396 dv-cinder-792209-4-smb devstack@c-api.service[100394]: /usr/local/lib/python3.8/dist-packages/webob/acceptparse.py:1047: DeprecationWarning: The behavior of AcceptValidHeader.best_match is currently being maintained for backward compatibility, but it will be deprecated in the future, as it does not conform to the RFC.
Jun 29 16:06:03.048396 dv-cinder-792209-4-smb devstack@c-api.service[100394]: warnings.warn(
Jun 29 16:06:03.048958 dv-cinder-792209-4-smb devstack@c-api.service[100394]: DEBUG cinder.api.openstack.wsgi [None req-fec7f7a4-7ee4-46ae-a1ef-663db9d886c4 tempest-SnapshotsActionsTest-395035631 tempest-SnapshotsActionsTest-395035631-project] Action: 'create', calling method: create, body: {"snapshot": {"volume_id": "c6c23a30-f41f-4b65-b3be-e56a3c261fc5", "name": "tempest-SnapshotsActionsTest-Snapshot-1878176098"}} {{(pid=100394) _process_stack /opt/stack/cinder/cinder/api/openstack/wsgi.py:864}}
Jun 29 16:06:03.067966 dv-cinder-792209-4-smb devstack@c-api.service[100394]: /usr/local/lib/python3.8/dist-packages/oslo_context/context.py:105: DeprecationWarning: Policy enforcement is depending on the value of is_admin. This key is deprecated. Please update your policy file to use the standard policy values.
Jun 29 16:06:03.067966 dv-cinder-792209-4-smb devstack@c-api.service[100394]: warnings.warn('Policy enforcement is depending on the value of '
Jun 29 16:06:03.069349 dv-cinder-792209-4-smb devstack@c-api.service[100394]: INFO cinder.volume.api [None req-fec7f7a4-7ee4-46ae-a1ef-663db9d886c4 tempest-SnapshotsActionsTest-395035631 tempest-SnapshotsActionsTest-395035631-project] Volume info retrieved successfully.
Jun 29 16:06:03.069733 dv-cinder-792209-4-smb devstack@c-api.service[100394]: INFO cinder.api.v2.snapshots [None req-fec7f7a4-7ee4-46ae-a1ef-663db9d886c4 tempest-SnapshotsActionsTest-395035631 tempest-SnapshotsActionsTest-395035631-project] Create snapshot from volume c6c23a30-f41f-4b65-b3be-e56a3c261fc5
Jun 29 16:06:03.084995 dv-cinder-792209-4-smb devstack@c-api.service[100395]: WARNING cinder.quota [None req-0808433e-8172-47e1-80b1-f5153eee276e tempest-VolumeRetypeWithoutMigrationTest-1214157639 tempest-VolumeRetypeWithoutMigrationTest-1214157639-project] Deprecated: Default quota for resource: volumes_volume-type-1 is set by the default quota flag: quota_volumes_volume-type-1, it is now deprecated. Please use the default quota class for default quota.
Jun 29 16:06:03.086311 dv-cinder-792209-4-smb devstack@c-api.service[100395]: WARNING cinder.quota [None req-0808433e-8172-47e1-80b1-f5153eee276e tempest-VolumeRetypeWithoutMigrationTest-1214157639 tempest-VolumeRetypeWithoutMigrationTest-1214157639-project] Deprecated: Default quota for resource: gigabytes_volume-type-1 is set by the default quota flag: quota_gigabytes_volume-type-1, it is now deprecated. Please use the default quota class for default quota.
Jun 29 16:06:03.293855 dv-cinder-792209-4-smb devstack@c-api.service[100394]: DEBUG cinder.quota [None req-fec7f7a4-7ee4-46ae-a1ef-663db9d886c4 tempest-SnapshotsActionsTest-395035631 tempest-SnapshotsActionsTest-395035631-project] Created reservations ['82594d59-5d4a-4b37-9bef-aaf490d7b555', 'ad60d6f2-77f5-4d1f-a772-ac88f3a27175', '2a399eeb-3e69-4b00-8179-294a21ddbef3', 'ab3c9176-a523-47e4-a659-721cae8d0f64'] {{(pid=100394) reserve /opt/stack/cinder/cinder/quota.py:755}}
Jun 29 16:06:03.485409 dv-cinder-792209-4-smb devstack@c-api.service[100395]: DEBUG cinder.quota [None req-0808433e-8172-47e1-80b1-f5153eee276e tempest-VolumeRetypeWithoutMigrationTest-1214157639 tempest-VolumeRetypeWithoutMigrationTest-1214157639-project] Created reservations ['b34c959e-20dc-4d19-b194-a8935d379207', '1e3130b3-9e3f-4c59-81b8-e2066084c965', '23a5fa4f-40af-4cfb-8696-ab0233edb8f4', 'a3ee92f6-8c6d-40b8-b442-b6930c4963ce'] {{(pid=100395) reserve /opt/stack/cinder/cinder/quota.py:755}}
Jun 29 16:06:03.489147 dv-cinder-792209-4-smb devstack@c-api.service[100395]: DEBUG cinder.volume.api [None req-0808433e-8172-47e1-80b1-f5153eee276e tempest-VolumeRetypeWithoutMigrationTest-1214157639 tempest-VolumeRetypeWithoutMigrationTest-1214157639-project] Task 'cinder.volume.flows.api.create_volume.QuotaReserveTask;volume:create' (fa913a96-8b79-4b87-9582-ab0efbc920fc) transitioned into state 'SUCCESS' from state 'RUNNING' with result '{'reservations': ['b34c959e-20dc-4d19-b194-a8935d379207', '1e3130b3-9e3f-4c59-81b8-e2066084c965', '23a5fa4f-40af-4cfb-8696-ab0233edb8f4', 'a3ee92f6-8c6d-40b8-b442-b6930c4963ce']}' {{(pid=100395) _task_receiver /usr/local/lib/python3.8/dist-packages/taskflow/listeners/logging.py:178}}
Jun 29 16:06:03.493568 dv-cinder-792209-4-smb devstack@c-api.service[100395]: DEBUG cinder.volume.api [None req-0808433e-8172-47e1-80b1-f5153eee276e tempest-VolumeRetypeWithoutMigrationTest-1214157639 tempest-VolumeRetypeWithoutMigrationTest-1214157639-project] Task 'cinder.volume.flows.api.create_volume.EntryCreateTask;volume:create' (793d91a1-60a8-4b48-9f75-6211a5317bbd) transitioned into state 'RUNNING' from state 'PENDING' {{(pid=100395) _task_receiver /usr/local/lib/python3.8/dist-packages/taskflow/listeners/logging.py:190}}
Jun 29 16:06:03.672425 dv-cinder-792209-4-smb devstack@c-api.service[100395]: DEBUG cinder.volume.api [None req-0808433e-8172-47e1-80b1-f5153eee276e tempest-VolumeRetypeWithoutMigrationTest-1214157639 tempest-VolumeRetypeWithoutMigrationTest-1214157639-project] Task 'cinder.volume.flows.api.create_volume.EntryCreateTask;volume:create' (793d91a1-60a8-4b48-9f75-6211a5317bbd) transitioned into state 'SUCCESS' from state 'RUNNING' with result '{'volume_id': '3ea5e772-c21d-4441-9c05-8c224eb6b5c6', 'volume_properties': VolumeProperties(attach_status='detached',availability_zone='nova',cgsnapshot_id=None,consistencygroup_id=None,display_description=None,display_name='tempest-VolumeRetypeWithoutMigrationTest-Volume-1856414946',encryption_key_id=None,group_id=None,group_type_id=,metadata={},multiattach=False,project_id='f69ae2fb77fc48e2bd61f1e10d4f21ce',qos_specs=None,replication_status=,reservations=['b34c959e-20dc-4d19-b194-a8935d379207','1e3130b3-9e3f-4c59-81b8-e2066084c965','23a5fa4f-40af-4cfb-8696-ab0233edb8f4','a3ee92f6-8c6d-40b8-b442-b6930c4963ce'],size=1,snapshot_id=None,source_replicaid=,source_volid=None,status='creating',user_id='adcf7e17fec24a3293a3eee605382d46',volume_type_id=0705373c-2a95-42db-9850-084c96957a17), 'volume': Volume(_name_id=None,admin_metadata=,attach_status='detached',availability_zone='nova',bootable=False,cluster=,cluster_name=None,consistencygroup=,consistencygroup_id=None,created_at=2021-06-29T16:06:03Z,deleted=False,deleted_at=None,display_description=None,display_name='tempest-VolumeRetypeWithoutMigrationTest-Volume-1856414946',ec2_id=None,encryption_key_id=None,glance_metadata=,group=,group_id=None,host=None,id=3ea5e772-c21d-4441-9c05-8c224eb6b5c6,launched_at=None,metadata={},migration_status=None,multiattach=False,previous_status=None,project_id='f69ae2fb77fc48e2bd61f1e10d4f21ce',provider_auth=None,provider_geometry=None,provider_id=None,provider_location=None,replication_driver_data=None,replication_extended_status=None,replication_status=None,scheduled_at=None,service_uuid=None,shared_targets=True,size=1,snapshot_id=None,snapshots=,source_volid=None,status='creating',terminated_at=None,updated_at=None,user_id='adcf7e17fec24a3293a3eee605382d46',volume_attachment=,volume_type=VolumeType(0705373c-2a95-42db-9850-084c96957a17),volume_type_id=0705373c-2a95-42db-9850-084c96957a17)}' {{(pid=100395) _task_receiver /usr/local/lib/python3.8/dist-packages/taskflow/listeners/logging.py:178}}
Jun 29 16:06:03.680910 dv-cinder-792209-4-smb devstack@c-api.service[100395]: DEBUG cinder.volume.api [None req-0808433e-8172-47e1-80b1-f5153eee276e tempest-VolumeRetypeWithoutMigrationTest-1214157639 tempest-VolumeRetypeWithoutMigrationTest-1214157639-project] Task 'cinder.volume.flows.api.create_volume.QuotaCommitTask;volume:create' (7e2917f8-1f96-410d-b93b-f2fd0a5f32e1) transitioned into state 'RUNNING' from state 'PENDING' {{(pid=100395) _task_receiver /usr/local/lib/python3.8/dist-packages/taskflow/listeners/logging.py:190}}
Jun 29 16:06:03.772350 dv-cinder-792209-4-smb devstack@c-api.service[100394]: INFO cinder.volume.api [None req-fec7f7a4-7ee4-46ae-a1ef-663db9d886c4 tempest-SnapshotsActionsTest-395035631 tempest-SnapshotsActionsTest-395035631-project] Snapshot create request issued successfully.
Jun 29 16:06:03.773075 dv-cinder-792209-4-smb devstack@c-api.service[100394]: INFO cinder.api.openstack.wsgi [None req-fec7f7a4-7ee4-46ae-a1ef-663db9d886c4 tempest-SnapshotsActionsTest-395035631 tempest-SnapshotsActionsTest-395035631-project] http://10.222.0.13/volume/v3/0c4625f3698f403b94cc422bc0268c01/snapshots returned with HTTP 202
Jun 29 16:06:03.780674 dv-cinder-792209-4-smb devstack@c-api.service[100394]: [pid: 100394|app: 0|req: 91/177] 10.222.0.13 () {60 vars in 1242 bytes} [Tue Jun 29 16:06:03 2021] POST /volume/v3/0c4625f3698f403b94cc422bc0268c01/snapshots => generated 307 bytes in 732 msecs (HTTP/1.1 202) 7 headers in 291 bytes (1 switches on core 0)
Jun 29 16:06:03.784410 dv-cinder-792209-4-smb devstack@c-api.service[100394]: INFO cinder.api.openstack.wsgi [None req-784e591c-ee7e-4b8a-8d36-9922ee6e055a tempest-AttachVolumeNegativeTest-1350301065 tempest-AttachVolumeNegativeTest-1350301065-project] GET http://10.222.0.13/volume/v3/c7942eaef00f484cb431425bbeda9740/volumes/057556ee-91d2-49c6-b8a8-ae31952aa8a3
Jun 29 16:06:03.785548 dv-cinder-792209-4-smb devstack@c-api.service[100394]: DEBUG cinder.api.openstack.wsgi [None req-784e591c-ee7e-4b8a-8d36-9922ee6e055a tempest-AttachVolumeNegativeTest-1350301065 tempest-AttachVolumeNegativeTest-1350301065-project] Empty body provided in request {{(pid=100394) get_body /opt/stack/cinder/cinder/api/openstack/wsgi.py:713}}
Jun 29 16:06:03.785865 dv-cinder-792209-4-smb devstack@c-api.service[100394]: /usr/local/lib/python3.8/dist-packages/webob/acceptparse.py:1047: DeprecationWarning: The behavior of AcceptValidHeader.best_match is currently being maintained for backward compatibility, but it will be deprecated in the future, as it does not conform to the RFC.
Jun 29 16:06:03.785865 dv-cinder-792209-4-smb devstack@c-api.service[100394]: warnings.warn(
Jun 29 16:06:03.786198 dv-cinder-792209-4-smb devstack@c-api.service[100394]: DEBUG cinder.api.openstack.wsgi [None req-784e591c-ee7e-4b8a-8d36-9922ee6e055a tempest-AttachVolumeNegativeTest-1350301065 tempest-AttachVolumeNegativeTest-1350301065-project] Calling method 'show' {{(pid=100394) _process_stack /opt/stack/cinder/cinder/api/openstack/wsgi.py:866}}
Jun 29 16:06:03.801382 dv-cinder-792209-4-smb devstack@c-api.service[100394]: /usr/local/lib/python3.8/dist-packages/oslo_context/context.py:105: DeprecationWarning: Policy enforcement is depending on the value of is_admin. This key is deprecated. Please update your policy file to use the standard policy values.
Jun 29 16:06:03.801382 dv-cinder-792209-4-smb devstack@c-api.service[100394]: warnings.warn('Policy enforcement is depending on the value of '
Jun 29 16:06:03.811713 dv-cinder-792209-4-smb devstack@c-api.service[100394]: INFO cinder.volume.api [None req-784e591c-ee7e-4b8a-8d36-9922ee6e055a tempest-AttachVolumeNegativeTest-1350301065 tempest-AttachVolumeNegativeTest-1350301065-project] Volume info retrieved successfully.
Jun 29 16:06:03.825343 dv-cinder-792209-4-smb devstack@c-api.service[100394]: /usr/local/lib/python3.8/dist-packages/oslo_context/context.py:105: DeprecationWarning: Policy enforcement is depending on the value of is_admin. This key is deprecated. Please update your policy file to use the standard policy values.
Jun 29 16:06:03.825343 dv-cinder-792209-4-smb devstack@c-api.service[100394]: warnings.warn('Policy enforcement is depending on the value of '
Jun 29 16:06:03.835890 dv-cinder-792209-4-smb devstack@c-api.service[100394]: INFO cinder.api.openstack.wsgi [None req-784e591c-ee7e-4b8a-8d36-9922ee6e055a tempest-AttachVolumeNegativeTest-1350301065 tempest-AttachVolumeNegativeTest-1350301065-project] http://10.222.0.13/volume/v3/c7942eaef00f484cb431425bbeda9740/volumes/057556ee-91d2-49c6-b8a8-ae31952aa8a3 returned with HTTP 200
Jun 29 16:06:03.836970 dv-cinder-792209-4-smb devstack@c-api.service[100394]: [pid: 100394|app: 0|req: 92/178] 10.222.0.13 () {58 vars in 1325 bytes} [Tue Jun 29 16:06:03 2021] GET /volume/v3/c7942eaef00f484cb431425bbeda9740/volumes/057556ee-91d2-49c6-b8a8-ae31952aa8a3 => generated 1208 bytes in 62 msecs (HTTP/1.1 200) 7 headers in 286 bytes (1 switches on core 0)
Jun 29 16:06:03.841549 dv-cinder-792209-4-smb devstack@c-api.service[100394]: INFO cinder.api.openstack.wsgi [req-c6e4faec-a6b4-42ce-bc78-aaadb10c758e req-f4f74a70-852e-4f16-bd6d-355e74c529d2 tempest-DeleteServersTestJSON-1844198962 tempest-DeleteServersTestJSON-1844198962-project] POST http://10.222.0.13/volume/v3/426a13d38f5a43c082ca7b8d19aa1d9a/attachments/793c9757-1603-4c3a-a18a-0f0a9831f068/action
Jun 29 16:06:03.841984 dv-cinder-792209-4-smb devstack@c-api.service[100394]: /usr/local/lib/python3.8/dist-packages/webob/acceptparse.py:1047: DeprecationWarning: The behavior of AcceptValidHeader.best_match is currently being maintained for backward compatibility, but it will be deprecated in the future, as it does not conform to the RFC.
Jun 29 16:06:03.841984 dv-cinder-792209-4-smb devstack@c-api.service[100394]: warnings.warn(
Jun 29 16:06:03.842370 dv-cinder-792209-4-smb devstack@c-api.service[100394]: DEBUG cinder.api.openstack.wsgi [req-c6e4faec-a6b4-42ce-bc78-aaadb10c758e req-f4f74a70-852e-4f16-bd6d-355e74c529d2 tempest-DeleteServersTestJSON-1844198962 tempest-DeleteServersTestJSON-1844198962-project] Action body: b'{"os-complete": null}' {{(pid=100394) get_method /opt/stack/cinder/cinder/api/openstack/wsgi.py:981}}
Jun 29 16:06:03.842702 dv-cinder-792209-4-smb devstack@c-api.service[100394]: DEBUG cinder.api.openstack.wsgi [req-c6e4faec-a6b4-42ce-bc78-aaadb10c758e req-f4f74a70-852e-4f16-bd6d-355e74c529d2 tempest-DeleteServersTestJSON-1844198962 tempest-DeleteServersTestJSON-1844198962-project] Action: 'action', calling method: complete, body: {"os-complete": null} {{(pid=100394) _process_stack /opt/stack/cinder/cinder/api/openstack/wsgi.py:864}}
Jun 29 16:06:03.880505 dv-cinder-792209-4-smb devstack@c-api.service[100394]: /usr/local/lib/python3.8/dist-packages/oslo_context/context.py:105: DeprecationWarning: Policy enforcement is depending on the value of is_admin. This key is deprecated. Please update your policy file to use the standard policy values.
Jun 29 16:06:03.880505 dv-cinder-792209-4-smb devstack@c-api.service[100394]: warnings.warn('Policy enforcement is depending on the value of '
Jun 29 16:06:03.904692 dv-cinder-792209-4-smb devstack@c-api.service[100395]: DEBUG cinder.volume.api [None req-0808433e-8172-47e1-80b1-f5153eee276e tempest-VolumeRetypeWithoutMigrationTest-1214157639 tempest-VolumeRetypeWithoutMigrationTest-1214157639-project] Task 'cinder.volume.flows.api.create_volume.QuotaCommitTask;volume:create' (7e2917f8-1f96-410d-b93b-f2fd0a5f32e1) transitioned into state 'SUCCESS' from state 'RUNNING' with result '{'volume_properties': VolumeProperties(attach_status='detached',availability_zone='nova',cgsnapshot_id=None,consistencygroup_id=None,display_description=None,display_name='tempest-VolumeRetypeWithoutMigrationTest-Volume-1856414946',encryption_key_id=None,group_id=None,group_type_id=,metadata={},multiattach=False,project_id='f69ae2fb77fc48e2bd61f1e10d4f21ce',qos_specs=None,replication_status=,reservations=['b34c959e-20dc-4d19-b194-a8935d379207','1e3130b3-9e3f-4c59-81b8-e2066084c965','23a5fa4f-40af-4cfb-8696-ab0233edb8f4','a3ee92f6-8c6d-40b8-b442-b6930c4963ce'],size=1,snapshot_id=None,source_replicaid=,source_volid=None,status='creating',user_id='adcf7e17fec24a3293a3eee605382d46',volume_type_id=0705373c-2a95-42db-9850-084c96957a17)}' {{(pid=100395) _task_receiver /usr/local/lib/python3.8/dist-packages/taskflow/listeners/logging.py:178}}
Jun 29 16:06:03.908046 dv-cinder-792209-4-smb devstack@c-api.service[100395]: DEBUG cinder.volume.api [None req-0808433e-8172-47e1-80b1-f5153eee276e tempest-VolumeRetypeWithoutMigrationTest-1214157639 tempest-VolumeRetypeWithoutMigrationTest-1214157639-project] Task 'cinder.volume.flows.api.create_volume.VolumeCastTask;volume:create' (79a47fb9-ce31-41d1-848d-cd3645d05c55) transitioned into state 'RUNNING' from state 'PENDING' {{(pid=100395) _task_receiver /usr/local/lib/python3.8/dist-packages/taskflow/listeners/logging.py:190}}
Jun 29 16:06:04.026398 dv-cinder-792209-4-smb devstack@c-api.service[100395]: DEBUG cinder.volume.api [None req-0808433e-8172-47e1-80b1-f5153eee276e tempest-VolumeRetypeWithoutMigrationTest-1214157639 tempest-VolumeRetypeWithoutMigrationTest-1214157639-project] Task 'cinder.volume.flows.api.create_volume.VolumeCastTask;volume:create' (79a47fb9-ce31-41d1-848d-cd3645d05c55) transitioned into state 'SUCCESS' from state 'RUNNING' with result 'None' {{(pid=100395) _task_receiver /usr/local/lib/python3.8/dist-packages/taskflow/listeners/logging.py:178}}
Jun 29 16:06:04.030289 dv-cinder-792209-4-smb devstack@c-api.service[100395]: DEBUG cinder.volume.api [None req-0808433e-8172-47e1-80b1-f5153eee276e tempest-VolumeRetypeWithoutMigrationTest-1214157639 tempest-VolumeRetypeWithoutMigrationTest-1214157639-project] Flow 'volume_create_api' (2a36b0c0-83a2-4508-9584-1c8d702246f0) transitioned into state 'SUCCESS' from state 'RUNNING' {{(pid=100395) _flow_receiver /usr/local/lib/python3.8/dist-packages/taskflow/listeners/logging.py:141}}
Jun 29 16:06:04.031744 dv-cinder-792209-4-smb devstack@c-api.service[100395]: INFO cinder.volume.api [None req-0808433e-8172-47e1-80b1-f5153eee276e tempest-VolumeRetypeWithoutMigrationTest-1214157639 tempest-VolumeRetypeWithoutMigrationTest-1214157639-project] Create volume request issued successfully.
Jun 29 16:06:04.040261 dv-cinder-792209-4-smb devstack@c-api.service[100395]: INFO cinder.api.openstack.wsgi [None req-0808433e-8172-47e1-80b1-f5153eee276e tempest-VolumeRetypeWithoutMigrationTest-1214157639 tempest-VolumeRetypeWithoutMigrationTest-1214157639-project] http://10.222.0.13/volume/v3/f69ae2fb77fc48e2bd61f1e10d4f21ce/volumes returned with HTTP 202
Jun 29 16:06:04.041056 dv-cinder-792209-4-smb devstack@c-api.service[100395]: [pid: 100395|app: 0|req: 87/179] 10.222.0.13 () {60 vars in 1236 bytes} [Tue Jun 29 16:06:02 2021] POST /volume/v3/f69ae2fb77fc48e2bd61f1e10d4f21ce/volumes => generated 834 bytes in 1218 msecs (HTTP/1.1 202) 7 headers in 291 bytes (1 switches on core 0)
Jun 29 16:06:04.048237 dv-cinder-792209-4-smb devstack@c-api.service[100395]: INFO cinder.api.openstack.wsgi [None req-7125def6-93af-464b-9393-f8dbb9dfbc9d tempest-DeleteServersTestJSON-1844198962 tempest-DeleteServersTestJSON-1844198962-project] GET http://10.222.0.13/volume/v3/426a13d38f5a43c082ca7b8d19aa1d9a/volumes/9a348a6b-0b60-40ec-822b-1d203b1d4f44
Jun 29 16:06:04.048237 dv-cinder-792209-4-smb devstack@c-api.service[100395]: DEBUG cinder.api.openstack.wsgi [None req-7125def6-93af-464b-9393-f8dbb9dfbc9d tempest-DeleteServersTestJSON-1844198962 tempest-DeleteServersTestJSON-1844198962-project] Empty body provided in request {{(pid=100395) get_body /opt/stack/cinder/cinder/api/openstack/wsgi.py:713}}
Jun 29 16:06:04.048237 dv-cinder-792209-4-smb devstack@c-api.service[100395]: /usr/local/lib/python3.8/dist-packages/webob/acceptparse.py:1047: DeprecationWarning: The behavior of AcceptValidHeader.best_match is currently being maintained for backward compatibility, but it will be deprecated in the future, as it does not conform to the RFC.
Jun 29 16:06:04.048237 dv-cinder-792209-4-smb devstack@c-api.service[100395]: warnings.warn(
Jun 29 16:06:04.048237 dv-cinder-792209-4-smb devstack@c-api.service[100395]: DEBUG cinder.api.openstack.wsgi [None req-7125def6-93af-464b-9393-f8dbb9dfbc9d tempest-DeleteServersTestJSON-1844198962 tempest-DeleteServersTestJSON-1844198962-project] Calling method 'show' {{(pid=100395) _process_stack /opt/stack/cinder/cinder/api/openstack/wsgi.py:866}}
Jun 29 16:06:04.060034 dv-cinder-792209-4-smb devstack@c-api.service[100395]: /usr/local/lib/python3.8/dist-packages/oslo_context/context.py:105: DeprecationWarning: Policy enforcement is depending on the value of is_admin. This key is deprecated. Please update your policy file to use the standard policy values.
Jun 29 16:06:04.060034 dv-cinder-792209-4-smb devstack@c-api.service[100395]: warnings.warn('Policy enforcement is depending on the value of '
Jun 29 16:06:04.067594 dv-cinder-792209-4-smb devstack@c-api.service[100395]: INFO cinder.volume.api [None req-7125def6-93af-464b-9393-f8dbb9dfbc9d tempest-DeleteServersTestJSON-1844198962 tempest-DeleteServersTestJSON-1844198962-project] Volume info retrieved successfully.
Jun 29 16:06:04.079956 dv-cinder-792209-4-smb devstack@c-api.service[100395]: /usr/local/lib/python3.8/dist-packages/oslo_context/context.py:105: DeprecationWarning: Policy enforcement is depending on the value of is_admin. This key is deprecated. Please update your policy file to use the standard policy values.
Jun 29 16:06:04.079956 dv-cinder-792209-4-smb devstack@c-api.service[100395]: warnings.warn('Policy enforcement is depending on the value of '
Jun 29 16:06:04.088672 dv-cinder-792209-4-smb devstack@c-api.service[100395]: INFO cinder.api.openstack.wsgi [None req-7125def6-93af-464b-9393-f8dbb9dfbc9d tempest-DeleteServersTestJSON-1844198962 tempest-DeleteServersTestJSON-1844198962-project] http://10.222.0.13/volume/v3/426a13d38f5a43c082ca7b8d19aa1d9a/volumes/9a348a6b-0b60-40ec-822b-1d203b1d4f44 returned with HTTP 200
Jun 29 16:06:04.090987 dv-cinder-792209-4-smb devstack@c-api.service[100395]: [pid: 100395|app: 0|req: 88/180] 10.222.0.13 () {58 vars in 1325 bytes} [Tue Jun 29 16:06:04 2021] GET /volume/v3/426a13d38f5a43c082ca7b8d19aa1d9a/volumes/9a348a6b-0b60-40ec-822b-1d203b1d4f44 => generated 1208 bytes in 48 msecs (HTTP/1.1 200) 7 headers in 286 bytes (1 switches on core 0)
Jun 29 16:06:04.094664 dv-cinder-792209-4-smb devstack@c-api.service[100395]: INFO cinder.api.openstack.wsgi [None req-4c21d359-2df5-4666-b99e-a1ac879a71ee tempest-SnapshotsActionsTest-395035631 tempest-SnapshotsActionsTest-395035631-project] GET http://10.222.0.13/volume/v3/0c4625f3698f403b94cc422bc0268c01/snapshots/7817df48-fd70-4cc2-9367-338145328c39
Jun 29 16:06:04.097852 dv-cinder-792209-4-smb devstack@c-api.service[100395]: DEBUG cinder.api.openstack.wsgi [None req-4c21d359-2df5-4666-b99e-a1ac879a71ee tempest-SnapshotsActionsTest-395035631 tempest-SnapshotsActionsTest-395035631-project] Empty body provided in request {{(pid=100395) get_body /opt/stack/cinder/cinder/api/openstack/wsgi.py:713}}
Jun 29 16:06:04.097852 dv-cinder-792209-4-smb devstack@c-api.service[100395]: /usr/local/lib/python3.8/dist-packages/webob/acceptparse.py:1047: DeprecationWarning: The behavior of AcceptValidHeader.best_match is currently being maintained for backward compatibility, but it will be deprecated in the future, as it does not conform to the RFC.
Jun 29 16:06:04.097852 dv-cinder-792209-4-smb devstack@c-api.service[100395]: warnings.warn(
Jun 29 16:06:04.097852 dv-cinder-792209-4-smb devstack@c-api.service[100395]: DEBUG cinder.api.openstack.wsgi [None req-4c21d359-2df5-4666-b99e-a1ac879a71ee tempest-SnapshotsActionsTest-395035631 tempest-SnapshotsActionsTest-395035631-project] Calling method 'show' {{(pid=100395) _process_stack /opt/stack/cinder/cinder/api/openstack/wsgi.py:866}}
Jun 29 16:06:04.108798 dv-cinder-792209-4-smb devstack@c-api.service[100395]: /usr/local/lib/python3.8/dist-packages/oslo_context/context.py:105: DeprecationWarning: Policy enforcement is depending on the value of is_admin. This key is deprecated. Please update your policy file to use the standard policy values.
Jun 29 16:06:04.108798 dv-cinder-792209-4-smb devstack@c-api.service[100395]: warnings.warn('Policy enforcement is depending on the value of '
Jun 29 16:06:04.109798 dv-cinder-792209-4-smb devstack@c-api.service[100395]: INFO cinder.volume.api [None req-4c21d359-2df5-4666-b99e-a1ac879a71ee tempest-SnapshotsActionsTest-395035631 tempest-SnapshotsActionsTest-395035631-project] Snapshot retrieved successfully.
Jun 29 16:06:04.111680 dv-cinder-792209-4-smb devstack@c-api.service[100395]: INFO cinder.api.openstack.wsgi [None req-4c21d359-2df5-4666-b99e-a1ac879a71ee tempest-SnapshotsActionsTest-395035631 tempest-SnapshotsActionsTest-395035631-project] http://10.222.0.13/volume/v3/0c4625f3698f403b94cc422bc0268c01/snapshots/7817df48-fd70-4cc2-9367-338145328c39 returned with HTTP 200
Jun 29 16:06:04.112629 dv-cinder-792209-4-smb devstack@c-api.service[100395]: [pid: 100395|app: 0|req: 89/181] 10.222.0.13 () {58 vars in 1331 bytes} [Tue Jun 29 16:06:04 2021] GET /volume/v3/0c4625f3698f403b94cc422bc0268c01/snapshots/7817df48-fd70-4cc2-9367-338145328c39 => generated 439 bytes in 22 msecs (HTTP/1.1 200) 7 headers in 285 bytes (1 switches on core 0)
Jun 29 16:06:04.121332 dv-cinder-792209-4-smb devstack@c-api.service[100394]: INFO cinder.api.openstack.wsgi [req-c6e4faec-a6b4-42ce-bc78-aaadb10c758e req-f4f74a70-852e-4f16-bd6d-355e74c529d2 tempest-DeleteServersTestJSON-1844198962 tempest-DeleteServersTestJSON-1844198962-project] http://10.222.0.13/volume/v3/426a13d38f5a43c082ca7b8d19aa1d9a/attachments/793c9757-1603-4c3a-a18a-0f0a9831f068/action returned with HTTP 204
Jun 29 16:06:04.122860 dv-cinder-792209-4-smb devstack@c-api.service[100394]: [pid: 100394|app: 0|req: 93/182] 10.222.0.86 () {64 vars in 1499 bytes} [Tue Jun 29 16:06:03 2021] POST /volume/v3/426a13d38f5a43c082ca7b8d19aa1d9a/attachments/793c9757-1603-4c3a-a18a-0f0a9831f068/action => generated 0 bytes in 285 msecs (HTTP/1.1 204) 7 headers in 292 bytes (1 switches on core 0)
Jun 29 16:06:04.132568 dv-cinder-792209-4-smb devstack@c-api.service[100395]: INFO cinder.api.openstack.wsgi [None req-9fa4765c-adf1-4bc8-bb7b-7c6bde5979f9 tempest-GroupSnapshotsTest-345836265 tempest-GroupSnapshotsTest-345836265-project] GET http://10.222.0.13/volume/v3/963b1b2c39104692a10e83da133b2dea/snapshots/a9bd7cdc-4308-478e-bafb-d3396d7e073f
Jun 29 16:06:04.132568 dv-cinder-792209-4-smb devstack@c-api.service[100395]: DEBUG cinder.api.openstack.wsgi [None req-9fa4765c-adf1-4bc8-bb7b-7c6bde5979f9 tempest-GroupSnapshotsTest-345836265 tempest-GroupSnapshotsTest-345836265-project] Empty body provided in request {{(pid=100395) get_body /opt/stack/cinder/cinder/api/openstack/wsgi.py:713}}
Jun 29 16:06:04.132568 dv-cinder-792209-4-smb devstack@c-api.service[100395]: /usr/local/lib/python3.8/dist-packages/webob/acceptparse.py:1047: DeprecationWarning: The behavior of AcceptValidHeader.best_match is currently being maintained for backward compatibility, but it will be deprecated in the future, as it does not conform to the RFC.
Jun 29 16:06:04.132568 dv-cinder-792209-4-smb devstack@c-api.service[100395]: warnings.warn(
Jun 29 16:06:04.132568 dv-cinder-792209-4-smb devstack@c-api.service[100395]: DEBUG cinder.api.openstack.wsgi [None req-9fa4765c-adf1-4bc8-bb7b-7c6bde5979f9 tempest-GroupSnapshotsTest-345836265 tempest-GroupSnapshotsTest-345836265-project] Calling method 'show' {{(pid=100395) _process_stack /opt/stack/cinder/cinder/api/openstack/wsgi.py:866}}
Jun 29 16:06:04.133356 dv-cinder-792209-4-smb devstack@c-api.service[100394]: INFO cinder.api.openstack.wsgi [None req-0afa217d-f91c-4341-b3e1-a9aed37afad5 tempest-VolumeRetypeWithoutMigrationTest-1214157639 tempest-VolumeRetypeWithoutMigrationTest-1214157639-project] GET http://10.222.0.13/volume/v3/f69ae2fb77fc48e2bd61f1e10d4f21ce/volumes/3ea5e772-c21d-4441-9c05-8c224eb6b5c6
Jun 29 16:06:04.133356 dv-cinder-792209-4-smb devstack@c-api.service[100394]: DEBUG cinder.api.openstack.wsgi [None req-0afa217d-f91c-4341-b3e1-a9aed37afad5 tempest-VolumeRetypeWithoutMigrationTest-1214157639 tempest-VolumeRetypeWithoutMigrationTest-1214157639-project] Empty body provided in request {{(pid=100394) get_body /opt/stack/cinder/cinder/api/openstack/wsgi.py:713}}
Jun 29 16:06:04.133356 dv-cinder-792209-4-smb devstack@c-api.service[100394]: /usr/local/lib/python3.8/dist-packages/webob/acceptparse.py:1047: DeprecationWarning: The behavior of AcceptValidHeader.best_match is currently being maintained for backward compatibility, but it will be deprecated in the future, as it does not conform to the RFC.
Jun 29 16:06:04.133356 dv-cinder-792209-4-smb devstack@c-api.service[100394]: warnings.warn(
Jun 29 16:06:04.134663 dv-cinder-792209-4-smb devstack@c-api.service[100395]: INFO cinder.api.openstack.wsgi [None req-9fa4765c-adf1-4bc8-bb7b-7c6bde5979f9 tempest-GroupSnapshotsTest-345836265 tempest-GroupSnapshotsTest-345836265-project] http://10.222.0.13/volume/v3/963b1b2c39104692a10e83da133b2dea/snapshots/a9bd7cdc-4308-478e-bafb-d3396d7e073f returned with HTTP 404
Jun 29 16:06:04.139781 dv-cinder-792209-4-smb devstack@c-api.service[100395]: [pid: 100395|app: 0|req: 90/183] 10.222.0.13 () {58 vars in 1331 bytes} [Tue Jun 29 16:06:04 2021] GET /volume/v3/963b1b2c39104692a10e83da133b2dea/snapshots/a9bd7cdc-4308-478e-bafb-d3396d7e073f => generated 111 bytes in 23 msecs (HTTP/1.1 404) 7 headers in 292 bytes (1 switches on core 0)
Jun 29 16:06:04.144409 dv-cinder-792209-4-smb devstack@c-api.service[100394]: DEBUG cinder.api.openstack.wsgi [None req-0afa217d-f91c-4341-b3e1-a9aed37afad5 tempest-VolumeRetypeWithoutMigrationTest-1214157639 tempest-VolumeRetypeWithoutMigrationTest-1214157639-project] Calling method 'show' {{(pid=100394) _process_stack /opt/stack/cinder/cinder/api/openstack/wsgi.py:866}}
Jun 29 16:06:04.153820 dv-cinder-792209-4-smb devstack@c-api.service[100395]: INFO cinder.api.openstack.wsgi [None req-f1e04b20-abd3-4a0f-b71f-caea375a513d tempest-GroupSnapshotsTest-345836265 tempest-GroupSnapshotsTest-345836265-project] GET http://10.222.0.13/volume/v3/963b1b2c39104692a10e83da133b2dea/group_snapshots/944a80d1-eaf0-45a5-a781-ad4aed72192b
Jun 29 16:06:04.157098 dv-cinder-792209-4-smb devstack@c-api.service[100395]: DEBUG cinder.api.openstack.wsgi [None req-f1e04b20-abd3-4a0f-b71f-caea375a513d tempest-GroupSnapshotsTest-345836265 tempest-GroupSnapshotsTest-345836265-project] Empty body provided in request {{(pid=100395) get_body /opt/stack/cinder/cinder/api/openstack/wsgi.py:713}}
