May 19 23:28:59.759740 dv-cinder-792209-1-smb neutron-server[91601]: base_url = self.get_endpoint(auth, allow=allow,
May 19 23:28:59.759740 dv-cinder-792209-1-smb neutron-server[91601]: File "/usr/local/lib/python3.8/dist-packages/keystoneauth1/session.py", line 1241, in get_endpoint
May 19 23:28:59.759740 dv-cinder-792209-1-smb neutron-server[91601]: auth = self._auth_required(auth, 'determine endpoint URL')
May 19 23:28:59.759740 dv-cinder-792209-1-smb neutron-server[91601]: File "/usr/local/lib/python3.8/dist-packages/keystoneauth1/session.py", line 1181, in _auth_required
May 19 23:28:59.759740 dv-cinder-792209-1-smb neutron-server[91601]: raise exceptions.MissingAuthPlugin(msg_fmt % msg)
May 19 23:28:59.759740 dv-cinder-792209-1-smb neutron-server[91601]: keystoneauth1.exceptions.auth_plugins.MissingAuthPlugin: An auth plugin is required to determine endpoint URL
May 19 23:28:59.838034 dv-cinder-792209-1-smb neutron-server[91601]: DEBUG neutron_lib.callbacks.manager [None req-ee96d184-0807-48ce-8ed4-77486ded67ab admin admin] Notify callbacks ['neutron.plugins.ml2.plugin.Ml2Plugin._network_delete_after_delete_handler-3622921', 'neutron.plugins.ml2.ovo_rpc._ObjectChangeHandler.handle_payload_event-576145', 'neutron.api.rpc.agentnotifiers.dhcp_rpc_agent_api.DhcpAgentNotifyAPI._native_event_send_dhcp_notification_payload-612543', 'neutron.services.l3_router.l3_router_plugin.DVRResourceOperationHandler.delete_fip_namespaces_for_ext_net-417605'] for network, after_delete {{(pid=91601) _notify_loop /usr/local/lib/python3.8/dist-packages/neutron_lib/callbacks/manager.py:192}}
May 19 23:28:59.845900 dv-cinder-792209-1-smb neutron-server[91601]: DEBUG neutron_lib.callbacks.manager [None req-ee96d184-0807-48ce-8ed4-77486ded67ab admin admin] Notify callbacks ['neutron.api.rpc.agentnotifiers.dhcp_rpc_agent_api.DhcpAgentNotifyAPI._send_dhcp_notification-612506'] for network, before_response {{(pid=91601) _notify_loop /usr/local/lib/python3.8/dist-packages/neutron_lib/callbacks/manager.py:192}}
May 19 23:28:59.855175 dv-cinder-792209-1-smb neutron-server[91601]: DEBUG oslo_concurrency.lockutils [None req-1891fcfe-01d1-42ae-b77c-6b490a089f74 admin admin] Lock "event-dispatch" acquired by "neutron.plugins.ml2.ovo_rpc._ObjectChangeHandler.dispatch_events" :: waited 0.000s {{(pid=91601) inner /usr/local/lib/python3.8/dist-packages/oslo_concurrency/lockutils.py:355}}
May 19 23:28:59.876260 dv-cinder-792209-1-smb neutron-server[91601]: DEBUG neutron.api.rpc.handlers.resources_rpc [None req-ee96d184-0807-48ce-8ed4-77486ded67ab admin admin] Pushing event deleted for resources: {'Network': ['ID=02d6772d-0882-46df-9e6f-660a905d2442,revision_number=None']} {{(pid=91601) push /opt/stack/neutron/neutron/api/rpc/handlers/resources_rpc.py:237}}
May 19 23:28:59.879736 dv-cinder-792209-1-smb neutron-server[91601]: INFO neutron.wsgi [None req-ee96d184-0807-48ce-8ed4-77486ded67ab admin admin] 10.222.0.48 "DELETE /v2.0/networks/02d6772d-0882-46df-9e6f-660a905d2442 HTTP/1.1" status: 204 len: 168 time: 0.6445045
May 19 23:28:59.880812 dv-cinder-792209-1-smb neutron-server[91601]: DEBUG oslo_concurrency.lockutils [None req-ee96d184-0807-48ce-8ed4-77486ded67ab admin admin] Lock "event-dispatch" released by "neutron.plugins.ml2.ovo_rpc._ObjectChangeHandler.dispatch_events" :: held 0.026s {{(pid=91601) inner /usr/local/lib/python3.8/dist-packages/oslo_concurrency/lockutils.py:367}}
May 19 23:29:00.084354 dv-cinder-792209-1-smb neutron-server[91601]: DEBUG neutron.wsgi [-] (91601) accepted ('10.222.0.48', 59794) {{(pid=91601) server /usr/local/lib/python3.8/dist-packages/eventlet/wsgi.py:992}}
May 19 23:29:00.137779 dv-cinder-792209-1-smb neutron-server[91601]: INFO neutron.wsgi [None req-d36db793-f9f3-40d5-b5c3-a0860d8ee6ef admin admin] 10.222.0.48 "GET /v2.0/security-groups?tenant_id=0b1abb3e99e944279dfd5e780dab2c76&name=default HTTP/1.1" status: 200 len: 2975 time: 0.0521894
May 19 23:29:00.140991 dv-cinder-792209-1-smb neutron-server[91601]: DEBUG neutron.wsgi [-] (91601) accepted ('10.222.0.48', 59798) {{(pid=91601) server /usr/local/lib/python3.8/dist-packages/eventlet/wsgi.py:992}}
May 19 23:29:00.160676 dv-cinder-792209-1-smb neutron-server[91600]: DEBUG neutron.pecan_wsgi.hooks.policy_enforcement [req-719d5f9c-f5ba-4dbc-9e52-e8ce13a36154 req-77b1c89a-a58c-4d24-a9d5-3e76c975ec71 tempest-VolumesActionsTest-1095395290 tempest-VolumesActionsTest-1095395290-project] Attributes excluded by policy engine: ['standard_attr_id', 'binding:profile', 'binding:host_id', 'binding:vif_type', 'binding:vif_details'] {{(pid=91600) _exclude_attributes_by_policy /opt/stack/neutron/neutron/pecan_wsgi/hooks/policy_enforcement.py:255}}
May 19 23:29:00.162170 dv-cinder-792209-1-smb neutron-server[91600]: INFO neutron.wsgi [req-719d5f9c-f5ba-4dbc-9e52-e8ce13a36154 req-77b1c89a-a58c-4d24-a9d5-3e76c975ec71 tempest-VolumesActionsTest-1095395290 tempest-VolumesActionsTest-1095395290-project] 10.222.0.48 "GET /v2.0/ports?device_id=d0ee6d65-ed50-49e0-989c-28aabcc3f256 HTTP/1.1" status: 200 len: 946 time: 0.0855100
May 19 23:29:00.205802 dv-cinder-792209-1-smb neutron-server[91601]: DEBUG neutron_lib.callbacks.manager [None req-d19c278c-6762-43f5-854d-6f8d31ebabbc admin admin] Notify callbacks [] for security_group, before_delete {{(pid=91601) _notify_loop /usr/local/lib/python3.8/dist-packages/neutron_lib/callbacks/manager.py:192}}
May 19 23:29:00.207247 dv-cinder-792209-1-smb neutron-server[91600]: INFO neutron.wsgi [req-719d5f9c-f5ba-4dbc-9e52-e8ce13a36154 req-a84f6185-649a-489d-918b-da7fa9700e93 tempest-VolumesActionsTest-1095395290 tempest-VolumesActionsTest-1095395290-project] 10.222.0.48 "GET /v2.0/security-groups?id=12650c4b-9543-4ab2-82c2-62106793fe68&fields=id&fields=name HTTP/1.1" status: 200 len: 286 time: 0.0386066
May 19 23:29:00.231113 dv-cinder-792209-1-smb neutron-server[91601]: DEBUG neutron_lib.callbacks.manager [None req-d19c278c-6762-43f5-854d-6f8d31ebabbc admin admin] Notify callbacks [] for security_group, precommit_delete {{(pid=91601) _notify_loop /usr/local/lib/python3.8/dist-packages/neutron_lib/callbacks/manager.py:192}}
May 19 23:29:00.285563 dv-cinder-792209-1-smb neutron-server[91601]: DEBUG neutron_lib.callbacks.manager [None req-d19c278c-6762-43f5-854d-6f8d31ebabbc admin admin] Notify callbacks ['neutron.plugins.ml2.ovo_rpc._ObjectChangeHandler.handle_event-576115'] for security_group, after_delete {{(pid=91601) _notify_loop /usr/local/lib/python3.8/dist-packages/neutron_lib/callbacks/manager.py:192}}
May 19 23:29:00.290567 dv-cinder-792209-1-smb neutron-server[91601]: DEBUG oslo_concurrency.lockutils [None req-53de659b-0baa-4d81-a71a-c843837f8b59 admin admin] Lock "event-dispatch" acquired by "neutron.plugins.ml2.ovo_rpc._ObjectChangeHandler.dispatch_events" :: waited 0.000s {{(pid=91601) inner /usr/local/lib/python3.8/dist-packages/oslo_concurrency/lockutils.py:355}}
May 19 23:29:00.306536 dv-cinder-792209-1-smb neutron-server[91601]: DEBUG neutron.api.rpc.handlers.resources_rpc [None req-d19c278c-6762-43f5-854d-6f8d31ebabbc admin admin] Pushing event deleted for resources: {'SecurityGroup': ['ID=d312e3af-2513-4b24-90f3-69df14290ebf,revision_number=None']} {{(pid=91601) push /opt/stack/neutron/neutron/api/rpc/handlers/resources_rpc.py:237}}
May 19 23:29:00.309303 dv-cinder-792209-1-smb neutron-server[91601]: DEBUG oslo_concurrency.lockutils [None req-d19c278c-6762-43f5-854d-6f8d31ebabbc admin admin] Lock "event-dispatch" released by "neutron.plugins.ml2.ovo_rpc._ObjectChangeHandler.dispatch_events" :: held 0.019s {{(pid=91601) inner /usr/local/lib/python3.8/dist-packages/oslo_concurrency/lockutils.py:367}}
May 19 23:29:00.324107 dv-cinder-792209-1-smb neutron-server[91601]: DEBUG neutron_lib.callbacks.manager [None req-d19c278c-6762-43f5-854d-6f8d31ebabbc admin admin] Notify callbacks [] for security_group, before_response {{(pid=91601) _notify_loop /usr/local/lib/python3.8/dist-packages/neutron_lib/callbacks/manager.py:192}}
May 19 23:29:00.325304 dv-cinder-792209-1-smb neutron-server[91601]: INFO neutron.wsgi [None req-d19c278c-6762-43f5-854d-6f8d31ebabbc admin admin] 10.222.0.48 "DELETE /v2.0/security-groups/d312e3af-2513-4b24-90f3-69df14290ebf HTTP/1.1" status: 204 len: 168 time: 0.1831341
May 19 23:29:00.565310 dv-cinder-792209-1-smb neutron-server[91600]: DEBUG neutron.pecan_wsgi.hooks.policy_enforcement [req-8302b25a-c2ce-42e8-b10c-12e7d444a2a4 req-e0e20516-330c-43c7-8572-15f4c8e2295d tempest-ServerRescueNegativeTestJSON-1670316224 tempest-ServerRescueNegativeTestJSON-1670316224-project] Attributes excluded by policy engine: ['standard_attr_id', 'binding:profile', 'binding:host_id', 'binding:vif_type', 'binding:vif_details'] {{(pid=91600) _exclude_attributes_by_policy /opt/stack/neutron/neutron/pecan_wsgi/hooks/policy_enforcement.py:255}}
May 19 23:29:00.566943 dv-cinder-792209-1-smb neutron-server[91600]: INFO neutron.wsgi [req-8302b25a-c2ce-42e8-b10c-12e7d444a2a4 req-e0e20516-330c-43c7-8572-15f4c8e2295d tempest-ServerRescueNegativeTestJSON-1670316224 tempest-ServerRescueNegativeTestJSON-1670316224-project] 10.222.0.48 "GET /v2.0/ports?device_id=3ded1efc-222d-4830-81e1-e50395bf258b HTTP/1.1" status: 200 len: 946 time: 0.0891705
May 19 23:29:00.647828 dv-cinder-792209-1-smb neutron-server[91600]: INFO neutron.wsgi [req-8302b25a-c2ce-42e8-b10c-12e7d444a2a4 req-92bf71bd-23c6-4292-bde6-408805e3b265 tempest-ServerRescueNegativeTestJSON-1670316224 tempest-ServerRescueNegativeTestJSON-1670316224-project] 10.222.0.48 "GET /v2.0/security-groups?id=293bd354-d0c4-41c3-ad3f-3f397091dbc3&fields=id&fields=name HTTP/1.1" status: 200 len: 286 time: 0.0559883
May 19 23:29:00.776555 dv-cinder-792209-1-smb neutron-server[91600]: DEBUG neutron.pecan_wsgi.hooks.policy_enforcement [req-8da6f5b0-7361-4cea-828e-0a30a2860d81 req-b7effee9-5657-4d87-b950-4ee5ac561f59 tempest-AttachVolumeNegativeTest-258640759 tempest-AttachVolumeNegativeTest-258640759-project] Attributes excluded by policy engine: ['standard_attr_id', 'binding:profile', 'binding:host_id', 'binding:vif_type', 'binding:vif_details'] {{(pid=91600) _exclude_attributes_by_policy /opt/stack/neutron/neutron/pecan_wsgi/hooks/policy_enforcement.py:255}}
May 19 23:29:00.784575 dv-cinder-792209-1-smb neutron-server[91600]: INFO neutron.wsgi [req-8da6f5b0-7361-4cea-828e-0a30a2860d81 req-b7effee9-5657-4d87-b950-4ee5ac561f59 tempest-AttachVolumeNegativeTest-258640759 tempest-AttachVolumeNegativeTest-258640759-project] 10.222.0.48 "GET /v2.0/ports?device_id=64742f0d-48b5-4999-a705-ff7473161d1d HTTP/1.1" status: 200 len: 943 time: 0.0950806
May 19 23:29:00.836445 dv-cinder-792209-1-smb neutron-server[91600]: INFO neutron.wsgi [req-8da6f5b0-7361-4cea-828e-0a30a2860d81 req-87922763-8a08-49d3-9a2d-56adfa413a68 tempest-AttachVolumeNegativeTest-258640759 tempest-AttachVolumeNegativeTest-258640759-project] 10.222.0.48 "GET /v2.0/security-groups?id=90231221-5920-4805-9861-9bbe54574d3d&fields=id&fields=name HTTP/1.1" status: 200 len: 286 time: 0.0508723
May 19 23:29:01.562356 dv-cinder-792209-1-smb neutron-server[91600]: DEBUG neutron.wsgi [-] (91600) accepted ('10.222.0.48', 59874) {{(pid=91600) server /usr/local/lib/python3.8/dist-packages/eventlet/wsgi.py:992}}
May 19 23:29:01.737948 dv-cinder-792209-1-smb neutron-server[91600]: DEBUG neutron_lib.callbacks.manager [None req-584f6368-eac2-4528-9d78-08ff12887591 admin admin] Notify callbacks [] for security_group, before_create {{(pid=91600) _notify_loop /usr/local/lib/python3.8/dist-packages/neutron_lib/callbacks/manager.py:192}}
May 19 23:29:01.756072 dv-cinder-792209-1-smb neutron-server[91600]: DEBUG neutron.db.quota.driver [None req-584f6368-eac2-4528-9d78-08ff12887591 admin admin] Resources subnetpool have unlimited quota limit. It is not required to calculate headroom {{(pid=91600) make_reservation /opt/stack/neutron/neutron/db/quota/driver.py:219}}
May 19 23:29:01.761326 dv-cinder-792209-1-smb neutron-server[91600]: DEBUG neutron.quota.resource [None req-584f6368-eac2-4528-9d78-08ff12887591 admin admin] Usage tracker for resource:security_group_rule and tenant:258f3455e65447a688462cd545b667c1 is out of sync, need to count used quota {{(pid=91600) count_used /opt/stack/neutron/neutron/quota/resource.py:270}}
May 19 23:29:01.765461 dv-cinder-792209-1-smb neutron-server[91600]: DEBUG neutron.quota.resource [None req-584f6368-eac2-4528-9d78-08ff12887591 admin admin] Quota usage for security_group_rule was recalculated. Used quota:0. {{(pid=91600) count_used /opt/stack/neutron/neutron/quota/resource.py:290}}
May 19 23:29:01.775586 dv-cinder-792209-1-smb neutron-server[91600]: DEBUG neutron.db.quota.driver [None req-584f6368-eac2-4528-9d78-08ff12887591 admin admin] Attempting to reserve 4 items for resource security_group_rule. Total usage: 0; quota limit: 100; headroom:100 {{(pid=91600) make_reservation /opt/stack/neutron/neutron/db/quota/driver.py:246}}
May 19 23:29:01.954620 dv-cinder-792209-1-smb neutron-server[91600]: DEBUG neutron.pecan_wsgi.hooks.policy_enforcement [req-db560b50-11f9-4a15-a5bc-99f19f80d728 req-7827a8ee-88bf-4aee-9553-a4bbc1526a2e tempest-ServerRescueNegativeTestJSON-1670316224 tempest-ServerRescueNegativeTestJSON-1670316224-project] Attributes excluded by policy engine: ['standard_attr_id', 'binding:profile', 'binding:host_id', 'binding:vif_type', 'binding:vif_details'] {{(pid=91600) _exclude_attributes_by_policy /opt/stack/neutron/neutron/pecan_wsgi/hooks/policy_enforcement.py:255}}
May 19 23:29:01.956521 dv-cinder-792209-1-smb neutron-server[91600]: INFO neutron.wsgi [req-db560b50-11f9-4a15-a5bc-99f19f80d728 req-7827a8ee-88bf-4aee-9553-a4bbc1526a2e tempest-ServerRescueNegativeTestJSON-1670316224 tempest-ServerRescueNegativeTestJSON-1670316224-project] 10.222.0.48 "GET /v2.0/ports?device_id=3ded1efc-222d-4830-81e1-e50395bf258b HTTP/1.1" status: 200 len: 946 time: 0.1720343
May 19 23:29:02.061159 dv-cinder-792209-1-smb neutron-server[91602]: DEBUG neutron.plugins.ml2.rpc [None req-59830d0b-0225-4c40-b28f-d74daa04665c None None] Device 00baea2c-805e-47a5-9ec9-622b22707d73 details requested by agent hyperv_hv-cinder-79220 with host hv-cinder-79220 {{(pid=91602) get_device_details /opt/stack/neutron/neutron/plugins/ml2/rpc.py:88}}
May 19 23:29:02.067372 dv-cinder-792209-1-smb neutron-server[91600]: INFO neutron.wsgi [req-db560b50-11f9-4a15-a5bc-99f19f80d728 req-402336b0-7929-4a64-aa43-582382827466 tempest-ServerRescueNegativeTestJSON-1670316224 tempest-ServerRescueNegativeTestJSON-1670316224-project] 10.222.0.48 "GET /v2.0/security-groups?id=293bd354-d0c4-41c3-ad3f-3f397091dbc3&fields=id&fields=name HTTP/1.1" status: 200 len: 286 time: 0.1041679
May 19 23:29:02.095737 dv-cinder-792209-1-smb neutron-server[91600]: DEBUG neutron_lib.callbacks.manager [None req-584f6368-eac2-4528-9d78-08ff12887591 admin admin] Notify callbacks [] for security_group, precommit_create {{(pid=91600) _notify_loop /usr/local/lib/python3.8/dist-packages/neutron_lib/callbacks/manager.py:192}}
May 19 23:29:02.109560 dv-cinder-792209-1-smb neutron-server[91600]: DEBUG neutron_lib.callbacks.manager [None req-584f6368-eac2-4528-9d78-08ff12887591 admin admin] Notify callbacks ['neutron.plugins.ml2.ovo_rpc._ObjectChangeHandler.handle_event-576115'] for security_group, after_create {{(pid=91600) _notify_loop /usr/local/lib/python3.8/dist-packages/neutron_lib/callbacks/manager.py:192}}
May 19 23:29:02.120577 dv-cinder-792209-1-smb neutron-server[91600]: DEBUG oslo_concurrency.lockutils [None req-6137667e-1596-4dae-a6dc-bd7a2ba6467a admin admin] Lock "event-dispatch" acquired by "neutron.plugins.ml2.ovo_rpc._ObjectChangeHandler.dispatch_events" :: waited 0.000s {{(pid=91600) inner /usr/local/lib/python3.8/dist-packages/oslo_concurrency/lockutils.py:355}}
May 19 23:29:02.170750 dv-cinder-792209-1-smb neutron-server[91600]: INFO neutron.wsgi [None req-584f6368-eac2-4528-9d78-08ff12887591 admin admin] 10.222.0.48 "GET /v2.0/security-groups?tenant_id=258f3455e65447a688462cd545b667c1&name=default HTTP/1.1" status: 200 len: 2979 time: 0.6048062
May 19 23:29:02.170970 dv-cinder-792209-1-smb neutron-server[91600]: DEBUG neutron.api.rpc.handlers.resources_rpc [None req-584f6368-eac2-4528-9d78-08ff12887591 admin admin] Pushing event updated for resources: {'SecurityGroup': ['ID=e9bcb9a0-ccaa-4dcd-85f8-998756168bf1,revision_number=1']} {{(pid=91600) push /opt/stack/neutron/neutron/api/rpc/handlers/resources_rpc.py:237}}
May 19 23:29:02.171971 dv-cinder-792209-1-smb neutron-server[91601]: DEBUG neutron.wsgi [-] (91601) accepted ('10.222.0.48', 59916) {{(pid=91601) server /usr/local/lib/python3.8/dist-packages/eventlet/wsgi.py:992}}
May 19 23:29:02.187498 dv-cinder-792209-1-smb neutron-server[91600]: DEBUG oslo_concurrency.lockutils [None req-584f6368-eac2-4528-9d78-08ff12887591 admin admin] Lock "event-dispatch" released by "neutron.plugins.ml2.ovo_rpc._ObjectChangeHandler.dispatch_events" :: held 0.067s {{(pid=91600) inner /usr/local/lib/python3.8/dist-packages/oslo_concurrency/lockutils.py:367}}
May 19 23:29:02.204451 dv-cinder-792209-1-smb neutron-server[91600]: DEBUG neutron.pecan_wsgi.hooks.policy_enforcement [req-e0459321-af65-40d0-87ce-7bf11a5098c9 req-a01f66b2-619b-4cd7-9748-e2b9eb26f9a2 tempest-AttachVolumeNegativeTest-258640759 tempest-AttachVolumeNegativeTest-258640759-project] Attributes excluded by policy engine: ['standard_attr_id', 'binding:profile', 'binding:host_id', 'binding:vif_type', 'binding:vif_details'] {{(pid=91600) _exclude_attributes_by_policy /opt/stack/neutron/neutron/pecan_wsgi/hooks/policy_enforcement.py:255}}
May 19 23:29:02.206150 dv-cinder-792209-1-smb neutron-server[91600]: INFO neutron.wsgi [req-e0459321-af65-40d0-87ce-7bf11a5098c9 req-a01f66b2-619b-4cd7-9748-e2b9eb26f9a2 tempest-AttachVolumeNegativeTest-258640759 tempest-AttachVolumeNegativeTest-258640759-project] 10.222.0.48 "GET /v2.0/ports?device_id=64742f0d-48b5-4999-a705-ff7473161d1d HTTP/1.1" status: 200 len: 943 time: 0.1881199
May 19 23:29:02.263676 dv-cinder-792209-1-smb neutron-server[91600]: INFO neutron.wsgi [req-e0459321-af65-40d0-87ce-7bf11a5098c9 req-3cfaaa46-fc7a-4a0e-b661-9a0e19f42179 tempest-AttachVolumeNegativeTest-258640759 tempest-AttachVolumeNegativeTest-258640759-project] 10.222.0.48 "GET /v2.0/security-groups?id=90231221-5920-4805-9861-9bbe54574d3d&fields=id&fields=name HTTP/1.1" status: 200 len: 286 time: 0.0512595
May 19 23:29:02.276804 dv-cinder-792209-1-smb neutron-server[91601]: DEBUG neutron_lib.callbacks.manager [None req-6ed8b0c4-2e25-4a88-b463-c3b8015fea6f admin admin] Notify callbacks [] for security_group, before_delete {{(pid=91601) _notify_loop /usr/local/lib/python3.8/dist-packages/neutron_lib/callbacks/manager.py:192}}
May 19 23:29:02.287583 dv-cinder-792209-1-smb neutron-server[91602]: DEBUG neutron.plugins.ml2.db [None req-59830d0b-0225-4c40-b28f-d74daa04665c None None] For port 00baea2c-805e-47a5-9ec9-622b22707d73, host hv-cinder-79220, got binding levels [PortBindingLevel(driver='hyperv',host='hv-cinder-79220',level=0,port_id=00baea2c-805e-47a5-9ec9-622b22707d73,segment=NetworkSegment(9c782432-4d27-4c83-8cf1-34e414e95b8b),segment_id=9c782432-4d27-4c83-8cf1-34e414e95b8b)] {{(pid=91602) get_binding_level_objs /opt/stack/neutron/neutron/plugins/ml2/db.py:75}}
May 19 23:29:02.310335 dv-cinder-792209-1-smb neutron-server[91602]: DEBUG neutron.plugins.ml2.rpc [None req-59830d0b-0225-4c40-b28f-d74daa04665c None None] Returning: {'device': '00baea2c-805e-47a5-9ec9-622b22707d73', 'network_id': '6e272f46-4166-4117-adad-69a8674bdcf6', 'port_id': '00baea2c-805e-47a5-9ec9-622b22707d73', 'mac_address': 'fa:16:3e:e2:2c:18', 'admin_state_up': True, 'network_type': 'vlan', 'segmentation_id': 440, 'physical_network': 'physnet1', 'mtu': 1500, 'fixed_ips': [{'subnet_id': '1f14d2b0-33de-4205-8431-53548d0b6fb8', 'ip_address': '172.20.0.6'}], 'device_owner': 'compute:nova', 'allowed_address_pairs': [], 'port_security_enabled': True, 'qos_policy_id': None, 'network_qos_policy_id': None, 'profile': {}, 'propagate_uplink_status': False} {{(pid=91602) _get_device_details /opt/stack/neutron/neutron/plugins/ml2/rpc.py:168}}
May 19 23:29:02.315668 dv-cinder-792209-1-smb neutron-server[91601]: DEBUG neutron_lib.callbacks.manager [None req-6ed8b0c4-2e25-4a88-b463-c3b8015fea6f admin admin] Notify callbacks [] for security_group, precommit_delete {{(pid=91601) _notify_loop /usr/local/lib/python3.8/dist-packages/neutron_lib/callbacks/manager.py:192}}
May 19 23:29:02.384809 dv-cinder-792209-1-smb neutron-server[91601]: DEBUG neutron_lib.callbacks.manager [None req-6ed8b0c4-2e25-4a88-b463-c3b8015fea6f admin admin] Notify callbacks ['neutron.plugins.ml2.ovo_rpc._ObjectChangeHandler.handle_event-576115'] for security_group, after_delete {{(pid=91601) _notify_loop /usr/local/lib/python3.8/dist-packages/neutron_lib/callbacks/manager.py:192}}
May 19 23:29:02.389697 dv-cinder-792209-1-smb neutron-server[91601]: DEBUG oslo_concurrency.lockutils [-] Lock "event-dispatch" acquired by "neutron.plugins.ml2.ovo_rpc._ObjectChangeHandler.dispatch_events" :: waited 0.000s {{(pid=91601) inner /usr/local/lib/python3.8/dist-packages/oslo_concurrency/lockutils.py:355}}
May 19 23:29:02.392023 dv-cinder-792209-1-smb neutron-server[91602]: DEBUG neutron_lib.callbacks.manager [None req-59830d0b-0225-4c40-b28f-d74daa04665c None None] Notify callbacks ['neutron.plugins.ml2.plugin.SecurityGroupDbMixin._ensure_default_security_group_handler_port-3767367'] for port, before_update {{(pid=91602) _notify_loop /usr/local/lib/python3.8/dist-packages/neutron_lib/callbacks/manager.py:192}}
May 19 23:29:02.404274 dv-cinder-792209-1-smb neutron-server[91601]: DEBUG neutron.api.rpc.handlers.resources_rpc [None req-6ed8b0c4-2e25-4a88-b463-c3b8015fea6f admin admin] Pushing event deleted for resources: {'SecurityGroup': ['ID=e9bcb9a0-ccaa-4dcd-85f8-998756168bf1,revision_number=None']} {{(pid=91601) push /opt/stack/neutron/neutron/api/rpc/handlers/resources_rpc.py:237}}
May 19 23:29:02.411366 dv-cinder-792209-1-smb neutron-server[91601]: DEBUG oslo_concurrency.lockutils [None req-6ed8b0c4-2e25-4a88-b463-c3b8015fea6f admin admin] Lock "event-dispatch" released by "neutron.plugins.ml2.ovo_rpc._ObjectChangeHandler.dispatch_events" :: held 0.022s {{(pid=91601) inner /usr/local/lib/python3.8/dist-packages/oslo_concurrency/lockutils.py:367}}
May 19 23:29:02.412392 dv-cinder-792209-1-smb neutron-server[91601]: DEBUG neutron_lib.callbacks.manager [None req-6ed8b0c4-2e25-4a88-b463-c3b8015fea6f admin admin] Notify callbacks [] for security_group, before_response {{(pid=91601) _notify_loop /usr/local/lib/python3.8/dist-packages/neutron_lib/callbacks/manager.py:192}}
May 19 23:29:02.413621 dv-cinder-792209-1-smb neutron-server[91601]: INFO neutron.wsgi [None req-6ed8b0c4-2e25-4a88-b463-c3b8015fea6f admin admin] 10.222.0.48 "DELETE /v2.0/security-groups/e9bcb9a0-ccaa-4dcd-85f8-998756168bf1 HTTP/1.1" status: 204 len: 168 time: 0.2400084
May 19 23:29:02.431125 dv-cinder-792209-1-smb neutron-server[91602]: DEBUG neutron.notifiers.nova [None req-59830d0b-0225-4c40-b28f-d74daa04665c None None] Ignoring state change previous_port_status: DOWN current_port_status: BUILD port_id 00baea2c-805e-47a5-9ec9-622b22707d73 {{(pid=91602) record_port_status_changed /opt/stack/neutron/neutron/notifiers/nova.py:224}}
May 19 23:29:02.459840 dv-cinder-792209-1-smb neutron-server[91602]: DEBUG neutron.plugins.ml2.db [None req-59830d0b-0225-4c40-b28f-d74daa04665c None None] For port 00baea2c-805e-47a5-9ec9-622b22707d73, host hv-cinder-79220, got binding levels [PortBindingLevel(driver='hyperv',host='hv-cinder-79220',level=0,port_id=00baea2c-805e-47a5-9ec9-622b22707d73,segment=NetworkSegment(9c782432-4d27-4c83-8cf1-34e414e95b8b),segment_id=9c782432-4d27-4c83-8cf1-34e414e95b8b)] {{(pid=91602) get_binding_level_objs /opt/stack/neutron/neutron/plugins/ml2/db.py:75}}
May 19 23:29:02.465448 dv-cinder-792209-1-smb neutron-server[91602]: DEBUG neutron_lib.callbacks.manager [None req-59830d0b-0225-4c40-b28f-d74daa04665c None None] Notify callbacks ['neutron.plugins.ml2.plugin.SecurityGroupServerNotifierRpcMixin.notify_sg_on_port_change-3767996', 'neutron.plugins.ml2.ovo_rpc._ObjectChangeHandler.handle_event-1046902', 'neutron.api.rpc.agentnotifiers.dhcp_rpc_agent_api.DhcpAgentNotifyAPI._native_event_send_dhcp_notification-612488', 'neutron.db.l3_db.L3RpcNotifierMixin._notify_gateway_port_ip_changed-8761818720943', 'neutron.db.l3_dvrscheduler_db._notify_l3_agent_port_update-8761818290701', 'neutron.db.l3_hascheduler_db._notify_l3_agent_ha_port_update-8761818290746'] for port, after_update {{(pid=91602) _notify_loop /usr/local/lib/python3.8/dist-packages/neutron_lib/callbacks/manager.py:192}}
May 19 23:29:02.471344 dv-cinder-792209-1-smb neutron-server[91602]: DEBUG oslo_concurrency.lockutils [None req-6d62cb4a-a238-47d2-b9ae-5c73352502c2 None None] Lock "event-dispatch" acquired by "neutron.plugins.ml2.ovo_rpc._ObjectChangeHandler.dispatch_events" :: waited 0.000s {{(pid=91602) inner /usr/local/lib/python3.8/dist-packages/oslo_concurrency/lockutils.py:355}}
May 19 23:29:02.546804 dv-cinder-792209-1-smb neutron-server[91602]: DEBUG neutron.api.rpc.handlers.resources_rpc [None req-59830d0b-0225-4c40-b28f-d74daa04665c None None] Pushing event updated for resources: {'Port': ['ID=00baea2c-805e-47a5-9ec9-622b22707d73,revision_number=4']} {{(pid=91602) push /opt/stack/neutron/neutron/api/rpc/handlers/resources_rpc.py:237}}
May 19 23:29:02.562539 dv-cinder-792209-1-smb neutron-server[91602]: DEBUG neutron.api.rpc.callbacks.version_manager [None req-59830d0b-0225-4c40-b28f-d74daa04665c None None] Version for resource type AddressGroup changed None to 1.2 on consumer Open vSwitch agent@dv-cinder-792209-1-smb {{(pid=91602) _set_version /opt/stack/neutron/neutron/api/rpc/callbacks/version_manager.py:113}}
May 19 23:29:02.562539 dv-cinder-792209-1-smb neutron-server[91602]: DEBUG neutron.api.rpc.callbacks.version_manager [None req-59830d0b-0225-4c40-b28f-d74daa04665c None None] Version for resource type ConntrackHelper changed None to 1.0 on consumer Open vSwitch agent@dv-cinder-792209-1-smb {{(pid=91602) _set_version /opt/stack/neutron/neutron/api/rpc/callbacks/version_manager.py:113}}
May 19 23:29:02.562539 dv-cinder-792209-1-smb neutron-server[91602]: DEBUG neutron.api.rpc.callbacks.version_manager [None req-59830d0b-0225-4c40-b28f-d74daa04665c None None] Version for resource type Log changed None to 1.0 on consumer Open vSwitch agent@dv-cinder-792209-1-smb {{(pid=91602) _set_version /opt/stack/neutron/neutron/api/rpc/callbacks/version_manager.py:113}}
May 19 23:29:02.562539 dv-cinder-792209-1-smb neutron-server[91602]: DEBUG neutron.api.rpc.callbacks.version_manager [None req-59830d0b-0225-4c40-b28f-d74daa04665c None None] Version for resource type Network changed None to 1.1 on consumer Open vSwitch agent@dv-cinder-792209-1-smb {{(pid=91602) _set_version /opt/stack/neutron/neutron/api/rpc/callbacks/version_manager.py:113}}
May 19 23:29:02.563466 dv-cinder-792209-1-smb neutron-server[91602]: DEBUG neutron.api.rpc.callbacks.version_manager [None req-59830d0b-0225-4c40-b28f-d74daa04665c None None] Version for resource type Port changed None to 1.7 on consumer Open vSwitch agent@dv-cinder-792209-1-smb {{(pid=91602) _set_version /opt/stack/neutron/neutron/api/rpc/callbacks/version_manager.py:113}}
May 19 23:29:02.563466 dv-cinder-792209-1-smb neutron-server[91602]: DEBUG neutron.api.rpc.callbacks.version_manager [None req-59830d0b-0225-4c40-b28f-d74daa04665c None None] Version for resource type PortForwarding changed None to 1.2 on consumer Open vSwitch agent@dv-cinder-792209-1-smb {{(pid=91602) _set_version /opt/stack/neutron/neutron/api/rpc/callbacks/version_manager.py:113}}
May 19 23:29:02.563768 dv-cinder-792209-1-smb neutron-server[91602]: DEBUG neutron.api.rpc.callbacks.version_manager [None req-59830d0b-0225-4c40-b28f-d74daa04665c None None] Version for resource type QosPolicy changed None to 1.8 on consumer Open vSwitch agent@dv-cinder-792209-1-smb {{(pid=91602) _set_version /opt/stack/neutron/neutron/api/rpc/callbacks/version_manager.py:113}}
May 19 23:29:02.564202 dv-cinder-792209-1-smb neutron-server[91602]: DEBUG neutron.api.rpc.callbacks.version_manager [None req-59830d0b-0225-4c40-b28f-d74daa04665c None None] Version for resource type SecurityGroup changed None to 1.4 on consumer Open vSwitch agent@dv-cinder-792209-1-smb {{(pid=91602) _set_version /opt/stack/neutron/neutron/api/rpc/callbacks/version_manager.py:113}}
May 19 23:29:02.570779 dv-cinder-792209-1-smb neutron-server[91602]: DEBUG neutron.api.rpc.callbacks.version_manager [None req-59830d0b-0225-4c40-b28f-d74daa04665c None None] Version for resource type SecurityGroupRule changed None to 1.2 on consumer Open vSwitch agent@dv-cinder-792209-1-smb {{(pid=91602) _set_version /opt/stack/neutron/neutron/api/rpc/callbacks/version_manager.py:113}}
May 19 23:29:02.571331 dv-cinder-792209-1-smb neutron-server[91602]: DEBUG neutron.api.rpc.callbacks.version_manager [None req-59830d0b-0225-4c40-b28f-d74daa04665c None None] Version for resource type SubPort changed None to 1.0 on consumer Open vSwitch agent@dv-cinder-792209-1-smb {{(pid=91602) _set_version /opt/stack/neutron/neutron/api/rpc/callbacks/version_manager.py:113}}
May 19 23:29:02.571902 dv-cinder-792209-1-smb neutron-server[91602]: DEBUG neutron.api.rpc.callbacks.version_manager [None req-59830d0b-0225-4c40-b28f-d74daa04665c None None] Version for resource type Subnet changed None to 1.1 on consumer Open vSwitch agent@dv-cinder-792209-1-smb {{(pid=91602) _set_version /opt/stack/neutron/neutron/api/rpc/callbacks/version_manager.py:113}}
May 19 23:29:02.572464 dv-cinder-792209-1-smb neutron-server[91602]: DEBUG neutron.api.rpc.callbacks.version_manager [None req-59830d0b-0225-4c40-b28f-d74daa04665c None None] Version for resource type Trunk changed None to 1.1 on consumer Open vSwitch agent@dv-cinder-792209-1-smb {{(pid=91602) _set_version /opt/stack/neutron/neutron/api/rpc/callbacks/version_manager.py:113}}
May 19 23:29:02.577166 dv-cinder-792209-1-smb neutron-server[91602]: DEBUG oslo_concurrency.lockutils [None req-59830d0b-0225-4c40-b28f-d74daa04665c None None] Lock "event-dispatch" released by "neutron.plugins.ml2.ovo_rpc._ObjectChangeHandler.dispatch_events" :: held 0.109s {{(pid=91602) inner /usr/local/lib/python3.8/dist-packages/oslo_concurrency/lockutils.py:367}}
May 19 23:29:02.764076 dv-cinder-792209-1-smb neutron-server[91600]: DEBUG neutron.wsgi [-] (91600) accepted ('10.222.0.48', 59950) {{(pid=91600) server /usr/local/lib/python3.8/dist-packages/eventlet/wsgi.py:992}}
May 19 23:29:02.788412 dv-cinder-792209-1-smb neutron-server[91600]: DEBUG neutron_lib.callbacks.manager [None req-89946f20-57be-48f5-9959-51bd7cdcfa4e admin admin] Notify callbacks [] for security_group, before_create {{(pid=91600) _notify_loop /usr/local/lib/python3.8/dist-packages/neutron_lib/callbacks/manager.py:192}}
May 19 23:29:02.803570 dv-cinder-792209-1-smb neutron-server[91600]: DEBUG neutron.db.quota.driver [None req-89946f20-57be-48f5-9959-51bd7cdcfa4e admin admin] Resources subnetpool have unlimited quota limit. It is not required to calculate headroom {{(pid=91600) make_reservation /opt/stack/neutron/neutron/db/quota/driver.py:219}}
May 19 23:29:02.807431 dv-cinder-792209-1-smb neutron-server[91600]: DEBUG neutron.quota.resource [None req-89946f20-57be-48f5-9959-51bd7cdcfa4e admin admin] Usage tracker for resource:security_group_rule and tenant:15ef3aa4f02741cf8f973dd94b612e8a is out of sync, need to count used quota {{(pid=91600) count_used /opt/stack/neutron/neutron/quota/resource.py:270}}
May 19 23:29:02.810474 dv-cinder-792209-1-smb neutron-server[91600]: DEBUG neutron.quota.resource [None req-89946f20-57be-48f5-9959-51bd7cdcfa4e admin admin] Quota usage for security_group_rule was recalculated. Used quota:0. {{(pid=91600) count_used /opt/stack/neutron/neutron/quota/resource.py:290}}
May 19 23:29:02.816755 dv-cinder-792209-1-smb neutron-server[91600]: DEBUG neutron.db.quota.driver [None req-89946f20-57be-48f5-9959-51bd7cdcfa4e admin admin] Attempting to reserve 4 items for resource security_group_rule. Total usage: 0; quota limit: 100; headroom:100 {{(pid=91600) make_reservation /opt/stack/neutron/neutron/db/quota/driver.py:246}}
May 19 23:29:02.850320 dv-cinder-792209-1-smb neutron-server[91602]: DEBUG neutron.plugins.ml2.db [None req-59830d0b-0225-4c40-b28f-d74daa04665c None None] get_ports_and_sgs() called for port_ids ['00baea2c-805e-47a5-9ec9-622b22707d73'] {{(pid=91602) get_ports_and_sgs /opt/stack/neutron/neutron/plugins/ml2/db.py:164}}
May 19 23:29:02.918458 dv-cinder-792209-1-smb neutron-server[91600]: DEBUG neutron_lib.callbacks.manager [None req-89946f20-57be-48f5-9959-51bd7cdcfa4e admin admin] Notify callbacks [] for security_group, precommit_create {{(pid=91600) _notify_loop /usr/local/lib/python3.8/dist-packages/neutron_lib/callbacks/manager.py:192}}
May 19 23:29:02.924593 dv-cinder-792209-1-smb neutron-server[91600]: DEBUG neutron_lib.callbacks.manager [None req-89946f20-57be-48f5-9959-51bd7cdcfa4e admin admin] Notify callbacks ['neutron.plugins.ml2.ovo_rpc._ObjectChangeHandler.handle_event-576115'] for security_group, after_create {{(pid=91600) _notify_loop /usr/local/lib/python3.8/dist-packages/neutron_lib/callbacks/manager.py:192}}
May 19 23:29:02.952204 dv-cinder-792209-1-smb neutron-server[91600]: DEBUG oslo_concurrency.lockutils [-] Lock "event-dispatch" acquired by "neutron.plugins.ml2.ovo_rpc._ObjectChangeHandler.dispatch_events" :: waited 0.000s {{(pid=91600) inner /usr/local/lib/python3.8/dist-packages/oslo_concurrency/lockutils.py:355}}
May 19 23:29:02.980162 dv-cinder-792209-1-smb neutron-server[91600]: INFO neutron.wsgi [None req-89946f20-57be-48f5-9959-51bd7cdcfa4e admin admin] 10.222.0.48 "GET /v2.0/security-groups?tenant_id=15ef3aa4f02741cf8f973dd94b612e8a&name=default HTTP/1.1" status: 200 len: 2979 time: 0.2144184
May 19 23:29:02.981555 dv-cinder-792209-1-smb neutron-server[91600]: DEBUG neutron.api.rpc.handlers.resources_rpc [None req-89946f20-57be-48f5-9959-51bd7cdcfa4e admin admin] Pushing event updated for resources: {'SecurityGroup': ['ID=e97ca473-89a8-45be-ae3d-4426da3b0b86,revision_number=1']} {{(pid=91600) push /opt/stack/neutron/neutron/api/rpc/handlers/resources_rpc.py:237}}
May 19 23:29:02.983243 dv-cinder-792209-1-smb neutron-server[91601]: DEBUG neutron.wsgi [-] (91601) accepted ('10.222.0.48', 59956) {{(pid=91601) server /usr/local/lib/python3.8/dist-packages/eventlet/wsgi.py:992}}
May 19 23:29:02.985196 dv-cinder-792209-1-smb neutron-server[91600]: DEBUG oslo_concurrency.lockutils [None req-89946f20-57be-48f5-9959-51bd7cdcfa4e admin admin] Lock "event-dispatch" released by "neutron.plugins.ml2.ovo_rpc._ObjectChangeHandler.dispatch_events" :: held 0.033s {{(pid=91600) inner /usr/local/lib/python3.8/dist-packages/oslo_concurrency/lockutils.py:367}}
May 19 23:29:03.059323 dv-cinder-792209-1-smb neutron-server[91601]: DEBUG neutron_lib.callbacks.manager [None req-9d4bdd7c-e5c0-4cc5-b490-18114f7a9c1a admin admin] Notify callbacks [] for security_group, before_delete {{(pid=91601) _notify_loop /usr/local/lib/python3.8/dist-packages/neutron_lib/callbacks/manager.py:192}}
May 19 23:29:03.094267 dv-cinder-792209-1-smb neutron-server[91601]: DEBUG neutron_lib.callbacks.manager [None req-9d4bdd7c-e5c0-4cc5-b490-18114f7a9c1a admin admin] Notify callbacks [] for security_group, precommit_delete {{(pid=91601) _notify_loop /usr/local/lib/python3.8/dist-packages/neutron_lib/callbacks/manager.py:192}}
May 19 23:29:03.169226 dv-cinder-792209-1-smb neutron-server[91601]: DEBUG neutron_lib.callbacks.manager [None req-9d4bdd7c-e5c0-4cc5-b490-18114f7a9c1a admin admin] Notify callbacks ['neutron.plugins.ml2.ovo_rpc._ObjectChangeHandler.handle_event-576115'] for security_group, after_delete {{(pid=91601) _notify_loop /usr/local/lib/python3.8/dist-packages/neutron_lib/callbacks/manager.py:192}}
May 19 23:29:03.175033 dv-cinder-792209-1-smb neutron-server[91601]: DEBUG oslo_concurrency.lockutils [None req-d19c278c-6762-43f5-854d-6f8d31ebabbc admin admin] Lock "event-dispatch" acquired by "neutron.plugins.ml2.ovo_rpc._ObjectChangeHandler.dispatch_events" :: waited 0.000s {{(pid=91601) inner /usr/local/lib/python3.8/dist-packages/oslo_concurrency/lockutils.py:355}}
May 19 23:29:03.189340 dv-cinder-792209-1-smb neutron-server[91601]: DEBUG neutron.api.rpc.handlers.resources_rpc [None req-9d4bdd7c-e5c0-4cc5-b490-18114f7a9c1a admin admin] Pushing event deleted for resources: {'SecurityGroup': ['ID=e97ca473-89a8-45be-ae3d-4426da3b0b86,revision_number=None']} {{(pid=91601) push /opt/stack/neutron/neutron/api/rpc/handlers/resources_rpc.py:237}}
May 19 23:29:03.192157 dv-cinder-792209-1-smb neutron-server[91601]: DEBUG oslo_concurrency.lockutils [None req-9d4bdd7c-e5c0-4cc5-b490-18114f7a9c1a admin admin] Lock "event-dispatch" released by "neutron.plugins.ml2.ovo_rpc._ObjectChangeHandler.dispatch_events" :: held 0.017s {{(pid=91601) inner /usr/local/lib/python3.8/dist-packages/oslo_concurrency/lockutils.py:367}}
May 19 23:29:03.194153 dv-cinder-792209-1-smb neutron-server[91601]: DEBUG neutron_lib.callbacks.manager [None req-9d4bdd7c-e5c0-4cc5-b490-18114f7a9c1a admin admin] Notify callbacks [] for security_group, before_response {{(pid=91601) _notify_loop /usr/local/lib/python3.8/dist-packages/neutron_lib/callbacks/manager.py:192}}
May 19 23:29:03.195259 dv-cinder-792209-1-smb neutron-server[91601]: INFO neutron.wsgi [None req-9d4bdd7c-e5c0-4cc5-b490-18114f7a9c1a admin admin] 10.222.0.48 "DELETE /v2.0/security-groups/e97ca473-89a8-45be-ae3d-4426da3b0b86 HTTP/1.1" status: 204 len: 168 time: 0.2109380
May 19 23:29:03.263666 dv-cinder-792209-1-smb neutron-server[91600]: DEBUG neutron.pecan_wsgi.hooks.policy_enforcement [req-7b97b6d1-e8b7-46d3-acbe-c589107242ea req-fab60d94-012f-44d3-91b8-e0aae83c9522 tempest-ServerRescueNegativeTestJSON-1670316224 tempest-ServerRescueNegativeTestJSON-1670316224-project] Attributes excluded by policy engine: ['standard_attr_id', 'binding:profile', 'binding:host_id', 'binding:vif_type', 'binding:vif_details'] {{(pid=91600) _exclude_attributes_by_policy /opt/stack/neutron/neutron/pecan_wsgi/hooks/policy_enforcement.py:255}}
May 19 23:29:03.265878 dv-cinder-792209-1-smb neutron-server[91600]: INFO neutron.wsgi [req-7b97b6d1-e8b7-46d3-acbe-c589107242ea req-fab60d94-012f-44d3-91b8-e0aae83c9522 tempest-ServerRescueNegativeTestJSON-1670316224 tempest-ServerRescueNegativeTestJSON-1670316224-project] 10.222.0.48 "GET /v2.0/ports?device_id=3ded1efc-222d-4830-81e1-e50395bf258b HTTP/1.1" status: 200 len: 946 time: 0.0850332
May 19 23:29:03.384074 dv-cinder-792209-1-smb neutron-server[91600]: INFO neutron.wsgi [req-7b97b6d1-e8b7-46d3-acbe-c589107242ea req-f1464a25-7836-420f-ba2e-abad65a25584 tempest-ServerRescueNegativeTestJSON-1670316224 tempest-ServerRescueNegativeTestJSON-1670316224-project] 10.222.0.48 "GET /v2.0/security-groups?id=293bd354-d0c4-41c3-ad3f-3f397091dbc3&fields=id&fields=name HTTP/1.1" status: 200 len: 286 time: 0.1119986
May 19 23:29:03.565657 dv-cinder-792209-1-smb neutron-server[91600]: DEBUG neutron.pecan_wsgi.hooks.policy_enforcement [req-06f5d06b-df75-4fbf-b393-6c5bd7904c3b req-be7206c1-6d4b-4c3f-afdd-848e0be98cfe tempest-AttachVolumeNegativeTest-258640759 tempest-AttachVolumeNegativeTest-258640759-project] Attributes excluded by policy engine: ['standard_attr_id', 'binding:profile', 'binding:host_id', 'binding:vif_type', 'binding:vif_details'] {{(pid=91600) _exclude_attributes_by_policy /opt/stack/neutron/neutron/pecan_wsgi/hooks/policy_enforcement.py:255}}
May 19 23:29:03.573134 dv-cinder-792209-1-smb neutron-server[91600]: INFO neutron.wsgi [req-06f5d06b-df75-4fbf-b393-6c5bd7904c3b req-be7206c1-6d4b-4c3f-afdd-848e0be98cfe tempest-AttachVolumeNegativeTest-258640759 tempest-AttachVolumeNegativeTest-258640759-project] 10.222.0.48 "GET /v2.0/ports?device_id=64742f0d-48b5-4999-a705-ff7473161d1d HTTP/1.1" status: 200 len: 944 time: 0.1062169
May 19 23:29:03.626635 dv-cinder-792209-1-smb neutron-server[91600]: INFO neutron.wsgi [req-06f5d06b-df75-4fbf-b393-6c5bd7904c3b req-7c05f138-e462-4161-a308-9561f7086b89 tempest-AttachVolumeNegativeTest-258640759 tempest-AttachVolumeNegativeTest-258640759-project] 10.222.0.48 "GET /v2.0/security-groups?id=90231221-5920-4805-9861-9bbe54574d3d&fields=id&fields=name HTTP/1.1" status: 200 len: 286 time: 0.0463340
May 19 23:29:03.627291 dv-cinder-792209-1-smb neutron-server[91601]: DEBUG neutron.wsgi [-] (91601) accepted ('10.222.0.48', 59986) {{(pid=91601) server /usr/local/lib/python3.8/dist-packages/eventlet/wsgi.py:992}}
May 19 23:29:03.644000 dv-cinder-792209-1-smb neutron-server[91601]: DEBUG neutron_lib.callbacks.manager [None req-18b7657f-0980-4ec2-9903-55dc4bfbddd2 admin admin] Notify callbacks [] for security_group, before_create {{(pid=91601) _notify_loop /usr/local/lib/python3.8/dist-packages/neutron_lib/callbacks/manager.py:192}}
May 19 23:29:03.660344 dv-cinder-792209-1-smb neutron-server[91601]: DEBUG neutron.db.quota.driver [None req-18b7657f-0980-4ec2-9903-55dc4bfbddd2 admin admin] Resources subnetpool have unlimited quota limit. It is not required to calculate headroom {{(pid=91601) make_reservation /opt/stack/neutron/neutron/db/quota/driver.py:219}}
May 19 23:29:03.666823 dv-cinder-792209-1-smb neutron-server[91601]: DEBUG neutron.quota.resource [None req-18b7657f-0980-4ec2-9903-55dc4bfbddd2 admin admin] Usage tracker for resource:security_group_rule and tenant:2281603f4e914e7d927126c7eb76f67e is out of sync, need to count used quota {{(pid=91601) count_used /opt/stack/neutron/neutron/quota/resource.py:270}}
May 19 23:29:03.670211 dv-cinder-792209-1-smb neutron-server[91601]: DEBUG neutron.quota.resource [None req-18b7657f-0980-4ec2-9903-55dc4bfbddd2 admin admin] Quota usage for security_group_rule was recalculated. Used quota:0. {{(pid=91601) count_used /opt/stack/neutron/neutron/quota/resource.py:290}}
May 19 23:29:03.676880 dv-cinder-792209-1-smb neutron-server[91601]: DEBUG neutron.db.quota.driver [None req-18b7657f-0980-4ec2-9903-55dc4bfbddd2 admin admin] Attempting to reserve 4 items for resource security_group_rule. Total usage: 0; quota limit: 100; headroom:100 {{(pid=91601) make_reservation /opt/stack/neutron/neutron/db/quota/driver.py:246}}
May 19 23:29:03.791918 dv-cinder-792209-1-smb neutron-server[91601]: DEBUG neutron_lib.callbacks.manager [None req-18b7657f-0980-4ec2-9903-55dc4bfbddd2 admin admin] Notify callbacks [] for security_group, precommit_create {{(pid=91601) _notify_loop /usr/local/lib/python3.8/dist-packages/neutron_lib/callbacks/manager.py:192}}
May 19 23:29:03.796832 dv-cinder-792209-1-smb neutron-server[91601]: DEBUG neutron_lib.callbacks.manager [None req-18b7657f-0980-4ec2-9903-55dc4bfbddd2 admin admin] Notify callbacks ['neutron.plugins.ml2.ovo_rpc._ObjectChangeHandler.handle_event-576115'] for security_group, after_create {{(pid=91601) _notify_loop /usr/local/lib/python3.8/dist-packages/neutron_lib/callbacks/manager.py:192}}
May 19 23:29:03.804000 dv-cinder-792209-1-smb neutron-server[91601]: DEBUG oslo_concurrency.lockutils [-] Lock "event-dispatch" acquired by "neutron.plugins.ml2.ovo_rpc._ObjectChangeHandler.dispatch_events" :: waited 0.000s {{(pid=91601) inner /usr/local/lib/python3.8/dist-packages/oslo_concurrency/lockutils.py:355}}
May 19 23:29:03.842692 dv-cinder-792209-1-smb neutron-server[91601]: DEBUG neutron.api.rpc.handlers.resources_rpc [None req-18b7657f-0980-4ec2-9903-55dc4bfbddd2 admin admin] Pushing event updated for resources: {'SecurityGroup': ['ID=b3939f91-9927-4805-bc6e-339fb7c291d8,revision_number=1']} {{(pid=91601) push /opt/stack/neutron/neutron/api/rpc/handlers/resources_rpc.py:237}}
May 19 23:29:03.847519 dv-cinder-792209-1-smb neutron-server[91601]: INFO neutron.wsgi [None req-18b7657f-0980-4ec2-9903-55dc4bfbddd2 admin admin] 10.222.0.48 "GET /v2.0/security-groups?tenant_id=2281603f4e914e7d927126c7eb76f67e&name=default HTTP/1.1" status: 200 len: 2979 time: 0.2244465
May 19 23:29:03.848431 dv-cinder-792209-1-smb neutron-server[91601]: DEBUG oslo_concurrency.lockutils [None req-18b7657f-0980-4ec2-9903-55dc4bfbddd2 admin admin] Lock "event-dispatch" released by "neutron.plugins.ml2.ovo_rpc._ObjectChangeHandler.dispatch_events" :: held 0.044s {{(pid=91601) inner /usr/local/lib/python3.8/dist-packages/oslo_concurrency/lockutils.py:367}}
May 19 23:29:03.850096 dv-cinder-792209-1-smb neutron-server[91601]: DEBUG neutron.wsgi [-] (91601) accepted ('10.222.0.48', 60002) {{(pid=91601) server /usr/local/lib/python3.8/dist-packages/eventlet/wsgi.py:992}}
May 19 23:29:03.915242 dv-cinder-792209-1-smb neutron-server[91601]: DEBUG neutron_lib.callbacks.manager [None req-95656395-09a4-4fb3-8dd2-986ef22c6ade admin admin] Notify callbacks [] for security_group, before_delete {{(pid=91601) _notify_loop /usr/local/lib/python3.8/dist-packages/neutron_lib/callbacks/manager.py:192}}
May 19 23:29:03.941922 dv-cinder-792209-1-smb neutron-server[91601]: DEBUG neutron_lib.callbacks.manager [None req-95656395-09a4-4fb3-8dd2-986ef22c6ade admin admin] Notify callbacks [] for security_group, precommit_delete {{(pid=91601) _notify_loop /usr/local/lib/python3.8/dist-packages/neutron_lib/callbacks/manager.py:192}}
May 19 23:29:03.997961 dv-cinder-792209-1-smb neutron-server[91601]: DEBUG neutron_lib.callbacks.manager [None req-95656395-09a4-4fb3-8dd2-986ef22c6ade admin admin] Notify callbacks ['neutron.plugins.ml2.ovo_rpc._ObjectChangeHandler.handle_event-576115'] for security_group, after_delete {{(pid=91601) _notify_loop /usr/local/lib/python3.8/dist-packages/neutron_lib/callbacks/manager.py:192}}
May 19 23:29:04.002658 dv-cinder-792209-1-smb neutron-server[91601]: DEBUG oslo_concurrency.lockutils [None req-4a22e71e-b27b-4f54-b4f1-c231d95f49d2 admin admin] Lock "event-dispatch" acquired by "neutron.plugins.ml2.ovo_rpc._ObjectChangeHandler.dispatch_events" :: waited 0.000s {{(pid=91601) inner /usr/local/lib/python3.8/dist-packages/oslo_concurrency/lockutils.py:355}}
May 19 23:29:04.015292 dv-cinder-792209-1-smb neutron-server[91601]: DEBUG neutron.api.rpc.handlers.resources_rpc [None req-95656395-09a4-4fb3-8dd2-986ef22c6ade admin admin] Pushing event deleted for resources: {'SecurityGroup': ['ID=b3939f91-9927-4805-bc6e-339fb7c291d8,revision_number=None']} {{(pid=91601) push /opt/stack/neutron/neutron/api/rpc/handlers/resources_rpc.py:237}}
May 19 23:29:04.017932 dv-cinder-792209-1-smb neutron-server[91601]: DEBUG oslo_concurrency.lockutils [None req-95656395-09a4-4fb3-8dd2-986ef22c6ade admin admin] Lock "event-dispatch" released by "neutron.plugins.ml2.ovo_rpc._ObjectChangeHandler.dispatch_events" :: held 0.015s {{(pid=91601) inner /usr/local/lib/python3.8/dist-packages/oslo_concurrency/lockutils.py:367}}
May 19 23:29:04.019992 dv-cinder-792209-1-smb neutron-server[91601]: DEBUG neutron_lib.callbacks.manager [None req-95656395-09a4-4fb3-8dd2-986ef22c6ade admin admin] Notify callbacks [] for security_group, before_response {{(pid=91601) _notify_loop /usr/local/lib/python3.8/dist-packages/neutron_lib/callbacks/manager.py:192}}
May 19 23:29:04.021260 dv-cinder-792209-1-smb neutron-server[91601]: INFO neutron.wsgi [None req-95656395-09a4-4fb3-8dd2-986ef22c6ade admin admin] 10.222.0.48 "DELETE /v2.0/security-groups/b3939f91-9927-4805-bc6e-339fb7c291d8 HTTP/1.1" status: 204 len: 168 time: 0.1701193
May 19 23:29:04.077948 dv-cinder-792209-1-smb neutron-server[91602]: DEBUG neutron.plugins.ml2.rpc [None req-59830d0b-0225-4c40-b28f-d74daa04665c None None] Device 00baea2c-805e-47a5-9ec9-622b22707d73 up at agent hyperv_hv-cinder-79220 {{(pid=91602) update_device_up /opt/stack/neutron/neutron/plugins/ml2/rpc.py:278}}
May 19 23:29:04.178278 dv-cinder-792209-1-smb neutron-server[91602]: DEBUG neutron.db.provisioning_blocks [None req-59830d0b-0225-4c40-b28f-d74daa04665c None None] Provisioning for port 00baea2c-805e-47a5-9ec9-622b22707d73 completed by entity L2. {{(pid=91602) provisioning_complete /opt/stack/neutron/neutron/db/provisioning_blocks.py:133}}
May 19 23:29:04.184757 dv-cinder-792209-1-smb neutron-server[91602]: DEBUG neutron.db.provisioning_blocks [None req-59830d0b-0225-4c40-b28f-d74daa04665c None None] Provisioning complete for port 00baea2c-805e-47a5-9ec9-622b22707d73 triggered by entity L2. {{(pid=91602) provisioning_complete /opt/stack/neutron/neutron/db/provisioning_blocks.py:139}}
May 19 23:29:04.185168 dv-cinder-792209-1-smb neutron-server[91602]: DEBUG neutron_lib.callbacks.manager [None req-59830d0b-0225-4c40-b28f-d74daa04665c None None] Notify callbacks ['neutron.plugins.ml2.plugin.Ml2Plugin._port_provisioned-3621017'] for port, provisioning_complete {{(pid=91602) _notify_loop /usr/local/lib/python3.8/dist-packages/neutron_lib/callbacks/manager.py:192}}
May 19 23:29:04.309695 dv-cinder-792209-1-smb neutron-server[91602]: DEBUG neutron_lib.callbacks.manager [None req-59830d0b-0225-4c40-b28f-d74daa04665c None None] Notify callbacks ['neutron.plugins.ml2.plugin.SecurityGroupDbMixin._ensure_default_security_group_handler_port-3767367'] for port, before_update {{(pid=91602) _notify_loop /usr/local/lib/python3.8/dist-packages/neutron_lib/callbacks/manager.py:192}}
May 19 23:29:04.337636 dv-cinder-792209-1-smb neutron-server[91602]: DEBUG neutron.notifiers.nova [-] Sending events: [{'server_uuid': '64742f0d-48b5-4999-a705-ff7473161d1d', 'name': 'network-vif-plugged', 'status': 'completed', 'tag': '00baea2c-805e-47a5-9ec9-622b22707d73'}] {{(pid=91602) send_events /opt/stack/neutron/neutron/notifiers/nova.py:262}}
May 19 23:29:04.348594 dv-cinder-792209-1-smb neutron-server[91602]: DEBUG neutron.plugins.ml2.db [None req-59830d0b-0225-4c40-b28f-d74daa04665c None None] For port 00baea2c-805e-47a5-9ec9-622b22707d73, host hv-cinder-79220, got binding levels [PortBindingLevel(driver='hyperv',host='hv-cinder-79220',level=0,port_id=00baea2c-805e-47a5-9ec9-622b22707d73,segment=NetworkSegment(9c782432-4d27-4c83-8cf1-34e414e95b8b),segment_id=9c782432-4d27-4c83-8cf1-34e414e95b8b)] {{(pid=91602) get_binding_level_objs /opt/stack/neutron/neutron/plugins/ml2/db.py:75}}
