May 19 23:28:40.802948 dv-cinder-792209-1-smb neutron-server[91600]: INFO neutron.wsgi [req-289753fa-2233-45d7-ad37-98c11ccb224d req-5eed2ed1-f526-4e42-a63e-6b221e793d64 tempest-DeleteServersTestJSON-197529732 tempest-DeleteServersTestJSON-197529732-project] 10.222.0.48 "GET /v2.0/security-groups?id=d312e3af-2513-4b24-90f3-69df14290ebf&fields=id&fields=name HTTP/1.1" status: 200 len: 286 time: 0.1604450
May 19 23:28:40.805190 dv-cinder-792209-1-smb neutron-server[91600]: DEBUG neutron.pecan_wsgi.hooks.policy_enforcement [None req-6137667e-1596-4dae-a6dc-bd7a2ba6467a admin admin] Attributes excluded by policy engine: ['standard_attr_id', 'vlan_transparent'] {{(pid=91600) _exclude_attributes_by_policy /opt/stack/neutron/neutron/pecan_wsgi/hooks/policy_enforcement.py:255}}
May 19 23:28:40.805762 dv-cinder-792209-1-smb neutron-server[91600]: DEBUG neutron_lib.callbacks.manager [None req-6137667e-1596-4dae-a6dc-bd7a2ba6467a admin admin] Notify callbacks ['neutron.api.rpc.agentnotifiers.dhcp_rpc_agent_api.DhcpAgentNotifyAPI._send_dhcp_notification-612506'] for network, before_response {{(pid=91600) _notify_loop /usr/local/lib/python3.8/dist-packages/neutron_lib/callbacks/manager.py:192}}
May 19 23:28:40.813619 dv-cinder-792209-1-smb neutron-server[91600]: DEBUG oslo_concurrency.lockutils [None req-094c487f-b258-4bd4-ace9-b1fefee9da76 admin admin] Lock "event-dispatch" acquired by "neutron.plugins.ml2.ovo_rpc._ObjectChangeHandler.dispatch_events" :: waited 0.000s {{(pid=91600) inner /usr/local/lib/python3.8/dist-packages/oslo_concurrency/lockutils.py:355}}
May 19 23:28:40.873078 dv-cinder-792209-1-smb neutron-server[91602]: INFO neutron.notifiers.nova [-] Nova event response: {'server_uuid': '804322e9-4e33-494a-b9e4-16540dd7688a', 'name': 'network-vif-plugged', 'status': 'completed', 'tag': '43607711-4924-4604-9b3e-927d85be0c33', 'code': 200}
May 19 23:28:40.953004 dv-cinder-792209-1-smb neutron-server[91600]: DEBUG neutron.api.rpc.handlers.resources_rpc [None req-6137667e-1596-4dae-a6dc-bd7a2ba6467a admin admin] Pushing event updated for resources: {'Network': ['ID=ebc450e2-472d-4a9d-bc5d-072f0b8dac7e,revision_number=1']} {{(pid=91600) push /opt/stack/neutron/neutron/api/rpc/handlers/resources_rpc.py:237}}
May 19 23:28:40.963134 dv-cinder-792209-1-smb neutron-server[91602]: DEBUG neutron.plugins.ml2.rpc [None req-6d62cb4a-a238-47d2-b9ae-5c73352502c2 None None] Network ebc450e2-472d-4a9d-bc5d-072f0b8dac7e details requested by agent ovs-agent-dv-cinder-792209-1-smb with host dv-cinder-792209-1-smb {{(pid=91602) get_network_details /opt/stack/neutron/neutron/plugins/ml2/rpc.py:232}}
May 19 23:28:40.963291 dv-cinder-792209-1-smb neutron-server[91600]: DEBUG oslo_concurrency.lockutils [None req-6137667e-1596-4dae-a6dc-bd7a2ba6467a admin admin] Lock "event-dispatch" released by "neutron.plugins.ml2.ovo_rpc._ObjectChangeHandler.dispatch_events" :: held 0.150s {{(pid=91600) inner /usr/local/lib/python3.8/dist-packages/oslo_concurrency/lockutils.py:367}}
May 19 23:28:40.971437 dv-cinder-792209-1-smb neutron-server[91600]: INFO neutron.wsgi [None req-6137667e-1596-4dae-a6dc-bd7a2ba6467a admin admin] 10.222.0.48 "POST /v2.0/networks HTTP/1.1" status: 201 len: 882 time: 1.6470869
May 19 23:28:40.972115 dv-cinder-792209-1-smb neutron-server[91601]: DEBUG neutron.wsgi [-] (91601) accepted ('10.222.0.48', 59146) {{(pid=91601) server /usr/local/lib/python3.8/dist-packages/eventlet/wsgi.py:992}}
May 19 23:28:40.981926 dv-cinder-792209-1-smb neutron-server[91601]: DEBUG neutron.api.v2.base [None req-93571a84-fa3a-44dd-9b15-a0b382e90d6c admin admin] Request body: {'subnet': {'network_id': 'ebc450e2-472d-4a9d-bc5d-072f0b8dac7e', 'cidr': '172.20.0.0/28', 'name': 'tempest-VolumesActionsTest-1332324023-subnet', 'tenant_id': '621de1b19c9e4a6e965c4e07695a4f26', 'enable_dhcp': False, 'ip_version': 4}} {{(pid=91601) prepare_request_body /opt/stack/neutron/neutron/api/v2/base.py:729}}
May 19 23:28:40.996449 dv-cinder-792209-1-smb neutron-server[91601]: DEBUG neutron.db.quota.driver [None req-93571a84-fa3a-44dd-9b15-a0b382e90d6c admin admin] Resources subnetpool have unlimited quota limit. It is not required to calculate headroom {{(pid=91601) make_reservation /opt/stack/neutron/neutron/db/quota/driver.py:219}}
May 19 23:28:41.006407 dv-cinder-792209-1-smb neutron-server[91601]: DEBUG neutron.quota.resource [None req-93571a84-fa3a-44dd-9b15-a0b382e90d6c admin admin] Usage tracker for resource:subnet and tenant:621de1b19c9e4a6e965c4e07695a4f26 is out of sync, need to count used quota {{(pid=91601) count_used /opt/stack/neutron/neutron/quota/resource.py:270}}
May 19 23:28:41.011612 dv-cinder-792209-1-smb neutron-server[91600]: DEBUG neutron.pecan_wsgi.hooks.policy_enforcement [req-11fba54d-e989-4421-9518-6f00b4af144d req-3710b017-2002-457b-bf36-312525637f23 service neutron] Attributes excluded by policy engine: ['standard_attr_id'] {{(pid=91600) _exclude_attributes_by_policy /opt/stack/neutron/neutron/pecan_wsgi/hooks/policy_enforcement.py:255}}
May 19 23:28:41.013147 dv-cinder-792209-1-smb neutron-server[91600]: INFO neutron.wsgi [req-11fba54d-e989-4421-9518-6f00b4af144d req-3710b017-2002-457b-bf36-312525637f23 service neutron] 10.222.0.58 "GET /v2.0/ports?network_id=bd0ed64e-b239-4379-8e22-bc15ef9c95c6&device_owner=network%3Adhcp HTTP/1.1" status: 200 len: 1173 time: 0.3558545
May 19 23:28:41.014270 dv-cinder-792209-1-smb neutron-server[91601]: DEBUG neutron.quota.resource [None req-93571a84-fa3a-44dd-9b15-a0b382e90d6c admin admin] Quota usage for subnet was recalculated. Used quota:0. {{(pid=91601) count_used /opt/stack/neutron/neutron/quota/resource.py:290}}
May 19 23:28:41.031995 dv-cinder-792209-1-smb neutron-server[91601]: DEBUG neutron.db.quota.driver [None req-93571a84-fa3a-44dd-9b15-a0b382e90d6c admin admin] Attempting to reserve 1 items for resource subnet. Total usage: 0; quota limit: 100; headroom:100 {{(pid=91601) make_reservation /opt/stack/neutron/neutron/db/quota/driver.py:246}}
May 19 23:28:41.034497 dv-cinder-792209-1-smb neutron-server[91600]: DEBUG neutron.pecan_wsgi.hooks.policy_enforcement [req-4e043861-5bbf-45f6-a06a-854305d8d2b2 req-1d10114b-488c-4529-888f-c18582d4c173 tempest-AttachVolumeNegativeTest-258640759 tempest-AttachVolumeNegativeTest-258640759-project] Attributes excluded by policy engine: ['standard_attr_id', 'binding:profile', 'binding:host_id', 'binding:vif_type', 'binding:vif_details'] {{(pid=91600) _exclude_attributes_by_policy /opt/stack/neutron/neutron/pecan_wsgi/hooks/policy_enforcement.py:255}}
May 19 23:28:41.036008 dv-cinder-792209-1-smb neutron-server[91600]: INFO neutron.wsgi [req-4e043861-5bbf-45f6-a06a-854305d8d2b2 req-1d10114b-488c-4529-888f-c18582d4c173 tempest-AttachVolumeNegativeTest-258640759 tempest-AttachVolumeNegativeTest-258640759-project] 10.222.0.48 "GET /v2.0/ports?device_id=99e9d9c0-3315-4b99-ab36-d6156109c472 HTTP/1.1" status: 200 len: 946 time: 0.3070817
May 19 23:28:41.057051 dv-cinder-792209-1-smb neutron-server[91601]: DEBUG neutron.pecan_wsgi.hooks.quota_enforcement [None req-93571a84-fa3a-44dd-9b15-a0b382e90d6c admin admin] Made reservation on behalf of 621de1b19c9e4a6e965c4e07695a4f26 for: {'subnet': 1} {{(pid=91601) before /opt/stack/neutron/neutron/pecan_wsgi/hooks/quota_enforcement.py:53}}
May 19 23:28:41.061603 dv-cinder-792209-1-smb neutron-server[91601]: DEBUG neutron_lib.callbacks.manager [None req-93571a84-fa3a-44dd-9b15-a0b382e90d6c admin admin] Notify callbacks [] for subnet, before_create {{(pid=91601) _notify_loop /usr/local/lib/python3.8/dist-packages/neutron_lib/callbacks/manager.py:192}}
May 19 23:28:41.213021 dv-cinder-792209-1-smb neutron-server[91600]: INFO neutron.wsgi [req-4e043861-5bbf-45f6-a06a-854305d8d2b2 req-da6708e3-744d-4b28-a248-aa51a0d5a348 tempest-AttachVolumeNegativeTest-258640759 tempest-AttachVolumeNegativeTest-258640759-project] 10.222.0.48 "GET /v2.0/security-groups?id=90231221-5920-4805-9861-9bbe54574d3d&fields=id&fields=name HTTP/1.1" status: 200 len: 286 time: 0.1534116
May 19 23:28:41.304791 dv-cinder-792209-1-smb neutron-server[91600]: DEBUG neutron.pecan_wsgi.hooks.policy_enforcement [req-6f1478cd-8744-42b8-8382-f3a31971de36 req-1e7b97f3-7a31-4661-93e4-f766477eceab tempest-AttachVolumeTestJSON-1262773389 tempest-AttachVolumeTestJSON-1262773389-project] Attributes excluded by policy engine: ['standard_attr_id', 'binding:profile', 'binding:host_id', 'binding:vif_type', 'binding:vif_details'] {{(pid=91600) _exclude_attributes_by_policy /opt/stack/neutron/neutron/pecan_wsgi/hooks/policy_enforcement.py:255}}
May 19 23:28:41.307110 dv-cinder-792209-1-smb neutron-server[91600]: INFO neutron.wsgi [req-6f1478cd-8744-42b8-8382-f3a31971de36 req-1e7b97f3-7a31-4661-93e4-f766477eceab tempest-AttachVolumeTestJSON-1262773389 tempest-AttachVolumeTestJSON-1262773389-project] 10.222.0.48 "GET /v2.0/ports?device_id=804322e9-4e33-494a-b9e4-16540dd7688a HTTP/1.1" status: 200 len: 946 time: 0.3318944
May 19 23:28:41.326052 dv-cinder-792209-1-smb neutron-server[91600]: INFO neutron.wsgi [req-11fba54d-e989-4421-9518-6f00b4af144d req-9389bba0-4331-4cc2-bf26-b2799f227949 service neutron] 10.222.0.58 "GET /v2.0/networks/bd0ed64e-b239-4379-8e22-bc15ef9c95c6?fields=segments HTTP/1.1" status: 200 len: 212 time: 0.2874448
May 19 23:28:41.526865 dv-cinder-792209-1-smb neutron-server[91600]: INFO neutron.wsgi [req-6f1478cd-8744-42b8-8382-f3a31971de36 req-c87f05d7-7387-4c56-b81a-41ced2fdc40f tempest-AttachVolumeTestJSON-1262773389 tempest-AttachVolumeTestJSON-1262773389-project] 10.222.0.48 "GET /v2.0/security-groups?id=94afd5f4-51c6-452a-86f0-5a01e68c6689&fields=id&fields=name HTTP/1.1" status: 200 len: 313 time: 0.2045705
May 19 23:28:41.674164 dv-cinder-792209-1-smb neutron-server[91601]: DEBUG neutron_lib.callbacks.manager [None req-93571a84-fa3a-44dd-9b15-a0b382e90d6c admin admin] Notify callbacks ['neutron.plugins.ml2.ovo_rpc._ObjectChangeHandler.handle_event-1046889', 'neutron.api.rpc.agentnotifiers.dhcp_rpc_agent_api.DhcpAgentNotifyAPI._native_event_send_dhcp_notification-612488'] for subnet, after_create {{(pid=91601) _notify_loop /usr/local/lib/python3.8/dist-packages/neutron_lib/callbacks/manager.py:192}}
May 19 23:28:41.674553 dv-cinder-792209-1-smb neutron-server[91600]: INFO neutron.wsgi [req-11fba54d-e989-4421-9518-6f00b4af144d req-f5c147bc-9594-470b-b2fe-26f39fc0b930 service neutron] 10.222.0.58 "GET /v2.0/networks/bd0ed64e-b239-4379-8e22-bc15ef9c95c6?fields=provider%3Aphysical_network&fields=provider%3Anetwork_type HTTP/1.1" status: 200 len: 281 time: 0.2696731
May 19 23:28:41.680184 dv-cinder-792209-1-smb neutron-server[91601]: DEBUG oslo_concurrency.lockutils [-] Lock "event-dispatch" acquired by "neutron.plugins.ml2.ovo_rpc._ObjectChangeHandler.dispatch_events" :: waited 0.000s {{(pid=91601) inner /usr/local/lib/python3.8/dist-packages/oslo_concurrency/lockutils.py:355}}
May 19 23:28:41.685330 dv-cinder-792209-1-smb neutron-server[91600]: DEBUG neutron.pecan_wsgi.hooks.policy_enforcement [req-74e82ec7-4a4f-4688-ba5a-d00e089ec6d9 req-0d582529-1295-47c1-a646-d4a76854c6bb service neutron] Attributes excluded by policy engine: ['standard_attr_id'] {{(pid=91600) _exclude_attributes_by_policy /opt/stack/neutron/neutron/pecan_wsgi/hooks/policy_enforcement.py:255}}
May 19 23:28:41.686777 dv-cinder-792209-1-smb neutron-server[91600]: INFO neutron.wsgi [req-74e82ec7-4a4f-4688-ba5a-d00e089ec6d9 req-0d582529-1295-47c1-a646-d4a76854c6bb service neutron] 10.222.0.58 "GET /v2.0/ports?device_id=804322e9-4e33-494a-b9e4-16540dd7688a HTTP/1.1" status: 200 len: 1099 time: 0.3184624
May 19 23:28:41.696739 dv-cinder-792209-1-smb neutron-server[91600]: DEBUG neutron.pecan_wsgi.hooks.policy_enforcement [req-9696a3be-2d08-432b-9204-8d5d9d3d31cb req-dd223bb8-def1-4f6e-b429-68270b53c90c tempest-ServerRescueNegativeTestJSON-1670316224 tempest-ServerRescueNegativeTestJSON-1670316224-project] Attributes excluded by policy engine: ['standard_attr_id', 'binding:profile', 'binding:host_id', 'binding:vif_type', 'binding:vif_details'] {{(pid=91600) _exclude_attributes_by_policy /opt/stack/neutron/neutron/pecan_wsgi/hooks/policy_enforcement.py:255}}
May 19 23:28:41.698189 dv-cinder-792209-1-smb neutron-server[91600]: INFO neutron.wsgi [req-9696a3be-2d08-432b-9204-8d5d9d3d31cb req-dd223bb8-def1-4f6e-b429-68270b53c90c tempest-ServerRescueNegativeTestJSON-1670316224 tempest-ServerRescueNegativeTestJSON-1670316224-project] 10.222.0.48 "GET /v2.0/ports?device_id=3ded1efc-222d-4830-81e1-e50395bf258b HTTP/1.1" status: 200 len: 946 time: 0.2721999
May 19 23:28:41.749751 dv-cinder-792209-1-smb neutron-server[91601]: DEBUG neutron.api.rpc.handlers.resources_rpc [None req-93571a84-fa3a-44dd-9b15-a0b382e90d6c admin admin] Pushing event updated for resources: {'Subnet': ['ID=b1d73f94-3ee4-40ad-a40e-9a6db5eaf071,revision_number=0']} {{(pid=91601) push /opt/stack/neutron/neutron/api/rpc/handlers/resources_rpc.py:237}}
May 19 23:28:41.753707 dv-cinder-792209-1-smb neutron-server[91601]: DEBUG oslo_concurrency.lockutils [None req-93571a84-fa3a-44dd-9b15-a0b382e90d6c admin admin] Lock "event-dispatch" released by "neutron.plugins.ml2.ovo_rpc._ObjectChangeHandler.dispatch_events" :: held 0.074s {{(pid=91601) inner /usr/local/lib/python3.8/dist-packages/oslo_concurrency/lockutils.py:367}}
May 19 23:28:41.761125 dv-cinder-792209-1-smb neutron-server[91601]: DEBUG neutron.plugins.ml2.drivers.mech_agent [None req-93571a84-fa3a-44dd-9b15-a0b382e90d6c admin admin] Checking segment: {'id': '0bfc31d5-f28f-490f-acae-facfc5871390', 'network_type': 'vlan', 'physical_network': 'physnet1', 'segmentation_id': 428, 'network_id': 'ebc450e2-472d-4a9d-bc5d-072f0b8dac7e'} for mappings: {'physnet1': 'br-data'} with network types: ['local', 'flat', 'vlan'] {{(pid=91601) check_segment_for_agent /opt/stack/neutron/neutron/plugins/ml2/drivers/mech_agent.py:341}}
May 19 23:28:41.762094 dv-cinder-792209-1-smb neutron-server[91601]: DEBUG neutron.scheduler.dhcp_agent_scheduler [None req-93571a84-fa3a-44dd-9b15-a0b382e90d6c admin admin] Network hostable DHCP agents. Network: ebc450e2-472d-4a9d-bc5d-072f0b8dac7e, hostable agents: ['14611970-af5a-4d3a-a43a-a72275cb98c9'], hosted agents: [] {{(pid=91601) _get_network_hostable_dhcp_agents /opt/stack/neutron/neutron/scheduler/dhcp_agent_scheduler.py:329}}
May 19 23:28:41.776752 dv-cinder-792209-1-smb neutron-server[91600]: DEBUG neutron.quota.resource [req-74e82ec7-4a4f-4688-ba5a-d00e089ec6d9 req-b7db8aee-9f6b-43cb-9869-8c3c994e1154 service neutron] Synchronizing usage tracker for tenant:32d91874b1584fb1af0da451663b1a4a on resource:security_group {{(pid=91600) resync /opt/stack/neutron/neutron/quota/resource.py:241}}
May 19 23:28:41.780122 dv-cinder-792209-1-smb neutron-server[91601]: DEBUG neutron.scheduler.dhcp_agent_scheduler [None req-93571a84-fa3a-44dd-9b15-a0b382e90d6c admin admin] Network ebc450e2-472d-4a9d-bc5d-072f0b8dac7e is scheduled to be hosted by DHCP agent 14611970-af5a-4d3a-a43a-a72275cb98c9 with binding_index 1 {{(pid=91601) bind /opt/stack/neutron/neutron/scheduler/dhcp_agent_scheduler.py:227}}
May 19 23:28:41.793068 dv-cinder-792209-1-smb neutron-server[91601]: DEBUG neutron.scheduler.base_scheduler [None req-93571a84-fa3a-44dd-9b15-a0b382e90d6c admin admin] Resources bound (agent type, host, resource id): (DHCP agent, dv-cinder-792209-1-smb, ebc450e2-472d-4a9d-bc5d-072f0b8dac7e) {{(pid=91601) schedule /opt/stack/neutron/neutron/scheduler/base_scheduler.py:57}}
May 19 23:28:41.797824 dv-cinder-792209-1-smb neutron-server[91601]: DEBUG neutron.pecan_wsgi.hooks.policy_enforcement [None req-93571a84-fa3a-44dd-9b15-a0b382e90d6c admin admin] Attributes excluded by policy engine: ['standard_attr_id', 'shared', 'network'] {{(pid=91601) _exclude_attributes_by_policy /opt/stack/neutron/neutron/pecan_wsgi/hooks/policy_enforcement.py:255}}
May 19 23:28:41.798630 dv-cinder-792209-1-smb neutron-server[91601]: DEBUG neutron_lib.callbacks.manager [None req-93571a84-fa3a-44dd-9b15-a0b382e90d6c admin admin] Notify callbacks ['neutron.api.rpc.agentnotifiers.dhcp_rpc_agent_api.DhcpAgentNotifyAPI._send_dhcp_notification-612506'] for subnet, before_response {{(pid=91601) _notify_loop /usr/local/lib/python3.8/dist-packages/neutron_lib/callbacks/manager.py:192}}
May 19 23:28:41.804561 dv-cinder-792209-1-smb neutron-server[91602]: DEBUG neutron.api.rpc.handlers.dhcp_rpc [None req-490c8b48-a77d-4704-81b8-9ff6eba3216f None None] Network ebc450e2-472d-4a9d-bc5d-072f0b8dac7e requested from dv-cinder-792209-1-smb {{(pid=91602) get_network_info /opt/stack/neutron/neutron/api/rpc/handlers/dhcp_rpc.py:218}}
May 19 23:28:41.823777 dv-cinder-792209-1-smb neutron-server[91601]: INFO neutron.wsgi [None req-93571a84-fa3a-44dd-9b15-a0b382e90d6c admin admin] 10.222.0.48 "POST /v2.0/subnets HTTP/1.1" status: 201 len: 846 time: 0.8500063
May 19 23:28:41.857802 dv-cinder-792209-1-smb neutron-server[91600]: INFO neutron.wsgi [req-9696a3be-2d08-432b-9204-8d5d9d3d31cb req-559b51e7-0f51-4aa6-8a88-a6e531f00d3a tempest-ServerRescueNegativeTestJSON-1670316224 tempest-ServerRescueNegativeTestJSON-1670316224-project] 10.222.0.48 "GET /v2.0/security-groups?id=293bd354-d0c4-41c3-ad3f-3f397091dbc3&fields=id&fields=name HTTP/1.1" status: 200 len: 286 time: 0.1374896
May 19 23:28:41.881349 dv-cinder-792209-1-smb neutron-server[91600]: DEBUG neutron.quota.resource [req-74e82ec7-4a4f-4688-ba5a-d00e089ec6d9 req-b7db8aee-9f6b-43cb-9869-8c3c994e1154 service neutron] Unset dirty status for tenant:32d91874b1584fb1af0da451663b1a4a on resource:security_group {{(pid=91600) _resync /opt/stack/neutron/neutron/quota/resource.py:233}}
May 19 23:28:41.882524 dv-cinder-792209-1-smb neutron-server[91600]: INFO neutron.wsgi [req-74e82ec7-4a4f-4688-ba5a-d00e089ec6d9 req-b7db8aee-9f6b-43cb-9869-8c3c994e1154 service neutron] 10.222.0.58 "GET /v2.0/security-groups?id=94afd5f4-51c6-452a-86f0-5a01e68c6689&fields=id&fields=name HTTP/1.1" status: 200 len: 313 time: 0.1834354
May 19 23:28:41.913291 dv-cinder-792209-1-smb neutron-server[91600]: DEBUG neutron.pecan_wsgi.hooks.policy_enforcement [req-03ab5ec5-5aea-41a7-b433-0366264127cd req-57ed4756-6c0d-4a86-b4c5-31aa551b2ed4 tempest-AttachVolumeShelveTestJSON-176144800 tempest-AttachVolumeShelveTestJSON-176144800-project] Attributes excluded by policy engine: ['standard_attr_id', 'binding:profile', 'binding:host_id', 'binding:vif_type', 'binding:vif_details'] {{(pid=91600) _exclude_attributes_by_policy /opt/stack/neutron/neutron/pecan_wsgi/hooks/policy_enforcement.py:255}}
May 19 23:28:41.915100 dv-cinder-792209-1-smb neutron-server[91600]: INFO neutron.wsgi [req-03ab5ec5-5aea-41a7-b433-0366264127cd req-57ed4756-6c0d-4a86-b4c5-31aa551b2ed4 tempest-AttachVolumeShelveTestJSON-176144800 tempest-AttachVolumeShelveTestJSON-176144800-project] 10.222.0.48 "GET /v2.0/ports?device_id=98e57b5d-35a3-46a8-b335-c3322b3ef552 HTTP/1.1" status: 200 len: 944 time: 0.1440265
May 19 23:28:42.003341 dv-cinder-792209-1-smb neutron-server[91602]: DEBUG neutron.plugins.ml2.rpc [None req-59830d0b-0225-4c40-b28f-d74daa04665c None None] Device 59513e1d-0a65-4155-91fa-2962b46e2018 details requested by agent hyperv_hv-cinder-79220 with host hv-cinder-79220 {{(pid=91602) get_device_details /opt/stack/neutron/neutron/plugins/ml2/rpc.py:88}}
May 19 23:28:42.017520 dv-cinder-792209-1-smb neutron-server[91600]: INFO neutron.wsgi [req-03ab5ec5-5aea-41a7-b433-0366264127cd req-53644e35-90dc-48e8-a9db-4801bc787fb0 tempest-AttachVolumeShelveTestJSON-176144800 tempest-AttachVolumeShelveTestJSON-176144800-project] 10.222.0.48 "GET /v2.0/security-groups?id=0a911247-689b-4f7b-bba9-c418a8baa91b&fields=id&fields=name HTTP/1.1" status: 200 len: 313 time: 0.0963383
May 19 23:28:42.094655 dv-cinder-792209-1-smb neutron-server[91602]: DEBUG neutron.api.rpc.handlers.dhcp_rpc [None req-9c5d5e3b-5d83-4b52-9bdd-fe5d9e8b33f6 None None] Network ebc450e2-472d-4a9d-bc5d-072f0b8dac7e requested from dv-cinder-792209-1-smb {{(pid=91602) get_network_info /opt/stack/neutron/neutron/api/rpc/handlers/dhcp_rpc.py:218}}
May 19 23:28:42.446685 dv-cinder-792209-1-smb neutron-server[91600]: DEBUG neutron.pecan_wsgi.hooks.policy_enforcement [req-47c5ea28-a8bd-4729-964f-f08e652f4f12 req-3e461533-9bbd-458d-88e7-1ec2fc331b5c service neutron] Attributes excluded by policy engine: ['standard_attr_id'] {{(pid=91600) _exclude_attributes_by_policy /opt/stack/neutron/neutron/pecan_wsgi/hooks/policy_enforcement.py:255}}
May 19 23:28:42.447743 dv-cinder-792209-1-smb neutron-server[91600]: INFO neutron.wsgi [req-47c5ea28-a8bd-4729-964f-f08e652f4f12 req-3e461533-9bbd-458d-88e7-1ec2fc331b5c service neutron] 10.222.0.58 "GET /v2.0/ports?tenant_id=5b2aa5f5e6894489b8a864fd8e5e50e7&device_id=3ded1efc-222d-4830-81e1-e50395bf258b HTTP/1.1" status: 200 len: 1099 time: 0.2092030
May 19 23:28:42.516370 dv-cinder-792209-1-smb neutron-server[91600]: DEBUG neutron.pecan_wsgi.hooks.policy_enforcement [req-cc1ca32d-0aa7-4066-a6e6-0546b7d896fa req-311e4cd7-fa5b-4a91-b9ec-8b3aa2503440 tempest-ServerRescueNegativeTestJSON-1670316224 tempest-ServerRescueNegativeTestJSON-1670316224-project] Attributes excluded by policy engine: ['standard_attr_id', 'binding:profile', 'binding:host_id', 'binding:vif_type', 'binding:vif_details'] {{(pid=91600) _exclude_attributes_by_policy /opt/stack/neutron/neutron/pecan_wsgi/hooks/policy_enforcement.py:255}}
May 19 23:28:42.521779 dv-cinder-792209-1-smb neutron-server[91602]: DEBUG neutron.plugins.ml2.db [None req-59830d0b-0225-4c40-b28f-d74daa04665c None None] For port 59513e1d-0a65-4155-91fa-2962b46e2018, host hv-cinder-79220, got binding levels [PortBindingLevel(driver='hyperv',host='hv-cinder-79220',level=0,port_id=59513e1d-0a65-4155-91fa-2962b46e2018,segment=NetworkSegment(4c421b27-4b8a-4a3c-9047-4790d45426af),segment_id=4c421b27-4b8a-4a3c-9047-4790d45426af)] {{(pid=91602) get_binding_level_objs /opt/stack/neutron/neutron/plugins/ml2/db.py:75}}
May 19 23:28:42.523341 dv-cinder-792209-1-smb neutron-server[91600]: INFO neutron.wsgi [req-cc1ca32d-0aa7-4066-a6e6-0546b7d896fa req-311e4cd7-fa5b-4a91-b9ec-8b3aa2503440 tempest-ServerRescueNegativeTestJSON-1670316224 tempest-ServerRescueNegativeTestJSON-1670316224-project] 10.222.0.48 "GET /v2.0/ports?device_id=3ded1efc-222d-4830-81e1-e50395bf258b HTTP/1.1" status: 200 len: 946 time: 0.1813126
May 19 23:28:42.535238 dv-cinder-792209-1-smb neutron-server[91602]: DEBUG neutron.plugins.ml2.rpc [None req-59830d0b-0225-4c40-b28f-d74daa04665c None None] Returning: {'device': '59513e1d-0a65-4155-91fa-2962b46e2018', 'network_id': 'bd0ed64e-b239-4379-8e22-bc15ef9c95c6', 'port_id': '59513e1d-0a65-4155-91fa-2962b46e2018', 'mac_address': 'fa:16:3e:5d:d3:60', 'admin_state_up': True, 'network_type': 'vlan', 'segmentation_id': 432, 'physical_network': 'physnet1', 'mtu': 1500, 'fixed_ips': [{'subnet_id': 'a0a0e3f1-9436-430b-8d71-fccde8a2dea0', 'ip_address': '172.20.0.13'}], 'device_owner': 'compute:nova', 'allowed_address_pairs': [], 'port_security_enabled': True, 'qos_policy_id': None, 'network_qos_policy_id': None, 'profile': {}, 'propagate_uplink_status': False} {{(pid=91602) _get_device_details /opt/stack/neutron/neutron/plugins/ml2/rpc.py:168}}
May 19 23:28:42.603091 dv-cinder-792209-1-smb neutron-server[91602]: DEBUG neutron_lib.callbacks.manager [None req-59830d0b-0225-4c40-b28f-d74daa04665c None None] Notify callbacks ['neutron.plugins.ml2.plugin.SecurityGroupDbMixin._ensure_default_security_group_handler_port-3767367'] for port, before_update {{(pid=91602) _notify_loop /usr/local/lib/python3.8/dist-packages/neutron_lib/callbacks/manager.py:192}}
May 19 23:28:42.628837 dv-cinder-792209-1-smb neutron-server[91602]: DEBUG neutron.notifiers.nova [None req-59830d0b-0225-4c40-b28f-d74daa04665c None None] Ignoring state change previous_port_status: DOWN current_port_status: BUILD port_id 59513e1d-0a65-4155-91fa-2962b46e2018 {{(pid=91602) record_port_status_changed /opt/stack/neutron/neutron/notifiers/nova.py:224}}
May 19 23:28:42.645604 dv-cinder-792209-1-smb neutron-server[91602]: DEBUG neutron.plugins.ml2.db [None req-59830d0b-0225-4c40-b28f-d74daa04665c None None] For port 59513e1d-0a65-4155-91fa-2962b46e2018, host hv-cinder-79220, got binding levels [PortBindingLevel(driver='hyperv',host='hv-cinder-79220',level=0,port_id=59513e1d-0a65-4155-91fa-2962b46e2018,segment=NetworkSegment(4c421b27-4b8a-4a3c-9047-4790d45426af),segment_id=4c421b27-4b8a-4a3c-9047-4790d45426af)] {{(pid=91602) get_binding_level_objs /opt/stack/neutron/neutron/plugins/ml2/db.py:75}}
May 19 23:28:42.650652 dv-cinder-792209-1-smb neutron-server[91602]: DEBUG neutron_lib.callbacks.manager [None req-59830d0b-0225-4c40-b28f-d74daa04665c None None] Notify callbacks ['neutron.plugins.ml2.plugin.SecurityGroupServerNotifierRpcMixin.notify_sg_on_port_change-3767996', 'neutron.plugins.ml2.ovo_rpc._ObjectChangeHandler.handle_event-1046902', 'neutron.api.rpc.agentnotifiers.dhcp_rpc_agent_api.DhcpAgentNotifyAPI._native_event_send_dhcp_notification-612488', 'neutron.db.l3_db.L3RpcNotifierMixin._notify_gateway_port_ip_changed-8761818720943', 'neutron.db.l3_dvrscheduler_db._notify_l3_agent_port_update-8761818290701', 'neutron.db.l3_hascheduler_db._notify_l3_agent_ha_port_update-8761818290746'] for port, after_update {{(pid=91602) _notify_loop /usr/local/lib/python3.8/dist-packages/neutron_lib/callbacks/manager.py:192}}
May 19 23:28:42.652906 dv-cinder-792209-1-smb neutron-server[91602]: DEBUG oslo_concurrency.lockutils [None req-6d62cb4a-a238-47d2-b9ae-5c73352502c2 None None] Lock "event-dispatch" acquired by "neutron.plugins.ml2.ovo_rpc._ObjectChangeHandler.dispatch_events" :: waited 0.000s {{(pid=91602) inner /usr/local/lib/python3.8/dist-packages/oslo_concurrency/lockutils.py:355}}
May 19 23:28:42.745760 dv-cinder-792209-1-smb neutron-server[91602]: DEBUG neutron.api.rpc.handlers.resources_rpc [None req-59830d0b-0225-4c40-b28f-d74daa04665c None None] Pushing event updated for resources: {'Port': ['ID=59513e1d-0a65-4155-91fa-2962b46e2018,revision_number=4']} {{(pid=91602) push /opt/stack/neutron/neutron/api/rpc/handlers/resources_rpc.py:237}}
May 19 23:28:42.757201 dv-cinder-792209-1-smb neutron-server[91602]: DEBUG oslo_concurrency.lockutils [None req-59830d0b-0225-4c40-b28f-d74daa04665c None None] Lock "event-dispatch" released by "neutron.plugins.ml2.ovo_rpc._ObjectChangeHandler.dispatch_events" :: held 0.104s {{(pid=91602) inner /usr/local/lib/python3.8/dist-packages/oslo_concurrency/lockutils.py:367}}
May 19 23:28:42.802965 dv-cinder-792209-1-smb neutron-server[91600]: INFO neutron.wsgi [req-cc1ca32d-0aa7-4066-a6e6-0546b7d896fa req-645c31ed-e00c-4edb-b2fe-789441122bd3 tempest-ServerRescueNegativeTestJSON-1670316224 tempest-ServerRescueNegativeTestJSON-1670316224-project] 10.222.0.48 "GET /v2.0/security-groups?id=293bd354-d0c4-41c3-ad3f-3f397091dbc3&fields=id&fields=name HTTP/1.1" status: 200 len: 286 time: 0.2787824
May 19 23:28:42.844095 dv-cinder-792209-1-smb neutron-server[91600]: DEBUG neutron.pecan_wsgi.hooks.policy_enforcement [req-47c5ea28-a8bd-4729-964f-f08e652f4f12 req-fca45522-1f0b-4db7-b20c-26a672c60a05 service neutron] Attributes excluded by policy engine: ['standard_attr_id', 'vlan_transparent'] {{(pid=91600) _exclude_attributes_by_policy /opt/stack/neutron/neutron/pecan_wsgi/hooks/policy_enforcement.py:255}}
May 19 23:28:42.845574 dv-cinder-792209-1-smb neutron-server[91600]: INFO neutron.wsgi [req-47c5ea28-a8bd-4729-964f-f08e652f4f12 req-fca45522-1f0b-4db7-b20c-26a672c60a05 service neutron] 10.222.0.58 "GET /v2.0/networks?id=271388c7-763d-47da-a2ef-23055a24a147 HTTP/1.1" status: 200 len: 919 time: 0.3849866
May 19 23:28:42.855242 dv-cinder-792209-1-smb neutron-server[91600]: DEBUG neutron.pecan_wsgi.hooks.policy_enforcement [req-b464e213-e05c-4c88-a388-307d0f10ce91 req-7738a6fe-638e-4d8c-8be0-2306075a3ce9 tempest-VolumesActionsTest-1095395290 tempest-VolumesActionsTest-1095395290-project] Attributes excluded by policy engine: ['standard_attr_id', 'vlan_transparent', 'provider:network_type', 'provider:physical_network', 'provider:segmentation_id'] {{(pid=91600) _exclude_attributes_by_policy /opt/stack/neutron/neutron/pecan_wsgi/hooks/policy_enforcement.py:255}}
May 19 23:28:42.855831 dv-cinder-792209-1-smb neutron-server[91600]: DEBUG neutron.quota.resource [req-b464e213-e05c-4c88-a388-307d0f10ce91 req-7738a6fe-638e-4d8c-8be0-2306075a3ce9 tempest-VolumesActionsTest-1095395290 tempest-VolumesActionsTest-1095395290-project] Synchronizing usage tracker for tenant:a5bb042702c0408db2ac6dd53ca1f358 on resource:network {{(pid=91600) resync /opt/stack/neutron/neutron/quota/resource.py:241}}
May 19 23:28:42.962653 dv-cinder-792209-1-smb neutron-server[91600]: INFO neutron.wsgi [req-47c5ea28-a8bd-4729-964f-f08e652f4f12 req-7de5c655-d54c-4d53-99b6-949b812242ab service neutron] 10.222.0.58 "GET /v2.0/floatingips?fixed_ip_address=172.20.0.14&port_id=2fa5434b-d3f3-4f49-8fd1-11f42f84995d HTTP/1.1" status: 200 len: 217 time: 0.0938780
May 19 23:28:42.979497 dv-cinder-792209-1-smb neutron-server[91600]: DEBUG neutron.quota.resource [req-b464e213-e05c-4c88-a388-307d0f10ce91 req-7738a6fe-638e-4d8c-8be0-2306075a3ce9 tempest-VolumesActionsTest-1095395290 tempest-VolumesActionsTest-1095395290-project] Unset dirty status for tenant:a5bb042702c0408db2ac6dd53ca1f358 on resource:network {{(pid=91600) _resync /opt/stack/neutron/neutron/quota/resource.py:233}}
May 19 23:28:42.984853 dv-cinder-792209-1-smb neutron-server[91600]: INFO neutron.wsgi [req-b464e213-e05c-4c88-a388-307d0f10ce91 req-7738a6fe-638e-4d8c-8be0-2306075a3ce9 tempest-VolumesActionsTest-1095395290 tempest-VolumesActionsTest-1095395290-project] 10.222.0.48 "GET /v2.0/networks?id=7d5b950c-e3a6-4fdc-b489-29241c83dcca HTTP/1.1" status: 200 len: 809 time: 0.4539099
May 19 23:28:43.046069 dv-cinder-792209-1-smb neutron-server[91600]: INFO neutron.wsgi [req-b464e213-e05c-4c88-a388-307d0f10ce91 req-510887bb-5d10-46ef-b544-dc4719ac2330 tempest-VolumesActionsTest-1095395290 tempest-VolumesActionsTest-1095395290-project] 10.222.0.48 "GET /v2.0/quotas/a5bb042702c0408db2ac6dd53ca1f358 HTTP/1.1" status: 200 len: 375 time: 0.0262663
May 19 23:28:43.059405 dv-cinder-792209-1-smb neutron-server[91602]: DEBUG neutron.plugins.ml2.db [None req-59830d0b-0225-4c40-b28f-d74daa04665c None None] get_ports_and_sgs() called for port_ids ['59513e1d-0a65-4155-91fa-2962b46e2018'] {{(pid=91602) get_ports_and_sgs /opt/stack/neutron/neutron/plugins/ml2/db.py:164}}
May 19 23:28:43.105738 dv-cinder-792209-1-smb neutron-server[91600]: INFO neutron.wsgi [req-b464e213-e05c-4c88-a388-307d0f10ce91 req-c9bf6cbe-34df-460e-a681-b29344c10251 tempest-VolumesActionsTest-1095395290 tempest-VolumesActionsTest-1095395290-project] 10.222.0.48 "GET /v2.0/ports?tenant_id=a5bb042702c0408db2ac6dd53ca1f358&fields=id HTTP/1.1" status: 200 len: 210 time: 0.0518560
May 19 23:28:43.107601 dv-cinder-792209-1-smb neutron-server[91600]: DEBUG neutron.pecan_wsgi.hooks.policy_enforcement [req-47c5ea28-a8bd-4729-964f-f08e652f4f12 req-1b414f4b-cd88-41e7-ac7e-e5a8d38f746d service neutron] Attributes excluded by policy engine: ['standard_attr_id', 'shared'] {{(pid=91600) _exclude_attributes_by_policy /opt/stack/neutron/neutron/pecan_wsgi/hooks/policy_enforcement.py:255}}
May 19 23:28:43.108915 dv-cinder-792209-1-smb neutron-server[91600]: INFO neutron.wsgi [req-47c5ea28-a8bd-4729-964f-f08e652f4f12 req-1b414f4b-cd88-41e7-ac7e-e5a8d38f746d service neutron] 10.222.0.58 "GET /v2.0/subnets?id=bcd92ca3-1086-4351-8cd3-91694ca38365 HTTP/1.1" status: 200 len: 858 time: 0.1315022
May 19 23:28:43.244302 dv-cinder-792209-1-smb neutron-server[91600]: INFO neutron.wsgi [req-47c5ea28-a8bd-4729-964f-f08e652f4f12 req-e73bf60d-9972-4d45-8434-cbaac57c3054 service neutron] 10.222.0.58 "GET /v2.0/ports?network_id=271388c7-763d-47da-a2ef-23055a24a147&device_owner=network%3Adhcp HTTP/1.1" status: 200 len: 210 time: 0.1077445
May 19 23:28:43.254184 dv-cinder-792209-1-smb neutron-server[91600]: DEBUG neutron.pecan_wsgi.hooks.policy_enforcement [req-1692e4f0-6ef7-41a4-9a19-b41392fba93b req-226570dc-7fce-4be6-b7dd-9ad155eefb59 tempest-AttachVolumeNegativeTest-258640759 tempest-AttachVolumeNegativeTest-258640759-project] Attributes excluded by policy engine: ['standard_attr_id', 'binding:profile', 'binding:host_id', 'binding:vif_type', 'binding:vif_details'] {{(pid=91600) _exclude_attributes_by_policy /opt/stack/neutron/neutron/pecan_wsgi/hooks/policy_enforcement.py:255}}
May 19 23:28:43.255570 dv-cinder-792209-1-smb neutron-server[91600]: INFO neutron.wsgi [req-1692e4f0-6ef7-41a4-9a19-b41392fba93b req-226570dc-7fce-4be6-b7dd-9ad155eefb59 tempest-AttachVolumeNegativeTest-258640759 tempest-AttachVolumeNegativeTest-258640759-project] 10.222.0.48 "GET /v2.0/ports?device_id=99e9d9c0-3315-4b99-ab36-d6156109c472 HTTP/1.1" status: 200 len: 946 time: 0.3313591
May 19 23:28:43.413058 dv-cinder-792209-1-smb neutron-server[91600]: INFO neutron.wsgi [req-1692e4f0-6ef7-41a4-9a19-b41392fba93b req-8dd1209c-454d-45bd-a684-d5c443302e16 tempest-AttachVolumeNegativeTest-258640759 tempest-AttachVolumeNegativeTest-258640759-project] 10.222.0.48 "GET /v2.0/security-groups?id=90231221-5920-4805-9861-9bbe54574d3d&fields=id&fields=name HTTP/1.1" status: 200 len: 286 time: 0.1330853
May 19 23:28:43.417986 dv-cinder-792209-1-smb neutron-server[91600]: INFO neutron.wsgi [req-b464e213-e05c-4c88-a388-307d0f10ce91 req-355ef4ae-75ef-4fc2-ad0b-56e763dc5bac service neutron] 10.222.0.48 "GET /v2.0/networks/7d5b950c-e3a6-4fdc-b489-29241c83dcca?fields=segments HTTP/1.1" status: 200 len: 212 time: 0.3048871
May 19 23:28:43.538383 dv-cinder-792209-1-smb neutron-server[91600]: INFO neutron.wsgi [req-47c5ea28-a8bd-4729-964f-f08e652f4f12 req-230f9d67-b40a-4b65-9902-e9835e49f5a4 service neutron] 10.222.0.58 "GET /v2.0/networks/271388c7-763d-47da-a2ef-23055a24a147?fields=segments HTTP/1.1" status: 200 len: 212 time: 0.2757969
May 19 23:28:43.749448 dv-cinder-792209-1-smb neutron-server[91600]: INFO neutron.wsgi [req-b464e213-e05c-4c88-a388-307d0f10ce91 req-c53112a9-0764-40ad-90ef-fd0b06e9590d service neutron] 10.222.0.48 "GET /v2.0/networks/7d5b950c-e3a6-4fdc-b489-29241c83dcca?fields=provider%3Aphysical_network&fields=provider%3Anetwork_type HTTP/1.1" status: 200 len: 281 time: 0.3224974
May 19 23:28:43.793225 dv-cinder-792209-1-smb neutron-server[91600]: DEBUG neutron.pecan_wsgi.hooks.policy_enforcement [req-57a13def-75b8-45ce-b2de-95881e8f79fa req-c42d3ab5-6f60-413a-ba94-52d82f9bbc3a tempest-AttachVolumeTestJSON-1262773389 tempest-AttachVolumeTestJSON-1262773389-project] Attributes excluded by policy engine: ['standard_attr_id', 'binding:profile', 'binding:host_id', 'binding:vif_type', 'binding:vif_details'] {{(pid=91600) _exclude_attributes_by_policy /opt/stack/neutron/neutron/pecan_wsgi/hooks/policy_enforcement.py:255}}
May 19 23:28:43.801093 dv-cinder-792209-1-smb neutron-server[91600]: INFO neutron.wsgi [req-57a13def-75b8-45ce-b2de-95881e8f79fa req-c42d3ab5-6f60-413a-ba94-52d82f9bbc3a tempest-AttachVolumeTestJSON-1262773389 tempest-AttachVolumeTestJSON-1262773389-project] 10.222.0.48 "GET /v2.0/ports?device_id=804322e9-4e33-494a-b9e4-16540dd7688a HTTP/1.1" status: 200 len: 946 time: 0.2695673
May 19 23:28:43.823809 dv-cinder-792209-1-smb neutron-server[91600]: INFO neutron.wsgi [req-47c5ea28-a8bd-4729-964f-f08e652f4f12 req-50ec7c1d-4682-471e-bb2d-26b5571bfa65 service neutron] 10.222.0.58 "GET /v2.0/networks/271388c7-763d-47da-a2ef-23055a24a147?fields=provider%3Aphysical_network&fields=provider%3Anetwork_type HTTP/1.1" status: 200 len: 281 time: 0.2490757
May 19 23:28:43.876928 dv-cinder-792209-1-smb neutron-server[91600]: INFO neutron.wsgi [req-57a13def-75b8-45ce-b2de-95881e8f79fa req-c5dd5019-32b3-4243-a03b-b66c313fa523 tempest-AttachVolumeTestJSON-1262773389 tempest-AttachVolumeTestJSON-1262773389-project] 10.222.0.48 "GET /v2.0/security-groups?id=94afd5f4-51c6-452a-86f0-5a01e68c6689&fields=id&fields=name HTTP/1.1" status: 200 len: 313 time: 0.0749576
May 19 23:28:44.014747 dv-cinder-792209-1-smb neutron-server[91602]: DEBUG neutron.plugins.ml2.rpc [None req-59830d0b-0225-4c40-b28f-d74daa04665c None None] Device 59513e1d-0a65-4155-91fa-2962b46e2018 up at agent hyperv_hv-cinder-79220 {{(pid=91602) update_device_up /opt/stack/neutron/neutron/plugins/ml2/rpc.py:278}}
May 19 23:28:44.155160 dv-cinder-792209-1-smb neutron-server[91602]: DEBUG neutron.db.provisioning_blocks [None req-59830d0b-0225-4c40-b28f-d74daa04665c None None] Provisioning for port 59513e1d-0a65-4155-91fa-2962b46e2018 completed by entity L2. {{(pid=91602) provisioning_complete /opt/stack/neutron/neutron/db/provisioning_blocks.py:133}}
May 19 23:28:44.161620 dv-cinder-792209-1-smb neutron-server[91602]: DEBUG neutron.db.provisioning_blocks [None req-59830d0b-0225-4c40-b28f-d74daa04665c None None] Provisioning complete for port 59513e1d-0a65-4155-91fa-2962b46e2018 triggered by entity L2. {{(pid=91602) provisioning_complete /opt/stack/neutron/neutron/db/provisioning_blocks.py:139}}
May 19 23:28:44.161959 dv-cinder-792209-1-smb neutron-server[91602]: DEBUG neutron_lib.callbacks.manager [None req-59830d0b-0225-4c40-b28f-d74daa04665c None None] Notify callbacks ['neutron.plugins.ml2.plugin.Ml2Plugin._port_provisioned-3621017'] for port, provisioning_complete {{(pid=91602) _notify_loop /usr/local/lib/python3.8/dist-packages/neutron_lib/callbacks/manager.py:192}}
May 19 23:28:44.185958 dv-cinder-792209-1-smb neutron-server[91600]: DEBUG neutron.pecan_wsgi.hooks.policy_enforcement [req-7487910b-32a6-4c2f-ab9c-88726812b4be req-f9465099-f971-41f3-9989-0f63d28b89c6 tempest-AttachVolumeShelveTestJSON-176144800 tempest-AttachVolumeShelveTestJSON-176144800-project] Attributes excluded by policy engine: ['standard_attr_id', 'binding:profile', 'binding:host_id', 'binding:vif_type', 'binding:vif_details'] {{(pid=91600) _exclude_attributes_by_policy /opt/stack/neutron/neutron/pecan_wsgi/hooks/policy_enforcement.py:255}}
May 19 23:28:44.194319 dv-cinder-792209-1-smb neutron-server[91600]: INFO neutron.wsgi [req-7487910b-32a6-4c2f-ab9c-88726812b4be req-f9465099-f971-41f3-9989-0f63d28b89c6 tempest-AttachVolumeShelveTestJSON-176144800 tempest-AttachVolumeShelveTestJSON-176144800-project] 10.222.0.48 "GET /v2.0/ports?device_id=98e57b5d-35a3-46a8-b335-c3322b3ef552 HTTP/1.1" status: 200 len: 945 time: 0.1200066
May 19 23:28:44.237868 dv-cinder-792209-1-smb neutron-server[91600]: INFO neutron.wsgi [req-7487910b-32a6-4c2f-ab9c-88726812b4be req-74f71b46-b2e4-4b85-a93c-5329d50edb2d tempest-AttachVolumeShelveTestJSON-176144800 tempest-AttachVolumeShelveTestJSON-176144800-project] 10.222.0.48 "GET /v2.0/security-groups?id=0a911247-689b-4f7b-bba9-c418a8baa91b&fields=id&fields=name HTTP/1.1" status: 200 len: 313 time: 0.0426295
May 19 23:28:44.326921 dv-cinder-792209-1-smb neutron-server[91602]: DEBUG neutron_lib.callbacks.manager [None req-59830d0b-0225-4c40-b28f-d74daa04665c None None] Notify callbacks ['neutron.plugins.ml2.plugin.SecurityGroupDbMixin._ensure_default_security_group_handler_port-3767367'] for port, before_update {{(pid=91602) _notify_loop /usr/local/lib/python3.8/dist-packages/neutron_lib/callbacks/manager.py:192}}
May 19 23:28:44.383172 dv-cinder-792209-1-smb neutron-server[91602]: DEBUG neutron.plugins.ml2.db [None req-59830d0b-0225-4c40-b28f-d74daa04665c None None] For port 59513e1d-0a65-4155-91fa-2962b46e2018, host hv-cinder-79220, got binding levels [PortBindingLevel(driver='hyperv',host='hv-cinder-79220',level=0,port_id=59513e1d-0a65-4155-91fa-2962b46e2018,segment=NetworkSegment(4c421b27-4b8a-4a3c-9047-4790d45426af),segment_id=4c421b27-4b8a-4a3c-9047-4790d45426af)] {{(pid=91602) get_binding_level_objs /opt/stack/neutron/neutron/plugins/ml2/db.py:75}}
May 19 23:28:44.384817 dv-cinder-792209-1-smb neutron-server[91602]: DEBUG neutron.notifiers.nova [-] Sending events: [{'server_uuid': '98e57b5d-35a3-46a8-b335-c3322b3ef552', 'name': 'network-vif-plugged', 'status': 'completed', 'tag': '59513e1d-0a65-4155-91fa-2962b46e2018'}] {{(pid=91602) send_events /opt/stack/neutron/neutron/notifiers/nova.py:262}}
May 19 23:28:44.397590 dv-cinder-792209-1-smb neutron-server[91602]: DEBUG neutron_lib.callbacks.manager [None req-59830d0b-0225-4c40-b28f-d74daa04665c None None] Notify callbacks ['neutron.plugins.ml2.plugin.SecurityGroupServerNotifierRpcMixin.notify_sg_on_port_change-3767996', 'neutron.plugins.ml2.ovo_rpc._ObjectChangeHandler.handle_event-1046902', 'neutron.api.rpc.agentnotifiers.dhcp_rpc_agent_api.DhcpAgentNotifyAPI._native_event_send_dhcp_notification-612488', 'neutron.db.l3_db.L3RpcNotifierMixin._notify_gateway_port_ip_changed-8761818720943', 'neutron.db.l3_dvrscheduler_db._notify_l3_agent_port_update-8761818290701', 'neutron.db.l3_hascheduler_db._notify_l3_agent_ha_port_update-8761818290746'] for port, after_update {{(pid=91602) _notify_loop /usr/local/lib/python3.8/dist-packages/neutron_lib/callbacks/manager.py:192}}
May 19 23:28:44.400676 dv-cinder-792209-1-smb neutron-server[91602]: DEBUG oslo_concurrency.lockutils [None req-6d62cb4a-a238-47d2-b9ae-5c73352502c2 None None] Lock "event-dispatch" acquired by "neutron.plugins.ml2.ovo_rpc._ObjectChangeHandler.dispatch_events" :: waited 0.000s {{(pid=91602) inner /usr/local/lib/python3.8/dist-packages/oslo_concurrency/lockutils.py:355}}
May 19 23:28:44.523616 dv-cinder-792209-1-smb neutron-server[91602]: DEBUG neutron.api.rpc.handlers.resources_rpc [None req-59830d0b-0225-4c40-b28f-d74daa04665c None None] Pushing event updated for resources: {'Port': ['ID=59513e1d-0a65-4155-91fa-2962b46e2018,revision_number=5']} {{(pid=91602) push /opt/stack/neutron/neutron/api/rpc/handlers/resources_rpc.py:237}}
May 19 23:28:44.529175 dv-cinder-792209-1-smb neutron-server[91602]: DEBUG oslo_concurrency.lockutils [None req-59830d0b-0225-4c40-b28f-d74daa04665c None None] Lock "event-dispatch" released by "neutron.plugins.ml2.ovo_rpc._ObjectChangeHandler.dispatch_events" :: held 0.128s {{(pid=91602) inner /usr/local/lib/python3.8/dist-packages/oslo_concurrency/lockutils.py:367}}
May 19 23:28:44.560962 dv-cinder-792209-1-smb neutron-server[91600]: DEBUG neutron.pecan_wsgi.hooks.policy_enforcement [req-f6297a2f-5557-4f55-b7db-185c83884b42 req-71ef0adc-7fb8-47b9-b8d7-453c4713cc10 tempest-ServerRescueNegativeTestJSON-1670316224 tempest-ServerRescueNegativeTestJSON-1670316224-project] Attributes excluded by policy engine: ['standard_attr_id', 'binding:profile', 'binding:host_id', 'binding:vif_type', 'binding:vif_details'] {{(pid=91600) _exclude_attributes_by_policy /opt/stack/neutron/neutron/pecan_wsgi/hooks/policy_enforcement.py:255}}
May 19 23:28:44.568675 dv-cinder-792209-1-smb neutron-server[91600]: INFO neutron.wsgi [req-f6297a2f-5557-4f55-b7db-185c83884b42 req-71ef0adc-7fb8-47b9-b8d7-453c4713cc10 tempest-ServerRescueNegativeTestJSON-1670316224 tempest-ServerRescueNegativeTestJSON-1670316224-project] 10.222.0.48 "GET /v2.0/ports?device_id=3ded1efc-222d-4830-81e1-e50395bf258b HTTP/1.1" status: 200 len: 946 time: 0.1735725
May 19 23:28:44.624772 dv-cinder-792209-1-smb neutron-server[91600]: INFO neutron.wsgi [req-f6297a2f-5557-4f55-b7db-185c83884b42 req-03ba6656-1b29-48d6-a12a-d7af8f39406f tempest-ServerRescueNegativeTestJSON-1670316224 tempest-ServerRescueNegativeTestJSON-1670316224-project] 10.222.0.48 "GET /v2.0/security-groups?id=293bd354-d0c4-41c3-ad3f-3f397091dbc3&fields=id&fields=name HTTP/1.1" status: 200 len: 286 time: 0.0549641
May 19 23:28:44.871870 dv-cinder-792209-1-smb neutron-server[91600]: DEBUG neutron.pecan_wsgi.hooks.policy_enforcement [req-4ff61e59-ca99-4a88-bbb9-02170851cd40 req-8750a1cf-3cfd-4a08-9f86-e10bd29aa3cf tempest-AttachVolumeTestJSON-1262773389 tempest-AttachVolumeTestJSON-1262773389-project] Attributes excluded by policy engine: ['standard_attr_id', 'binding:profile', 'binding:host_id', 'binding:vif_type', 'binding:vif_details'] {{(pid=91600) _exclude_attributes_by_policy /opt/stack/neutron/neutron/pecan_wsgi/hooks/policy_enforcement.py:255}}
May 19 23:28:44.873652 dv-cinder-792209-1-smb neutron-server[91600]: INFO neutron.wsgi [req-4ff61e59-ca99-4a88-bbb9-02170851cd40 req-8750a1cf-3cfd-4a08-9f86-e10bd29aa3cf tempest-AttachVolumeTestJSON-1262773389 tempest-AttachVolumeTestJSON-1262773389-project] 10.222.0.48 "GET /v2.0/ports?device_id=804322e9-4e33-494a-b9e4-16540dd7688a HTTP/1.1" status: 200 len: 946 time: 0.1410065
May 19 23:28:44.886324 dv-cinder-792209-1-smb neutron-server[91601]: DEBUG neutron.wsgi [-] (91601) accepted ('10.222.0.48', 59282) {{(pid=91601) server /usr/local/lib/python3.8/dist-packages/eventlet/wsgi.py:992}}
May 19 23:28:44.891861 dv-cinder-792209-1-smb neutron-server[91601]: DEBUG neutron.api.v2.base [None req-3b4eafa9-8219-464c-a411-bf6d14862ec5 tempest-AttachVolumeTestJSON-1262773389 tempest-AttachVolumeTestJSON-1262773389-project] Request body: {'floatingip': {'port_id': '43607711-4924-4604-9b3e-927d85be0c33'}} {{(pid=91601) prepare_request_body /opt/stack/neutron/neutron/api/v2/base.py:729}}
May 19 23:28:44.955884 dv-cinder-792209-1-smb neutron-server[91602]: INFO neutron.notifiers.nova [-] Nova event response: {'server_uuid': '98e57b5d-35a3-46a8-b335-c3322b3ef552', 'name': 'network-vif-plugged', 'status': 'completed', 'tag': '59513e1d-0a65-4155-91fa-2962b46e2018', 'code': 200}
May 19 23:28:44.985049 dv-cinder-792209-1-smb neutron-server[91601]: DEBUG neutron_lib.callbacks.manager [None req-3b4eafa9-8219-464c-a411-bf6d14862ec5 tempest-AttachVolumeTestJSON-1262773389 tempest-AttachVolumeTestJSON-1262773389-project] Notify callbacks [] for floatingip, before_update {{(pid=91601) _notify_loop /usr/local/lib/python3.8/dist-packages/neutron_lib/callbacks/manager.py:192}}
May 19 23:28:45.052306 dv-cinder-792209-1-smb neutron-server[91600]: INFO neutron.wsgi [req-f3ea0646-0da6-42b0-8b30-7fc502c399ff req-9968b562-000c-4387-a6fe-d2aacd5ee25f tempest-VolumesActionsTest-1095395290 tempest-VolumesActionsTest-1095395290-project] 10.222.0.48 "GET /v2.0/ports?device_id=d0ee6d65-ed50-49e0-989c-28aabcc3f256 HTTP/1.1" status: 200 len: 210 time: 0.1021707
May 19 23:28:45.466985 dv-cinder-792209-1-smb neutron-server[91600]: DEBUG neutron.pecan_wsgi.hooks.policy_enforcement [req-d4c0bc8d-6975-4805-9c53-e32d7bb4d751 req-e89c3587-4af0-4766-9cac-d099e7da9268 service neutron] Attributes excluded by policy engine: ['standard_attr_id'] {{(pid=91600) _exclude_attributes_by_policy /opt/stack/neutron/neutron/pecan_wsgi/hooks/policy_enforcement.py:255}}
May 19 23:28:45.469129 dv-cinder-792209-1-smb neutron-server[91600]: INFO neutron.wsgi [req-d4c0bc8d-6975-4805-9c53-e32d7bb4d751 req-e89c3587-4af0-4766-9cac-d099e7da9268 service neutron] 10.222.0.58 "GET /v2.0/ports?device_id=98e57b5d-35a3-46a8-b335-c3322b3ef552 HTTP/1.1" status: 200 len: 1099 time: 0.2075279
May 19 23:28:45.526335 dv-cinder-792209-1-smb neutron-server[91600]: DEBUG neutron.pecan_wsgi.hooks.policy_enforcement [req-f47eadd0-4386-4635-ba9e-0b94b9ee0d53 req-a91df766-5dbc-4194-95e4-87a79a9761d2 tempest-AttachVolumeShelveTestJSON-176144800 tempest-AttachVolumeShelveTestJSON-176144800-project] Attributes excluded by policy engine: ['standard_attr_id', 'binding:profile', 'binding:host_id', 'binding:vif_type', 'binding:vif_details'] {{(pid=91600) _exclude_attributes_by_policy /opt/stack/neutron/neutron/pecan_wsgi/hooks/policy_enforcement.py:255}}
May 19 23:28:45.527846 dv-cinder-792209-1-smb neutron-server[91600]: INFO neutron.wsgi [req-f47eadd0-4386-4635-ba9e-0b94b9ee0d53 req-a91df766-5dbc-4194-95e4-87a79a9761d2 tempest-AttachVolumeShelveTestJSON-176144800 tempest-AttachVolumeShelveTestJSON-176144800-project] 10.222.0.48 "GET /v2.0/ports?device_id=98e57b5d-35a3-46a8-b335-c3322b3ef552 HTTP/1.1" status: 200 len: 946 time: 0.1293094
May 19 23:28:45.582793 dv-cinder-792209-1-smb neutron-server[91600]: INFO neutron.wsgi [req-d4c0bc8d-6975-4805-9c53-e32d7bb4d751 req-3535c857-3b64-40a2-9c23-0a4a4c2eba72 service neutron] 10.222.0.58 "GET /v2.0/security-groups?id=0a911247-689b-4f7b-bba9-c418a8baa91b&fields=id&fields=name HTTP/1.1" status: 200 len: 313 time: 0.1014111
May 19 23:28:45.593082 dv-cinder-792209-1-smb neutron-server[91600]: INFO neutron.wsgi [req-f47eadd0-4386-4635-ba9e-0b94b9ee0d53 req-398bc433-d2e7-4ff9-804d-97308b07ff46 tempest-AttachVolumeShelveTestJSON-176144800 tempest-AttachVolumeShelveTestJSON-176144800-project] 10.222.0.48 "GET /v2.0/security-groups?id=0a911247-689b-4f7b-bba9-c418a8baa91b&fields=id&fields=name HTTP/1.1" status: 200 len: 313 time: 0.0556836
May 19 23:28:45.697141 dv-cinder-792209-1-smb neutron-server[91602]: DEBUG neutron_lib.callbacks.manager [None req-8f79f50e-293b-4e8f-9943-3847a7458b34 None None] Notify callbacks ['neutron.services.segments.db._update_segment_host_mapping_for_agent-8761818752220', 'neutron.plugins.ml2.plugin.Ml2Plugin._retry_binding_revived_agents-3621066'] for agent, after_update {{(pid=91602) _notify_loop /usr/local/lib/python3.8/dist-packages/neutron_lib/callbacks/manager.py:192}}
May 19 23:28:45.943807 dv-cinder-792209-1-smb neutron-server[91600]: DEBUG neutron.pecan_wsgi.hooks.policy_enforcement [req-b464e213-e05c-4c88-a388-307d0f10ce91 req-5c9478d8-9d49-4f96-aa2f-c33e8122fcf9 tempest-VolumesActionsTest-1095395290 tempest-VolumesActionsTest-1095395290-project] Attributes excluded by policy engine: ['standard_attr_id', 'vlan_transparent', 'provider:network_type', 'provider:physical_network', 'provider:segmentation_id'] {{(pid=91600) _exclude_attributes_by_policy /opt/stack/neutron/neutron/pecan_wsgi/hooks/policy_enforcement.py:255}}
May 19 23:28:45.945633 dv-cinder-792209-1-smb neutron-server[91600]: INFO neutron.wsgi [req-b464e213-e05c-4c88-a388-307d0f10ce91 req-5c9478d8-9d49-4f96-aa2f-c33e8122fcf9 tempest-VolumesActionsTest-1095395290 tempest-VolumesActionsTest-1095395290-project] 10.222.0.58 "GET /v2.0/networks?id=7d5b950c-e3a6-4fdc-b489-29241c83dcca HTTP/1.1" status: 200 len: 809 time: 0.2748191
