Aug 06 17:52:09.879837 dv-cinder-791281-6-smb neutron-server[100856]: INFO neutron.wsgi [None req-6d925c2b-1662-4e95-8c95-0ff3ba0db642 admin admin] 10.222.0.53 "DELETE /v2.0/security-groups/95b8311c-29c2-4a09-a0de-95623a312311 HTTP/1.1" status: 204 len: 168 time: 1.8554084
Aug 06 17:52:09.886573 dv-cinder-791281-6-smb neutron-server[100857]: DEBUG neutron.api.rpc.handlers.resources_rpc [None req-1e351a7a-e0ac-4d95-b710-88b26f35576c None None] Pushing event updated for resources: {'Port': ['ID=d7474b51-bdeb-4f0a-b311-556b93be79a6,revision_number=4']} {{(pid=100857) push /opt/stack/neutron/neutron/api/rpc/handlers/resources_rpc.py:237}}
Aug 06 17:52:09.888698 dv-cinder-791281-6-smb neutron-server[100856]: DEBUG neutron_lib.callbacks.manager [req-0ae060b9-fb34-4b5c-8924-ab9ce89d7bd7 req-97ceaa17-b448-4c7b-8ac6-cce8a74032a5 service neutron] Notify callbacks ['neutron.plugins.ml2.plugin.SecurityGroupDbMixin._ensure_default_security_group_handler-2017925'] for port, before_update {{(pid=100856) _notify_loop /usr/local/lib/python3.8/dist-packages/neutron_lib/callbacks/manager.py:192}}
Aug 06 17:52:10.006088 dv-cinder-791281-6-smb neutron-server[100856]: DEBUG neutron.api.rpc.handlers.resources_rpc [None req-6d925c2b-1662-4e95-8c95-0ff3ba0db642 admin admin] Pushing event deleted for resources: {'SecurityGroup': ['ID=95b8311c-29c2-4a09-a0de-95623a312311,revision_number=None']} {{(pid=100856) push /opt/stack/neutron/neutron/api/rpc/handlers/resources_rpc.py:237}}
Aug 06 17:52:10.265963 dv-cinder-791281-6-smb neutron-server[100856]: DEBUG neutron.wsgi [-] (100856) accepted ('10.222.0.53', 45332) {{(pid=100856) server /usr/local/lib/python3.8/dist-packages/eventlet/wsgi.py:982}}
Aug 06 17:52:10.267844 dv-cinder-791281-6-smb neutron-server[100856]: DEBUG neutron.wsgi [-] (100856) accepted ('10.222.0.53', 45334) {{(pid=100856) server /usr/local/lib/python3.8/dist-packages/eventlet/wsgi.py:982}}
Aug 06 17:52:10.453272 dv-cinder-791281-6-smb neutron-server[100857]: DEBUG neutron.db.provisioning_blocks [None req-854cb043-1fc1-4859-a65d-3cd910450944 None None] Provisioning complete for port 7d50d719-3baa-43d4-94c0-7077605a5f61 triggered by entity DHCP. {{(pid=100857) provisioning_complete /opt/stack/neutron/neutron/db/provisioning_blocks.py:139}}
Aug 06 17:52:10.459391 dv-cinder-791281-6-smb neutron-server[100857]: DEBUG neutron_lib.callbacks.manager [None req-854cb043-1fc1-4859-a65d-3cd910450944 None None] Notify callbacks ['neutron.plugins.ml2.plugin.Ml2Plugin._port_provisioned-1961554'] for port, provisioning_complete {{(pid=100857) _notify_loop /usr/local/lib/python3.8/dist-packages/neutron_lib/callbacks/manager.py:192}}
Aug 06 17:52:10.537309 dv-cinder-791281-6-smb neutron-server[100857]: DEBUG neutron.plugins.ml2.rpc [None req-1e351a7a-e0ac-4d95-b710-88b26f35576c None None] Device 5e74c2ae-0641-447f-87f0-2359a83bc9ad up at agent ovs-agent-dv-cinder-791281-6-smb {{(pid=100857) update_device_up /opt/stack/neutron/neutron/plugins/ml2/rpc.py:296}}
Aug 06 17:52:10.547128 dv-cinder-791281-6-smb neutron-server[100855]: DEBUG neutron.api.rpc.handlers.resources_rpc [None req-3f6dd54b-b4ee-4710-aed7-c0bb8dce31b1 admin admin] Pushing event updated for resources: {'Port': ['ID=ac9fc130-b49a-4825-898a-aebbbde4d0fc,revision_number=1']} {{(pid=100855) push /opt/stack/neutron/neutron/api/rpc/handlers/resources_rpc.py:237}}
Aug 06 17:52:10.575612 dv-cinder-791281-6-smb neutron-server[100855]: DEBUG neutron_lib.callbacks.manager [None req-4daefbf3-f159-4331-bdd6-f6cd155dc985 admin admin] Notify callbacks [] for security_group, before_create {{(pid=100855) _notify_loop /usr/local/lib/python3.8/dist-packages/neutron_lib/callbacks/manager.py:192}}
Aug 06 17:52:10.608051 dv-cinder-791281-6-smb neutron-server[100857]: DEBUG neutron.plugins.ml2.plugin [None req-854cb043-1fc1-4859-a65d-3cd910450944 None None] Port 7d50d719-3baa-43d4-94c0-7077605a5f61 cannot update to ACTIVE because it is not bound. {{(pid=100857) _port_provisioned /opt/stack/neutron/neutron/plugins/ml2/plugin.py:337}}
Aug 06 17:52:10.749133 dv-cinder-791281-6-smb neutron-server[100855]: DEBUG neutron.scheduler.l3_agent_scheduler [None req-e97c7914-008b-4fbf-9146-37f333d6272a admin admin] Router fa81e660-b598-45cd-85e9-2b47c45033fb has already been hosted by L3 agent 97d1bf42-3efc-41b2-8a7a-c29203268c00 {{(pid=100855) _get_candidates /opt/stack/neutron/neutron/scheduler/l3_agent_scheduler.py:127}}
Aug 06 17:52:10.783506 dv-cinder-791281-6-smb neutron-server[100857]: DEBUG neutron.db.provisioning_blocks [None req-1e351a7a-e0ac-4d95-b710-88b26f35576c None None] Provisioning for port 5e74c2ae-0641-447f-87f0-2359a83bc9ad completed by entity L2. {{(pid=100857) provisioning_complete /opt/stack/neutron/neutron/db/provisioning_blocks.py:133}}
Aug 06 17:52:10.791725 dv-cinder-791281-6-smb neutron-server[100857]: DEBUG neutron.db.provisioning_blocks [None req-1e351a7a-e0ac-4d95-b710-88b26f35576c None None] Provisioning complete for port 5e74c2ae-0641-447f-87f0-2359a83bc9ad triggered by entity L2. {{(pid=100857) provisioning_complete /opt/stack/neutron/neutron/db/provisioning_blocks.py:139}}
Aug 06 17:52:10.792366 dv-cinder-791281-6-smb neutron-server[100857]: DEBUG neutron_lib.callbacks.manager [None req-1e351a7a-e0ac-4d95-b710-88b26f35576c None None] Notify callbacks ['neutron.plugins.ml2.plugin.Ml2Plugin._port_provisioned-1961554'] for port, provisioning_complete {{(pid=100857) _notify_loop /usr/local/lib/python3.8/dist-packages/neutron_lib/callbacks/manager.py:192}}
Aug 06 17:52:10.908886 dv-cinder-791281-6-smb neutron-server[100856]: DEBUG neutron.notifiers.nova [req-e2ffb400-b546-4d27-b5ff-10e795dda0be req-287eb596-575c-4b32-ba55-a77cb8e4100e service neutron] Ignoring state change previous_port_status: DOWN current_port_status: DOWN port_id 24207ced-b006-42e6-a61e-6e41a4a8c61b {{(pid=100856) record_port_status_changed /opt/stack/neutron/neutron/notifiers/nova.py:224}}
Aug 06 17:52:10.936665 dv-cinder-791281-6-smb neutron-server[100856]: DEBUG neutron_lib.callbacks.manager [req-e2ffb400-b546-4d27-b5ff-10e795dda0be req-287eb596-575c-4b32-ba55-a77cb8e4100e service neutron] Notify callbacks [] for port, precommit_update {{(pid=100856) _notify_loop /usr/local/lib/python3.8/dist-packages/neutron_lib/callbacks/manager.py:192}}
Aug 06 17:52:11.027424 dv-cinder-791281-6-smb neutron-server[100856]: DEBUG neutron.db.provisioning_blocks [req-e2ffb400-b546-4d27-b5ff-10e795dda0be req-287eb596-575c-4b32-ba55-a77cb8e4100e service neutron] Transition to ACTIVE for port object 24207ced-b006-42e6-a61e-6e41a4a8c61b will not be triggered until provisioned by entity L2. {{(pid=100856) add_provisioning_component /opt/stack/neutron/neutron/db/provisioning_blocks.py:73}}
Aug 06 17:52:11.096026 dv-cinder-791281-6-smb neutron-server[100855]: DEBUG neutron_lib.callbacks.manager [None req-3f6dd54b-b4ee-4710-aed7-c0bb8dce31b1 admin admin] Notify callbacks ['neutron.plugins.ml2.plugin.SecurityGroupDbMixin._ensure_default_security_group_handler-2017925'] for port, before_update {{(pid=100855) _notify_loop /usr/local/lib/python3.8/dist-packages/neutron_lib/callbacks/manager.py:192}}
Aug 06 17:52:11.166228 dv-cinder-791281-6-smb neutron-server[100857]: DEBUG neutron_lib.callbacks.manager [None req-1e351a7a-e0ac-4d95-b710-88b26f35576c None None] Notify callbacks ['neutron.plugins.ml2.plugin.SecurityGroupDbMixin._ensure_default_security_group_handler-2017925'] for port, before_update {{(pid=100857) _notify_loop /usr/local/lib/python3.8/dist-packages/neutron_lib/callbacks/manager.py:192}}
Aug 06 17:52:11.218696 dv-cinder-791281-6-smb neutron-server[100857]: DEBUG neutron.plugins.ml2.db [None req-1e351a7a-e0ac-4d95-b710-88b26f35576c None None] For port 5e74c2ae-0641-447f-87f0-2359a83bc9ad, host dv-cinder-791281-6-smb, got binding levels [PortBindingLevel(driver='openvswitch',host='dv-cinder-791281-6-smb',level=0,port_id=5e74c2ae-0641-447f-87f0-2359a83bc9ad,segment=NetworkSegment(232a9c95-a2d8-4484-849e-8c02da883cb3),segment_id=232a9c95-a2d8-4484-849e-8c02da883cb3)] {{(pid=100857) get_binding_level_objs /opt/stack/neutron/neutron/plugins/ml2/db.py:74}}
Aug 06 17:52:11.308323 dv-cinder-791281-6-smb neutron-server[100856]: DEBUG neutron_lib.callbacks.manager [req-e2ffb400-b546-4d27-b5ff-10e795dda0be req-287eb596-575c-4b32-ba55-a77cb8e4100e service neutron] Notify callbacks ['neutron.plugins.ml2.plugin.SecurityGroupServerNotifierRpcMixin._notify_sg_on_port_change-2017990', 'neutron.plugins.ml2.ovo_rpc._ObjectChangeHandler.handle_event-179368', 'neutron.api.rpc.agentnotifiers.dhcp_rpc_agent_api.DhcpAgentNotifyAPI._native_event_send_dhcp_notification-562974', 'neutron.db.l3_db.L3RpcNotifierMixin._notify_gateway_port_ip_changed-8751629987925', 'neutron.db.l3_dvrscheduler_db._notify_l3_agent_port_update-8751629465582', 'neutron.db.l3_hascheduler_db._notify_l3_agent_ha_port_update-8751629467140'] for port, after_update {{(pid=100856) _notify_loop /usr/local/lib/python3.8/dist-packages/neutron_lib/callbacks/manager.py:192}}
Aug 06 17:52:11.321387 dv-cinder-791281-6-smb neutron-server[100857]: DEBUG neutron_lib.callbacks.manager [None req-1e351a7a-e0ac-4d95-b710-88b26f35576c None None] Notify callbacks ['neutron.plugins.ml2.plugin.SecurityGroupServerNotifierRpcMixin._notify_sg_on_port_change-2017990', 'neutron.plugins.ml2.ovo_rpc._ObjectChangeHandler.handle_event-179368', 'neutron.api.rpc.agentnotifiers.dhcp_rpc_agent_api.DhcpAgentNotifyAPI._native_event_send_dhcp_notification-562974', 'neutron.db.l3_db.L3RpcNotifierMixin._notify_gateway_port_ip_changed-8751629987925', 'neutron.db.l3_dvrscheduler_db._notify_l3_agent_port_update-8751629465582', 'neutron.db.l3_hascheduler_db._notify_l3_agent_ha_port_update-8751629467140'] for port, after_update {{(pid=100857) _notify_loop /usr/local/lib/python3.8/dist-packages/neutron_lib/callbacks/manager.py:192}}
Aug 06 17:52:11.324304 dv-cinder-791281-6-smb neutron-server[100857]: DEBUG neutron.plugins.ml2.rpc [None req-1e351a7a-e0ac-4d95-b710-88b26f35576c None None] Device d7474b51-bdeb-4f0a-b311-556b93be79a6 up at agent ovs-agent-dv-cinder-791281-6-smb {{(pid=100857) update_device_up /opt/stack/neutron/neutron/plugins/ml2/rpc.py:296}}
Aug 06 17:52:11.481518 dv-cinder-791281-6-smb neutron-server[100856]: DEBUG neutron_lib.callbacks.manager [None req-44112081-e3ba-47d6-9172-3608c939f023 admin admin] Notify callbacks [] for security_group, before_create {{(pid=100856) _notify_loop /usr/local/lib/python3.8/dist-packages/neutron_lib/callbacks/manager.py:192}}
Aug 06 17:52:11.562808 dv-cinder-791281-6-smb neutron-server[100857]: DEBUG neutron.api.rpc.handlers.resources_rpc [None req-1e351a7a-e0ac-4d95-b710-88b26f35576c None None] Pushing event updated for resources: {'Port': ['ID=5e74c2ae-0641-447f-87f0-2359a83bc9ad,revision_number=4']} {{(pid=100857) push /opt/stack/neutron/neutron/api/rpc/handlers/resources_rpc.py:237}}
Aug 06 17:52:11.645886 dv-cinder-791281-6-smb neutron-server[100857]: DEBUG neutron.db.provisioning_blocks [None req-1e351a7a-e0ac-4d95-b710-88b26f35576c None None] Provisioning complete for port d7474b51-bdeb-4f0a-b311-556b93be79a6 triggered by entity L2. {{(pid=100857) provisioning_complete /opt/stack/neutron/neutron/db/provisioning_blocks.py:139}}
Aug 06 17:52:11.647254 dv-cinder-791281-6-smb neutron-server[100857]: DEBUG neutron_lib.callbacks.manager [None req-1e351a7a-e0ac-4d95-b710-88b26f35576c None None] Notify callbacks ['neutron.plugins.ml2.plugin.Ml2Plugin._port_provisioned-1961554'] for port, provisioning_complete {{(pid=100857) _notify_loop /usr/local/lib/python3.8/dist-packages/neutron_lib/callbacks/manager.py:192}}
Aug 06 17:52:11.656239 dv-cinder-791281-6-smb neutron-server[100855]: DEBUG neutron.api.rpc.agentnotifiers.l3_rpc_agent_api [None req-e97c7914-008b-4fbf-9146-37f333d6272a admin admin] Notify agent at l3_agent.dv-cinder-791281-6-smb the message routers_updated {{(pid=100855) _agent_notification /opt/stack/neutron/neutron/api/rpc/agentnotifiers/l3_rpc_agent_api.py:65}}
Aug 06 17:52:11.671888 dv-cinder-791281-6-smb neutron-server[100858]: DEBUG neutron.api.rpc.handlers.l3_rpc [None req-3ae2a7d7-28b8-4fd8-a745-f2e2f309a97c None None] Sync routers for ids ['fa81e660-b598-45cd-85e9-2b47c45033fb'] in dv-cinder-791281-6-smb {{(pid=100858) sync_routers /opt/stack/neutron/neutron/api/rpc/handlers/l3_rpc.py:125}}
Aug 06 17:52:11.673548 dv-cinder-791281-6-smb neutron-server[100855]: INFO neutron.wsgi [None req-e97c7914-008b-4fbf-9146-37f333d6272a admin admin] 10.222.0.53 "PUT /v2.0/routers/fa81e660-b598-45cd-85e9-2b47c45033fb/add_router_interface HTTP/1.1" status: 200 len: 503 time: 10.1100290
Aug 06 17:52:11.676416 dv-cinder-791281-6-smb neutron-server[100855]: DEBUG neutron_lib.callbacks.manager [None req-4daefbf3-f159-4331-bdd6-f6cd155dc985 admin admin] Notify callbacks [] for security_group, precommit_create {{(pid=100855) _notify_loop /usr/local/lib/python3.8/dist-packages/neutron_lib/callbacks/manager.py:192}}
Aug 06 17:52:11.717278 dv-cinder-791281-6-smb neutron-server[100858]: DEBUG neutron.db.l3_dvrscheduler_db [None req-3ae2a7d7-28b8-4fd8-a745-f2e2f309a97c None None] Routers {'fa81e660-b598-45cd-85e9-2b47c45033fb'} bound to L3 agent in host dv-cinder-791281-6-smb {{(pid=100858) _get_router_ids_for_agent /opt/stack/neutron/neutron/db/l3_dvrscheduler_db.py:420}}
Aug 06 17:52:11.721087 dv-cinder-791281-6-smb neutron-server[100858]: DEBUG neutron.db.l3_hamode_db [None req-3ae2a7d7-28b8-4fd8-a745-f2e2f309a97c None None] neutron.services.l3_router.l3_router_plugin.L3RouterPlugin method get_ha_sync_data_for_host called with arguments (, 'dv-cinder-791281-6-smb', Agent(admin_state_up=True,agent_type='L3 agent',availability_zone='nova',binary='neutron-l3-agent',configurations={"agent_mode": "legacy", "ex_gw_ports": 1, "extensions": [], "floating_ips": 0, "handle_internal_only_routers": true, "interface_driver": "openvswitch", "interfaces": 1, "log_agent_heartbeats": false, "routers": 1},created_at=2021-08-06T17:42:55Z,description=,heartbeat_timestamp=2021-08-06T17:51:55Z,host='dv-cinder-791281-6-smb',id=97d1bf42-3efc-41b2-8a7a-c29203268c00,load=0,resource_versions=,resources_synced=,started_at=2021-08-06T17:42:56Z,topic='l3_agent')) {'router_ids': ['fa81e660-b598-45cd-85e9-2b47c45033fb'], 'active': True} {{(pid=100858) wrapper /usr/local/lib/python3.8/dist-packages/oslo_log/helpers.py:65}}
Aug 06 17:52:11.773477 dv-cinder-791281-6-smb neutron-server[100856]: DEBUG neutron.api.rpc.handlers.resources_rpc [None req-287eb596-575c-4b32-ba55-a77cb8e4100e service neutron] Pushing event updated for resources: {'Port': ['ID=24207ced-b006-42e6-a61e-6e41a4a8c61b,revision_number=2']} {{(pid=100856) push /opt/stack/neutron/neutron/api/rpc/handlers/resources_rpc.py:237}}
Aug 06 17:52:11.835028 dv-cinder-791281-6-smb neutron-server[100855]: DEBUG neutron_lib.callbacks.manager [None req-4daefbf3-f159-4331-bdd6-f6cd155dc985 admin admin] Notify callbacks ['neutron.plugins.ml2.ovo_rpc._ObjectChangeHandler.handle_event-1039583'] for security_group, after_create {{(pid=100855) _notify_loop /usr/local/lib/python3.8/dist-packages/neutron_lib/callbacks/manager.py:192}}
Aug 06 17:52:11.917632 dv-cinder-791281-6-smb neutron-server[100856]: DEBUG neutron_lib.callbacks.manager [None req-5e964e04-acf9-49b7-bf6c-628a1171674e admin admin] Notify callbacks [] for security_group, before_create {{(pid=100856) _notify_loop /usr/local/lib/python3.8/dist-packages/neutron_lib/callbacks/manager.py:192}}
Aug 06 17:52:11.950377 dv-cinder-791281-6-smb neutron-server[100856]: DEBUG neutron.pecan_wsgi.hooks.policy_enforcement [req-5210e8a4-b8e8-4229-a66b-bba01d60715d req-25fb38fb-f5fe-485a-b599-0b1e429d77b1 tempest-DeleteServersTestJSON-813743025 tempest-DeleteServersTestJSON-813743025-project] Attributes excluded by policy engine: ['standard_attr_id', 'binding:profile', 'binding:host_id', 'binding:vif_type', 'binding:vif_details'] {{(pid=100856) _exclude_attributes_by_policy /opt/stack/neutron/neutron/pecan_wsgi/hooks/policy_enforcement.py:255}}
Aug 06 17:52:11.952898 dv-cinder-791281-6-smb neutron-server[100856]: INFO neutron.wsgi [req-5210e8a4-b8e8-4229-a66b-bba01d60715d req-25fb38fb-f5fe-485a-b599-0b1e429d77b1 tempest-DeleteServersTestJSON-813743025 tempest-DeleteServersTestJSON-813743025-project] 10.222.0.53 "GET /v2.0/ports?device_id=3d592a41-033d-4e7e-9cb6-837aca139fa8 HTTP/1.1" status: 200 len: 943 time: 1.5161150
Aug 06 17:52:12.091125 dv-cinder-791281-6-smb neutron-server[100855]: DEBUG neutron.api.rpc.handlers.resources_rpc [None req-4daefbf3-f159-4331-bdd6-f6cd155dc985 admin admin] Pushing event updated for resources: {'SecurityGroup': ['ID=c302f016-3ab6-46fd-a072-14da3e2f5b1f,revision_number=1']} {{(pid=100855) push /opt/stack/neutron/neutron/api/rpc/handlers/resources_rpc.py:237}}
Aug 06 17:52:12.095785 dv-cinder-791281-6-smb neutron-server[100858]: DEBUG neutron.db.l3_dvr_db [None req-3ae2a7d7-28b8-4fd8-a745-f2e2f309a97c None None] Set router fa81e660-b598-45cd-85e9-2b47c45033fb gateway port host: dv-cinder-791281-6-smb {{(pid=100858) _build_routers_list /opt/stack/neutron/neutron/db/l3_dvr_db.py:899}}
Aug 06 17:52:12.100509 dv-cinder-791281-6-smb neutron-server[100855]: INFO neutron.wsgi [None req-4daefbf3-f159-4331-bdd6-f6cd155dc985 admin admin] 10.222.0.53 "GET /v2.0/security-groups?tenant_id=d5c4f96e9a4e4eddbf26dec9914458ab&name=default HTTP/1.1" status: 200 len: 2975 time: 3.5040021
Aug 06 17:52:12.107132 dv-cinder-791281-6-smb neutron-server[100855]: DEBUG neutron.wsgi [-] (100855) accepted ('10.222.0.53', 45364) {{(pid=100855) server /usr/local/lib/python3.8/dist-packages/eventlet/wsgi.py:982}}
Aug 06 17:52:12.230187 dv-cinder-791281-6-smb neutron-server[100857]: DEBUG neutron.plugins.ml2.rpc [None req-1e351a7a-e0ac-4d95-b710-88b26f35576c None None] Device 5e74c2ae-0641-447f-87f0-2359a83bc9ad up at agent ovs-agent-dv-cinder-791281-6-smb {{(pid=100857) update_device_up /opt/stack/neutron/neutron/plugins/ml2/rpc.py:296}}
Aug 06 17:52:12.242390 dv-cinder-791281-6-smb neutron-server[100856]: DEBUG neutron.pecan_wsgi.hooks.policy_enforcement [req-17f863b8-c636-40f8-a7f8-70263e5c749c req-98ca94e0-8da8-40ba-97de-400c32599113 tempest-AttachVolumeNegativeTest-252338074 tempest-AttachVolumeNegativeTest-252338074-project] Attributes excluded by policy engine: ['standard_attr_id', 'binding:profile', 'binding:host_id', 'binding:vif_type', 'binding:vif_details'] {{(pid=100856) _exclude_attributes_by_policy /opt/stack/neutron/neutron/pecan_wsgi/hooks/policy_enforcement.py:255}}
Aug 06 17:52:12.256899 dv-cinder-791281-6-smb neutron-server[100856]: INFO neutron.wsgi [req-17f863b8-c636-40f8-a7f8-70263e5c749c req-98ca94e0-8da8-40ba-97de-400c32599113 tempest-AttachVolumeNegativeTest-252338074 tempest-AttachVolumeNegativeTest-252338074-project] 10.222.0.53 "GET /v2.0/ports?device_id=5f4847d0-07cb-45b8-b761-e251e4f17b37 HTTP/1.1" status: 200 len: 932 time: 0.9540098
Aug 06 17:52:12.258852 dv-cinder-791281-6-smb neutron-server[100855]: DEBUG neutron_lib.callbacks.manager [None req-092083dc-e7d3-44f4-b8e0-ff6f6dac1cdb admin admin] Notify callbacks [] for security_group, before_delete {{(pid=100855) _notify_loop /usr/local/lib/python3.8/dist-packages/neutron_lib/callbacks/manager.py:192}}
Aug 06 17:52:12.270717 dv-cinder-791281-6-smb neutron-server[100855]: DEBUG neutron_lib.callbacks.manager [None req-3f6dd54b-b4ee-4710-aed7-c0bb8dce31b1 admin admin] Notify callbacks [] for port, precommit_update {{(pid=100855) _notify_loop /usr/local/lib/python3.8/dist-packages/neutron_lib/callbacks/manager.py:192}}
Aug 06 17:52:12.335013 dv-cinder-791281-6-smb neutron-server[100855]: DEBUG neutron_lib.callbacks.manager [None req-092083dc-e7d3-44f4-b8e0-ff6f6dac1cdb admin admin] Notify callbacks [] for security_group, precommit_delete {{(pid=100855) _notify_loop /usr/local/lib/python3.8/dist-packages/neutron_lib/callbacks/manager.py:192}}
Aug 06 17:52:12.360308 dv-cinder-791281-6-smb neutron-server[100855]: DEBUG neutron_lib.callbacks.manager [None req-3f6dd54b-b4ee-4710-aed7-c0bb8dce31b1 admin admin] Notify callbacks ['neutron.plugins.ml2.plugin.SecurityGroupServerNotifierRpcMixin._notify_sg_on_port_change-2017990', 'neutron.plugins.ml2.ovo_rpc._ObjectChangeHandler.handle_event-179368', 'neutron.api.rpc.agentnotifiers.dhcp_rpc_agent_api.DhcpAgentNotifyAPI._native_event_send_dhcp_notification-562974', 'neutron.db.l3_db.L3RpcNotifierMixin._notify_gateway_port_ip_changed-8751629987925', 'neutron.db.l3_dvrscheduler_db._notify_l3_agent_port_update-8751629465582', 'neutron.db.l3_hascheduler_db._notify_l3_agent_ha_port_update-8751629467140'] for port, after_update {{(pid=100855) _notify_loop /usr/local/lib/python3.8/dist-packages/neutron_lib/callbacks/manager.py:192}}
Aug 06 17:52:12.362622 dv-cinder-791281-6-smb neutron-server[100855]: DEBUG neutron_lib.callbacks.manager [None req-3f6dd54b-b4ee-4710-aed7-c0bb8dce31b1 admin admin] Notify callbacks ['neutron.api.rpc.agentnotifiers.dhcp_rpc_agent_api.DhcpAgentNotifyAPI._after_router_interface_created-562988', 'neutron.services.l3_router.l3_router_plugin.DVRResourceOperationHandler._update_snat_v6_addrs_after_intf_update-1012432'] for router_interface, after_create {{(pid=100855) _notify_loop /usr/local/lib/python3.8/dist-packages/neutron_lib/callbacks/manager.py:192}}
Aug 06 17:52:12.412525 dv-cinder-791281-6-smb neutron-server[100857]: DEBUG neutron.db.provisioning_blocks [None req-1e351a7a-e0ac-4d95-b710-88b26f35576c None None] Provisioning complete for port 5e74c2ae-0641-447f-87f0-2359a83bc9ad triggered by entity L2. {{(pid=100857) provisioning_complete /opt/stack/neutron/neutron/db/provisioning_blocks.py:139}}
Aug 06 17:52:12.433454 dv-cinder-791281-6-smb neutron-server[100856]: DEBUG neutron_lib.callbacks.manager [None req-44112081-e3ba-47d6-9172-3608c939f023 admin admin] Notify callbacks [] for security_group, precommit_create {{(pid=100856) _notify_loop /usr/local/lib/python3.8/dist-packages/neutron_lib/callbacks/manager.py:192}}
Aug 06 17:52:12.440170 dv-cinder-791281-6-smb neutron-server[100857]: DEBUG neutron_lib.callbacks.manager [None req-1e351a7a-e0ac-4d95-b710-88b26f35576c None None] Notify callbacks ['neutron.plugins.ml2.plugin.Ml2Plugin._port_provisioned-1961554'] for port, provisioning_complete {{(pid=100857) _notify_loop /usr/local/lib/python3.8/dist-packages/neutron_lib/callbacks/manager.py:192}}
Aug 06 17:52:12.522403 dv-cinder-791281-6-smb neutron-server[100858]: DEBUG neutron.db.l3_hamode_db [None req-3ae2a7d7-28b8-4fd8-a745-f2e2f309a97c None None] neutron.services.l3_router.l3_router_plugin.L3RouterPlugin method _process_sync_ha_data called with arguments (, [{'id': 'fa81e660-b598-45cd-85e9-2b47c45033fb', 'name': 'tempest-AttachVolumeTestJSON-901802621-router', 'tenant_id': 'b3857f188f774e1ab6141304f4c6ac18', 'admin_state_up': True, 'status': 'ACTIVE', 'external_gateway_info': {'network_id': 'd9dee977-223e-43a5-8301-e36fb02cf873', 'external_fixed_ips': [{'subnet_id': '4850f6f9-914c-42f2-b85c-df4e286df9d3', 'ip_address': '172.28.2.53'}], 'enable_snat': True}, 'gw_port_id': 'd7474b51-bdeb-4f0a-b311-556b93be79a6', 'description': '', 'availability_zones': ['nova'], 'distributed': False, 'ha': False, 'ha_vr_id': 0, 'availability_zone_hints': [], 'routes': [], 'flavor_id': None, 'tags': [], 'created_at': '2021-08-06T17:51:54Z', 'updated_at': '2021-08-06T17:52:07Z', 'revision_number': 4, 'project_id': 'b3857f188f774e1ab6141304f4c6ac18', 'gw_port': {'id': 'd7474b51-bdeb-4f0a-b311-556b93be79a6', 'name': '', 'network_id': 'd9dee977-223e-43a5-8301-e36fb02cf873', 'tenant_id': '', 'mac_address': 'fa:16:3e:5a:ce:a6', 'admin_state_up': True, 'status': 'ACTIVE', 'device_id': 'fa81e660-b598-45cd-85e9-2b47c45033fb', 'device_owner': 'network:router_gateway', 'standard_attr_id': 71, 'fixed_ips': [{'subnet_id': '4850f6f9-914c-42f2-b85c-df4e286df9d3', 'ip_address': '172.28.2.53', 'prefixlen': 24}], 'allowed_address_pairs': [], 'extra_dhcp_opts': [], 'security_groups': [], 'description': '', 'binding:vnic_type': 'normal', 'binding:profile': {}, 'binding:host_id': 'dv-cinder-791281-6-smb', 'binding:vif_type': 'ovs', 'binding:vif_details': {'connectivity': 'l2', 'port_filter': True, 'ovs_hybrid_plug': False, 'datapath_type': 'system', 'bridge_name': 'br-int'}, 'port_security_enabled': False, 'tags': [], 'created_at': '2021-08-06T17:51:55Z', 'updated_at': '2021-08-06T17:52:09Z', 'revision_number': 4, 'project_id': '', 'subnets': [{'id': '4850f6f9-914c-42f2-b85c-df4e286df9d3', 'cidr': '172.28.2.0/24', 'gateway_ip': '172.28.2.1', 'dns_nameservers': [], 'ipv6_ra_mode': None, 'subnetpool_id': None}], 'extra_subnets': [], 'address_scopes': {4: None, 6: None}, 'mtu': 1500}, 'enable_snat': True, 'gw_port_host': 'dv-cinder-791281-6-smb', '_interfaces': [{'id': '7d50d719-3baa-43d4-94c0-7077605a5f61', 'name': '', 'network_id': 'd2523a74-6ff7-4971-8d61-2dca05f30edc', 'tenant_id': 'b3857f188f774e1ab6141304f4c6ac18', 'mac_address': 'fa:16:3e:1e:23:69', 'admin_state_up': True, 'status': 'DOWN', 'device_id': 'fa81e660-b598-45cd-85e9-2b47c45033fb', 'device_owner': 'network:router_interface', 'standard_attr_id': 84, 'fixed_ips': [{'subnet_id': 'e037459b-e82b-4483-aba2-6a0467689a1f', 'ip_address': '172.20.0.1', 'prefixlen': 28}], 'allowed_address_pairs': [], 'extra_dhcp_opts': [], 'security_groups': [], 'description': '', 'binding:vnic_type': 'normal', 'binding:profile': {}, 'binding:host_id': '', 'binding:vif_type': 'unbound', 'binding:vif_details': {}, 'port_security_enabled': False, 'tags': [], 'created_at': '2021-08-06T17:52:03Z', 'updated_at': '2021-08-06T17:52:08Z', 'revision_number': 2, 'project_id': 'b3857f188f774e1ab6141304f4c6ac18', 'subnets': [{'id': 'e037459b-e82b-4483-aba2-6a0467689a1f', 'cidr': '172.20.0.0/28', 'gateway_ip': '172.20.0.1', 'dns_nameservers': [], 'ipv6_ra_mode': None, 'subnetpool_id': None}], 'extra_subnets': [], 'address_scopes': {4: None, 6: None}, 'mtu': 1500}]}], 'dv-cinder-791281-6-smb', False) {} {{(pid=100858) wrapper /usr/local/lib/python3.8/dist-packages/oslo_log/helpers.py:65}}
Aug 06 17:52:12.548569 dv-cinder-791281-6-smb neutron-server[100856]: DEBUG neutron.plugins.ml2.managers [req-e2ffb400-b546-4d27-b5ff-10e795dda0be req-287eb596-575c-4b32-ba55-a77cb8e4100e service neutron] Attempting to bind port 24207ced-b006-42e6-a61e-6e41a4a8c61b on host hv-cinder-79128 for vnic_type normal with profile {{(pid=100856) bind_port /opt/stack/neutron/neutron/plugins/ml2/managers.py:790}}
Aug 06 17:52:12.549773 dv-cinder-791281-6-smb neutron-server[100856]: DEBUG neutron.plugins.ml2.managers [req-e2ffb400-b546-4d27-b5ff-10e795dda0be req-287eb596-575c-4b32-ba55-a77cb8e4100e service neutron] Attempting to bind port 24207ced-b006-42e6-a61e-6e41a4a8c61b by drivers openvswitch,hyperv on host hv-cinder-79128 at level 0 using segments [{'id': '67a091c6-270e-45ee-91c4-7df3b672aca8', 'network_type': 'vlan', 'physical_network': 'physnet1', 'segmentation_id': 140, 'network_id': 'c162e35a-9423-41c2-b021-25d71b07309a'}] {{(pid=100856) _bind_port_level /opt/stack/neutron/neutron/plugins/ml2/managers.py:815}}
Aug 06 17:52:12.550511 dv-cinder-791281-6-smb neutron-server[100856]: DEBUG neutron.plugins.ml2.drivers.mech_agent [req-e2ffb400-b546-4d27-b5ff-10e795dda0be req-287eb596-575c-4b32-ba55-a77cb8e4100e service neutron] Attempting to bind port 24207ced-b006-42e6-a61e-6e41a4a8c61b on network c162e35a-9423-41c2-b021-25d71b07309a {{(pid=100856) bind_port /opt/stack/neutron/neutron/plugins/ml2/drivers/mech_agent.py:85}}
Aug 06 17:52:12.560820 dv-cinder-791281-6-smb neutron-server[100856]: DEBUG neutron_lib.callbacks.manager [None req-44112081-e3ba-47d6-9172-3608c939f023 admin admin] Notify callbacks ['neutron.plugins.ml2.ovo_rpc._ObjectChangeHandler.handle_event-1039583'] for security_group, after_create {{(pid=100856) _notify_loop /usr/local/lib/python3.8/dist-packages/neutron_lib/callbacks/manager.py:192}}
Aug 06 17:52:12.627861 dv-cinder-791281-6-smb neutron-server[100858]: DEBUG neutron.api.rpc.handlers.l3_rpc [None req-3ae2a7d7-28b8-4fd8-a745-f2e2f309a97c None None] Checking router: fa81e660-b598-45cd-85e9-2b47c45033fb for host: dv-cinder-791281-6-smb {{(pid=100858) _ensure_host_set_on_ports /opt/stack/neutron/neutron/api/rpc/handlers/l3_rpc.py:155}}
Aug 06 17:52:12.628357 dv-cinder-791281-6-smb neutron-server[100858]: DEBUG neutron.api.rpc.handlers.l3_rpc [None req-3ae2a7d7-28b8-4fd8-a745-f2e2f309a97c None None] Updating router fa81e660-b598-45cd-85e9-2b47c45033fb port 7d50d719-3baa-43d4-94c0-7077605a5f61 binding host dv-cinder-791281-6-smb {{(pid=100858) _ensure_host_set_on_port /opt/stack/neutron/neutron/api/rpc/handlers/l3_rpc.py:205}}
Aug 06 17:52:12.633774 dv-cinder-791281-6-smb neutron-server[100856]: DEBUG neutron.plugins.ml2.drivers.mech_agent [req-e2ffb400-b546-4d27-b5ff-10e795dda0be req-287eb596-575c-4b32-ba55-a77cb8e4100e service neutron] Port 24207ced-b006-42e6-a61e-6e41a4a8c61b on network c162e35a-9423-41c2-b021-25d71b07309a not bound, no agent of type Open vSwitch agent registered on host hv-cinder-79128 {{(pid=100856) bind_port /opt/stack/neutron/neutron/plugins/ml2/drivers/mech_agent.py:97}}
Aug 06 17:52:12.634737 dv-cinder-791281-6-smb neutron-server[100856]: DEBUG neutron.plugins.ml2.drivers.mech_agent [req-e2ffb400-b546-4d27-b5ff-10e795dda0be req-287eb596-575c-4b32-ba55-a77cb8e4100e service neutron] Attempting to bind port 24207ced-b006-42e6-a61e-6e41a4a8c61b on network c162e35a-9423-41c2-b021-25d71b07309a {{(pid=100856) bind_port /opt/stack/neutron/neutron/plugins/ml2/drivers/mech_agent.py:85}}
Aug 06 17:52:12.649818 dv-cinder-791281-6-smb neutron-server[100855]: DEBUG neutron_lib.callbacks.manager [None req-092083dc-e7d3-44f4-b8e0-ff6f6dac1cdb admin admin] Notify callbacks ['neutron.plugins.ml2.ovo_rpc._ObjectChangeHandler.handle_event-1039583'] for security_group, after_delete {{(pid=100855) _notify_loop /usr/local/lib/python3.8/dist-packages/neutron_lib/callbacks/manager.py:192}}
Aug 06 17:52:12.655271 dv-cinder-791281-6-smb neutron-server[100855]: DEBUG neutron_lib.callbacks.manager [None req-092083dc-e7d3-44f4-b8e0-ff6f6dac1cdb admin admin] Notify callbacks [] for security_group, before_response {{(pid=100855) _notify_loop /usr/local/lib/python3.8/dist-packages/neutron_lib/callbacks/manager.py:192}}
Aug 06 17:52:12.657394 dv-cinder-791281-6-smb neutron-server[100855]: INFO neutron.wsgi [None req-092083dc-e7d3-44f4-b8e0-ff6f6dac1cdb admin admin] 10.222.0.53 "DELETE /v2.0/security-groups/c302f016-3ab6-46fd-a072-14da3e2f5b1f HTTP/1.1" status: 204 len: 168 time: 0.5478501
Aug 06 17:52:12.683964 dv-cinder-791281-6-smb neutron-server[100855]: DEBUG neutron.api.rpc.handlers.resources_rpc [None req-092083dc-e7d3-44f4-b8e0-ff6f6dac1cdb admin admin] Pushing event deleted for resources: {'SecurityGroup': ['ID=c302f016-3ab6-46fd-a072-14da3e2f5b1f,revision_number=None']} {{(pid=100855) push /opt/stack/neutron/neutron/api/rpc/handlers/resources_rpc.py:237}}
Aug 06 17:52:12.704822 dv-cinder-791281-6-smb neutron-server[100856]: INFO neutron.wsgi [None req-44112081-e3ba-47d6-9172-3608c939f023 admin admin] 10.222.0.53 "GET /v2.0/security-groups?tenant_id=38d3e66004a14e9c9a47c1d10809f009&name=default HTTP/1.1" status: 200 len: 2977 time: 2.4318533
Aug 06 17:52:12.712354 dv-cinder-791281-6-smb neutron-server[100858]: DEBUG neutron_lib.callbacks.manager [None req-3ae2a7d7-28b8-4fd8-a745-f2e2f309a97c None None] Notify callbacks ['neutron.plugins.ml2.plugin.SecurityGroupDbMixin._ensure_default_security_group_handler-2017925'] for port, before_update {{(pid=100858) _notify_loop /usr/local/lib/python3.8/dist-packages/neutron_lib/callbacks/manager.py:192}}
Aug 06 17:52:12.719239 dv-cinder-791281-6-smb neutron-server[100856]: DEBUG neutron.plugins.ml2.drivers.mech_agent [req-e2ffb400-b546-4d27-b5ff-10e795dda0be req-287eb596-575c-4b32-ba55-a77cb8e4100e service neutron] Checking agent: {'id': '333efefc-72e2-4e17-853d-46f089b11d79', 'agent_type': 'HyperV agent', 'binary': 'neutron-hyperv-agent', 'topic': 'N/A', 'host': 'hv-cinder-79128', 'admin_state_up': True, 'created_at': datetime.datetime(2021, 8, 6, 17, 50, 3), 'started_at': datetime.datetime(2021, 8, 6, 17, 50, 3), 'heartbeat_timestamp': datetime.datetime(2021, 8, 6, 17, 52, 3), 'description': None, 'resources_synced': None, 'availability_zone': None, 'alive': True, 'configurations': {'vswitch_mappings': {'physnet1$': 'br-data'}}, 'resource_versions': {}} {{(pid=100856) bind_port /opt/stack/neutron/neutron/plugins/ml2/drivers/mech_agent.py:104}}
Aug 06 17:52:12.720035 dv-cinder-791281-6-smb neutron-server[100856]: DEBUG neutron.plugins.ml2.drivers.mech_agent [req-e2ffb400-b546-4d27-b5ff-10e795dda0be req-287eb596-575c-4b32-ba55-a77cb8e4100e service neutron] Checking segment: {'id': '67a091c6-270e-45ee-91c4-7df3b672aca8', 'network_type': 'vlan', 'physical_network': 'physnet1', 'segmentation_id': 140, 'network_id': 'c162e35a-9423-41c2-b021-25d71b07309a'} for mappings: {'physnet1$': 'br-data'} with network types: ['local', 'flat', 'vlan'] {{(pid=100856) check_segment_for_agent /opt/stack/neutron/neutron/plugins/ml2/drivers/mech_agent.py:352}}
Aug 06 17:52:12.721048 dv-cinder-791281-6-smb neutron-server[100856]: DEBUG neutron.plugins.ml2.drivers.mech_agent [req-e2ffb400-b546-4d27-b5ff-10e795dda0be req-287eb596-575c-4b32-ba55-a77cb8e4100e service neutron] Bound using segment: {'id': '67a091c6-270e-45ee-91c4-7df3b672aca8', 'network_type': 'vlan', 'physical_network': 'physnet1', 'segmentation_id': 140, 'network_id': 'c162e35a-9423-41c2-b021-25d71b07309a'} {{(pid=100856) bind_port /opt/stack/neutron/neutron/plugins/ml2/drivers/mech_agent.py:114}}
Aug 06 17:52:12.721964 dv-cinder-791281-6-smb neutron-server[100856]: DEBUG neutron.plugins.ml2.managers [req-e2ffb400-b546-4d27-b5ff-10e795dda0be req-287eb596-575c-4b32-ba55-a77cb8e4100e service neutron] Bound port: 24207ced-b006-42e6-a61e-6e41a4a8c61b, host: hv-cinder-79128, vif_type: hyperv, vif_details: {"connectivity": "legacy", "port_filter": false}, binding_levels: [{'bound_driver': 'hyperv', 'bound_segment': {'id': '67a091c6-270e-45ee-91c4-7df3b672aca8', 'network_type': 'vlan', 'physical_network': 'physnet1', 'segmentation_id': 140, 'network_id': 'c162e35a-9423-41c2-b021-25d71b07309a'}}] {{(pid=100856) _bind_port_level /opt/stack/neutron/neutron/plugins/ml2/managers.py:928}}
Aug 06 17:52:12.722676 dv-cinder-791281-6-smb neutron-server[100856]: DEBUG neutron_lib.callbacks.manager [req-e2ffb400-b546-4d27-b5ff-10e795dda0be req-287eb596-575c-4b32-ba55-a77cb8e4100e service neutron] Notify callbacks ['neutron.plugins.ml2.plugin.SecurityGroupDbMixin._ensure_default_security_group_handler-2017925'] for port, before_update {{(pid=100856) _notify_loop /usr/local/lib/python3.8/dist-packages/neutron_lib/callbacks/manager.py:192}}
Aug 06 17:52:12.754862 dv-cinder-791281-6-smb neutron-server[100856]: DEBUG neutron.api.rpc.handlers.resources_rpc [None req-44112081-e3ba-47d6-9172-3608c939f023 admin admin] Pushing event updated for resources: {'SecurityGroup': ['ID=aebe4c9b-dc14-42f1-8f31-6afdce8a4363,revision_number=1']} {{(pid=100856) push /opt/stack/neutron/neutron/api/rpc/handlers/resources_rpc.py:237}}
Aug 06 17:52:12.766915 dv-cinder-791281-6-smb neutron-server[100856]: DEBUG neutron.wsgi [-] (100856) accepted ('10.222.0.53', 45374) {{(pid=100856) server /usr/local/lib/python3.8/dist-packages/eventlet/wsgi.py:982}}
Aug 06 17:52:12.789556 dv-cinder-791281-6-smb neutron-server[100855]: DEBUG neutron.api.rpc.handlers.resources_rpc [None req-3f6dd54b-b4ee-4710-aed7-c0bb8dce31b1 admin admin] Pushing event updated for resources: {'Port': ['ID=ac9fc130-b49a-4825-898a-aebbbde4d0fc,revision_number=2']} {{(pid=100855) push /opt/stack/neutron/neutron/api/rpc/handlers/resources_rpc.py:237}}
Aug 06 17:52:12.973601 dv-cinder-791281-6-smb neutron-server[100855]: DEBUG neutron.scheduler.dhcp_agent_scheduler [None req-3f6dd54b-b4ee-4710-aed7-c0bb8dce31b1 admin admin] Network cc3fc4f6-80f1-427c-a456-3ecb0ad7aed7 is already hosted by enough agents. {{(pid=100855) _get_dhcp_agents_hosting_network /opt/stack/neutron/neutron/scheduler/dhcp_agent_scheduler.py:275}}
Aug 06 17:52:12.982631 dv-cinder-791281-6-smb neutron-server[100855]: DEBUG neutron.scheduler.base_scheduler [None req-3f6dd54b-b4ee-4710-aed7-c0bb8dce31b1 admin admin] Resources bound (agent type, host, resource id): {{(pid=100855) schedule /opt/stack/neutron/neutron/scheduler/base_scheduler.py:57}}
Aug 06 17:52:13.186290 dv-cinder-791281-6-smb neutron-server[100856]: INFO neutron.wsgi [req-5210e8a4-b8e8-4229-a66b-bba01d60715d req-0f2d4ab4-7dbf-452d-895c-53d5b56ab58e tempest-DeleteServersTestJSON-813743025 tempest-DeleteServersTestJSON-813743025-project] 10.222.0.53 "GET /v2.0/security-groups?id=c8791f75-46c3-4fd5-8387-a3502c13919f&fields=id&fields=name HTTP/1.1" status: 200 len: 286 time: 1.0775731
Aug 06 17:52:13.335061 dv-cinder-791281-6-smb neutron-server[100856]: INFO neutron.wsgi [req-17f863b8-c636-40f8-a7f8-70263e5c749c req-7040954f-f7dc-42f8-b09a-20e0bc28e3a4 tempest-AttachVolumeNegativeTest-252338074 tempest-AttachVolumeNegativeTest-252338074-project] 10.222.0.53 "GET /v2.0/security-groups?id=a0cc41ac-0cbb-412b-b2f6-749a68d92c66&fields=id&fields=name HTTP/1.1" status: 200 len: 286 time: 1.0762794
Aug 06 17:52:13.403832 dv-cinder-791281-6-smb neutron-server[100855]: DEBUG neutron.scheduler.l3_agent_scheduler [None req-3f6dd54b-b4ee-4710-aed7-c0bb8dce31b1 admin admin] Router e44250d8-b3a7-4767-b0f9-458054bd04e2 has already been hosted by L3 agent 97d1bf42-3efc-41b2-8a7a-c29203268c00 {{(pid=100855) _get_candidates /opt/stack/neutron/neutron/scheduler/l3_agent_scheduler.py:127}}
Aug 06 17:52:13.485557 dv-cinder-791281-6-smb neutron-server[100856]: DEBUG neutron.plugins.ml2.db [req-e2ffb400-b546-4d27-b5ff-10e795dda0be req-287eb596-575c-4b32-ba55-a77cb8e4100e service neutron] For port 24207ced-b006-42e6-a61e-6e41a4a8c61b, host hv-cinder-79128, cleared binding levels {{(pid=100856) clear_binding_levels /opt/stack/neutron/neutron/plugins/ml2/db.py:87}}
Aug 06 17:52:13.497152 dv-cinder-791281-6-smb neutron-server[100856]: DEBUG neutron.plugins.ml2.db [req-e2ffb400-b546-4d27-b5ff-10e795dda0be req-287eb596-575c-4b32-ba55-a77cb8e4100e service neutron] For port 24207ced-b006-42e6-a61e-6e41a4a8c61b, host hv-cinder-79128, set binding levels [PortBindingLevel(driver='hyperv',host='hv-cinder-79128',level=0,port_id=24207ced-b006-42e6-a61e-6e41a4a8c61b,segment=NetworkSegment(67a091c6-270e-45ee-91c4-7df3b672aca8),segment_id=67a091c6-270e-45ee-91c4-7df3b672aca8)] {{(pid=100856) set_binding_levels /opt/stack/neutron/neutron/plugins/ml2/db.py:59}}
Aug 06 17:52:13.570378 dv-cinder-791281-6-smb neutron-server[100858]: DEBUG neutron_lib.callbacks.manager [None req-3ae2a7d7-28b8-4fd8-a745-f2e2f309a97c None None] Notify callbacks [] for port, precommit_update {{(pid=100858) _notify_loop /usr/local/lib/python3.8/dist-packages/neutron_lib/callbacks/manager.py:192}}
Aug 06 17:52:13.607875 dv-cinder-791281-6-smb neutron-server[100858]: DEBUG neutron.db.provisioning_blocks [None req-3ae2a7d7-28b8-4fd8-a745-f2e2f309a97c None None] Transition to ACTIVE for port object 7d50d719-3baa-43d4-94c0-7077605a5f61 will not be triggered until provisioned by entity L2. {{(pid=100858) add_provisioning_component /opt/stack/neutron/neutron/db/provisioning_blocks.py:73}}
Aug 06 17:52:13.666637 dv-cinder-791281-6-smb neutron-server[100856]: DEBUG neutron_lib.callbacks.manager [None req-e15f17af-9e08-466e-9eaa-c474a635ab51 admin admin] Notify callbacks [] for security_group, before_delete {{(pid=100856) _notify_loop /usr/local/lib/python3.8/dist-packages/neutron_lib/callbacks/manager.py:192}}
Aug 06 17:52:13.798651 dv-cinder-791281-6-smb neutron-server[100855]: DEBUG neutron.api.rpc.agentnotifiers.l3_rpc_agent_api [None req-3f6dd54b-b4ee-4710-aed7-c0bb8dce31b1 admin admin] Notify agent at l3_agent.dv-cinder-791281-6-smb the message routers_updated {{(pid=100855) _agent_notification /opt/stack/neutron/neutron/api/rpc/agentnotifiers/l3_rpc_agent_api.py:65}}
Aug 06 17:52:13.835865 dv-cinder-791281-6-smb neutron-server[100857]: DEBUG neutron.api.rpc.handlers.l3_rpc [None req-9bef83dd-9574-450d-bf06-f935ce791d51 None None] Sync routers for ids ['e44250d8-b3a7-4767-b0f9-458054bd04e2'] in dv-cinder-791281-6-smb {{(pid=100857) sync_routers /opt/stack/neutron/neutron/api/rpc/handlers/l3_rpc.py:125}}
Aug 06 17:52:13.844951 dv-cinder-791281-6-smb neutron-server[100855]: INFO neutron.wsgi [None req-3f6dd54b-b4ee-4710-aed7-c0bb8dce31b1 admin admin] 10.222.0.53 "PUT /v2.0/routers/e44250d8-b3a7-4767-b0f9-458054bd04e2/add_router_interface HTTP/1.1" status: 200 len: 503 time: 10.2077692
Aug 06 17:52:13.861404 dv-cinder-791281-6-smb neutron-server[100857]: DEBUG neutron.db.l3_dvrscheduler_db [None req-9bef83dd-9574-450d-bf06-f935ce791d51 None None] Routers {'e44250d8-b3a7-4767-b0f9-458054bd04e2'} bound to L3 agent in host dv-cinder-791281-6-smb {{(pid=100857) _get_router_ids_for_agent /opt/stack/neutron/neutron/db/l3_dvrscheduler_db.py:420}}
Aug 06 17:52:13.862687 dv-cinder-791281-6-smb neutron-server[100857]: DEBUG neutron.db.l3_hamode_db [None req-9bef83dd-9574-450d-bf06-f935ce791d51 None None] neutron.services.l3_router.l3_router_plugin.L3RouterPlugin method get_ha_sync_data_for_host called with arguments (, 'dv-cinder-791281-6-smb', Agent(admin_state_up=True,agent_type='L3 agent',availability_zone='nova',binary='neutron-l3-agent',configurations={"agent_mode": "legacy", "ex_gw_ports": 1, "extensions": [], "floating_ips": 0, "handle_internal_only_routers": true, "interface_driver": "openvswitch", "interfaces": 1, "log_agent_heartbeats": false, "routers": 1},created_at=2021-08-06T17:42:55Z,description=,heartbeat_timestamp=2021-08-06T17:51:55Z,host='dv-cinder-791281-6-smb',id=97d1bf42-3efc-41b2-8a7a-c29203268c00,load=0,resource_versions=,resources_synced=,started_at=2021-08-06T17:42:56Z,topic='l3_agent')) {'router_ids': ['e44250d8-b3a7-4767-b0f9-458054bd04e2'], 'active': True} {{(pid=100857) wrapper /usr/local/lib/python3.8/dist-packages/oslo_log/helpers.py:65}}
Aug 06 17:52:13.894929 dv-cinder-791281-6-smb neutron-server[100856]: DEBUG neutron_lib.callbacks.manager [req-e2ffb400-b546-4d27-b5ff-10e795dda0be req-287eb596-575c-4b32-ba55-a77cb8e4100e service neutron] Notify callbacks ['neutron.plugins.ml2.plugin.SecurityGroupServerNotifierRpcMixin._notify_sg_on_port_change-2017990', 'neutron.plugins.ml2.ovo_rpc._ObjectChangeHandler.handle_event-179368', 'neutron.api.rpc.agentnotifiers.dhcp_rpc_agent_api.DhcpAgentNotifyAPI._native_event_send_dhcp_notification-562974', 'neutron.db.l3_db.L3RpcNotifierMixin._notify_gateway_port_ip_changed-8751629987925', 'neutron.db.l3_dvrscheduler_db._notify_l3_agent_port_update-8751629465582', 'neutron.db.l3_hascheduler_db._notify_l3_agent_ha_port_update-8751629467140'] for port, after_update {{(pid=100856) _notify_loop /usr/local/lib/python3.8/dist-packages/neutron_lib/callbacks/manager.py:192}}
Aug 06 17:52:13.909276 dv-cinder-791281-6-smb neutron-server[100858]: DEBUG neutron_lib.callbacks.manager [None req-3ae2a7d7-28b8-4fd8-a745-f2e2f309a97c None None] Notify callbacks ['neutron.plugins.ml2.plugin.SecurityGroupServerNotifierRpcMixin._notify_sg_on_port_change-2017990', 'neutron.plugins.ml2.ovo_rpc._ObjectChangeHandler.handle_event-179368', 'neutron.api.rpc.agentnotifiers.dhcp_rpc_agent_api.DhcpAgentNotifyAPI._native_event_send_dhcp_notification-562974', 'neutron.db.l3_db.L3RpcNotifierMixin._notify_gateway_port_ip_changed-8751629987925', 'neutron.db.l3_dvrscheduler_db._notify_l3_agent_port_update-8751629465582', 'neutron.db.l3_hascheduler_db._notify_l3_agent_ha_port_update-8751629467140'] for port, after_update {{(pid=100858) _notify_loop /usr/local/lib/python3.8/dist-packages/neutron_lib/callbacks/manager.py:192}}
Aug 06 17:52:14.004555 dv-cinder-791281-6-smb neutron-server[100856]: DEBUG neutron_lib.callbacks.manager [None req-e15f17af-9e08-466e-9eaa-c474a635ab51 admin admin] Notify callbacks [] for security_group, precommit_delete {{(pid=100856) _notify_loop /usr/local/lib/python3.8/dist-packages/neutron_lib/callbacks/manager.py:192}}
Aug 06 17:52:14.011459 dv-cinder-791281-6-smb neutron-server[100856]: DEBUG neutron.api.rpc.handlers.resources_rpc [None req-287eb596-575c-4b32-ba55-a77cb8e4100e service neutron] Pushing event updated for resources: {'Port': ['ID=24207ced-b006-42e6-a61e-6e41a4a8c61b,revision_number=3']} {{(pid=100856) push /opt/stack/neutron/neutron/api/rpc/handlers/resources_rpc.py:237}}
Aug 06 17:52:14.052246 dv-cinder-791281-6-smb neutron-server[100856]: DEBUG neutron.pecan_wsgi.hooks.policy_enforcement [req-e2ffb400-b546-4d27-b5ff-10e795dda0be req-287eb596-575c-4b32-ba55-a77cb8e4100e service neutron] Attributes excluded by policy engine: ['standard_attr_id'] {{(pid=100856) _exclude_attributes_by_policy /opt/stack/neutron/neutron/pecan_wsgi/hooks/policy_enforcement.py:255}}
Aug 06 17:52:14.053415 dv-cinder-791281-6-smb neutron-server[100856]: DEBUG neutron_lib.callbacks.manager [req-e2ffb400-b546-4d27-b5ff-10e795dda0be req-287eb596-575c-4b32-ba55-a77cb8e4100e service neutron] Notify callbacks ['neutron.notifiers.nova.Notifier._send_nova_notification-74964', 'neutron.api.rpc.agentnotifiers.dhcp_rpc_agent_api.DhcpAgentNotifyAPI._send_dhcp_notification-562944'] for port, before_response {{(pid=100856) _notify_loop /usr/local/lib/python3.8/dist-packages/neutron_lib/callbacks/manager.py:192}}
Aug 06 17:52:14.061574 dv-cinder-791281-6-smb neutron-server[100856]: INFO neutron.wsgi [req-e2ffb400-b546-4d27-b5ff-10e795dda0be req-287eb596-575c-4b32-ba55-a77cb8e4100e service neutron] 10.222.0.38 "PUT /v2.0/ports/24207ced-b006-42e6-a61e-6e41a4a8c61b HTTP/1.1" status: 200 len: 1093 time: 5.9623342
Aug 06 17:52:14.080296 dv-cinder-791281-6-smb neutron-server[100856]: DEBUG neutron.notifiers.nova [-] Sending events: [{'name': 'network-changed', 'server_uuid': '3d592a41-033d-4e7e-9cb6-837aca139fa8', 'tag': '24207ced-b006-42e6-a61e-6e41a4a8c61b'}] {{(pid=100856) send_events /opt/stack/neutron/neutron/notifiers/nova.py:262}}
Aug 06 17:52:14.190350 dv-cinder-791281-6-smb neutron-server[100858]: DEBUG neutron.api.rpc.handlers.resources_rpc [None req-01b71ef8-de13-4ecc-b21f-02d9f7ed5569 None None] Pushing event updated for resources: {'Port': ['ID=7d50d719-3baa-43d4-94c0-7077605a5f61,revision_number=3']} {{(pid=100858) push /opt/stack/neutron/neutron/api/rpc/handlers/resources_rpc.py:237}}
Aug 06 17:52:14.286039 dv-cinder-791281-6-smb neutron-server[100856]: DEBUG neutron.notifiers.nova [req-0ae060b9-fb34-4b5c-8924-ab9ce89d7bd7 req-97ceaa17-b448-4c7b-8ac6-cce8a74032a5 service neutron] Ignoring state change previous_port_status: DOWN current_port_status: DOWN port_id 54aba659-aab6-4765-bf8e-2085695ce2a8 {{(pid=100856) record_port_status_changed /opt/stack/neutron/neutron/notifiers/nova.py:224}}
Aug 06 17:52:14.358982 dv-cinder-791281-6-smb neutron-server[100856]: DEBUG neutron_lib.callbacks.manager [req-0ae060b9-fb34-4b5c-8924-ab9ce89d7bd7 req-97ceaa17-b448-4c7b-8ac6-cce8a74032a5 service neutron] Notify callbacks [] for port, precommit_update {{(pid=100856) _notify_loop /usr/local/lib/python3.8/dist-packages/neutron_lib/callbacks/manager.py:192}}
Aug 06 17:52:14.367171 dv-cinder-791281-6-smb neutron-server[100857]: DEBUG neutron.db.l3_dvr_db [None req-9bef83dd-9574-450d-bf06-f935ce791d51 None None] Set router e44250d8-b3a7-4767-b0f9-458054bd04e2 gateway port host: dv-cinder-791281-6-smb {{(pid=100857) _build_routers_list /opt/stack/neutron/neutron/db/l3_dvr_db.py:899}}
Aug 06 17:52:14.396467 dv-cinder-791281-6-smb neutron-server[100855]: DEBUG neutron.wsgi [-] (100855) accepted ('10.222.0.53', 45396) {{(pid=100855) server /usr/local/lib/python3.8/dist-packages/eventlet/wsgi.py:982}}
Aug 06 17:52:14.440165 dv-cinder-791281-6-smb neutron-server[100855]: DEBUG neutron_lib.callbacks.manager [None req-7199d41f-7381-459a-a981-dadcace31249 admin admin] Notify callbacks [] for security_group, before_create {{(pid=100855) _notify_loop /usr/local/lib/python3.8/dist-packages/neutron_lib/callbacks/manager.py:192}}
Aug 06 17:52:14.472783 dv-cinder-791281-6-smb neutron-server[100858]: DEBUG neutron.plugins.ml2.managers [None req-3ae2a7d7-28b8-4fd8-a745-f2e2f309a97c None None] Attempting to bind port 7d50d719-3baa-43d4-94c0-7077605a5f61 on host dv-cinder-791281-6-smb for vnic_type normal with profile {{(pid=100858) bind_port /opt/stack/neutron/neutron/plugins/ml2/managers.py:790}}
Aug 06 17:52:14.473577 dv-cinder-791281-6-smb neutron-server[100858]: DEBUG neutron.plugins.ml2.managers [None req-3ae2a7d7-28b8-4fd8-a745-f2e2f309a97c None None] Attempting to bind port 7d50d719-3baa-43d4-94c0-7077605a5f61 by drivers openvswitch,hyperv on host dv-cinder-791281-6-smb at level 0 using segments [{'id': '6f68e659-8b2a-41b2-8344-109342639c27', 'network_type': 'vlan', 'physical_network': 'physnet1', 'segmentation_id': 102, 'network_id': 'd2523a74-6ff7-4971-8d61-2dca05f30edc'}] {{(pid=100858) _bind_port_level /opt/stack/neutron/neutron/plugins/ml2/managers.py:815}}
Aug 06 17:52:14.474717 dv-cinder-791281-6-smb neutron-server[100858]: DEBUG neutron.plugins.ml2.drivers.mech_agent [None req-3ae2a7d7-28b8-4fd8-a745-f2e2f309a97c None None] Attempting to bind port 7d50d719-3baa-43d4-94c0-7077605a5f61 on network d2523a74-6ff7-4971-8d61-2dca05f30edc {{(pid=100858) bind_port /opt/stack/neutron/neutron/plugins/ml2/drivers/mech_agent.py:85}}
