Jun 06 17:40:20.996508 dv-cinder-791281-4-smb devstack@c-api.service[105671]: /usr/local/lib/python3.8/dist-packages/oslo_context/context.py:105: DeprecationWarning: Policy enforcement is depending on the value of is_admin. This key is deprecated. Please update your policy file to use the standard policy values.
Jun 06 17:40:20.996508 dv-cinder-791281-4-smb devstack@c-api.service[105671]: warnings.warn('Policy enforcement is depending on the value of '
Jun 06 17:40:21.003776 dv-cinder-791281-4-smb devstack@c-api.service[105672]: WARNING cinder.quota [None req-113ef939-17c6-4cab-9867-bc2c7f08aad2 tempest-VolumeTypesTest-821609692 tempest-VolumeTypesTest-821609692-project] Deprecated: Default quota for resource: volumes_tempest-VolumeTypesTest-volume-type-1200145961 is set by the default quota flag: quota_volumes_tempest-VolumeTypesTest-volume-type-1200145961, it is now deprecated. Please use the default quota class for default quota.
Jun 06 17:40:21.004784 dv-cinder-791281-4-smb devstack@c-api.service[105672]: WARNING cinder.quota [None req-113ef939-17c6-4cab-9867-bc2c7f08aad2 tempest-VolumeTypesTest-821609692 tempest-VolumeTypesTest-821609692-project] Deprecated: Default quota for resource: gigabytes_tempest-VolumeTypesTest-volume-type-1200145961 is set by the default quota flag: quota_gigabytes_tempest-VolumeTypesTest-volume-type-1200145961, it is now deprecated. Please use the default quota class for default quota.
Jun 06 17:40:21.007558 dv-cinder-791281-4-smb devstack@c-api.service[105671]: INFO cinder.volume.api [None req-59d8e6cc-7d9e-47ed-ad92-37b733a0de26 tempest-VolumeRetypeWithoutMigrationTest-511081608 tempest-VolumeRetypeWithoutMigrationTest-511081608-project] Volume info retrieved successfully.
Jun 06 17:40:21.032971 dv-cinder-791281-4-smb devstack@c-api.service[105671]: INFO cinder.api.openstack.wsgi [None req-59d8e6cc-7d9e-47ed-ad92-37b733a0de26 tempest-VolumeRetypeWithoutMigrationTest-511081608 tempest-VolumeRetypeWithoutMigrationTest-511081608-project] http://10.222.0.23/volume/v3/376cf42c1e474a3ebae1ea7b04c02b4a/volumes/882cb49a-b406-4f46-93c5-97a329903258 returned with HTTP 200
Jun 06 17:40:21.037964 dv-cinder-791281-4-smb devstack@c-api.service[105671]: [pid: 105671|app: 0|req: 112/219] 10.222.0.23 () {58 vars in 1325 bytes} [Sun Jun 6 17:40:20 2021] GET /volume/v3/376cf42c1e474a3ebae1ea7b04c02b4a/volumes/882cb49a-b406-4f46-93c5-97a329903258 => generated 927 bytes in 121 msecs (HTTP/1.1 200) 7 headers in 285 bytes (1 switches on core 0)
Jun 06 17:40:21.043614 dv-cinder-791281-4-smb devstack@c-api.service[105671]: INFO cinder.api.openstack.wsgi [None req-0e4ab4be-5afb-4a13-9df0-1805491b7fec tempest-GroupsTest-279656767 tempest-GroupsTest-279656767-project] GET http://10.222.0.23/volume/v3/e603f86561d34804b5fd84f9f8f8c257/volumes/detail
Jun 06 17:40:21.044249 dv-cinder-791281-4-smb devstack@c-api.service[105671]: DEBUG cinder.api.openstack.wsgi [None req-0e4ab4be-5afb-4a13-9df0-1805491b7fec tempest-GroupsTest-279656767 tempest-GroupsTest-279656767-project] Empty body provided in request {{(pid=105671) get_body /opt/stack/cinder/cinder/api/openstack/wsgi.py:713}}
Jun 06 17:40:21.044430 dv-cinder-791281-4-smb devstack@c-api.service[105671]: /usr/local/lib/python3.8/dist-packages/webob/acceptparse.py:1047: DeprecationWarning: The behavior of AcceptValidHeader.best_match is currently being maintained for backward compatibility, but it will be deprecated in the future, as it does not conform to the RFC.
Jun 06 17:40:21.044430 dv-cinder-791281-4-smb devstack@c-api.service[105671]: warnings.warn(
Jun 06 17:40:21.044754 dv-cinder-791281-4-smb devstack@c-api.service[105671]: DEBUG cinder.api.openstack.wsgi [None req-0e4ab4be-5afb-4a13-9df0-1805491b7fec tempest-GroupsTest-279656767 tempest-GroupsTest-279656767-project] Calling method 'detail' {{(pid=105671) _process_stack /opt/stack/cinder/cinder/api/openstack/wsgi.py:866}}
Jun 06 17:40:21.045299 dv-cinder-791281-4-smb devstack@c-api.service[105671]: DEBUG cinder.api.api_utils [None req-0e4ab4be-5afb-4a13-9df0-1805491b7fec tempest-GroupsTest-279656767 tempest-GroupsTest-279656767-project] Removing options '' from query. {{(pid=105671) remove_invalid_filter_options /opt/stack/cinder/cinder/api/api_utils.py:73}}
Jun 06 17:40:21.046955 dv-cinder-791281-4-smb devstack@c-api.service[105671]: DEBUG cinder.volume.api [None req-0e4ab4be-5afb-4a13-9df0-1805491b7fec tempest-GroupsTest-279656767 tempest-GroupsTest-279656767-project] Searching by: MultiDict([('no_migration_targets', True)]). {{(pid=105671) get_all /opt/stack/cinder/cinder/volume/api.py:617}}
Jun 06 17:40:21.097464 dv-cinder-791281-4-smb devstack@c-api.service[105671]: INFO cinder.volume.api [None req-0e4ab4be-5afb-4a13-9df0-1805491b7fec tempest-GroupsTest-279656767 tempest-GroupsTest-279656767-project] Get all volumes completed successfully.
Jun 06 17:40:21.102605 dv-cinder-791281-4-smb devstack@c-api.service[105671]: INFO cinder.api.openstack.wsgi [None req-0e4ab4be-5afb-4a13-9df0-1805491b7fec tempest-GroupsTest-279656767 tempest-GroupsTest-279656767-project] http://10.222.0.23/volume/v3/e603f86561d34804b5fd84f9f8f8c257/volumes/detail returned with HTTP 200
Jun 06 17:40:21.103417 dv-cinder-791281-4-smb devstack@c-api.service[105671]: [pid: 105671|app: 0|req: 113/220] 10.222.0.23 () {60 vars in 1276 bytes} [Sun Jun 6 17:40:21 2021] GET /volume/v3/e603f86561d34804b5fd84f9f8f8c257/volumes/detail => generated 15 bytes in 65 msecs (HTTP/1.1 200) 7 headers in 285 bytes (1 switches on core 0)
Jun 06 17:40:21.107030 dv-cinder-791281-4-smb devstack@c-api.service[105671]: INFO cinder.api.openstack.wsgi [None req-c8a02263-80fa-44de-95cb-c2e21343adc6 tempest-VolumeRetypeWithoutMigrationTest-23838875 tempest-VolumeRetypeWithoutMigrationTest-23838875-project-admin] GET http://10.222.0.23/volume/v3/823d48a12200470abdd657ed49411957/volumes/882cb49a-b406-4f46-93c5-97a329903258
Jun 06 17:40:21.107535 dv-cinder-791281-4-smb devstack@c-api.service[105671]: DEBUG cinder.api.openstack.wsgi [None req-c8a02263-80fa-44de-95cb-c2e21343adc6 tempest-VolumeRetypeWithoutMigrationTest-23838875 tempest-VolumeRetypeWithoutMigrationTest-23838875-project-admin] Empty body provided in request {{(pid=105671) get_body /opt/stack/cinder/cinder/api/openstack/wsgi.py:713}}
Jun 06 17:40:21.107989 dv-cinder-791281-4-smb devstack@c-api.service[105671]: DEBUG cinder.api.openstack.wsgi [None req-c8a02263-80fa-44de-95cb-c2e21343adc6 tempest-VolumeRetypeWithoutMigrationTest-23838875 tempest-VolumeRetypeWithoutMigrationTest-23838875-project-admin] Calling method 'show' {{(pid=105671) _process_stack /opt/stack/cinder/cinder/api/openstack/wsgi.py:866}}
Jun 06 17:40:21.174910 dv-cinder-791281-4-smb devstack@c-api.service[105671]: /usr/local/lib/python3.8/dist-packages/oslo_context/context.py:105: DeprecationWarning: Policy enforcement is depending on the value of is_admin. This key is deprecated. Please update your policy file to use the standard policy values.
Jun 06 17:40:21.174910 dv-cinder-791281-4-smb devstack@c-api.service[105671]: warnings.warn('Policy enforcement is depending on the value of '
Jun 06 17:40:21.185757 dv-cinder-791281-4-smb devstack@c-api.service[105671]: INFO cinder.volume.api [None req-c8a02263-80fa-44de-95cb-c2e21343adc6 tempest-VolumeRetypeWithoutMigrationTest-23838875 tempest-VolumeRetypeWithoutMigrationTest-23838875-project-admin] Volume info retrieved successfully.
Jun 06 17:40:21.209511 dv-cinder-791281-4-smb devstack@c-api.service[105671]: INFO cinder.api.openstack.wsgi [None req-c8a02263-80fa-44de-95cb-c2e21343adc6 tempest-VolumeRetypeWithoutMigrationTest-23838875 tempest-VolumeRetypeWithoutMigrationTest-23838875-project-admin] http://10.222.0.23/volume/v3/823d48a12200470abdd657ed49411957/volumes/882cb49a-b406-4f46-93c5-97a329903258 returned with HTTP 200
Jun 06 17:40:21.210656 dv-cinder-791281-4-smb devstack@c-api.service[105671]: [pid: 105671|app: 0|req: 114/221] 10.222.0.23 () {58 vars in 1325 bytes} [Sun Jun 6 17:40:21 2021] GET /volume/v3/823d48a12200470abdd657ed49411957/volumes/882cb49a-b406-4f46-93c5-97a329903258 => generated 1093 bytes in 107 msecs (HTTP/1.1 200) 7 headers in 286 bytes (1 switches on core 0)
Jun 06 17:40:21.216624 dv-cinder-791281-4-smb devstack@c-api.service[105671]: INFO cinder.api.openstack.wsgi [None req-bee97531-4f18-422c-8314-12851beb935b tempest-GroupsTest-279656767 tempest-GroupsTest-279656767-project] POST http://10.222.0.23/volume/v3/e603f86561d34804b5fd84f9f8f8c257/groups/fd9c3464-5df2-4506-9fbe-a789ccdf6ad3/action
Jun 06 17:40:21.217151 dv-cinder-791281-4-smb devstack@c-api.service[105671]: /usr/local/lib/python3.8/dist-packages/webob/acceptparse.py:1047: DeprecationWarning: The behavior of AcceptValidHeader.best_match is currently being maintained for backward compatibility, but it will be deprecated in the future, as it does not conform to the RFC.
Jun 06 17:40:21.217151 dv-cinder-791281-4-smb devstack@c-api.service[105671]: warnings.warn(
Jun 06 17:40:21.217621 dv-cinder-791281-4-smb devstack@c-api.service[105671]: DEBUG cinder.api.openstack.wsgi [None req-bee97531-4f18-422c-8314-12851beb935b tempest-GroupsTest-279656767 tempest-GroupsTest-279656767-project] Action body: b'{"delete": {"delete-volumes": true}}' {{(pid=105671) get_method /opt/stack/cinder/cinder/api/openstack/wsgi.py:981}}
Jun 06 17:40:21.218018 dv-cinder-791281-4-smb devstack@c-api.service[105671]: DEBUG cinder.api.openstack.wsgi [None req-bee97531-4f18-422c-8314-12851beb935b tempest-GroupsTest-279656767 tempest-GroupsTest-279656767-project] Action: 'action', calling method: delete_group, body: {"delete": {"delete-volumes": true}} {{(pid=105671) _process_stack /opt/stack/cinder/cinder/api/openstack/wsgi.py:864}}
Jun 06 17:40:21.218885 dv-cinder-791281-4-smb devstack@c-api.service[105671]: DEBUG cinder.api.v3.groups [None req-bee97531-4f18-422c-8314-12851beb935b tempest-GroupsTest-279656767 tempest-GroupsTest-279656767-project] delete called for group fd9c3464-5df2-4506-9fbe-a789ccdf6ad3 {{(pid=105671) _delete /opt/stack/cinder/cinder/api/v3/groups.py:117}}
Jun 06 17:40:21.219297 dv-cinder-791281-4-smb devstack@c-api.service[105671]: INFO cinder.api.v3.groups [None req-bee97531-4f18-422c-8314-12851beb935b tempest-GroupsTest-279656767 tempest-GroupsTest-279656767-project] Delete group with id: fd9c3464-5df2-4506-9fbe-a789ccdf6ad3
Jun 06 17:40:21.225528 dv-cinder-791281-4-smb devstack@c-api.service[105671]: INFO cinder.api.openstack.wsgi [None req-bee97531-4f18-422c-8314-12851beb935b tempest-GroupsTest-279656767 tempest-GroupsTest-279656767-project] http://10.222.0.23/volume/v3/e603f86561d34804b5fd84f9f8f8c257/groups/fd9c3464-5df2-4506-9fbe-a789ccdf6ad3/action returned with HTTP 404
Jun 06 17:40:21.229503 dv-cinder-791281-4-smb devstack@c-api.service[105671]: [pid: 105671|app: 0|req: 115/222] 10.222.0.23 () {62 vars in 1405 bytes} [Sun Jun 6 17:40:21 2021] POST /volume/v3/e603f86561d34804b5fd84f9f8f8c257/groups/fd9c3464-5df2-4506-9fbe-a789ccdf6ad3/action => generated 108 bytes in 16 msecs (HTTP/1.1 404) 7 headers in 293 bytes (1 switches on core 0)
Jun 06 17:40:21.231914 dv-cinder-791281-4-smb devstack@c-api.service[105671]: INFO cinder.api.openstack.wsgi [None req-d8a3dda5-9d9e-49dd-88f1-e07a94e01241 tempest-VolumeRetypeWithoutMigrationTest-23838875 tempest-VolumeRetypeWithoutMigrationTest-23838875-project-admin] GET http://10.222.0.23/volume/v3/823d48a12200470abdd657ed49411957/volumes?all_tenants=True&name=tempest-VolumeRetypeWithoutMigrationTest-Volume-1042536059
Jun 06 17:40:21.232532 dv-cinder-791281-4-smb devstack@c-api.service[105671]: DEBUG cinder.api.openstack.wsgi [None req-d8a3dda5-9d9e-49dd-88f1-e07a94e01241 tempest-VolumeRetypeWithoutMigrationTest-23838875 tempest-VolumeRetypeWithoutMigrationTest-23838875-project-admin] Empty body provided in request {{(pid=105671) get_body /opt/stack/cinder/cinder/api/openstack/wsgi.py:713}}
Jun 06 17:40:21.233038 dv-cinder-791281-4-smb devstack@c-api.service[105671]: DEBUG cinder.api.openstack.wsgi [None req-d8a3dda5-9d9e-49dd-88f1-e07a94e01241 tempest-VolumeRetypeWithoutMigrationTest-23838875 tempest-VolumeRetypeWithoutMigrationTest-23838875-project-admin] Calling method 'index' {{(pid=105671) _process_stack /opt/stack/cinder/cinder/api/openstack/wsgi.py:866}}
Jun 06 17:40:21.235421 dv-cinder-791281-4-smb devstack@c-api.service[105671]: DEBUG cinder.volume.api [None req-d8a3dda5-9d9e-49dd-88f1-e07a94e01241 tempest-VolumeRetypeWithoutMigrationTest-23838875 tempest-VolumeRetypeWithoutMigrationTest-23838875-project-admin] Searching by: MultiDict([('display_name', 'tempest-VolumeRetypeWithoutMigrationTest-Volume-1042536059'), ('all_tenants', True)]). {{(pid=105671) get_all /opt/stack/cinder/cinder/volume/api.py:617}}
Jun 06 17:40:21.292878 dv-cinder-791281-4-smb devstack@c-api.service[105671]: INFO cinder.volume.api [None req-d8a3dda5-9d9e-49dd-88f1-e07a94e01241 tempest-VolumeRetypeWithoutMigrationTest-23838875 tempest-VolumeRetypeWithoutMigrationTest-23838875-project-admin] Get all volumes completed successfully.
Jun 06 17:40:21.294317 dv-cinder-791281-4-smb devstack@c-api.service[105671]: INFO cinder.api.openstack.wsgi [None req-d8a3dda5-9d9e-49dd-88f1-e07a94e01241 tempest-VolumeRetypeWithoutMigrationTest-23838875 tempest-VolumeRetypeWithoutMigrationTest-23838875-project-admin] http://10.222.0.23/volume/v3/823d48a12200470abdd657ed49411957/volumes?all_tenants=True&name=tempest-VolumeRetypeWithoutMigrationTest-Volume-1042536059 returned with HTTP 200
Jun 06 17:40:21.296960 dv-cinder-791281-4-smb devstack@c-api.service[105672]: DEBUG cinder.quota [None req-113ef939-17c6-4cab-9867-bc2c7f08aad2 tempest-VolumeTypesTest-821609692 tempest-VolumeTypesTest-821609692-project] Created reservations ['a46675fc-3d5b-4419-a0c8-3124434de6c1', 'ad8eb272-b6dd-422f-bfbd-4e505d3a8feb'] {{(pid=105672) reserve /opt/stack/cinder/cinder/quota.py:755}}
Jun 06 17:40:21.308297 dv-cinder-791281-4-smb devstack@c-api.service[105671]: [pid: 105671|app: 0|req: 116/223] 10.222.0.23 () {58 vars in 1375 bytes} [Sun Jun 6 17:40:21 2021] GET /volume/v3/823d48a12200470abdd657ed49411957/volumes?all_tenants=True&name=tempest-VolumeRetypeWithoutMigrationTest-Volume-1042536059 => generated 413 bytes in 80 msecs (HTTP/1.1 200) 7 headers in 285 bytes (1 switches on core 0)
Jun 06 17:40:21.315270 dv-cinder-791281-4-smb devstack@c-api.service[105671]: INFO cinder.api.openstack.wsgi [None req-fff9e0a7-fdd6-4156-b88f-077e17ef0be1 tempest-GroupsTest-279656767 tempest-GroupsTest-279656767-project] GET http://10.222.0.23/volume/v3/e603f86561d34804b5fd84f9f8f8c257/volumes/detail
Jun 06 17:40:21.315781 dv-cinder-791281-4-smb devstack@c-api.service[105671]: DEBUG cinder.api.openstack.wsgi [None req-fff9e0a7-fdd6-4156-b88f-077e17ef0be1 tempest-GroupsTest-279656767 tempest-GroupsTest-279656767-project] Empty body provided in request {{(pid=105671) get_body /opt/stack/cinder/cinder/api/openstack/wsgi.py:713}}
Jun 06 17:40:21.315957 dv-cinder-791281-4-smb devstack@c-api.service[105671]: /usr/local/lib/python3.8/dist-packages/webob/acceptparse.py:1047: DeprecationWarning: The behavior of AcceptValidHeader.best_match is currently being maintained for backward compatibility, but it will be deprecated in the future, as it does not conform to the RFC.
Jun 06 17:40:21.315957 dv-cinder-791281-4-smb devstack@c-api.service[105671]: warnings.warn(
Jun 06 17:40:21.316278 dv-cinder-791281-4-smb devstack@c-api.service[105671]: DEBUG cinder.api.openstack.wsgi [None req-fff9e0a7-fdd6-4156-b88f-077e17ef0be1 tempest-GroupsTest-279656767 tempest-GroupsTest-279656767-project] Calling method 'detail' {{(pid=105671) _process_stack /opt/stack/cinder/cinder/api/openstack/wsgi.py:866}}
Jun 06 17:40:21.316837 dv-cinder-791281-4-smb devstack@c-api.service[105671]: DEBUG cinder.api.api_utils [None req-fff9e0a7-fdd6-4156-b88f-077e17ef0be1 tempest-GroupsTest-279656767 tempest-GroupsTest-279656767-project] Removing options '' from query. {{(pid=105671) remove_invalid_filter_options /opt/stack/cinder/cinder/api/api_utils.py:73}}
Jun 06 17:40:21.317637 dv-cinder-791281-4-smb devstack@c-api.service[105671]: /usr/local/lib/python3.8/dist-packages/oslo_context/context.py:105: DeprecationWarning: Policy enforcement is depending on the value of is_admin. This key is deprecated. Please update your policy file to use the standard policy values.
Jun 06 17:40:21.317637 dv-cinder-791281-4-smb devstack@c-api.service[105671]: warnings.warn('Policy enforcement is depending on the value of '
Jun 06 17:40:21.319290 dv-cinder-791281-4-smb devstack@c-api.service[105671]: DEBUG cinder.volume.api [None req-fff9e0a7-fdd6-4156-b88f-077e17ef0be1 tempest-GroupsTest-279656767 tempest-GroupsTest-279656767-project] Searching by: MultiDict([('no_migration_targets', True)]). {{(pid=105671) get_all /opt/stack/cinder/cinder/volume/api.py:617}}
Jun 06 17:40:21.391959 dv-cinder-791281-4-smb devstack@c-api.service[105671]: INFO cinder.volume.api [None req-fff9e0a7-fdd6-4156-b88f-077e17ef0be1 tempest-GroupsTest-279656767 tempest-GroupsTest-279656767-project] Get all volumes completed successfully.
Jun 06 17:40:21.397116 dv-cinder-791281-4-smb devstack@c-api.service[105671]: INFO cinder.api.openstack.wsgi [None req-fff9e0a7-fdd6-4156-b88f-077e17ef0be1 tempest-GroupsTest-279656767 tempest-GroupsTest-279656767-project] http://10.222.0.23/volume/v3/e603f86561d34804b5fd84f9f8f8c257/volumes/detail returned with HTTP 200
Jun 06 17:40:21.397990 dv-cinder-791281-4-smb devstack@c-api.service[105671]: [pid: 105671|app: 0|req: 117/224] 10.222.0.23 () {60 vars in 1276 bytes} [Sun Jun 6 17:40:21 2021] GET /volume/v3/e603f86561d34804b5fd84f9f8f8c257/volumes/detail => generated 15 bytes in 89 msecs (HTTP/1.1 200) 7 headers in 285 bytes (1 switches on core 0)
Jun 06 17:40:21.406346 dv-cinder-791281-4-smb devstack@c-api.service[105671]: INFO cinder.api.openstack.wsgi [None req-815db0fc-162d-424a-a542-37401b5590d1 tempest-VolumeRetypeWithoutMigrationTest-511081608 tempest-VolumeRetypeWithoutMigrationTest-511081608-project] DELETE http://10.222.0.23/volume/v3/376cf42c1e474a3ebae1ea7b04c02b4a/volumes/882cb49a-b406-4f46-93c5-97a329903258
Jun 06 17:40:21.409652 dv-cinder-791281-4-smb devstack@c-api.service[105671]: DEBUG cinder.api.openstack.wsgi [None req-815db0fc-162d-424a-a542-37401b5590d1 tempest-VolumeRetypeWithoutMigrationTest-511081608 tempest-VolumeRetypeWithoutMigrationTest-511081608-project] Empty body provided in request {{(pid=105671) get_body /opt/stack/cinder/cinder/api/openstack/wsgi.py:713}}
Jun 06 17:40:21.410082 dv-cinder-791281-4-smb devstack@c-api.service[105671]: DEBUG cinder.api.openstack.wsgi [None req-815db0fc-162d-424a-a542-37401b5590d1 tempest-VolumeRetypeWithoutMigrationTest-511081608 tempest-VolumeRetypeWithoutMigrationTest-511081608-project] Calling method 'delete' {{(pid=105671) _process_stack /opt/stack/cinder/cinder/api/openstack/wsgi.py:866}}
Jun 06 17:40:21.410517 dv-cinder-791281-4-smb devstack@c-api.service[105671]: INFO cinder.api.v3.volumes [None req-815db0fc-162d-424a-a542-37401b5590d1 tempest-VolumeRetypeWithoutMigrationTest-511081608 tempest-VolumeRetypeWithoutMigrationTest-511081608-project] Delete volume with id: 882cb49a-b406-4f46-93c5-97a329903258
Jun 06 17:40:21.436287 dv-cinder-791281-4-smb devstack@c-api.service[105672]: DEBUG cinder.quota [None req-113ef939-17c6-4cab-9867-bc2c7f08aad2 tempest-VolumeTypesTest-821609692 tempest-VolumeTypesTest-821609692-project] Created reservations ['37e0e22c-7a14-4cda-b800-8a6783d8d205', '6dd1286a-206d-4bec-8b7d-c05a1acd53c0'] {{(pid=105672) reserve /opt/stack/cinder/cinder/quota.py:755}}
Jun 06 17:40:21.477359 dv-cinder-791281-4-smb devstack@c-api.service[105671]: /usr/local/lib/python3.8/dist-packages/oslo_context/context.py:105: DeprecationWarning: Policy enforcement is depending on the value of is_admin. This key is deprecated. Please update your policy file to use the standard policy values.
Jun 06 17:40:21.477359 dv-cinder-791281-4-smb devstack@c-api.service[105671]: warnings.warn('Policy enforcement is depending on the value of '
Jun 06 17:40:21.480427 dv-cinder-791281-4-smb devstack@c-api.service[105671]: INFO cinder.volume.api [None req-815db0fc-162d-424a-a542-37401b5590d1 tempest-VolumeRetypeWithoutMigrationTest-511081608 tempest-VolumeRetypeWithoutMigrationTest-511081608-project] Volume info retrieved successfully.
Jun 06 17:40:21.728399 dv-cinder-791281-4-smb devstack@c-api.service[105672]: INFO cinder.volume.api [None req-113ef939-17c6-4cab-9867-bc2c7f08aad2 tempest-VolumeTypesTest-821609692 tempest-VolumeTypesTest-821609692-project] Retype volume request issued successfully.
Jun 06 17:40:21.730138 dv-cinder-791281-4-smb devstack@c-api.service[105672]: INFO cinder.api.openstack.wsgi [None req-113ef939-17c6-4cab-9867-bc2c7f08aad2 tempest-VolumeTypesTest-821609692 tempest-VolumeTypesTest-821609692-project] http://10.222.0.23/volume/v3/422ee54c10df43c2a21bfabae008fdb9/volumes/5d16b9d7-03ef-4438-91ed-6641e8192f41/action returned with HTTP 202
Jun 06 17:40:21.732196 dv-cinder-791281-4-smb devstack@c-api.service[105672]: [pid: 105672|app: 0|req: 108/225] 10.222.0.23 () {60 vars in 1367 bytes} [Sun Jun 6 17:40:20 2021] POST /volume/v3/422ee54c10df43c2a21bfabae008fdb9/volumes/5d16b9d7-03ef-4438-91ed-6641e8192f41/action => generated 0 bytes in 869 msecs (HTTP/1.1 202) 7 headers in 289 bytes (1 switches on core 0)
Jun 06 17:40:21.733088 dv-cinder-791281-4-smb devstack@c-api.service[105671]: INFO cinder.volume.api [None req-815db0fc-162d-424a-a542-37401b5590d1 tempest-VolumeRetypeWithoutMigrationTest-511081608 tempest-VolumeRetypeWithoutMigrationTest-511081608-project] Delete volume request issued successfully.
Jun 06 17:40:21.733684 dv-cinder-791281-4-smb devstack@c-api.service[105671]: INFO cinder.api.openstack.wsgi [None req-815db0fc-162d-424a-a542-37401b5590d1 tempest-VolumeRetypeWithoutMigrationTest-511081608 tempest-VolumeRetypeWithoutMigrationTest-511081608-project] http://10.222.0.23/volume/v3/376cf42c1e474a3ebae1ea7b04c02b4a/volumes/882cb49a-b406-4f46-93c5-97a329903258 returned with HTTP 202
Jun 06 17:40:21.739322 dv-cinder-791281-4-smb devstack@c-api.service[105671]: [pid: 105671|app: 0|req: 118/226] 10.222.0.23 () {58 vars in 1328 bytes} [Sun Jun 6 17:40:21 2021] DELETE /volume/v3/376cf42c1e474a3ebae1ea7b04c02b4a/volumes/882cb49a-b406-4f46-93c5-97a329903258 => generated 0 bytes in 337 msecs (HTTP/1.1 202) 6 headers in 233 bytes (1 switches on core 0)
Jun 06 17:40:21.739604 dv-cinder-791281-4-smb devstack@c-api.service[105672]: INFO cinder.api.openstack.wsgi [None req-81cc0df2-9644-4530-91b9-e4f79e087c2d tempest-GroupsTest-279656767 tempest-GroupsTest-279656767-project] POST http://10.222.0.23/volume/v3/e603f86561d34804b5fd84f9f8f8c257/groups/abaa082e-6571-4d01-84fa-9ac113c366ff/action
Jun 06 17:40:21.739604 dv-cinder-791281-4-smb devstack@c-api.service[105672]: /usr/local/lib/python3.8/dist-packages/webob/acceptparse.py:1047: DeprecationWarning: The behavior of AcceptValidHeader.best_match is currently being maintained for backward compatibility, but it will be deprecated in the future, as it does not conform to the RFC.
Jun 06 17:40:21.739604 dv-cinder-791281-4-smb devstack@c-api.service[105672]: warnings.warn(
Jun 06 17:40:21.739604 dv-cinder-791281-4-smb devstack@c-api.service[105672]: DEBUG cinder.api.openstack.wsgi [None req-81cc0df2-9644-4530-91b9-e4f79e087c2d tempest-GroupsTest-279656767 tempest-GroupsTest-279656767-project] Action body: b'{"delete": {"delete-volumes": true}}' {{(pid=105672) get_method /opt/stack/cinder/cinder/api/openstack/wsgi.py:981}}
Jun 06 17:40:21.739604 dv-cinder-791281-4-smb devstack@c-api.service[105672]: DEBUG cinder.api.openstack.wsgi [None req-81cc0df2-9644-4530-91b9-e4f79e087c2d tempest-GroupsTest-279656767 tempest-GroupsTest-279656767-project] Action: 'action', calling method: delete_group, body: {"delete": {"delete-volumes": true}} {{(pid=105672) _process_stack /opt/stack/cinder/cinder/api/openstack/wsgi.py:864}}
Jun 06 17:40:21.741480 dv-cinder-791281-4-smb devstack@c-api.service[105672]: DEBUG cinder.api.v3.groups [None req-81cc0df2-9644-4530-91b9-e4f79e087c2d tempest-GroupsTest-279656767 tempest-GroupsTest-279656767-project] delete called for group abaa082e-6571-4d01-84fa-9ac113c366ff {{(pid=105672) _delete /opt/stack/cinder/cinder/api/v3/groups.py:117}}
Jun 06 17:40:21.741943 dv-cinder-791281-4-smb devstack@c-api.service[105672]: INFO cinder.api.v3.groups [None req-81cc0df2-9644-4530-91b9-e4f79e087c2d tempest-GroupsTest-279656767 tempest-GroupsTest-279656767-project] Delete group with id: abaa082e-6571-4d01-84fa-9ac113c366ff
Jun 06 17:40:21.745668 dv-cinder-791281-4-smb devstack@c-api.service[105671]: INFO cinder.api.openstack.wsgi [None req-cac6cf8e-162e-46eb-bdd7-d177362d59a0 tempest-VolumeRetypeWithoutMigrationTest-511081608 tempest-VolumeRetypeWithoutMigrationTest-511081608-project] GET http://10.222.0.23/volume/v3/376cf42c1e474a3ebae1ea7b04c02b4a/volumes/882cb49a-b406-4f46-93c5-97a329903258
Jun 06 17:40:21.746143 dv-cinder-791281-4-smb devstack@c-api.service[105671]: DEBUG cinder.api.openstack.wsgi [None req-cac6cf8e-162e-46eb-bdd7-d177362d59a0 tempest-VolumeRetypeWithoutMigrationTest-511081608 tempest-VolumeRetypeWithoutMigrationTest-511081608-project] Empty body provided in request {{(pid=105671) get_body /opt/stack/cinder/cinder/api/openstack/wsgi.py:713}}
Jun 06 17:40:21.746334 dv-cinder-791281-4-smb devstack@c-api.service[105671]: /usr/local/lib/python3.8/dist-packages/webob/acceptparse.py:1047: DeprecationWarning: The behavior of AcceptValidHeader.best_match is currently being maintained for backward compatibility, but it will be deprecated in the future, as it does not conform to the RFC.
Jun 06 17:40:21.746334 dv-cinder-791281-4-smb devstack@c-api.service[105671]: warnings.warn(
Jun 06 17:40:21.746840 dv-cinder-791281-4-smb devstack@c-api.service[105671]: DEBUG cinder.api.openstack.wsgi [None req-cac6cf8e-162e-46eb-bdd7-d177362d59a0 tempest-VolumeRetypeWithoutMigrationTest-511081608 tempest-VolumeRetypeWithoutMigrationTest-511081608-project] Calling method 'show' {{(pid=105671) _process_stack /opt/stack/cinder/cinder/api/openstack/wsgi.py:866}}
Jun 06 17:40:21.748964 dv-cinder-791281-4-smb devstack@c-api.service[105672]: INFO cinder.api.openstack.wsgi [None req-81cc0df2-9644-4530-91b9-e4f79e087c2d tempest-GroupsTest-279656767 tempest-GroupsTest-279656767-project] http://10.222.0.23/volume/v3/e603f86561d34804b5fd84f9f8f8c257/groups/abaa082e-6571-4d01-84fa-9ac113c366ff/action returned with HTTP 404
Jun 06 17:40:21.754341 dv-cinder-791281-4-smb devstack@c-api.service[105672]: [pid: 105672|app: 0|req: 109/227] 10.222.0.23 () {62 vars in 1405 bytes} [Sun Jun 6 17:40:21 2021] POST /volume/v3/e603f86561d34804b5fd84f9f8f8c257/groups/abaa082e-6571-4d01-84fa-9ac113c366ff/action => generated 108 bytes in 23 msecs (HTTP/1.1 404) 7 headers in 293 bytes (1 switches on core 0)
Jun 06 17:40:21.759694 dv-cinder-791281-4-smb devstack@c-api.service[105672]: INFO cinder.api.openstack.wsgi [None req-c599c8e9-ad40-482c-829e-7d6c588ade14 tempest-VolumeTypesTest-821609692 tempest-VolumeTypesTest-821609692-project] GET http://10.222.0.23/volume/v3/422ee54c10df43c2a21bfabae008fdb9/volumes/5d16b9d7-03ef-4438-91ed-6641e8192f41
Jun 06 17:40:21.760357 dv-cinder-791281-4-smb devstack@c-api.service[105672]: DEBUG cinder.api.openstack.wsgi [None req-c599c8e9-ad40-482c-829e-7d6c588ade14 tempest-VolumeTypesTest-821609692 tempest-VolumeTypesTest-821609692-project] Empty body provided in request {{(pid=105672) get_body /opt/stack/cinder/cinder/api/openstack/wsgi.py:713}}
Jun 06 17:40:21.761073 dv-cinder-791281-4-smb devstack@c-api.service[105672]: DEBUG cinder.api.openstack.wsgi [None req-c599c8e9-ad40-482c-829e-7d6c588ade14 tempest-VolumeTypesTest-821609692 tempest-VolumeTypesTest-821609692-project] Calling method 'show' {{(pid=105672) _process_stack /opt/stack/cinder/cinder/api/openstack/wsgi.py:866}}
Jun 06 17:40:21.799288 dv-cinder-791281-4-smb devstack@c-api.service[105671]: /usr/local/lib/python3.8/dist-packages/oslo_context/context.py:105: DeprecationWarning: Policy enforcement is depending on the value of is_admin. This key is deprecated. Please update your policy file to use the standard policy values.
Jun 06 17:40:21.799288 dv-cinder-791281-4-smb devstack@c-api.service[105671]: warnings.warn('Policy enforcement is depending on the value of '
Jun 06 17:40:21.807853 dv-cinder-791281-4-smb devstack@c-api.service[105671]: INFO cinder.volume.api [None req-cac6cf8e-162e-46eb-bdd7-d177362d59a0 tempest-VolumeRetypeWithoutMigrationTest-511081608 tempest-VolumeRetypeWithoutMigrationTest-511081608-project] Volume info retrieved successfully.
Jun 06 17:40:21.823317 dv-cinder-791281-4-smb devstack@c-api.service[105672]: /usr/local/lib/python3.8/dist-packages/oslo_context/context.py:105: DeprecationWarning: Policy enforcement is depending on the value of is_admin. This key is deprecated. Please update your policy file to use the standard policy values.
Jun 06 17:40:21.823317 dv-cinder-791281-4-smb devstack@c-api.service[105672]: warnings.warn('Policy enforcement is depending on the value of '
Jun 06 17:40:21.828352 dv-cinder-791281-4-smb devstack@c-api.service[105671]: INFO cinder.api.openstack.wsgi [None req-cac6cf8e-162e-46eb-bdd7-d177362d59a0 tempest-VolumeRetypeWithoutMigrationTest-511081608 tempest-VolumeRetypeWithoutMigrationTest-511081608-project] http://10.222.0.23/volume/v3/376cf42c1e474a3ebae1ea7b04c02b4a/volumes/882cb49a-b406-4f46-93c5-97a329903258 returned with HTTP 200
Jun 06 17:40:21.838059 dv-cinder-791281-4-smb devstack@c-api.service[105671]: [pid: 105671|app: 0|req: 119/228] 10.222.0.23 () {58 vars in 1325 bytes} [Sun Jun 6 17:40:21 2021] GET /volume/v3/376cf42c1e474a3ebae1ea7b04c02b4a/volumes/882cb49a-b406-4f46-93c5-97a329903258 => generated 926 bytes in 87 msecs (HTTP/1.1 200) 7 headers in 285 bytes (1 switches on core 0)
Jun 06 17:40:21.838059 dv-cinder-791281-4-smb devstack@c-api.service[105671]: INFO cinder.api.openstack.wsgi [None req-b995c5eb-7029-4705-952e-35595d8b3d3c tempest-DeleteServersTestJSON-1317272803 tempest-DeleteServersTestJSON-1317272803-project] GET http://10.222.0.23/volume/v3/1a0907a1c7214c1d9ddaaac9adedd3b6/volumes/ff3e5fd9-29cf-4530-9f89-949fb59f199d
Jun 06 17:40:21.838059 dv-cinder-791281-4-smb devstack@c-api.service[105671]: DEBUG cinder.api.openstack.wsgi [None req-b995c5eb-7029-4705-952e-35595d8b3d3c tempest-DeleteServersTestJSON-1317272803 tempest-DeleteServersTestJSON-1317272803-project] Empty body provided in request {{(pid=105671) get_body /opt/stack/cinder/cinder/api/openstack/wsgi.py:713}}
Jun 06 17:40:21.838059 dv-cinder-791281-4-smb devstack@c-api.service[105671]: /usr/local/lib/python3.8/dist-packages/webob/acceptparse.py:1047: DeprecationWarning: The behavior of AcceptValidHeader.best_match is currently being maintained for backward compatibility, but it will be deprecated in the future, as it does not conform to the RFC.
Jun 06 17:40:21.838059 dv-cinder-791281-4-smb devstack@c-api.service[105671]: warnings.warn(
Jun 06 17:40:21.838059 dv-cinder-791281-4-smb devstack@c-api.service[105671]: DEBUG cinder.api.openstack.wsgi [None req-b995c5eb-7029-4705-952e-35595d8b3d3c tempest-DeleteServersTestJSON-1317272803 tempest-DeleteServersTestJSON-1317272803-project] Calling method 'show' {{(pid=105671) _process_stack /opt/stack/cinder/cinder/api/openstack/wsgi.py:866}}
Jun 06 17:40:21.847151 dv-cinder-791281-4-smb devstack@c-api.service[105672]: INFO cinder.volume.api [None req-c599c8e9-ad40-482c-829e-7d6c588ade14 tempest-VolumeTypesTest-821609692 tempest-VolumeTypesTest-821609692-project] Volume info retrieved successfully.
Jun 06 17:40:21.881085 dv-cinder-791281-4-smb devstack@c-api.service[105671]: /usr/local/lib/python3.8/dist-packages/oslo_context/context.py:105: DeprecationWarning: Policy enforcement is depending on the value of is_admin. This key is deprecated. Please update your policy file to use the standard policy values.
Jun 06 17:40:21.881085 dv-cinder-791281-4-smb devstack@c-api.service[105671]: warnings.warn('Policy enforcement is depending on the value of '
Jun 06 17:40:21.884185 dv-cinder-791281-4-smb devstack@c-api.service[105672]: INFO cinder.api.openstack.wsgi [None req-c599c8e9-ad40-482c-829e-7d6c588ade14 tempest-VolumeTypesTest-821609692 tempest-VolumeTypesTest-821609692-project] http://10.222.0.23/volume/v3/422ee54c10df43c2a21bfabae008fdb9/volumes/5d16b9d7-03ef-4438-91ed-6641e8192f41 returned with HTTP 200
Jun 06 17:40:21.886547 dv-cinder-791281-4-smb devstack@c-api.service[105672]: [pid: 105672|app: 0|req: 110/229] 10.222.0.23 () {58 vars in 1325 bytes} [Sun Jun 6 17:40:21 2021] GET /volume/v3/422ee54c10df43c2a21bfabae008fdb9/volumes/5d16b9d7-03ef-4438-91ed-6641e8192f41 => generated 942 bytes in 132 msecs (HTTP/1.1 200) 7 headers in 285 bytes (1 switches on core 0)
Jun 06 17:40:21.890012 dv-cinder-791281-4-smb devstack@c-api.service[105671]: INFO cinder.volume.api [None req-b995c5eb-7029-4705-952e-35595d8b3d3c tempest-DeleteServersTestJSON-1317272803 tempest-DeleteServersTestJSON-1317272803-project] Volume info retrieved successfully.
Jun 06 17:40:21.897959 dv-cinder-791281-4-smb devstack@c-api.service[105672]: INFO cinder.api.openstack.wsgi [None req-48c603cc-f25a-4a9f-9eb8-2222bc81d574 tempest-GroupsTest-1768890278 tempest-GroupsTest-1768890278-project-admin] DELETE http://10.222.0.23/volume/v3/6b7eb1cffa5f49ba967f692418281f79/group_types/2bc18167-460e-4538-a77a-ef93087c5126
Jun 06 17:40:21.898502 dv-cinder-791281-4-smb devstack@c-api.service[105672]: DEBUG cinder.api.openstack.wsgi [None req-48c603cc-f25a-4a9f-9eb8-2222bc81d574 tempest-GroupsTest-1768890278 tempest-GroupsTest-1768890278-project-admin] Empty body provided in request {{(pid=105672) get_body /opt/stack/cinder/cinder/api/openstack/wsgi.py:713}}
Jun 06 17:40:21.898682 dv-cinder-791281-4-smb devstack@c-api.service[105672]: /usr/local/lib/python3.8/dist-packages/webob/acceptparse.py:1047: DeprecationWarning: The behavior of AcceptValidHeader.best_match is currently being maintained for backward compatibility, but it will be deprecated in the future, as it does not conform to the RFC.
Jun 06 17:40:21.898682 dv-cinder-791281-4-smb devstack@c-api.service[105672]: warnings.warn(
Jun 06 17:40:21.899001 dv-cinder-791281-4-smb devstack@c-api.service[105672]: DEBUG cinder.api.openstack.wsgi [None req-48c603cc-f25a-4a9f-9eb8-2222bc81d574 tempest-GroupsTest-1768890278 tempest-GroupsTest-1768890278-project-admin] Calling method 'version_select' {{(pid=105672) _process_stack /opt/stack/cinder/cinder/api/openstack/wsgi.py:866}}
Jun 06 17:40:21.909013 dv-cinder-791281-4-smb devstack@c-api.service[105671]: /usr/local/lib/python3.8/dist-packages/oslo_context/context.py:105: DeprecationWarning: Policy enforcement is depending on the value of is_admin. This key is deprecated. Please update your policy file to use the standard policy values.
Jun 06 17:40:21.909013 dv-cinder-791281-4-smb devstack@c-api.service[105671]: warnings.warn('Policy enforcement is depending on the value of '
Jun 06 17:40:21.918695 dv-cinder-791281-4-smb devstack@c-api.service[105671]: INFO cinder.api.openstack.wsgi [None req-b995c5eb-7029-4705-952e-35595d8b3d3c tempest-DeleteServersTestJSON-1317272803 tempest-DeleteServersTestJSON-1317272803-project] http://10.222.0.23/volume/v3/1a0907a1c7214c1d9ddaaac9adedd3b6/volumes/ff3e5fd9-29cf-4530-9f89-949fb59f199d returned with HTTP 200
Jun 06 17:40:21.927344 dv-cinder-791281-4-smb devstack@c-api.service[105671]: [pid: 105671|app: 0|req: 120/230] 10.222.0.23 () {58 vars in 1325 bytes} [Sun Jun 6 17:40:21 2021] GET /volume/v3/1a0907a1c7214c1d9ddaaac9adedd3b6/volumes/ff3e5fd9-29cf-4530-9f89-949fb59f199d => generated 914 bytes in 90 msecs (HTTP/1.1 200) 7 headers in 285 bytes (1 switches on core 0)
Jun 06 17:40:21.927344 dv-cinder-791281-4-smb devstack@c-api.service[105671]: INFO cinder.api.openstack.wsgi [None req-cff44f6e-3452-4a18-af71-7561bae976d5 tempest-SnapshotsActionsTest-290340039 tempest-SnapshotsActionsTest-290340039-project] GET http://10.222.0.23/volume/v3/6121096cc44f4bc2807fd984a102f2b3/snapshots/15bd051f-63a7-4106-a840-19fe0ad0adb6
Jun 06 17:40:21.927344 dv-cinder-791281-4-smb devstack@c-api.service[105671]: DEBUG cinder.api.openstack.wsgi [None req-cff44f6e-3452-4a18-af71-7561bae976d5 tempest-SnapshotsActionsTest-290340039 tempest-SnapshotsActionsTest-290340039-project] Empty body provided in request {{(pid=105671) get_body /opt/stack/cinder/cinder/api/openstack/wsgi.py:713}}
Jun 06 17:40:21.927344 dv-cinder-791281-4-smb devstack@c-api.service[105671]: /usr/local/lib/python3.8/dist-packages/webob/acceptparse.py:1047: DeprecationWarning: The behavior of AcceptValidHeader.best_match is currently being maintained for backward compatibility, but it will be deprecated in the future, as it does not conform to the RFC.
Jun 06 17:40:21.927344 dv-cinder-791281-4-smb devstack@c-api.service[105671]: warnings.warn(
Jun 06 17:40:21.927344 dv-cinder-791281-4-smb devstack@c-api.service[105671]: DEBUG cinder.api.openstack.wsgi [None req-cff44f6e-3452-4a18-af71-7561bae976d5 tempest-SnapshotsActionsTest-290340039 tempest-SnapshotsActionsTest-290340039-project] Calling method 'show' {{(pid=105671) _process_stack /opt/stack/cinder/cinder/api/openstack/wsgi.py:866}}
Jun 06 17:40:21.955451 dv-cinder-791281-4-smb devstack@c-api.service[105671]: /usr/local/lib/python3.8/dist-packages/oslo_context/context.py:105: DeprecationWarning: Policy enforcement is depending on the value of is_admin. This key is deprecated. Please update your policy file to use the standard policy values.
Jun 06 17:40:21.955451 dv-cinder-791281-4-smb devstack@c-api.service[105671]: warnings.warn('Policy enforcement is depending on the value of '
Jun 06 17:40:21.957058 dv-cinder-791281-4-smb devstack@c-api.service[105671]: INFO cinder.volume.api [None req-cff44f6e-3452-4a18-af71-7561bae976d5 tempest-SnapshotsActionsTest-290340039 tempest-SnapshotsActionsTest-290340039-project] Snapshot retrieved successfully.
Jun 06 17:40:21.959919 dv-cinder-791281-4-smb devstack@c-api.service[105671]: INFO cinder.api.openstack.wsgi [None req-cff44f6e-3452-4a18-af71-7561bae976d5 tempest-SnapshotsActionsTest-290340039 tempest-SnapshotsActionsTest-290340039-project] http://10.222.0.23/volume/v3/6121096cc44f4bc2807fd984a102f2b3/snapshots/15bd051f-63a7-4106-a840-19fe0ad0adb6 returned with HTTP 200
Jun 06 17:40:21.965769 dv-cinder-791281-4-smb devstack@c-api.service[105671]: [pid: 105671|app: 0|req: 121/231] 10.222.0.23 () {58 vars in 1331 bytes} [Sun Jun 6 17:40:21 2021] GET /volume/v3/6121096cc44f4bc2807fd984a102f2b3/snapshots/15bd051f-63a7-4106-a840-19fe0ad0adb6 => generated 569 bytes in 40 msecs (HTTP/1.1 200) 7 headers in 285 bytes (1 switches on core 0)
Jun 06 17:40:21.965769 dv-cinder-791281-4-smb devstack@c-api.service[105671]: INFO cinder.api.openstack.wsgi [req-3a5a52bd-dfac-49e9-a6b1-6a0760c80612 req-eae2b14d-a7fc-4b2c-a562-75c54d561d22 tempest-DeleteServersTestJSON-1317272803 tempest-DeleteServersTestJSON-1317272803-project] POST http://10.222.0.23/volume/v3/1a0907a1c7214c1d9ddaaac9adedd3b6/attachments/9c2c5971-da5c-42e3-ab97-2608f21b30a0/action
Jun 06 17:40:21.965769 dv-cinder-791281-4-smb devstack@c-api.service[105671]: /usr/local/lib/python3.8/dist-packages/webob/acceptparse.py:1047: DeprecationWarning: The behavior of AcceptValidHeader.best_match is currently being maintained for backward compatibility, but it will be deprecated in the future, as it does not conform to the RFC.
Jun 06 17:40:21.965769 dv-cinder-791281-4-smb devstack@c-api.service[105671]: warnings.warn(
Jun 06 17:40:21.966521 dv-cinder-791281-4-smb devstack@c-api.service[105671]: DEBUG cinder.api.openstack.wsgi [req-3a5a52bd-dfac-49e9-a6b1-6a0760c80612 req-eae2b14d-a7fc-4b2c-a562-75c54d561d22 tempest-DeleteServersTestJSON-1317272803 tempest-DeleteServersTestJSON-1317272803-project] Action body: b'{"os-complete": null}' {{(pid=105671) get_method /opt/stack/cinder/cinder/api/openstack/wsgi.py:981}}
Jun 06 17:40:21.966521 dv-cinder-791281-4-smb devstack@c-api.service[105671]: DEBUG cinder.api.openstack.wsgi [req-3a5a52bd-dfac-49e9-a6b1-6a0760c80612 req-eae2b14d-a7fc-4b2c-a562-75c54d561d22 tempest-DeleteServersTestJSON-1317272803 tempest-DeleteServersTestJSON-1317272803-project] Action: 'action', calling method: version_select, body: {"os-complete": null} {{(pid=105671) _process_stack /opt/stack/cinder/cinder/api/openstack/wsgi.py:864}}
Jun 06 17:40:22.008911 dv-cinder-791281-4-smb devstack@c-api.service[105672]: INFO cinder.api.openstack.wsgi [None req-48c603cc-f25a-4a9f-9eb8-2222bc81d574 tempest-GroupsTest-1768890278 tempest-GroupsTest-1768890278-project-admin] http://10.222.0.23/volume/v3/6b7eb1cffa5f49ba967f692418281f79/group_types/2bc18167-460e-4538-a77a-ef93087c5126 returned with HTTP 202
Jun 06 17:40:22.011686 dv-cinder-791281-4-smb devstack@c-api.service[105672]: [pid: 105672|app: 0|req: 111/232] 10.222.0.23 () {60 vars in 1381 bytes} [Sun Jun 6 17:40:21 2021] DELETE /volume/v3/6b7eb1cffa5f49ba967f692418281f79/group_types/2bc18167-460e-4538-a77a-ef93087c5126 => generated 0 bytes in 123 msecs (HTTP/1.1 202) 6 headers in 234 bytes (1 switches on core 0)
Jun 06 17:40:22.017029 dv-cinder-791281-4-smb devstack@c-api.service[105672]: INFO cinder.api.openstack.wsgi [None req-53f16487-aebf-4e9a-8861-542345884677 tempest-SnapshotsActionsTest-1220095692 tempest-SnapshotsActionsTest-1220095692-project-admin] POST http://10.222.0.23/volume/v3/a98b45ed208e43f0a4d57423461e999a/snapshots/15bd051f-63a7-4106-a840-19fe0ad0adb6/action
Jun 06 17:40:22.019942 dv-cinder-791281-4-smb devstack@c-api.service[105672]: DEBUG cinder.api.openstack.wsgi [None req-53f16487-aebf-4e9a-8861-542345884677 tempest-SnapshotsActionsTest-1220095692 tempest-SnapshotsActionsTest-1220095692-project-admin] Action body: b'{"os-reset_status": {"status": "deleting"}}' {{(pid=105672) get_method /opt/stack/cinder/cinder/api/openstack/wsgi.py:981}}
Jun 06 17:40:22.020367 dv-cinder-791281-4-smb devstack@c-api.service[105672]: DEBUG cinder.api.openstack.wsgi [None req-53f16487-aebf-4e9a-8861-542345884677 tempest-SnapshotsActionsTest-1220095692 tempest-SnapshotsActionsTest-1220095692-project-admin] Action: 'action', calling method: _reset_status, body: {"os-reset_status": {"status": "deleting"}} {{(pid=105672) _process_stack /opt/stack/cinder/cinder/api/openstack/wsgi.py:864}}
Jun 06 17:40:22.021346 dv-cinder-791281-4-smb devstack@c-api.service[105672]: DEBUG cinder.api.contrib.admin_actions [None req-53f16487-aebf-4e9a-8861-542345884677 tempest-SnapshotsActionsTest-1220095692 tempest-SnapshotsActionsTest-1220095692-project-admin] Updating snapshot '15bd051f-63a7-4106-a840-19fe0ad0adb6' with '{'status': 'deleting'}' {{(pid=105672) _reset_status /opt/stack/cinder/cinder/api/contrib/admin_actions.py:100}}
Jun 06 17:40:22.050439 dv-cinder-791281-4-smb devstack@c-api.service[105671]: /usr/local/lib/python3.8/dist-packages/oslo_context/context.py:105: DeprecationWarning: Policy enforcement is depending on the value of is_admin. This key is deprecated. Please update your policy file to use the standard policy values.
Jun 06 17:40:22.050439 dv-cinder-791281-4-smb devstack@c-api.service[105671]: warnings.warn('Policy enforcement is depending on the value of '
Jun 06 17:40:22.078051 dv-cinder-791281-4-smb devstack@c-api.service[105672]: /usr/local/lib/python3.8/dist-packages/oslo_context/context.py:105: DeprecationWarning: Policy enforcement is depending on the value of is_admin. This key is deprecated. Please update your policy file to use the standard policy values.
Jun 06 17:40:22.078051 dv-cinder-791281-4-smb devstack@c-api.service[105672]: warnings.warn('Policy enforcement is depending on the value of '
Jun 06 17:40:22.198406 dv-cinder-791281-4-smb devstack@c-api.service[105672]: INFO cinder.api.openstack.wsgi [None req-53f16487-aebf-4e9a-8861-542345884677 tempest-SnapshotsActionsTest-1220095692 tempest-SnapshotsActionsTest-1220095692-project-admin] http://10.222.0.23/volume/v3/a98b45ed208e43f0a4d57423461e999a/snapshots/15bd051f-63a7-4106-a840-19fe0ad0adb6/action returned with HTTP 202
Jun 06 17:40:22.202251 dv-cinder-791281-4-smb devstack@c-api.service[105672]: [pid: 105672|app: 0|req: 112/233] 10.222.0.23 () {60 vars in 1373 bytes} [Sun Jun 6 17:40:22 2021] POST /volume/v3/a98b45ed208e43f0a4d57423461e999a/snapshots/15bd051f-63a7-4106-a840-19fe0ad0adb6/action => generated 0 bytes in 189 msecs (HTTP/1.1 202) 7 headers in 289 bytes (1 switches on core 0)
Jun 06 17:40:22.202400 dv-cinder-791281-4-smb devstack@c-api.service[105671]: INFO cinder.api.openstack.wsgi [req-3a5a52bd-dfac-49e9-a6b1-6a0760c80612 req-eae2b14d-a7fc-4b2c-a562-75c54d561d22 tempest-DeleteServersTestJSON-1317272803 tempest-DeleteServersTestJSON-1317272803-project] http://10.222.0.23/volume/v3/1a0907a1c7214c1d9ddaaac9adedd3b6/attachments/9c2c5971-da5c-42e3-ab97-2608f21b30a0/action returned with HTTP 204
Jun 06 17:40:22.202400 dv-cinder-791281-4-smb devstack@c-api.service[105671]: [pid: 105671|app: 0|req: 122/234] 10.222.0.21 () {64 vars in 1499 bytes} [Sun Jun 6 17:40:21 2021] POST /volume/v3/1a0907a1c7214c1d9ddaaac9adedd3b6/attachments/9c2c5971-da5c-42e3-ab97-2608f21b30a0/action => generated 0 bytes in 240 msecs (HTTP/1.1 204) 7 headers in 292 bytes (1 switches on core 0)
Jun 06 17:40:22.204633 dv-cinder-791281-4-smb devstack@c-api.service[105672]: INFO cinder.api.openstack.wsgi [None req-a5f44071-9629-4f63-a103-f9d89e42dfd0 tempest-GroupsTest-1768890278 tempest-GroupsTest-1768890278-project-admin] POST http://10.222.0.23/volume/v3/6b7eb1cffa5f49ba967f692418281f79/types
Jun 06 17:40:22.205018 dv-cinder-791281-4-smb devstack@c-api.service[105672]: /usr/local/lib/python3.8/dist-packages/webob/acceptparse.py:1047: DeprecationWarning: The behavior of AcceptValidHeader.best_match is currently being maintained for backward compatibility, but it will be deprecated in the future, as it does not conform to the RFC.
Jun 06 17:40:22.205018 dv-cinder-791281-4-smb devstack@c-api.service[105672]: warnings.warn(
Jun 06 17:40:22.205404 dv-cinder-791281-4-smb devstack@c-api.service[105672]: DEBUG cinder.api.openstack.wsgi [None req-a5f44071-9629-4f63-a103-f9d89e42dfd0 tempest-GroupsTest-1768890278 tempest-GroupsTest-1768890278-project-admin] Action: 'create', calling method: _create, body: {"volume_type": {"name": "tempest-GroupsTest-volume-type-1341530281"}} {{(pid=105672) _process_stack /opt/stack/cinder/cinder/api/openstack/wsgi.py:864}}
Jun 06 17:40:22.206623 dv-cinder-791281-4-smb devstack@c-api.service[105672]: /usr/local/lib/python3.8/dist-packages/oslo_context/context.py:105: DeprecationWarning: Policy enforcement is depending on the value of is_admin. This key is deprecated. Please update your policy file to use the standard policy values.
Jun 06 17:40:22.206623 dv-cinder-791281-4-smb devstack@c-api.service[105672]: warnings.warn('Policy enforcement is depending on the value of '
Jun 06 17:40:22.207750 dv-cinder-791281-4-smb devstack@c-api.service[105671]: INFO cinder.api.openstack.wsgi [None req-38651a75-bb84-4b8f-b728-3b253b9127d6 tempest-SnapshotsActionsTest-290340039 tempest-SnapshotsActionsTest-290340039-project] GET http://10.222.0.23/volume/v3/6121096cc44f4bc2807fd984a102f2b3/snapshots/15bd051f-63a7-4106-a840-19fe0ad0adb6
Jun 06 17:40:22.208140 dv-cinder-791281-4-smb devstack@c-api.service[105671]: DEBUG cinder.api.openstack.wsgi [None req-38651a75-bb84-4b8f-b728-3b253b9127d6 tempest-SnapshotsActionsTest-290340039 tempest-SnapshotsActionsTest-290340039-project] Empty body provided in request {{(pid=105671) get_body /opt/stack/cinder/cinder/api/openstack/wsgi.py:713}}
Jun 06 17:40:22.212913 dv-cinder-791281-4-smb devstack@c-api.service[105671]: /usr/local/lib/python3.8/dist-packages/webob/acceptparse.py:1047: DeprecationWarning: The behavior of AcceptValidHeader.best_match is currently being maintained for backward compatibility, but it will be deprecated in the future, as it does not conform to the RFC.
Jun 06 17:40:22.212913 dv-cinder-791281-4-smb devstack@c-api.service[105671]: warnings.warn(
Jun 06 17:40:22.212913 dv-cinder-791281-4-smb devstack@c-api.service[105671]: DEBUG cinder.api.openstack.wsgi [None req-38651a75-bb84-4b8f-b728-3b253b9127d6 tempest-SnapshotsActionsTest-290340039 tempest-SnapshotsActionsTest-290340039-project] Calling method 'show' {{(pid=105671) _process_stack /opt/stack/cinder/cinder/api/openstack/wsgi.py:866}}
Jun 06 17:40:22.251715 dv-cinder-791281-4-smb devstack@c-api.service[105671]: /usr/local/lib/python3.8/dist-packages/oslo_context/context.py:105: DeprecationWarning: Policy enforcement is depending on the value of is_admin. This key is deprecated. Please update your policy file to use the standard policy values.
Jun 06 17:40:22.251715 dv-cinder-791281-4-smb devstack@c-api.service[105671]: warnings.warn('Policy enforcement is depending on the value of '
Jun 06 17:40:22.252738 dv-cinder-791281-4-smb devstack@c-api.service[105671]: INFO cinder.volume.api [None req-38651a75-bb84-4b8f-b728-3b253b9127d6 tempest-SnapshotsActionsTest-290340039 tempest-SnapshotsActionsTest-290340039-project] Snapshot retrieved successfully.
Jun 06 17:40:22.254708 dv-cinder-791281-4-smb devstack@c-api.service[105671]: INFO cinder.api.openstack.wsgi [None req-38651a75-bb84-4b8f-b728-3b253b9127d6 tempest-SnapshotsActionsTest-290340039 tempest-SnapshotsActionsTest-290340039-project] http://10.222.0.23/volume/v3/6121096cc44f4bc2807fd984a102f2b3/snapshots/15bd051f-63a7-4106-a840-19fe0ad0adb6 returned with HTTP 200
Jun 06 17:40:22.255452 dv-cinder-791281-4-smb devstack@c-api.service[105671]: [pid: 105671|app: 0|req: 123/235] 10.222.0.23 () {58 vars in 1331 bytes} [Sun Jun 6 17:40:22 2021] GET /volume/v3/6121096cc44f4bc2807fd984a102f2b3/snapshots/15bd051f-63a7-4106-a840-19fe0ad0adb6 => generated 568 bytes in 52 msecs (HTTP/1.1 200) 7 headers in 285 bytes (1 switches on core 0)
