Jun 06 17:40:24.368264 dv-cinder-791281-4-iscsi devstack@c-api.service[105677]: warnings.warn('Policy enforcement is depending on the value of '
Jun 06 17:40:24.377043 dv-cinder-791281-4-iscsi devstack@c-api.service[105677]: INFO cinder.api.openstack.wsgi [None req-6a673c9d-eee2-4da7-9b90-aef492a75191 tempest-DeleteServersTestJSON-619870400 tempest-DeleteServersTestJSON-619870400-project] http://10.222.0.18/volume/v3/6087608247b94f6ea06ea8a7325eabbe/volumes/5d046200-99c2-4875-9ecf-10e08881a343 returned with HTTP 200
Jun 06 17:40:24.377770 dv-cinder-791281-4-iscsi devstack@c-api.service[105677]: [pid: 105677|app: 0|req: 153/325] 10.222.0.18 () {58 vars in 1325 bytes} [Sun Jun 6 17:40:24 2021] GET /volume/v3/6087608247b94f6ea06ea8a7325eabbe/volumes/5d046200-99c2-4875-9ecf-10e08881a343 => generated 914 bytes in 83 msecs (HTTP/1.1 200) 7 headers in 285 bytes (2 switches on core 0)
Jun 06 17:40:24.381182 dv-cinder-791281-4-iscsi devstack@c-api.service[105677]: INFO cinder.api.openstack.wsgi [None req-01561e41-c389-4bab-93a2-d9fabab40180 tempest-VolumesListAdminTestJSON-1630634435 tempest-VolumesListAdminTestJSON-1630634435-project] GET http://10.222.0.18/volume/v3/c51a9b05e1be43eb82bcc0ee1b8467a0/volumes/18e4c223-93ec-4de0-a289-26b09493dfa1
Jun 06 17:40:24.381622 dv-cinder-791281-4-iscsi devstack@c-api.service[105677]: DEBUG cinder.api.openstack.wsgi [None req-01561e41-c389-4bab-93a2-d9fabab40180 tempest-VolumesListAdminTestJSON-1630634435 tempest-VolumesListAdminTestJSON-1630634435-project] Empty body provided in request {{(pid=105677) get_body /opt/stack/cinder/cinder/api/openstack/wsgi.py:713}}
Jun 06 17:40:24.381782 dv-cinder-791281-4-iscsi devstack@c-api.service[105677]: /usr/local/lib/python3.8/dist-packages/webob/acceptparse.py:1047: DeprecationWarning: The behavior of AcceptValidHeader.best_match is currently being maintained for backward compatibility, but it will be deprecated in the future, as it does not conform to the RFC.
Jun 06 17:40:24.381782 dv-cinder-791281-4-iscsi devstack@c-api.service[105677]: warnings.warn(
Jun 06 17:40:24.382100 dv-cinder-791281-4-iscsi devstack@c-api.service[105677]: DEBUG cinder.api.openstack.wsgi [None req-01561e41-c389-4bab-93a2-d9fabab40180 tempest-VolumesListAdminTestJSON-1630634435 tempest-VolumesListAdminTestJSON-1630634435-project] Calling method 'show' {{(pid=105677) _process_stack /opt/stack/cinder/cinder/api/openstack/wsgi.py:866}}
Jun 06 17:40:24.421301 dv-cinder-791281-4-iscsi devstack@c-api.service[105676]: INFO cinder.api.openstack.wsgi [None req-d81c0720-8d8a-46ae-b1bd-c89bd184fe22 tempest-QosSpecsTestJSON-1788911993 tempest-QosSpecsTestJSON-1788911993-project-admin] http://10.222.0.18/volume/v3/bcb3ca99f14b4cd0b76f983a73b5776c/qos-specs/71e2f309-d7c9-4c4b-9861-91b48788ff48/delete_keys returned with HTTP 202
Jun 06 17:40:24.422274 dv-cinder-791281-4-iscsi devstack@c-api.service[105676]: [pid: 105676|app: 0|req: 173/326] 10.222.0.18 () {60 vars in 1387 bytes} [Sun Jun 6 17:40:24 2021] PUT /volume/v3/bcb3ca99f14b4cd0b76f983a73b5776c/qos-specs/71e2f309-d7c9-4c4b-9861-91b48788ff48/delete_keys => generated 0 bytes in 170 msecs (HTTP/1.1 202) 6 headers in 233 bytes (2 switches on core 0)
Jun 06 17:40:24.425971 dv-cinder-791281-4-iscsi devstack@c-api.service[105676]: INFO cinder.api.openstack.wsgi [None req-f9497f97-1c75-4896-be95-1b4b1c07dae0 tempest-VolumesTransfersTest-875361968 tempest-VolumesTransfersTest-875361968-project] GET http://10.222.0.18/volume/v3/f1c3a334a10d4ef2a84c7d49b1b32e87/volumes/ad81177c-47f6-4e54-95f9-1153ee88bef8
Jun 06 17:40:24.426430 dv-cinder-791281-4-iscsi devstack@c-api.service[105676]: DEBUG cinder.api.openstack.wsgi [None req-f9497f97-1c75-4896-be95-1b4b1c07dae0 tempest-VolumesTransfersTest-875361968 tempest-VolumesTransfersTest-875361968-project] Empty body provided in request {{(pid=105676) get_body /opt/stack/cinder/cinder/api/openstack/wsgi.py:713}}
Jun 06 17:40:24.426601 dv-cinder-791281-4-iscsi devstack@c-api.service[105676]: /usr/local/lib/python3.8/dist-packages/webob/acceptparse.py:1047: DeprecationWarning: The behavior of AcceptValidHeader.best_match is currently being maintained for backward compatibility, but it will be deprecated in the future, as it does not conform to the RFC.
Jun 06 17:40:24.426601 dv-cinder-791281-4-iscsi devstack@c-api.service[105676]: warnings.warn(
Jun 06 17:40:24.426755 dv-cinder-791281-4-iscsi devstack@c-api.service[105677]: /usr/local/lib/python3.8/dist-packages/oslo_context/context.py:105: DeprecationWarning: Policy enforcement is depending on the value of is_admin. This key is deprecated. Please update your policy file to use the standard policy values.
Jun 06 17:40:24.426755 dv-cinder-791281-4-iscsi devstack@c-api.service[105677]: warnings.warn('Policy enforcement is depending on the value of '
Jun 06 17:40:24.427042 dv-cinder-791281-4-iscsi devstack@c-api.service[105676]: DEBUG cinder.api.openstack.wsgi [None req-f9497f97-1c75-4896-be95-1b4b1c07dae0 tempest-VolumesTransfersTest-875361968 tempest-VolumesTransfersTest-875361968-project] Calling method 'show' {{(pid=105676) _process_stack /opt/stack/cinder/cinder/api/openstack/wsgi.py:866}}
Jun 06 17:40:24.434842 dv-cinder-791281-4-iscsi devstack@c-api.service[105677]: INFO cinder.volume.api [None req-01561e41-c389-4bab-93a2-d9fabab40180 tempest-VolumesListAdminTestJSON-1630634435 tempest-VolumesListAdminTestJSON-1630634435-project] Volume info retrieved successfully.
Jun 06 17:40:24.454696 dv-cinder-791281-4-iscsi devstack@c-api.service[105677]: INFO cinder.api.openstack.wsgi [None req-01561e41-c389-4bab-93a2-d9fabab40180 tempest-VolumesListAdminTestJSON-1630634435 tempest-VolumesListAdminTestJSON-1630634435-project] http://10.222.0.18/volume/v3/c51a9b05e1be43eb82bcc0ee1b8467a0/volumes/18e4c223-93ec-4de0-a289-26b09493dfa1 returned with HTTP 200
Jun 06 17:40:24.463656 dv-cinder-791281-4-iscsi devstack@c-api.service[105677]: [pid: 105677|app: 0|req: 154/327] 10.222.0.18 () {58 vars in 1325 bytes} [Sun Jun 6 17:40:24 2021] GET /volume/v3/c51a9b05e1be43eb82bcc0ee1b8467a0/volumes/18e4c223-93ec-4de0-a289-26b09493dfa1 => generated 891 bytes in 77 msecs (HTTP/1.1 200) 7 headers in 285 bytes (1 switches on core 0)
Jun 06 17:40:24.463656 dv-cinder-791281-4-iscsi devstack@c-api.service[105677]: INFO cinder.api.openstack.wsgi [None req-a4fe52da-b9eb-4e9a-85f7-ae371c511f01 tempest-QosSpecsTestJSON-1788911993 tempest-QosSpecsTestJSON-1788911993-project-admin] GET http://10.222.0.18/volume/v3/bcb3ca99f14b4cd0b76f983a73b5776c/qos-specs/71e2f309-d7c9-4c4b-9861-91b48788ff48
Jun 06 17:40:24.463656 dv-cinder-791281-4-iscsi devstack@c-api.service[105677]: DEBUG cinder.api.openstack.wsgi [None req-a4fe52da-b9eb-4e9a-85f7-ae371c511f01 tempest-QosSpecsTestJSON-1788911993 tempest-QosSpecsTestJSON-1788911993-project-admin] Empty body provided in request {{(pid=105677) get_body /opt/stack/cinder/cinder/api/openstack/wsgi.py:713}}
Jun 06 17:40:24.463656 dv-cinder-791281-4-iscsi devstack@c-api.service[105677]: /usr/local/lib/python3.8/dist-packages/webob/acceptparse.py:1047: DeprecationWarning: The behavior of AcceptValidHeader.best_match is currently being maintained for backward compatibility, but it will be deprecated in the future, as it does not conform to the RFC.
Jun 06 17:40:24.463656 dv-cinder-791281-4-iscsi devstack@c-api.service[105677]: warnings.warn(
Jun 06 17:40:24.463656 dv-cinder-791281-4-iscsi devstack@c-api.service[105677]: DEBUG cinder.api.openstack.wsgi [None req-a4fe52da-b9eb-4e9a-85f7-ae371c511f01 tempest-QosSpecsTestJSON-1788911993 tempest-QosSpecsTestJSON-1788911993-project-admin] Calling method 'show' {{(pid=105677) _process_stack /opt/stack/cinder/cinder/api/openstack/wsgi.py:866}}
Jun 06 17:40:24.470177 dv-cinder-791281-4-iscsi devstack@c-api.service[105677]: INFO cinder.api.openstack.wsgi [None req-a4fe52da-b9eb-4e9a-85f7-ae371c511f01 tempest-QosSpecsTestJSON-1788911993 tempest-QosSpecsTestJSON-1788911993-project-admin] http://10.222.0.18/volume/v3/bcb3ca99f14b4cd0b76f983a73b5776c/qos-specs/71e2f309-d7c9-4c4b-9861-91b48788ff48 returned with HTTP 200
Jun 06 17:40:24.471069 dv-cinder-791281-4-iscsi devstack@c-api.service[105677]: [pid: 105677|app: 0|req: 155/328] 10.222.0.18 () {58 vars in 1331 bytes} [Sun Jun 6 17:40:24 2021] GET /volume/v3/bcb3ca99f14b4cd0b76f983a73b5776c/qos-specs/71e2f309-d7c9-4c4b-9861-91b48788ff48 => generated 459 bytes in 15 msecs (HTTP/1.1 200) 7 headers in 285 bytes (1 switches on core 0)
Jun 06 17:40:24.472600 dv-cinder-791281-4-iscsi devstack@c-api.service[105676]: /usr/local/lib/python3.8/dist-packages/oslo_context/context.py:105: DeprecationWarning: Policy enforcement is depending on the value of is_admin. This key is deprecated. Please update your policy file to use the standard policy values.
Jun 06 17:40:24.472600 dv-cinder-791281-4-iscsi devstack@c-api.service[105676]: warnings.warn('Policy enforcement is depending on the value of '
Jun 06 17:40:24.481716 dv-cinder-791281-4-iscsi devstack@c-api.service[105676]: INFO cinder.volume.api [None req-f9497f97-1c75-4896-be95-1b4b1c07dae0 tempest-VolumesTransfersTest-875361968 tempest-VolumesTransfersTest-875361968-project] Volume info retrieved successfully.
Jun 06 17:40:24.483913 dv-cinder-791281-4-iscsi devstack@c-api.service[105677]: INFO cinder.api.openstack.wsgi [None req-097412da-300a-4e5f-8ae3-d34e9b0dd4e5 tempest-QosSpecsTestJSON-1788911993 tempest-QosSpecsTestJSON-1788911993-project-admin] GET http://10.222.0.18/volume/v3/bcb3ca99f14b4cd0b76f983a73b5776c/qos-specs/71e2f309-d7c9-4c4b-9861-91b48788ff48
Jun 06 17:40:24.484449 dv-cinder-791281-4-iscsi devstack@c-api.service[105677]: DEBUG cinder.api.openstack.wsgi [None req-097412da-300a-4e5f-8ae3-d34e9b0dd4e5 tempest-QosSpecsTestJSON-1788911993 tempest-QosSpecsTestJSON-1788911993-project-admin] Empty body provided in request {{(pid=105677) get_body /opt/stack/cinder/cinder/api/openstack/wsgi.py:713}}
Jun 06 17:40:24.484678 dv-cinder-791281-4-iscsi devstack@c-api.service[105677]: /usr/local/lib/python3.8/dist-packages/webob/acceptparse.py:1047: DeprecationWarning: The behavior of AcceptValidHeader.best_match is currently being maintained for backward compatibility, but it will be deprecated in the future, as it does not conform to the RFC.
Jun 06 17:40:24.484678 dv-cinder-791281-4-iscsi devstack@c-api.service[105677]: warnings.warn(
Jun 06 17:40:24.485124 dv-cinder-791281-4-iscsi devstack@c-api.service[105677]: DEBUG cinder.api.openstack.wsgi [None req-097412da-300a-4e5f-8ae3-d34e9b0dd4e5 tempest-QosSpecsTestJSON-1788911993 tempest-QosSpecsTestJSON-1788911993-project-admin] Calling method 'show' {{(pid=105677) _process_stack /opt/stack/cinder/cinder/api/openstack/wsgi.py:866}}
Jun 06 17:40:24.486181 dv-cinder-791281-4-iscsi devstack@c-api.service[105677]: /usr/local/lib/python3.8/dist-packages/oslo_context/context.py:105: DeprecationWarning: Policy enforcement is depending on the value of is_admin. This key is deprecated. Please update your policy file to use the standard policy values.
Jun 06 17:40:24.486181 dv-cinder-791281-4-iscsi devstack@c-api.service[105677]: warnings.warn('Policy enforcement is depending on the value of '
Jun 06 17:40:24.496976 dv-cinder-791281-4-iscsi devstack@c-api.service[105677]: INFO cinder.api.openstack.wsgi [None req-097412da-300a-4e5f-8ae3-d34e9b0dd4e5 tempest-QosSpecsTestJSON-1788911993 tempest-QosSpecsTestJSON-1788911993-project-admin] http://10.222.0.18/volume/v3/bcb3ca99f14b4cd0b76f983a73b5776c/qos-specs/71e2f309-d7c9-4c4b-9861-91b48788ff48 returned with HTTP 200
Jun 06 17:40:24.503973 dv-cinder-791281-4-iscsi devstack@c-api.service[105677]: [pid: 105677|app: 0|req: 156/329] 10.222.0.18 () {58 vars in 1331 bytes} [Sun Jun 6 17:40:24 2021] GET /volume/v3/bcb3ca99f14b4cd0b76f983a73b5776c/qos-specs/71e2f309-d7c9-4c4b-9861-91b48788ff48 => generated 459 bytes in 22 msecs (HTTP/1.1 200) 7 headers in 285 bytes (2 switches on core 0)
Jun 06 17:40:24.510874 dv-cinder-791281-4-iscsi devstack@c-api.service[105676]: INFO cinder.api.openstack.wsgi [None req-f9497f97-1c75-4896-be95-1b4b1c07dae0 tempest-VolumesTransfersTest-875361968 tempest-VolumesTransfersTest-875361968-project] http://10.222.0.18/volume/v3/f1c3a334a10d4ef2a84c7d49b1b32e87/volumes/ad81177c-47f6-4e54-95f9-1153ee88bef8 returned with HTTP 200
Jun 06 17:40:24.510874 dv-cinder-791281-4-iscsi devstack@c-api.service[105676]: [pid: 105676|app: 0|req: 174/330] 10.222.0.18 () {58 vars in 1325 bytes} [Sun Jun 6 17:40:24 2021] GET /volume/v3/f1c3a334a10d4ef2a84c7d49b1b32e87/volumes/ad81177c-47f6-4e54-95f9-1153ee88bef8 => generated 912 bytes in 83 msecs (HTTP/1.1 200) 7 headers in 285 bytes (1 switches on core 0)
Jun 06 17:40:24.511265 dv-cinder-791281-4-iscsi devstack@c-api.service[105677]: INFO cinder.api.openstack.wsgi [None req-cd6d7a3c-5bb5-4c4f-bde1-681e2b50135a tempest-QosSpecsTestJSON-1788911993 tempest-QosSpecsTestJSON-1788911993-project-admin] DELETE http://10.222.0.18/volume/v3/bcb3ca99f14b4cd0b76f983a73b5776c/qos-specs/55251d93-b7ee-4f80-8238-fcc5563abf32?force=False
Jun 06 17:40:24.511265 dv-cinder-791281-4-iscsi devstack@c-api.service[105677]: DEBUG cinder.api.openstack.wsgi [None req-cd6d7a3c-5bb5-4c4f-bde1-681e2b50135a tempest-QosSpecsTestJSON-1788911993 tempest-QosSpecsTestJSON-1788911993-project-admin] Empty body provided in request {{(pid=105677) get_body /opt/stack/cinder/cinder/api/openstack/wsgi.py:713}}
Jun 06 17:40:24.511682 dv-cinder-791281-4-iscsi devstack@c-api.service[105677]: /usr/local/lib/python3.8/dist-packages/webob/acceptparse.py:1047: DeprecationWarning: The behavior of AcceptValidHeader.best_match is currently being maintained for backward compatibility, but it will be deprecated in the future, as it does not conform to the RFC.
Jun 06 17:40:24.511682 dv-cinder-791281-4-iscsi devstack@c-api.service[105677]: warnings.warn(
Jun 06 17:40:24.511682 dv-cinder-791281-4-iscsi devstack@c-api.service[105677]: DEBUG cinder.api.openstack.wsgi [None req-cd6d7a3c-5bb5-4c4f-bde1-681e2b50135a tempest-QosSpecsTestJSON-1788911993 tempest-QosSpecsTestJSON-1788911993-project-admin] Calling method 'delete' {{(pid=105677) _process_stack /opt/stack/cinder/cinder/api/openstack/wsgi.py:866}}
Jun 06 17:40:24.512305 dv-cinder-791281-4-iscsi devstack@c-api.service[105677]: /usr/local/lib/python3.8/dist-packages/oslo_context/context.py:105: DeprecationWarning: Policy enforcement is depending on the value of is_admin. This key is deprecated. Please update your policy file to use the standard policy values.
Jun 06 17:40:24.512305 dv-cinder-791281-4-iscsi devstack@c-api.service[105677]: warnings.warn('Policy enforcement is depending on the value of '
Jun 06 17:40:24.513080 dv-cinder-791281-4-iscsi devstack@c-api.service[105677]: DEBUG cinder.api.contrib.qos_specs_manage [None req-cd6d7a3c-5bb5-4c4f-bde1-681e2b50135a tempest-QosSpecsTestJSON-1788911993 tempest-QosSpecsTestJSON-1788911993-project-admin] Delete qos_spec: 55251d93-b7ee-4f80-8238-fcc5563abf32, force: False {{(pid=105677) delete /opt/stack/cinder/cinder/api/contrib/qos_specs_manage.py:168}}
Jun 06 17:40:24.519681 dv-cinder-791281-4-iscsi devstack@c-api.service[105677]: INFO cinder.api.openstack.wsgi [None req-cd6d7a3c-5bb5-4c4f-bde1-681e2b50135a tempest-QosSpecsTestJSON-1788911993 tempest-QosSpecsTestJSON-1788911993-project-admin] http://10.222.0.18/volume/v3/bcb3ca99f14b4cd0b76f983a73b5776c/qos-specs/55251d93-b7ee-4f80-8238-fcc5563abf32?force=False returned with HTTP 404
Jun 06 17:40:24.521150 dv-cinder-791281-4-iscsi devstack@c-api.service[105677]: [pid: 105677|app: 0|req: 157/331] 10.222.0.18 () {58 vars in 1357 bytes} [Sun Jun 6 17:40:24 2021] DELETE /volume/v3/bcb3ca99f14b4cd0b76f983a73b5776c/qos-specs/55251d93-b7ee-4f80-8238-fcc5563abf32?force=False => generated 100 bytes in 16 msecs (HTTP/1.1 404) 7 headers in 292 bytes (2 switches on core 0)
Jun 06 17:40:24.527156 dv-cinder-791281-4-iscsi devstack@c-api.service[105676]: INFO cinder.api.openstack.wsgi [None req-0cc6b845-588f-4e76-8021-2bc47bc1ffc8 tempest-VolumesTransfersTest-875361968 tempest-VolumesTransfersTest-875361968-project] POST http://10.222.0.18/volume/v3/f1c3a334a10d4ef2a84c7d49b1b32e87/os-volume-transfer
Jun 06 17:40:24.527916 dv-cinder-791281-4-iscsi devstack@c-api.service[105676]: /usr/local/lib/python3.8/dist-packages/webob/acceptparse.py:1047: DeprecationWarning: The behavior of AcceptValidHeader.best_match is currently being maintained for backward compatibility, but it will be deprecated in the future, as it does not conform to the RFC.
Jun 06 17:40:24.527916 dv-cinder-791281-4-iscsi devstack@c-api.service[105676]: warnings.warn(
Jun 06 17:40:24.528396 dv-cinder-791281-4-iscsi devstack@c-api.service[105676]: DEBUG cinder.api.openstack.wsgi [None req-0cc6b845-588f-4e76-8021-2bc47bc1ffc8 tempest-VolumesTransfersTest-875361968 tempest-VolumesTransfersTest-875361968-project] Action: 'create', calling method: create, body: {"transfer": {"volume_id": "ad81177c-47f6-4e54-95f9-1153ee88bef8"}} {{(pid=105676) _process_stack /opt/stack/cinder/cinder/api/openstack/wsgi.py:864}}
Jun 06 17:40:24.529349 dv-cinder-791281-4-iscsi devstack@c-api.service[105676]: DEBUG cinder.api.contrib.volume_transfer [None req-0cc6b845-588f-4e76-8021-2bc47bc1ffc8 tempest-VolumesTransfersTest-875361968 tempest-VolumesTransfersTest-875361968-project] Creating new volume transfer {'transfer': {'volume_id': 'ad81177c-47f6-4e54-95f9-1153ee88bef8'}} {{(pid=105676) create /opt/stack/cinder/cinder/api/contrib/volume_transfer.py:85}}
Jun 06 17:40:24.529719 dv-cinder-791281-4-iscsi devstack@c-api.service[105676]: INFO cinder.api.contrib.volume_transfer [None req-0cc6b845-588f-4e76-8021-2bc47bc1ffc8 tempest-VolumesTransfersTest-875361968 tempest-VolumesTransfersTest-875361968-project] Creating transfer of volume ad81177c-47f6-4e54-95f9-1153ee88bef8
Jun 06 17:40:24.530102 dv-cinder-791281-4-iscsi devstack@c-api.service[105676]: INFO cinder.transfer.api [None req-0cc6b845-588f-4e76-8021-2bc47bc1ffc8 tempest-VolumesTransfersTest-875361968 tempest-VolumesTransfersTest-875361968-project] Generating transfer record for volume ad81177c-47f6-4e54-95f9-1153ee88bef8
Jun 06 17:40:24.531174 dv-cinder-791281-4-iscsi devstack@c-api.service[105677]: INFO cinder.api.openstack.wsgi [None req-4effa280-6cac-4fef-869c-1aaf75a6d20b tempest-QosSpecsTestJSON-1788911993 tempest-QosSpecsTestJSON-1788911993-project-admin] GET http://10.222.0.18/volume/v3/bcb3ca99f14b4cd0b76f983a73b5776c/qos-specs/55251d93-b7ee-4f80-8238-fcc5563abf32
Jun 06 17:40:24.531831 dv-cinder-791281-4-iscsi devstack@c-api.service[105677]: DEBUG cinder.api.openstack.wsgi [None req-4effa280-6cac-4fef-869c-1aaf75a6d20b tempest-QosSpecsTestJSON-1788911993 tempest-QosSpecsTestJSON-1788911993-project-admin] Empty body provided in request {{(pid=105677) get_body /opt/stack/cinder/cinder/api/openstack/wsgi.py:713}}
Jun 06 17:40:24.532441 dv-cinder-791281-4-iscsi devstack@c-api.service[105677]: DEBUG cinder.api.openstack.wsgi [None req-4effa280-6cac-4fef-869c-1aaf75a6d20b tempest-QosSpecsTestJSON-1788911993 tempest-QosSpecsTestJSON-1788911993-project-admin] Calling method 'show' {{(pid=105677) _process_stack /opt/stack/cinder/cinder/api/openstack/wsgi.py:866}}
Jun 06 17:40:24.540503 dv-cinder-791281-4-iscsi devstack@c-api.service[105677]: INFO cinder.api.openstack.wsgi [None req-4effa280-6cac-4fef-869c-1aaf75a6d20b tempest-QosSpecsTestJSON-1788911993 tempest-QosSpecsTestJSON-1788911993-project-admin] http://10.222.0.18/volume/v3/bcb3ca99f14b4cd0b76f983a73b5776c/qos-specs/55251d93-b7ee-4f80-8238-fcc5563abf32 returned with HTTP 404
Jun 06 17:40:24.545058 dv-cinder-791281-4-iscsi devstack@c-api.service[105677]: [pid: 105677|app: 0|req: 158/332] 10.222.0.18 () {58 vars in 1331 bytes} [Sun Jun 6 17:40:24 2021] GET /volume/v3/bcb3ca99f14b4cd0b76f983a73b5776c/qos-specs/55251d93-b7ee-4f80-8238-fcc5563abf32 => generated 100 bytes in 17 msecs (HTTP/1.1 404) 7 headers in 292 bytes (1 switches on core 0)
Jun 06 17:40:24.553685 dv-cinder-791281-4-iscsi devstack@c-api.service[105677]: INFO cinder.api.openstack.wsgi [None req-0c29c87d-ed21-4722-b246-555602ac244b tempest-QosSpecsTestJSON-1788911993 tempest-QosSpecsTestJSON-1788911993-project-admin] DELETE http://10.222.0.18/volume/v3/bcb3ca99f14b4cd0b76f983a73b5776c/qos-specs/8e759ea9-f975-4e33-8158-45f46f129045?force=False
Jun 06 17:40:24.554365 dv-cinder-791281-4-iscsi devstack@c-api.service[105677]: DEBUG cinder.api.openstack.wsgi [None req-0c29c87d-ed21-4722-b246-555602ac244b tempest-QosSpecsTestJSON-1788911993 tempest-QosSpecsTestJSON-1788911993-project-admin] Empty body provided in request {{(pid=105677) get_body /opt/stack/cinder/cinder/api/openstack/wsgi.py:713}}
Jun 06 17:40:24.554943 dv-cinder-791281-4-iscsi devstack@c-api.service[105677]: DEBUG cinder.api.openstack.wsgi [None req-0c29c87d-ed21-4722-b246-555602ac244b tempest-QosSpecsTestJSON-1788911993 tempest-QosSpecsTestJSON-1788911993-project-admin] Calling method 'delete' {{(pid=105677) _process_stack /opt/stack/cinder/cinder/api/openstack/wsgi.py:866}}
Jun 06 17:40:24.556541 dv-cinder-791281-4-iscsi devstack@c-api.service[105677]: DEBUG cinder.api.contrib.qos_specs_manage [None req-0c29c87d-ed21-4722-b246-555602ac244b tempest-QosSpecsTestJSON-1788911993 tempest-QosSpecsTestJSON-1788911993-project-admin] Delete qos_spec: 8e759ea9-f975-4e33-8158-45f46f129045, force: False {{(pid=105677) delete /opt/stack/cinder/cinder/api/contrib/qos_specs_manage.py:168}}
Jun 06 17:40:24.568577 dv-cinder-791281-4-iscsi devstack@c-api.service[105677]: INFO cinder.api.openstack.wsgi [None req-0c29c87d-ed21-4722-b246-555602ac244b tempest-QosSpecsTestJSON-1788911993 tempest-QosSpecsTestJSON-1788911993-project-admin] http://10.222.0.18/volume/v3/bcb3ca99f14b4cd0b76f983a73b5776c/qos-specs/8e759ea9-f975-4e33-8158-45f46f129045?force=False returned with HTTP 404
Jun 06 17:40:24.576471 dv-cinder-791281-4-iscsi devstack@c-api.service[105677]: [pid: 105677|app: 0|req: 159/333] 10.222.0.18 () {58 vars in 1357 bytes} [Sun Jun 6 17:40:24 2021] DELETE /volume/v3/bcb3ca99f14b4cd0b76f983a73b5776c/qos-specs/8e759ea9-f975-4e33-8158-45f46f129045?force=False => generated 100 bytes in 31 msecs (HTTP/1.1 404) 7 headers in 292 bytes (1 switches on core 0)
Jun 06 17:40:24.578700 dv-cinder-791281-4-iscsi devstack@c-api.service[105676]: /usr/local/lib/python3.8/dist-packages/oslo_context/context.py:105: DeprecationWarning: Policy enforcement is depending on the value of is_admin. This key is deprecated. Please update your policy file to use the standard policy values.
Jun 06 17:40:24.578700 dv-cinder-791281-4-iscsi devstack@c-api.service[105676]: warnings.warn('Policy enforcement is depending on the value of '
Jun 06 17:40:24.582994 dv-cinder-791281-4-iscsi devstack@c-api.service[105677]: INFO cinder.api.openstack.wsgi [None req-ae39142a-fe91-4c2c-a6c1-6944372fde68 tempest-VolumeTypesAccessTest-288930111 tempest-VolumeTypesAccessTest-288930111-project] GET http://10.222.0.18/volume/v3/e6b2bbe2c156407fa5c1d4db9da04859/volumes/33505efe-dfc8-464c-8491-d7e236404ab7
Jun 06 17:40:24.583649 dv-cinder-791281-4-iscsi devstack@c-api.service[105677]: DEBUG cinder.api.openstack.wsgi [None req-ae39142a-fe91-4c2c-a6c1-6944372fde68 tempest-VolumeTypesAccessTest-288930111 tempest-VolumeTypesAccessTest-288930111-project] Empty body provided in request {{(pid=105677) get_body /opt/stack/cinder/cinder/api/openstack/wsgi.py:713}}
Jun 06 17:40:24.584073 dv-cinder-791281-4-iscsi devstack@c-api.service[105677]: DEBUG cinder.api.openstack.wsgi [None req-ae39142a-fe91-4c2c-a6c1-6944372fde68 tempest-VolumeTypesAccessTest-288930111 tempest-VolumeTypesAccessTest-288930111-project] Calling method 'show' {{(pid=105677) _process_stack /opt/stack/cinder/cinder/api/openstack/wsgi.py:866}}
Jun 06 17:40:24.631575 dv-cinder-791281-4-iscsi devstack@c-api.service[105677]: INFO cinder.api.openstack.wsgi [None req-ae39142a-fe91-4c2c-a6c1-6944372fde68 tempest-VolumeTypesAccessTest-288930111 tempest-VolumeTypesAccessTest-288930111-project] http://10.222.0.18/volume/v3/e6b2bbe2c156407fa5c1d4db9da04859/volumes/33505efe-dfc8-464c-8491-d7e236404ab7 returned with HTTP 404
Jun 06 17:40:24.632523 dv-cinder-791281-4-iscsi devstack@c-api.service[105677]: [pid: 105677|app: 0|req: 160/334] 10.222.0.18 () {58 vars in 1325 bytes} [Sun Jun 6 17:40:24 2021] GET /volume/v3/e6b2bbe2c156407fa5c1d4db9da04859/volumes/33505efe-dfc8-464c-8491-d7e236404ab7 => generated 109 bytes in 55 msecs (HTTP/1.1 404) 7 headers in 292 bytes (1 switches on core 0)
Jun 06 17:40:24.637849 dv-cinder-791281-4-iscsi devstack@c-api.service[105677]: INFO cinder.api.openstack.wsgi [None req-052cca00-4c3c-48cf-9aa3-cfdb12b079e9 tempest-QosSpecsTestJSON-1788911993 tempest-QosSpecsTestJSON-1788911993-project-admin] GET http://10.222.0.18/volume/v3/bcb3ca99f14b4cd0b76f983a73b5776c/qos-specs/8e759ea9-f975-4e33-8158-45f46f129045
Jun 06 17:40:24.638292 dv-cinder-791281-4-iscsi devstack@c-api.service[105677]: DEBUG cinder.api.openstack.wsgi [None req-052cca00-4c3c-48cf-9aa3-cfdb12b079e9 tempest-QosSpecsTestJSON-1788911993 tempest-QosSpecsTestJSON-1788911993-project-admin] Empty body provided in request {{(pid=105677) get_body /opt/stack/cinder/cinder/api/openstack/wsgi.py:713}}
Jun 06 17:40:24.638704 dv-cinder-791281-4-iscsi devstack@c-api.service[105677]: DEBUG cinder.api.openstack.wsgi [None req-052cca00-4c3c-48cf-9aa3-cfdb12b079e9 tempest-QosSpecsTestJSON-1788911993 tempest-QosSpecsTestJSON-1788911993-project-admin] Calling method 'show' {{(pid=105677) _process_stack /opt/stack/cinder/cinder/api/openstack/wsgi.py:866}}
Jun 06 17:40:24.645690 dv-cinder-791281-4-iscsi devstack@c-api.service[105677]: INFO cinder.api.openstack.wsgi [None req-052cca00-4c3c-48cf-9aa3-cfdb12b079e9 tempest-QosSpecsTestJSON-1788911993 tempest-QosSpecsTestJSON-1788911993-project-admin] http://10.222.0.18/volume/v3/bcb3ca99f14b4cd0b76f983a73b5776c/qos-specs/8e759ea9-f975-4e33-8158-45f46f129045 returned with HTTP 404
Jun 06 17:40:24.646524 dv-cinder-791281-4-iscsi devstack@c-api.service[105677]: [pid: 105677|app: 0|req: 161/335] 10.222.0.18 () {58 vars in 1331 bytes} [Sun Jun 6 17:40:24 2021] GET /volume/v3/bcb3ca99f14b4cd0b76f983a73b5776c/qos-specs/8e759ea9-f975-4e33-8158-45f46f129045 => generated 100 bytes in 13 msecs (HTTP/1.1 404) 7 headers in 292 bytes (1 switches on core 0)
Jun 06 17:40:24.649937 dv-cinder-791281-4-iscsi devstack@c-api.service[105677]: INFO cinder.api.openstack.wsgi [None req-ccfcb933-2e42-4705-a9f8-8b631b7cc352 tempest-VolumeTypesAccessTest-1120265442 tempest-VolumeTypesAccessTest-1120265442-project-admin] DELETE http://10.222.0.18/volume/v3/5e294e4a211c4f978dc63ec21b81a92a/types/615f3c87-47be-414b-ad03-c5f84c8c24d3
Jun 06 17:40:24.650372 dv-cinder-791281-4-iscsi devstack@c-api.service[105677]: DEBUG cinder.api.openstack.wsgi [None req-ccfcb933-2e42-4705-a9f8-8b631b7cc352 tempest-VolumeTypesAccessTest-1120265442 tempest-VolumeTypesAccessTest-1120265442-project-admin] Empty body provided in request {{(pid=105677) get_body /opt/stack/cinder/cinder/api/openstack/wsgi.py:713}}
Jun 06 17:40:24.650793 dv-cinder-791281-4-iscsi devstack@c-api.service[105677]: DEBUG cinder.api.openstack.wsgi [None req-ccfcb933-2e42-4705-a9f8-8b631b7cc352 tempest-VolumeTypesAccessTest-1120265442 tempest-VolumeTypesAccessTest-1120265442-project-admin] Calling method '_delete' {{(pid=105677) _process_stack /opt/stack/cinder/cinder/api/openstack/wsgi.py:866}}
Jun 06 17:40:24.806595 dv-cinder-791281-4-iscsi devstack@c-api.service[105676]: INFO cinder.api.openstack.wsgi [None req-0cc6b845-588f-4e76-8021-2bc47bc1ffc8 tempest-VolumesTransfersTest-875361968 tempest-VolumesTransfersTest-875361968-project] http://10.222.0.18/volume/v3/f1c3a334a10d4ef2a84c7d49b1b32e87/os-volume-transfer returned with HTTP 202
Jun 06 17:40:24.807116 dv-cinder-791281-4-iscsi devstack@c-api.service[105677]: INFO cinder.api.openstack.wsgi [None req-ccfcb933-2e42-4705-a9f8-8b631b7cc352 tempest-VolumeTypesAccessTest-1120265442 tempest-VolumeTypesAccessTest-1120265442-project-admin] http://10.222.0.18/volume/v3/5e294e4a211c4f978dc63ec21b81a92a/types/615f3c87-47be-414b-ad03-c5f84c8c24d3 returned with HTTP 202
Jun 06 17:40:24.808400 dv-cinder-791281-4-iscsi devstack@c-api.service[105676]: [pid: 105676|app: 0|req: 175/336] 10.222.0.18 () {60 vars in 1268 bytes} [Sun Jun 6 17:40:24 2021] POST /volume/v3/f1c3a334a10d4ef2a84c7d49b1b32e87/os-volume-transfer => generated 507 bytes in 286 msecs (HTTP/1.1 202) 7 headers in 291 bytes (2 switches on core 0)
Jun 06 17:40:24.808547 dv-cinder-791281-4-iscsi devstack@c-api.service[105677]: [pid: 105677|app: 0|req: 162/337] 10.222.0.18 () {58 vars in 1322 bytes} [Sun Jun 6 17:40:24 2021] DELETE /volume/v3/5e294e4a211c4f978dc63ec21b81a92a/types/615f3c87-47be-414b-ad03-c5f84c8c24d3 => generated 0 bytes in 161 msecs (HTTP/1.1 202) 6 headers in 233 bytes (1 switches on core 0)
Jun 06 17:40:24.814467 dv-cinder-791281-4-iscsi devstack@c-api.service[105676]: INFO cinder.api.openstack.wsgi [None req-6adf7a79-e8b1-4b5e-9273-113dd73653af tempest-QosSpecsTestJSON-1788911993 tempest-QosSpecsTestJSON-1788911993-project-admin] DELETE http://10.222.0.18/volume/v3/bcb3ca99f14b4cd0b76f983a73b5776c/qos-specs/58a94546-bea8-4e47-a285-88b0e139e2fe?force=False
Jun 06 17:40:24.815004 dv-cinder-791281-4-iscsi devstack@c-api.service[105676]: DEBUG cinder.api.openstack.wsgi [None req-6adf7a79-e8b1-4b5e-9273-113dd73653af tempest-QosSpecsTestJSON-1788911993 tempest-QosSpecsTestJSON-1788911993-project-admin] Empty body provided in request {{(pid=105676) get_body /opt/stack/cinder/cinder/api/openstack/wsgi.py:713}}
Jun 06 17:40:24.815250 dv-cinder-791281-4-iscsi devstack@c-api.service[105676]: /usr/local/lib/python3.8/dist-packages/webob/acceptparse.py:1047: DeprecationWarning: The behavior of AcceptValidHeader.best_match is currently being maintained for backward compatibility, but it will be deprecated in the future, as it does not conform to the RFC.
Jun 06 17:40:24.815250 dv-cinder-791281-4-iscsi devstack@c-api.service[105676]: warnings.warn(
Jun 06 17:40:24.815580 dv-cinder-791281-4-iscsi devstack@c-api.service[105676]: DEBUG cinder.api.openstack.wsgi [None req-6adf7a79-e8b1-4b5e-9273-113dd73653af tempest-QosSpecsTestJSON-1788911993 tempest-QosSpecsTestJSON-1788911993-project-admin] Calling method 'delete' {{(pid=105676) _process_stack /opt/stack/cinder/cinder/api/openstack/wsgi.py:866}}
Jun 06 17:40:24.815754 dv-cinder-791281-4-iscsi devstack@c-api.service[105677]: INFO cinder.api.openstack.wsgi [None req-d1454846-0b4e-4a8c-841a-4b38669a57e0 tempest-VolumeTypesAccessTest-1120265442 tempest-VolumeTypesAccessTest-1120265442-project-admin] GET http://10.222.0.18/volume/v3/5e294e4a211c4f978dc63ec21b81a92a/types/615f3c87-47be-414b-ad03-c5f84c8c24d3
Jun 06 17:40:24.816209 dv-cinder-791281-4-iscsi devstack@c-api.service[105677]: DEBUG cinder.api.openstack.wsgi [None req-d1454846-0b4e-4a8c-841a-4b38669a57e0 tempest-VolumeTypesAccessTest-1120265442 tempest-VolumeTypesAccessTest-1120265442-project-admin] Empty body provided in request {{(pid=105677) get_body /opt/stack/cinder/cinder/api/openstack/wsgi.py:713}}
Jun 06 17:40:24.816622 dv-cinder-791281-4-iscsi devstack@c-api.service[105677]: DEBUG cinder.api.openstack.wsgi [None req-d1454846-0b4e-4a8c-841a-4b38669a57e0 tempest-VolumeTypesAccessTest-1120265442 tempest-VolumeTypesAccessTest-1120265442-project-admin] Calling method 'show' {{(pid=105677) _process_stack /opt/stack/cinder/cinder/api/openstack/wsgi.py:866}}
Jun 06 17:40:24.816867 dv-cinder-791281-4-iscsi devstack@c-api.service[105676]: DEBUG cinder.api.contrib.qos_specs_manage [None req-6adf7a79-e8b1-4b5e-9273-113dd73653af tempest-QosSpecsTestJSON-1788911993 tempest-QosSpecsTestJSON-1788911993-project-admin] Delete qos_spec: 58a94546-bea8-4e47-a285-88b0e139e2fe, force: False {{(pid=105676) delete /opt/stack/cinder/cinder/api/contrib/qos_specs_manage.py:168}}
Jun 06 17:40:24.823355 dv-cinder-791281-4-iscsi devstack@c-api.service[105676]: INFO cinder.api.openstack.wsgi [None req-6adf7a79-e8b1-4b5e-9273-113dd73653af tempest-QosSpecsTestJSON-1788911993 tempest-QosSpecsTestJSON-1788911993-project-admin] http://10.222.0.18/volume/v3/bcb3ca99f14b4cd0b76f983a73b5776c/qos-specs/58a94546-bea8-4e47-a285-88b0e139e2fe?force=False returned with HTTP 404
Jun 06 17:40:24.824355 dv-cinder-791281-4-iscsi devstack@c-api.service[105676]: [pid: 105676|app: 0|req: 176/338] 10.222.0.18 () {58 vars in 1357 bytes} [Sun Jun 6 17:40:24 2021] DELETE /volume/v3/bcb3ca99f14b4cd0b76f983a73b5776c/qos-specs/58a94546-bea8-4e47-a285-88b0e139e2fe?force=False => generated 100 bytes in 16 msecs (HTTP/1.1 404) 7 headers in 292 bytes (1 switches on core 0)
Jun 06 17:40:24.827778 dv-cinder-791281-4-iscsi devstack@c-api.service[105677]: INFO cinder.api.openstack.wsgi [None req-d1454846-0b4e-4a8c-841a-4b38669a57e0 tempest-VolumeTypesAccessTest-1120265442 tempest-VolumeTypesAccessTest-1120265442-project-admin] http://10.222.0.18/volume/v3/5e294e4a211c4f978dc63ec21b81a92a/types/615f3c87-47be-414b-ad03-c5f84c8c24d3 returned with HTTP 404
Jun 06 17:40:24.828256 dv-cinder-791281-4-iscsi devstack@c-api.service[105676]: INFO cinder.api.openstack.wsgi [None req-914d2a28-3d9e-4509-93fa-fef88e17c7f7 tempest-VolumesTransfersTest-875361968 tempest-VolumesTransfersTest-875361968-project] GET http://10.222.0.18/volume/v3/f1c3a334a10d4ef2a84c7d49b1b32e87/volumes/ad81177c-47f6-4e54-95f9-1153ee88bef8
Jun 06 17:40:24.828677 dv-cinder-791281-4-iscsi devstack@c-api.service[105677]: [pid: 105677|app: 0|req: 163/339] 10.222.0.18 () {58 vars in 1319 bytes} [Sun Jun 6 17:40:24 2021] GET /volume/v3/5e294e4a211c4f978dc63ec21b81a92a/types/615f3c87-47be-414b-ad03-c5f84c8c24d3 => generated 114 bytes in 17 msecs (HTTP/1.1 404) 7 headers in 292 bytes (2 switches on core 0)
Jun 06 17:40:24.828822 dv-cinder-791281-4-iscsi devstack@c-api.service[105676]: DEBUG cinder.api.openstack.wsgi [None req-914d2a28-3d9e-4509-93fa-fef88e17c7f7 tempest-VolumesTransfersTest-875361968 tempest-VolumesTransfersTest-875361968-project] Empty body provided in request {{(pid=105676) get_body /opt/stack/cinder/cinder/api/openstack/wsgi.py:713}}
Jun 06 17:40:24.829164 dv-cinder-791281-4-iscsi devstack@c-api.service[105676]: DEBUG cinder.api.openstack.wsgi [None req-914d2a28-3d9e-4509-93fa-fef88e17c7f7 tempest-VolumesTransfersTest-875361968 tempest-VolumesTransfersTest-875361968-project] Calling method 'show' {{(pid=105676) _process_stack /opt/stack/cinder/cinder/api/openstack/wsgi.py:866}}
Jun 06 17:40:24.838755 dv-cinder-791281-4-iscsi devstack@c-api.service[105677]: INFO cinder.api.openstack.wsgi [None req-0d4dacd1-d855-4689-bbfd-5b497a50f562 tempest-QosSpecsTestJSON-1788911993 tempest-QosSpecsTestJSON-1788911993-project-admin] GET http://10.222.0.18/volume/v3/bcb3ca99f14b4cd0b76f983a73b5776c/qos-specs/58a94546-bea8-4e47-a285-88b0e139e2fe
Jun 06 17:40:24.841086 dv-cinder-791281-4-iscsi devstack@c-api.service[105677]: DEBUG cinder.api.openstack.wsgi [None req-0d4dacd1-d855-4689-bbfd-5b497a50f562 tempest-QosSpecsTestJSON-1788911993 tempest-QosSpecsTestJSON-1788911993-project-admin] Empty body provided in request {{(pid=105677) get_body /opt/stack/cinder/cinder/api/openstack/wsgi.py:713}}
Jun 06 17:40:24.842168 dv-cinder-791281-4-iscsi devstack@c-api.service[105677]: DEBUG cinder.api.openstack.wsgi [None req-0d4dacd1-d855-4689-bbfd-5b497a50f562 tempest-QosSpecsTestJSON-1788911993 tempest-QosSpecsTestJSON-1788911993-project-admin] Calling method 'show' {{(pid=105677) _process_stack /opt/stack/cinder/cinder/api/openstack/wsgi.py:866}}
Jun 06 17:40:24.850934 dv-cinder-791281-4-iscsi devstack@c-api.service[105677]: INFO cinder.api.openstack.wsgi [None req-0d4dacd1-d855-4689-bbfd-5b497a50f562 tempest-QosSpecsTestJSON-1788911993 tempest-QosSpecsTestJSON-1788911993-project-admin] http://10.222.0.18/volume/v3/bcb3ca99f14b4cd0b76f983a73b5776c/qos-specs/58a94546-bea8-4e47-a285-88b0e139e2fe returned with HTTP 404
Jun 06 17:40:24.852365 dv-cinder-791281-4-iscsi devstack@c-api.service[105677]: [pid: 105677|app: 0|req: 164/340] 10.222.0.18 () {58 vars in 1331 bytes} [Sun Jun 6 17:40:24 2021] GET /volume/v3/bcb3ca99f14b4cd0b76f983a73b5776c/qos-specs/58a94546-bea8-4e47-a285-88b0e139e2fe => generated 100 bytes in 23 msecs (HTTP/1.1 404) 7 headers in 292 bytes (1 switches on core 0)
Jun 06 17:40:24.861316 dv-cinder-791281-4-iscsi devstack@c-api.service[105677]: INFO cinder.api.openstack.wsgi [None req-e36eb09b-f75b-42f5-8d27-9efd3e23e002 tempest-QosSpecsTestJSON-1788911993 tempest-QosSpecsTestJSON-1788911993-project-admin] DELETE http://10.222.0.18/volume/v3/bcb3ca99f14b4cd0b76f983a73b5776c/types/bf17da6f-cb95-4f87-a5ff-b5791c3216c0
Jun 06 17:40:24.861784 dv-cinder-791281-4-iscsi devstack@c-api.service[105677]: DEBUG cinder.api.openstack.wsgi [None req-e36eb09b-f75b-42f5-8d27-9efd3e23e002 tempest-QosSpecsTestJSON-1788911993 tempest-QosSpecsTestJSON-1788911993-project-admin] Empty body provided in request {{(pid=105677) get_body /opt/stack/cinder/cinder/api/openstack/wsgi.py:713}}
Jun 06 17:40:24.862229 dv-cinder-791281-4-iscsi devstack@c-api.service[105677]: DEBUG cinder.api.openstack.wsgi [None req-e36eb09b-f75b-42f5-8d27-9efd3e23e002 tempest-QosSpecsTestJSON-1788911993 tempest-QosSpecsTestJSON-1788911993-project-admin] Calling method '_delete' {{(pid=105677) _process_stack /opt/stack/cinder/cinder/api/openstack/wsgi.py:866}}
Jun 06 17:40:24.877413 dv-cinder-791281-4-iscsi devstack@c-api.service[105676]: /usr/local/lib/python3.8/dist-packages/oslo_context/context.py:105: DeprecationWarning: Policy enforcement is depending on the value of is_admin. This key is deprecated. Please update your policy file to use the standard policy values.
Jun 06 17:40:24.877413 dv-cinder-791281-4-iscsi devstack@c-api.service[105676]: warnings.warn('Policy enforcement is depending on the value of '
Jun 06 17:40:24.885121 dv-cinder-791281-4-iscsi devstack@c-api.service[105676]: INFO cinder.volume.api [None req-914d2a28-3d9e-4509-93fa-fef88e17c7f7 tempest-VolumesTransfersTest-875361968 tempest-VolumesTransfersTest-875361968-project] Volume info retrieved successfully.
Jun 06 17:40:24.906836 dv-cinder-791281-4-iscsi devstack@c-api.service[105676]: INFO cinder.api.openstack.wsgi [None req-914d2a28-3d9e-4509-93fa-fef88e17c7f7 tempest-VolumesTransfersTest-875361968 tempest-VolumesTransfersTest-875361968-project] http://10.222.0.18/volume/v3/f1c3a334a10d4ef2a84c7d49b1b32e87/volumes/ad81177c-47f6-4e54-95f9-1153ee88bef8 returned with HTTP 200
Jun 06 17:40:24.908571 dv-cinder-791281-4-iscsi devstack@c-api.service[105676]: [pid: 105676|app: 0|req: 177/341] 10.222.0.18 () {58 vars in 1325 bytes} [Sun Jun 6 17:40:24 2021] GET /volume/v3/f1c3a334a10d4ef2a84c7d49b1b32e87/volumes/ad81177c-47f6-4e54-95f9-1153ee88bef8 => generated 920 bytes in 83 msecs (HTTP/1.1 200) 7 headers in 285 bytes (1 switches on core 0)
Jun 06 17:40:24.930836 dv-cinder-791281-4-iscsi devstack@c-api.service[105676]: INFO cinder.api.openstack.wsgi [None req-b6310db3-98e1-4eda-95e4-ec8866465854 tempest-VolumesTransfersTest-875361968 tempest-VolumesTransfersTest-875361968-project] GET http://10.222.0.18/volume/v3/f1c3a334a10d4ef2a84c7d49b1b32e87/os-volume-transfer/5d2e1f8e-bef4-45da-89c5-6ef99c8fa097
Jun 06 17:40:24.931696 dv-cinder-791281-4-iscsi devstack@c-api.service[105676]: DEBUG cinder.api.openstack.wsgi [None req-b6310db3-98e1-4eda-95e4-ec8866465854 tempest-VolumesTransfersTest-875361968 tempest-VolumesTransfersTest-875361968-project] Empty body provided in request {{(pid=105676) get_body /opt/stack/cinder/cinder/api/openstack/wsgi.py:713}}
Jun 06 17:40:24.932082 dv-cinder-791281-4-iscsi devstack@c-api.service[105676]: /usr/local/lib/python3.8/dist-packages/webob/acceptparse.py:1047: DeprecationWarning: The behavior of AcceptValidHeader.best_match is currently being maintained for backward compatibility, but it will be deprecated in the future, as it does not conform to the RFC.
Jun 06 17:40:24.932082 dv-cinder-791281-4-iscsi devstack@c-api.service[105676]: warnings.warn(
Jun 06 17:40:24.932673 dv-cinder-791281-4-iscsi devstack@c-api.service[105676]: DEBUG cinder.api.openstack.wsgi [None req-b6310db3-98e1-4eda-95e4-ec8866465854 tempest-VolumesTransfersTest-875361968 tempest-VolumesTransfersTest-875361968-project] Calling method 'show' {{(pid=105676) _process_stack /opt/stack/cinder/cinder/api/openstack/wsgi.py:866}}
Jun 06 17:40:24.945654 dv-cinder-791281-4-iscsi devstack@c-api.service[105676]: INFO cinder.api.openstack.wsgi [None req-b6310db3-98e1-4eda-95e4-ec8866465854 tempest-VolumesTransfersTest-875361968 tempest-VolumesTransfersTest-875361968-project] http://10.222.0.18/volume/v3/f1c3a334a10d4ef2a84c7d49b1b32e87/os-volume-transfer/5d2e1f8e-bef4-45da-89c5-6ef99c8fa097 returned with HTTP 200
Jun 06 17:40:24.945654 dv-cinder-791281-4-iscsi devstack@c-api.service[105676]: [pid: 105676|app: 0|req: 178/342] 10.222.0.18 () {58 vars in 1358 bytes} [Sun Jun 6 17:40:24 2021] GET /volume/v3/f1c3a334a10d4ef2a84c7d49b1b32e87/os-volume-transfer/5d2e1f8e-bef4-45da-89c5-6ef99c8fa097 => generated 475 bytes in 24 msecs (HTTP/1.1 200) 7 headers in 285 bytes (1 switches on core 0)
Jun 06 17:40:24.948530 dv-cinder-791281-4-iscsi devstack@c-api.service[105676]: INFO cinder.api.openstack.wsgi [None req-78232a58-ec47-4f61-a20c-1625374eea81 tempest-VolumesActionsTest-1123174761 tempest-VolumesActionsTest-1123174761-project] GET http://10.222.0.18/volume/v3/5e5c55f2036340c690304a290e728a1c/volumes/67d2644c-4fa3-4501-ad53-c8ba32346470
Jun 06 17:40:24.949454 dv-cinder-791281-4-iscsi devstack@c-api.service[105676]: DEBUG cinder.api.openstack.wsgi [None req-78232a58-ec47-4f61-a20c-1625374eea81 tempest-VolumesActionsTest-1123174761 tempest-VolumesActionsTest-1123174761-project] Empty body provided in request {{(pid=105676) get_body /opt/stack/cinder/cinder/api/openstack/wsgi.py:713}}
Jun 06 17:40:24.949879 dv-cinder-791281-4-iscsi devstack@c-api.service[105676]: DEBUG cinder.api.openstack.wsgi [None req-78232a58-ec47-4f61-a20c-1625374eea81 tempest-VolumesActionsTest-1123174761 tempest-VolumesActionsTest-1123174761-project] Calling method 'show' {{(pid=105676) _process_stack /opt/stack/cinder/cinder/api/openstack/wsgi.py:866}}
Jun 06 17:40:24.997257 dv-cinder-791281-4-iscsi devstack@c-api.service[105676]: INFO cinder.api.openstack.wsgi [None req-78232a58-ec47-4f61-a20c-1625374eea81 tempest-VolumesActionsTest-1123174761 tempest-VolumesActionsTest-1123174761-project] http://10.222.0.18/volume/v3/5e5c55f2036340c690304a290e728a1c/volumes/67d2644c-4fa3-4501-ad53-c8ba32346470 returned with HTTP 404
Jun 06 17:40:24.998134 dv-cinder-791281-4-iscsi devstack@c-api.service[105676]: [pid: 105676|app: 0|req: 179/343] 10.222.0.18 () {58 vars in 1325 bytes} [Sun Jun 6 17:40:24 2021] GET /volume/v3/5e5c55f2036340c690304a290e728a1c/volumes/67d2644c-4fa3-4501-ad53-c8ba32346470 => generated 109 bytes in 54 msecs (HTTP/1.1 404) 7 headers in 292 bytes (1 switches on core 0)
Jun 06 17:40:25.003847 dv-cinder-791281-4-iscsi devstack@c-api.service[105676]: INFO cinder.api.openstack.wsgi [None req-b0e4d5ad-542a-465c-8d50-918b8f911135 tempest-VolumesTransfersTest-875361968 tempest-VolumesTransfersTest-875361968-project] GET http://10.222.0.18/volume/v3/f1c3a334a10d4ef2a84c7d49b1b32e87/os-volume-transfer
Jun 06 17:40:25.004301 dv-cinder-791281-4-iscsi devstack@c-api.service[105676]: DEBUG cinder.api.openstack.wsgi [None req-b0e4d5ad-542a-465c-8d50-918b8f911135 tempest-VolumesTransfersTest-875361968 tempest-VolumesTransfersTest-875361968-project] Empty body provided in request {{(pid=105676) get_body /opt/stack/cinder/cinder/api/openstack/wsgi.py:713}}
Jun 06 17:40:25.004718 dv-cinder-791281-4-iscsi devstack@c-api.service[105676]: DEBUG cinder.api.openstack.wsgi [None req-b0e4d5ad-542a-465c-8d50-918b8f911135 tempest-VolumesTransfersTest-875361968 tempest-VolumesTransfersTest-875361968-project] Calling method 'index' {{(pid=105676) _process_stack /opt/stack/cinder/cinder/api/openstack/wsgi.py:866}}
Jun 06 17:40:25.005114 dv-cinder-791281-4-iscsi devstack@c-api.service[105676]: DEBUG cinder.api.contrib.volume_transfer [None req-b0e4d5ad-542a-465c-8d50-918b8f911135 tempest-VolumesTransfersTest-875361968 tempest-VolumesTransfersTest-875361968-project] Listing volume transfers {{(pid=105676) _get_transfers /opt/stack/cinder/cinder/api/contrib/volume_transfer.py:63}}
Jun 06 17:40:25.012902 dv-cinder-791281-4-iscsi devstack@c-api.service[105676]: INFO cinder.api.openstack.wsgi [None req-b0e4d5ad-542a-465c-8d50-918b8f911135 tempest-VolumesTransfersTest-875361968 tempest-VolumesTransfersTest-875361968-project] http://10.222.0.18/volume/v3/f1c3a334a10d4ef2a84c7d49b1b32e87/os-volume-transfer returned with HTTP 200
Jun 06 17:40:25.013633 dv-cinder-791281-4-iscsi devstack@c-api.service[105676]: [pid: 105676|app: 0|req: 180/344] 10.222.0.18 () {58 vars in 1247 bytes} [Sun Jun 6 17:40:24 2021] GET /volume/v3/f1c3a334a10d4ef2a84c7d49b1b32e87/os-volume-transfer => generated 434 bytes in 15 msecs (HTTP/1.1 200) 7 headers in 285 bytes (1 switches on core 0)
Jun 06 17:40:25.017062 dv-cinder-791281-4-iscsi devstack@c-api.service[105676]: INFO cinder.api.openstack.wsgi [None req-3f8fe822-0bdb-46f1-b749-020c53113df8 tempest-VolumesActionsTest-1123174761 tempest-VolumesActionsTest-1123174761-project] POST http://10.222.0.18/volume/v3/5e5c55f2036340c690304a290e728a1c/volumes
Jun 06 17:40:25.017696 dv-cinder-791281-4-iscsi devstack@c-api.service[105676]: DEBUG cinder.api.openstack.wsgi [None req-3f8fe822-0bdb-46f1-b749-020c53113df8 tempest-VolumesActionsTest-1123174761 tempest-VolumesActionsTest-1123174761-project] Action: 'create', calling method: create, body: {"volume": {"size": 1, "name": "tempest-VolumesActionsTest-Volume-1363550470"}} {{(pid=105676) _process_stack /opt/stack/cinder/cinder/api/openstack/wsgi.py:864}}
Jun 06 17:40:25.018628 dv-cinder-791281-4-iscsi devstack@c-api.service[105676]: DEBUG cinder.api.v3.volumes [None req-3f8fe822-0bdb-46f1-b749-020c53113df8 tempest-VolumesActionsTest-1123174761 tempest-VolumesActionsTest-1123174761-project] Create volume request body: {'volume': {'size': 1, 'name': 'tempest-VolumesActionsTest-Volume-1363550470'}} {{(pid=105676) create /opt/stack/cinder/cinder/api/v3/volumes.py:289}}
Jun 06 17:40:25.019200 dv-cinder-791281-4-iscsi devstack@c-api.service[105676]: INFO cinder.api.v3.volumes [None req-3f8fe822-0bdb-46f1-b749-020c53113df8 tempest-VolumesActionsTest-1123174761 tempest-VolumesActionsTest-1123174761-project] Create volume of 1 GB
Jun 06 17:40:25.021288 dv-cinder-791281-4-iscsi devstack@c-api.service[105677]: INFO cinder.api.openstack.wsgi [None req-e36eb09b-f75b-42f5-8d27-9efd3e23e002 tempest-QosSpecsTestJSON-1788911993 tempest-QosSpecsTestJSON-1788911993-project-admin] http://10.222.0.18/volume/v3/bcb3ca99f14b4cd0b76f983a73b5776c/types/bf17da6f-cb95-4f87-a5ff-b5791c3216c0 returned with HTTP 202
Jun 06 17:40:25.022407 dv-cinder-791281-4-iscsi devstack@c-api.service[105677]: [pid: 105677|app: 0|req: 165/345] 10.222.0.18 () {58 vars in 1322 bytes} [Sun Jun 6 17:40:24 2021] DELETE /volume/v3/bcb3ca99f14b4cd0b76f983a73b5776c/types/bf17da6f-cb95-4f87-a5ff-b5791c3216c0 => generated 0 bytes in 166 msecs (HTTP/1.1 202) 6 headers in 233 bytes (1 switches on core 0)
Jun 06 17:40:25.036148 dv-cinder-791281-4-iscsi devstack@c-api.service[105676]: INFO cinder.volume.api [None req-3f8fe822-0bdb-46f1-b749-020c53113df8 tempest-VolumesActionsTest-1123174761 tempest-VolumesActionsTest-1123174761-project] Availability Zones retrieved successfully.
Jun 06 17:40:25.052607 dv-cinder-791281-4-iscsi devstack@c-api.service[105676]: DEBUG cinder.volume.api [None req-3f8fe822-0bdb-46f1-b749-020c53113df8 tempest-VolumesActionsTest-1123174761 tempest-VolumesActionsTest-1123174761-project] Flow 'volume_create_api' (9e339347-9cbe-4b81-a86f-cd44508aeaaf) transitioned into state 'RUNNING' from state 'PENDING' {{(pid=105676) _flow_receiver /usr/local/lib/python3.8/dist-packages/taskflow/listeners/logging.py:141}}
Jun 06 17:40:25.055224 dv-cinder-791281-4-iscsi devstack@c-api.service[105676]: DEBUG cinder.volume.api [None req-3f8fe822-0bdb-46f1-b749-020c53113df8 tempest-VolumesActionsTest-1123174761 tempest-VolumesActionsTest-1123174761-project] Task 'cinder.volume.flows.api.create_volume.ExtractVolumeRequestTask;volume:create' (3efaca87-a9d2-469e-ba69-dad1177a3d11) transitioned into state 'RUNNING' from state 'PENDING' {{(pid=105676) _task_receiver /usr/local/lib/python3.8/dist-packages/taskflow/listeners/logging.py:190}}
Jun 06 17:40:25.059805 dv-cinder-791281-4-iscsi devstack@c-api.service[105676]: DEBUG cinder.volume.flows.api.create_volume [None req-3f8fe822-0bdb-46f1-b749-020c53113df8 tempest-VolumesActionsTest-1123174761 tempest-VolumesActionsTest-1123174761-project] Validating volume size '1' using validate_int {{(pid=105676) _extract_size /opt/stack/cinder/cinder/volume/flows/api/create_volume.py:201}}
Jun 06 17:40:25.124893 dv-cinder-791281-4-iscsi devstack@c-api.service[105676]: DEBUG cinder.volume.api [None req-3f8fe822-0bdb-46f1-b749-020c53113df8 tempest-VolumesActionsTest-1123174761 tempest-VolumesActionsTest-1123174761-project] Task 'cinder.volume.flows.api.create_volume.ExtractVolumeRequestTask;volume:create' (3efaca87-a9d2-469e-ba69-dad1177a3d11) transitioned into state 'SUCCESS' from state 'RUNNING' with result '{'size': 1, 'snapshot_id': None, 'source_volid': None, 'volume_type': VolumeType(created_at=2021-06-06T17:24:05Z,deleted=False,deleted_at=None,description='Default Volume Type',extra_specs={},id=5e11edac-a903-4a9b-bff7-46419c33d108,is_public=True,name='__DEFAULT__',projects=[],qos_specs=,qos_specs_id=None,updated_at=2021-06-06T17:24:05Z), 'volume_type_id': '5e11edac-a903-4a9b-bff7-46419c33d108', 'encryption_key_id': None, 'qos_specs': None, 'consistencygroup_id': None, 'cgsnapshot_id': None, 'group_id': None, 'replication_status': 'disabled', 'refresh_az': False, 'backup_id': None, 'multiattach': False, 'availability_zones': ['nova']}' {{(pid=105676) _task_receiver /usr/local/lib/python3.8/dist-packages/taskflow/listeners/logging.py:178}}
