May 13 17:10:30.120506 dv-cinder-791281-1-smb devstack@n-api.service[93369]: [pid: 93369|app: 0|req: 8/17] 10.222.0.107 () {58 vars in 1241 bytes} [Thu May 13 17:10:29 2021] GET /compute/v2.1/servers/5db43f50-213c-45f9-b09f-4fc0fb8d7c41 => generated 1215 bytes in 141 msecs (HTTP/1.1 200) 9 headers in 358 bytes (1 switches on core 0)
May 13 17:10:30.718133 dv-cinder-791281-1-smb devstack@n-api.service[93368]: DEBUG nova.api.openstack.wsgi [None req-aca5572e-5bc6-4cdb-8eb6-c411b67da57d tempest-VolumesSnapshotsTestJSON-867603176 tempest-VolumesSnapshotsTestJSON-867603176-project] Calling method '.version_select at 0x7f435f9ac0d0>' {{(pid=93368) _process_stack /opt/stack/nova/nova/api/openstack/wsgi.py:513}}
May 13 17:10:30.718438 dv-cinder-791281-1-smb devstack@n-api.service[93369]: DEBUG nova.api.openstack.wsgi [None req-26d13ff6-660a-4fcb-9da7-87ca5eafe277 tempest-AttachVolumeNegativeTest-1895581656 tempest-AttachVolumeNegativeTest-1895581656-project] Calling method '>' {{(pid=93369) _process_stack /opt/stack/nova/nova/api/openstack/wsgi.py:513}}
May 13 17:10:30.719063 dv-cinder-791281-1-smb devstack@n-api.service[93369]: DEBUG nova.compute.api [None req-26d13ff6-660a-4fcb-9da7-87ca5eafe277 tempest-AttachVolumeNegativeTest-1895581656 tempest-AttachVolumeNegativeTest-1895581656-project] [instance: fe95250e-d456-46d5-8ecd-acdc99cdb3c1] Fetching instance by UUID {{(pid=93369) get /opt/stack/nova/nova/compute/api.py:2790}}
May 13 17:10:30.724605 dv-cinder-791281-1-smb devstack@n-api.service[93369]: DEBUG oslo_concurrency.lockutils [None req-26d13ff6-660a-4fcb-9da7-87ca5eafe277 tempest-AttachVolumeNegativeTest-1895581656 tempest-AttachVolumeNegativeTest-1895581656-project] Lock "bd5f77d6-6319-4cdc-b55a-3addfe5d8318" acquired by "nova.context.set_target_cell..get_or_set_cached_cell_and_set_connections" :: waited 0.000s {{(pid=93369) inner /usr/local/lib/python3.8/dist-packages/oslo_concurrency/lockutils.py:355}}
May 13 17:10:30.724989 dv-cinder-791281-1-smb devstack@n-api.service[93369]: DEBUG oslo_concurrency.lockutils [None req-26d13ff6-660a-4fcb-9da7-87ca5eafe277 tempest-AttachVolumeNegativeTest-1895581656 tempest-AttachVolumeNegativeTest-1895581656-project] Lock "bd5f77d6-6319-4cdc-b55a-3addfe5d8318" released by "nova.context.set_target_cell..get_or_set_cached_cell_and_set_connections" :: held 0.000s {{(pid=93369) inner /usr/local/lib/python3.8/dist-packages/oslo_concurrency/lockutils.py:367}}
May 13 17:10:30.725541 dv-cinder-791281-1-smb devstack@n-api.service[93369]: DEBUG oslo_concurrency.lockutils [None req-26d13ff6-660a-4fcb-9da7-87ca5eafe277 tempest-AttachVolumeNegativeTest-1895581656 tempest-AttachVolumeNegativeTest-1895581656-project] Lock "bd5f77d6-6319-4cdc-b55a-3addfe5d8318" acquired by "nova.context.set_target_cell..get_or_set_cached_cell_and_set_connections" :: waited 0.000s {{(pid=93369) inner /usr/local/lib/python3.8/dist-packages/oslo_concurrency/lockutils.py:355}}
May 13 17:10:30.726143 dv-cinder-791281-1-smb devstack@n-api.service[93369]: DEBUG oslo_concurrency.lockutils [None req-26d13ff6-660a-4fcb-9da7-87ca5eafe277 tempest-AttachVolumeNegativeTest-1895581656 tempest-AttachVolumeNegativeTest-1895581656-project] Lock "bd5f77d6-6319-4cdc-b55a-3addfe5d8318" released by "nova.context.set_target_cell..get_or_set_cached_cell_and_set_connections" :: held 0.001s {{(pid=93369) inner /usr/local/lib/python3.8/dist-packages/oslo_concurrency/lockutils.py:367}}
May 13 17:10:30.769803 dv-cinder-791281-1-smb devstack@n-api.service[93368]: INFO nova.api.openstack.requestlog [None req-aca5572e-5bc6-4cdb-8eb6-c411b67da57d tempest-VolumesSnapshotsTestJSON-867603176 tempest-VolumesSnapshotsTestJSON-867603176-project] 10.222.0.107 "GET /compute/v2.1/os-snapshots/a5dd02b5-b3b4-46ff-9733-a83fee3b37a2" status: 200 len: 287 microversion: 2.1 time: 0.059976
May 13 17:10:30.772519 dv-cinder-791281-1-smb devstack@n-api.service[93368]: [pid: 93368|app: 0|req: 10/18] 10.222.0.107 () {58 vars in 1256 bytes} [Thu May 13 17:10:30 2021] GET /compute/v2.1/os-snapshots/a5dd02b5-b3b4-46ff-9733-a83fee3b37a2 => generated 287 bytes in 63 msecs (HTTP/1.1 200) 9 headers in 357 bytes (1 switches on core 0)
May 13 17:10:30.776192 dv-cinder-791281-1-smb devstack@n-api.service[93368]: DEBUG nova.api.openstack.wsgi [None req-d41fb79c-f8fa-4514-a5a6-d13dba600cfe tempest-VolumesSnapshotsTestJSON-867603176 tempest-VolumesSnapshotsTestJSON-867603176-project] Calling method '.version_select at 0x7f435f9cd1f0>' {{(pid=93368) _process_stack /opt/stack/nova/nova/api/openstack/wsgi.py:513}}
May 13 17:10:30.899845 dv-cinder-791281-1-smb devstack@n-api.service[93369]: DEBUG nova.policy [None req-26d13ff6-660a-4fcb-9da7-87ca5eafe277 tempest-AttachVolumeNegativeTest-1895581656 tempest-AttachVolumeNegativeTest-1895581656-project] Policy check for os_compute_api:os-extended-server-attributes failed with credentials {'is_admin': False, 'user_id': 'bb1d3b7f7001432b9242f56f856b4c1f', 'user_domain_id': 'default', 'system_scope': None, 'domain_id': None, 'project_id': '6cb6ef45bd2d4cfc943e00f49c54417f', 'project_domain_id': 'default', 'roles': ['member', 'reader'], 'is_admin_project': True, 'service_user_id': None, 'service_user_domain_id': None, 'service_project_id': None, 'service_project_domain_id': None, 'service_roles': []} {{(pid=93369) authorize /opt/stack/nova/nova/policy.py:199}}
May 13 17:10:30.905866 dv-cinder-791281-1-smb devstack@n-api.service[93369]: INFO nova.api.openstack.requestlog [None req-26d13ff6-660a-4fcb-9da7-87ca5eafe277 tempest-AttachVolumeNegativeTest-1895581656 tempest-AttachVolumeNegativeTest-1895581656-project] 10.222.0.107 "GET /compute/v2.1/servers/fe95250e-d456-46d5-8ecd-acdc99cdb3c1" status: 200 len: 1218 microversion: 2.1 time: 0.195772
May 13 17:10:30.906275 dv-cinder-791281-1-smb devstack@n-api.service[93369]: [pid: 93369|app: 0|req: 9/19] 10.222.0.107 () {58 vars in 1241 bytes} [Thu May 13 17:10:30 2021] GET /compute/v2.1/servers/fe95250e-d456-46d5-8ecd-acdc99cdb3c1 => generated 1218 bytes in 197 msecs (HTTP/1.1 200) 9 headers in 358 bytes (1 switches on core 0)
May 13 17:10:31.104191 dv-cinder-791281-1-smb devstack@n-api.service[93368]: INFO nova.api.openstack.requestlog [None req-d41fb79c-f8fa-4514-a5a6-d13dba600cfe tempest-VolumesSnapshotsTestJSON-867603176 tempest-VolumesSnapshotsTestJSON-867603176-project] 10.222.0.107 "DELETE /compute/v2.1/os-snapshots/a5dd02b5-b3b4-46ff-9733-a83fee3b37a2" status: 202 len: 0 microversion: 2.1 time: 0.330305
May 13 17:10:31.104747 dv-cinder-791281-1-smb devstack@n-api.service[93368]: [pid: 93368|app: 0|req: 11/20] 10.222.0.107 () {58 vars in 1259 bytes} [Thu May 13 17:10:30 2021] DELETE /compute/v2.1/os-snapshots/a5dd02b5-b3b4-46ff-9733-a83fee3b37a2 => generated 0 bytes in 331 msecs (HTTP/1.1 202) 9 headers in 361 bytes (2 switches on core 0)
May 13 17:10:31.112438 dv-cinder-791281-1-smb devstack@n-api.service[93369]: DEBUG nova.api.openstack.wsgi [None req-c609775e-19b2-44c5-a5f8-a5e37e94e369 tempest-VolumesSnapshotsTestJSON-867603176 tempest-VolumesSnapshotsTestJSON-867603176-project] Calling method '.version_select at 0x7f435f9c5c10>' {{(pid=93369) _process_stack /opt/stack/nova/nova/api/openstack/wsgi.py:513}}
May 13 17:10:31.131571 dv-cinder-791281-1-smb devstack@n-api.service[93368]: DEBUG nova.api.openstack.wsgi [None req-77c7e3d0-ad99-48ab-9960-4f66c0555cde tempest-DeleteServersTestJSON-1216637500 tempest-DeleteServersTestJSON-1216637500-project] Calling method '>' {{(pid=93368) _process_stack /opt/stack/nova/nova/api/openstack/wsgi.py:513}}
May 13 17:10:31.132126 dv-cinder-791281-1-smb devstack@n-api.service[93368]: DEBUG nova.compute.api [None req-77c7e3d0-ad99-48ab-9960-4f66c0555cde tempest-DeleteServersTestJSON-1216637500 tempest-DeleteServersTestJSON-1216637500-project] [instance: 5db43f50-213c-45f9-b09f-4fc0fb8d7c41] Fetching instance by UUID {{(pid=93368) get /opt/stack/nova/nova/compute/api.py:2790}}
May 13 17:10:31.137724 dv-cinder-791281-1-smb devstack@n-api.service[93368]: DEBUG oslo_concurrency.lockutils [None req-77c7e3d0-ad99-48ab-9960-4f66c0555cde tempest-DeleteServersTestJSON-1216637500 tempest-DeleteServersTestJSON-1216637500-project] Lock "bd5f77d6-6319-4cdc-b55a-3addfe5d8318" acquired by "nova.context.set_target_cell..get_or_set_cached_cell_and_set_connections" :: waited 0.000s {{(pid=93368) inner /usr/local/lib/python3.8/dist-packages/oslo_concurrency/lockutils.py:355}}
May 13 17:10:31.140929 dv-cinder-791281-1-smb devstack@n-api.service[93368]: DEBUG oslo_concurrency.lockutils [None req-77c7e3d0-ad99-48ab-9960-4f66c0555cde tempest-DeleteServersTestJSON-1216637500 tempest-DeleteServersTestJSON-1216637500-project] Lock "bd5f77d6-6319-4cdc-b55a-3addfe5d8318" released by "nova.context.set_target_cell..get_or_set_cached_cell_and_set_connections" :: held 0.000s {{(pid=93368) inner /usr/local/lib/python3.8/dist-packages/oslo_concurrency/lockutils.py:367}}
May 13 17:10:31.140929 dv-cinder-791281-1-smb devstack@n-api.service[93368]: DEBUG oslo_concurrency.lockutils [None req-77c7e3d0-ad99-48ab-9960-4f66c0555cde tempest-DeleteServersTestJSON-1216637500 tempest-DeleteServersTestJSON-1216637500-project] Lock "bd5f77d6-6319-4cdc-b55a-3addfe5d8318" acquired by "nova.context.set_target_cell..get_or_set_cached_cell_and_set_connections" :: waited 0.000s {{(pid=93368) inner /usr/local/lib/python3.8/dist-packages/oslo_concurrency/lockutils.py:355}}
May 13 17:10:31.140929 dv-cinder-791281-1-smb devstack@n-api.service[93368]: DEBUG oslo_concurrency.lockutils [None req-77c7e3d0-ad99-48ab-9960-4f66c0555cde tempest-DeleteServersTestJSON-1216637500 tempest-DeleteServersTestJSON-1216637500-project] Lock "bd5f77d6-6319-4cdc-b55a-3addfe5d8318" released by "nova.context.set_target_cell..get_or_set_cached_cell_and_set_connections" :: held 0.000s {{(pid=93368) inner /usr/local/lib/python3.8/dist-packages/oslo_concurrency/lockutils.py:367}}
May 13 17:10:31.236333 dv-cinder-791281-1-smb devstack@n-api.service[93368]: DEBUG nova.policy [None req-77c7e3d0-ad99-48ab-9960-4f66c0555cde tempest-DeleteServersTestJSON-1216637500 tempest-DeleteServersTestJSON-1216637500-project] Policy check for os_compute_api:os-extended-server-attributes failed with credentials {'is_admin': False, 'user_id': 'f0475b5c6d7e4da294f986c1d18eabed', 'user_domain_id': 'default', 'system_scope': None, 'domain_id': None, 'project_id': 'bf4dc1ebfdb846d6bbea5b636bc8c365', 'project_domain_id': 'default', 'roles': ['member', 'reader'], 'is_admin_project': True, 'service_user_id': None, 'service_user_domain_id': None, 'service_project_id': None, 'service_project_domain_id': None, 'service_roles': []} {{(pid=93368) authorize /opt/stack/nova/nova/policy.py:199}}
May 13 17:10:31.242625 dv-cinder-791281-1-smb devstack@n-api.service[93368]: INFO nova.api.openstack.requestlog [None req-77c7e3d0-ad99-48ab-9960-4f66c0555cde tempest-DeleteServersTestJSON-1216637500 tempest-DeleteServersTestJSON-1216637500-project] 10.222.0.107 "GET /compute/v2.1/servers/5db43f50-213c-45f9-b09f-4fc0fb8d7c41" status: 200 len: 1271 microversion: 2.1 time: 0.115413
May 13 17:10:31.243001 dv-cinder-791281-1-smb devstack@n-api.service[93368]: [pid: 93368|app: 0|req: 12/21] 10.222.0.107 () {58 vars in 1241 bytes} [Thu May 13 17:10:31 2021] GET /compute/v2.1/servers/5db43f50-213c-45f9-b09f-4fc0fb8d7c41 => generated 1271 bytes in 116 msecs (HTTP/1.1 200) 9 headers in 358 bytes (1 switches on core 0)
May 13 17:10:31.330456 dv-cinder-791281-1-smb devstack@n-api.service[93368]: DEBUG nova.api.openstack.wsgi [None req-6e6a526c-dbe8-4ab2-8f05-8bd335ddc8dd tempest-ServerRescueNegativeTestJSON-251203199 tempest-ServerRescueNegativeTestJSON-251203199-project] Action: 'create', calling method: >, body: {"server": {"name": "tempest-ServerRescueNegativeTestJSON-server-103324549", "imageRef": "0d71afda-aee3-4e91-8f32-8110b5397d9d", "flavorRef": "452", "adminPass": "***", "networks": [{"uuid": "ff3b0bc1-0cd9-4df7-8ef9-8beb12bc5a16"}]}} {{(pid=93368) _process_stack /opt/stack/nova/nova/api/openstack/wsgi.py:511}}
May 13 17:10:31.373342 dv-cinder-791281-1-smb devstack@n-api.service[93368]: DEBUG nova.network.neutron [None req-6e6a526c-dbe8-4ab2-8f05-8bd335ddc8dd tempest-ServerRescueNegativeTestJSON-251203199 tempest-ServerRescueNegativeTestJSON-251203199-project] validate_networks() for [('ff3b0bc1-0cd9-4df7-8ef9-8beb12bc5a16', None, None, None)] {{(pid=93368) validate_networks /opt/stack/nova/nova/network/neutron.py:2374}}
May 13 17:10:31.496294 dv-cinder-791281-1-smb devstack@n-api.service[93369]: INFO nova.api.openstack.requestlog [None req-c609775e-19b2-44c5-a5f8-a5e37e94e369 tempest-VolumesSnapshotsTestJSON-867603176 tempest-VolumesSnapshotsTestJSON-867603176-project] 10.222.0.107 "GET /compute/v2.1/os-snapshots/a5dd02b5-b3b4-46ff-9733-a83fee3b37a2" status: 200 len: 286 microversion: 2.1 time: 0.388842
May 13 17:10:31.497168 dv-cinder-791281-1-smb devstack@n-api.service[93369]: [pid: 93369|app: 0|req: 10/22] 10.222.0.107 () {58 vars in 1256 bytes} [Thu May 13 17:10:31 2021] GET /compute/v2.1/os-snapshots/a5dd02b5-b3b4-46ff-9733-a83fee3b37a2 => generated 286 bytes in 390 msecs (HTTP/1.1 200) 9 headers in 357 bytes (1 switches on core 0)
May 13 17:10:31.870081 dv-cinder-791281-1-smb devstack@n-api.service[93369]: DEBUG nova.api.openstack.wsgi [None req-955f7a44-7648-4c8d-9358-8da4e39ec6ae tempest-AttachVolumeShelveTestJSON-155859796 tempest-AttachVolumeShelveTestJSON-155859796-project] Action: 'create', calling method: .version_select at 0x7f435f9c5940>, body: {"keypair": {"name": "tempest-keypair-528484551"}} {{(pid=93369) _process_stack /opt/stack/nova/nova/api/openstack/wsgi.py:511}}
May 13 17:10:31.893524 dv-cinder-791281-1-smb devstack@n-api.service[93369]: DEBUG nova.quota [None req-955f7a44-7648-4c8d-9358-8da4e39ec6ae tempest-AttachVolumeShelveTestJSON-155859796 tempest-AttachVolumeShelveTestJSON-155859796-project] Getting quotas for project d561d2cffc484b6f92874dd34655baa9. Resources: {'key_pairs'} {{(pid=93369) _get_quotas /opt/stack/nova/nova/quota.py:387}}
May 13 17:10:31.898315 dv-cinder-791281-1-smb devstack@n-api.service[93369]: DEBUG nova.quota [None req-955f7a44-7648-4c8d-9358-8da4e39ec6ae tempest-AttachVolumeShelveTestJSON-155859796 tempest-AttachVolumeShelveTestJSON-155859796-project] Getting quotas for user 7e3de66e00384dc7a13068294faadc44 and project d561d2cffc484b6f92874dd34655baa9. Resources: {'key_pairs'} {{(pid=93369) _get_quotas /opt/stack/nova/nova/quota.py:377}}
May 13 17:10:31.998427 dv-cinder-791281-1-smb devstack@n-api.service[93368]: DEBUG nova.virt.hardware [None req-6e6a526c-dbe8-4ab2-8f05-8bd335ddc8dd tempest-ServerRescueNegativeTestJSON-251203199 tempest-ServerRescueNegativeTestJSON-251203199-project] Flavor limits 0:0:0 {{(pid=93368) get_cpu_topology_constraints /opt/stack/nova/nova/virt/hardware.py:344}}
May 13 17:10:31.999052 dv-cinder-791281-1-smb devstack@n-api.service[93368]: DEBUG nova.virt.hardware [None req-6e6a526c-dbe8-4ab2-8f05-8bd335ddc8dd tempest-ServerRescueNegativeTestJSON-251203199 tempest-ServerRescueNegativeTestJSON-251203199-project] Image limits 0:0:0 {{(pid=93368) get_cpu_topology_constraints /opt/stack/nova/nova/virt/hardware.py:348}}
May 13 17:10:31.999421 dv-cinder-791281-1-smb devstack@n-api.service[93368]: DEBUG nova.virt.hardware [None req-6e6a526c-dbe8-4ab2-8f05-8bd335ddc8dd tempest-ServerRescueNegativeTestJSON-251203199 tempest-ServerRescueNegativeTestJSON-251203199-project] Flavor pref 0:0:0 {{(pid=93368) get_cpu_topology_constraints /opt/stack/nova/nova/virt/hardware.py:384}}
May 13 17:10:31.999732 dv-cinder-791281-1-smb devstack@n-api.service[93368]: DEBUG nova.virt.hardware [None req-6e6a526c-dbe8-4ab2-8f05-8bd335ddc8dd tempest-ServerRescueNegativeTestJSON-251203199 tempest-ServerRescueNegativeTestJSON-251203199-project] Image pref 0:0:0 {{(pid=93368) get_cpu_topology_constraints /opt/stack/nova/nova/virt/hardware.py:388}}
May 13 17:10:32.000031 dv-cinder-791281-1-smb devstack@n-api.service[93368]: DEBUG nova.virt.hardware [None req-6e6a526c-dbe8-4ab2-8f05-8bd335ddc8dd tempest-ServerRescueNegativeTestJSON-251203199 tempest-ServerRescueNegativeTestJSON-251203199-project] Chose sockets=0, cores=0, threads=0; limits were sockets=65536, cores=65536, threads=65536 {{(pid=93368) get_cpu_topology_constraints /opt/stack/nova/nova/virt/hardware.py:426}}
May 13 17:10:32.005526 dv-cinder-791281-1-smb devstack@n-api.service[93368]: DEBUG oslo_concurrency.lockutils [None req-6e6a526c-dbe8-4ab2-8f05-8bd335ddc8dd tempest-ServerRescueNegativeTestJSON-251203199 tempest-ServerRescueNegativeTestJSON-251203199-project] Lock "00000000-0000-0000-0000-000000000000" acquired by "nova.context.set_target_cell..get_or_set_cached_cell_and_set_connections" :: waited 0.000s {{(pid=93368) inner /usr/local/lib/python3.8/dist-packages/oslo_concurrency/lockutils.py:355}}
May 13 17:10:32.006257 dv-cinder-791281-1-smb devstack@n-api.service[93368]: DEBUG oslo_concurrency.lockutils [None req-6e6a526c-dbe8-4ab2-8f05-8bd335ddc8dd tempest-ServerRescueNegativeTestJSON-251203199 tempest-ServerRescueNegativeTestJSON-251203199-project] Lock "00000000-0000-0000-0000-000000000000" released by "nova.context.set_target_cell..get_or_set_cached_cell_and_set_connections" :: held 0.000s {{(pid=93368) inner /usr/local/lib/python3.8/dist-packages/oslo_concurrency/lockutils.py:367}}
May 13 17:10:32.006846 dv-cinder-791281-1-smb devstack@n-api.service[93368]: DEBUG oslo_concurrency.lockutils [None req-6e6a526c-dbe8-4ab2-8f05-8bd335ddc8dd tempest-ServerRescueNegativeTestJSON-251203199 tempest-ServerRescueNegativeTestJSON-251203199-project] Lock "bd5f77d6-6319-4cdc-b55a-3addfe5d8318" acquired by "nova.context.set_target_cell..get_or_set_cached_cell_and_set_connections" :: waited 0.000s {{(pid=93368) inner /usr/local/lib/python3.8/dist-packages/oslo_concurrency/lockutils.py:355}}
May 13 17:10:32.007180 dv-cinder-791281-1-smb devstack@n-api.service[93368]: DEBUG oslo_concurrency.lockutils [None req-6e6a526c-dbe8-4ab2-8f05-8bd335ddc8dd tempest-ServerRescueNegativeTestJSON-251203199 tempest-ServerRescueNegativeTestJSON-251203199-project] Lock "bd5f77d6-6319-4cdc-b55a-3addfe5d8318" released by "nova.context.set_target_cell..get_or_set_cached_cell_and_set_connections" :: held 0.000s {{(pid=93368) inner /usr/local/lib/python3.8/dist-packages/oslo_concurrency/lockutils.py:367}}
May 13 17:10:32.017648 dv-cinder-791281-1-smb devstack@n-api.service[93368]: DEBUG nova.quota [None req-6e6a526c-dbe8-4ab2-8f05-8bd335ddc8dd tempest-ServerRescueNegativeTestJSON-251203199 tempest-ServerRescueNegativeTestJSON-251203199-project] Getting quotas for project 89271f254a024ef49dbbd04701f43c1b. Resources: {'instances', 'cores', 'ram'} {{(pid=93368) _get_quotas /opt/stack/nova/nova/quota.py:387}}
May 13 17:10:32.020338 dv-cinder-791281-1-smb devstack@n-api.service[93368]: DEBUG nova.quota [None req-6e6a526c-dbe8-4ab2-8f05-8bd335ddc8dd tempest-ServerRescueNegativeTestJSON-251203199 tempest-ServerRescueNegativeTestJSON-251203199-project] Getting quotas for user 4c7ddd1b2da04337b37a2fc90436e3eb and project 89271f254a024ef49dbbd04701f43c1b. Resources: {'instances', 'cores', 'ram'} {{(pid=93368) _get_quotas /opt/stack/nova/nova/quota.py:377}}
May 13 17:10:32.026552 dv-cinder-791281-1-smb devstack@n-api.service[93368]: DEBUG nova.compute.api [None req-6e6a526c-dbe8-4ab2-8f05-8bd335ddc8dd tempest-ServerRescueNegativeTestJSON-251203199 tempest-ServerRescueNegativeTestJSON-251203199-project] Going to run 1 instances... {{(pid=93368) _provision_instances /opt/stack/nova/nova/compute/api.py:1283}}
May 13 17:10:32.028292 dv-cinder-791281-1-smb devstack@n-api.service[93368]: DEBUG nova.compute.api [None req-6e6a526c-dbe8-4ab2-8f05-8bd335ddc8dd tempest-ServerRescueNegativeTestJSON-251203199 tempest-ServerRescueNegativeTestJSON-251203199-project] [instance: 4084c16d-71b9-44c6-8a0e-b9d38974692e] block_device_mapping [BlockDeviceMapping(attachment_id=,boot_index=0,connection_info=None,created_at=,delete_on_termination=True,deleted=,deleted_at=,destination_type='local',device_name=None,device_type='disk',disk_bus=None,guest_format=None,id=,image_id='0d71afda-aee3-4e91-8f32-8110b5397d9d',instance=,instance_uuid=,no_device=False,snapshot_id=None,source_type='image',tag=None,updated_at=,uuid=,volume_id=None,volume_size=None,volume_type=None)] {{(pid=93368) _bdm_validate_set_size_and_instance /opt/stack/nova/nova/compute/api.py:1685}}
May 13 17:10:32.124148 dv-cinder-791281-1-smb devstack@n-api.service[93368]: INFO nova.api.openstack.requestlog [None req-6e6a526c-dbe8-4ab2-8f05-8bd335ddc8dd tempest-ServerRescueNegativeTestJSON-251203199 tempest-ServerRescueNegativeTestJSON-251203199-project] 10.222.0.107 "POST /compute/v2.1/servers" status: 202 len: 385 microversion: 2.1 time: 0.880373
May 13 17:10:32.129370 dv-cinder-791281-1-smb devstack@n-api.service[93368]: [pid: 93368|app: 0|req: 13/23] 10.222.0.107 () {60 vars in 1152 bytes} [Thu May 13 17:10:31 2021] POST /compute/v2.1/servers => generated 385 bytes in 881 msecs (HTTP/1.1 202) 10 headers in 452 bytes (1 switches on core 0)
May 13 17:10:32.129370 dv-cinder-791281-1-smb devstack@n-api.service[93368]: DEBUG nova.api.openstack.wsgi [None req-e7453c51-4992-41a3-af40-c98ed05e6c8b tempest-AttachVolumeNegativeTest-1895581656 tempest-AttachVolumeNegativeTest-1895581656-project] Calling method '>' {{(pid=93368) _process_stack /opt/stack/nova/nova/api/openstack/wsgi.py:513}}
May 13 17:10:32.129370 dv-cinder-791281-1-smb devstack@n-api.service[93368]: DEBUG nova.compute.api [None req-e7453c51-4992-41a3-af40-c98ed05e6c8b tempest-AttachVolumeNegativeTest-1895581656 tempest-AttachVolumeNegativeTest-1895581656-project] [instance: fe95250e-d456-46d5-8ecd-acdc99cdb3c1] Fetching instance by UUID {{(pid=93368) get /opt/stack/nova/nova/compute/api.py:2790}}
May 13 17:10:32.133158 dv-cinder-791281-1-smb devstack@n-api.service[93368]: DEBUG oslo_concurrency.lockutils [None req-e7453c51-4992-41a3-af40-c98ed05e6c8b tempest-AttachVolumeNegativeTest-1895581656 tempest-AttachVolumeNegativeTest-1895581656-project] Lock "bd5f77d6-6319-4cdc-b55a-3addfe5d8318" acquired by "nova.context.set_target_cell..get_or_set_cached_cell_and_set_connections" :: waited 0.000s {{(pid=93368) inner /usr/local/lib/python3.8/dist-packages/oslo_concurrency/lockutils.py:355}}
May 13 17:10:32.133418 dv-cinder-791281-1-smb devstack@n-api.service[93368]: DEBUG oslo_concurrency.lockutils [None req-e7453c51-4992-41a3-af40-c98ed05e6c8b tempest-AttachVolumeNegativeTest-1895581656 tempest-AttachVolumeNegativeTest-1895581656-project] Lock "bd5f77d6-6319-4cdc-b55a-3addfe5d8318" released by "nova.context.set_target_cell..get_or_set_cached_cell_and_set_connections" :: held 0.000s {{(pid=93368) inner /usr/local/lib/python3.8/dist-packages/oslo_concurrency/lockutils.py:367}}
May 13 17:10:32.133843 dv-cinder-791281-1-smb devstack@n-api.service[93368]: DEBUG oslo_concurrency.lockutils [None req-e7453c51-4992-41a3-af40-c98ed05e6c8b tempest-AttachVolumeNegativeTest-1895581656 tempest-AttachVolumeNegativeTest-1895581656-project] Lock "bd5f77d6-6319-4cdc-b55a-3addfe5d8318" acquired by "nova.context.set_target_cell..get_or_set_cached_cell_and_set_connections" :: waited 0.000s {{(pid=93368) inner /usr/local/lib/python3.8/dist-packages/oslo_concurrency/lockutils.py:355}}
May 13 17:10:32.134067 dv-cinder-791281-1-smb devstack@n-api.service[93368]: DEBUG oslo_concurrency.lockutils [None req-e7453c51-4992-41a3-af40-c98ed05e6c8b tempest-AttachVolumeNegativeTest-1895581656 tempest-AttachVolumeNegativeTest-1895581656-project] Lock "bd5f77d6-6319-4cdc-b55a-3addfe5d8318" released by "nova.context.set_target_cell..get_or_set_cached_cell_and_set_connections" :: held 0.000s {{(pid=93368) inner /usr/local/lib/python3.8/dist-packages/oslo_concurrency/lockutils.py:367}}
May 13 17:10:32.206931 dv-cinder-791281-1-smb devstack@n-api.service[93368]: DEBUG nova.policy [None req-e7453c51-4992-41a3-af40-c98ed05e6c8b tempest-AttachVolumeNegativeTest-1895581656 tempest-AttachVolumeNegativeTest-1895581656-project] Policy check for os_compute_api:os-extended-server-attributes failed with credentials {'is_admin': False, 'user_id': 'bb1d3b7f7001432b9242f56f856b4c1f', 'user_domain_id': 'default', 'system_scope': None, 'domain_id': None, 'project_id': '6cb6ef45bd2d4cfc943e00f49c54417f', 'project_domain_id': 'default', 'roles': ['member', 'reader'], 'is_admin_project': True, 'service_user_id': None, 'service_user_domain_id': None, 'service_project_id': None, 'service_project_domain_id': None, 'service_roles': []} {{(pid=93368) authorize /opt/stack/nova/nova/policy.py:199}}
May 13 17:10:32.216238 dv-cinder-791281-1-smb devstack@n-api.service[93368]: INFO nova.api.openstack.requestlog [None req-e7453c51-4992-41a3-af40-c98ed05e6c8b tempest-AttachVolumeNegativeTest-1895581656 tempest-AttachVolumeNegativeTest-1895581656-project] 10.222.0.107 "GET /compute/v2.1/servers/fe95250e-d456-46d5-8ecd-acdc99cdb3c1" status: 200 len: 1274 microversion: 2.1 time: 0.090678
May 13 17:10:32.216610 dv-cinder-791281-1-smb devstack@n-api.service[93368]: [pid: 93368|app: 0|req: 14/24] 10.222.0.107 () {58 vars in 1241 bytes} [Thu May 13 17:10:32 2021] GET /compute/v2.1/servers/fe95250e-d456-46d5-8ecd-acdc99cdb3c1 => generated 1274 bytes in 91 msecs (HTTP/1.1 200) 9 headers in 358 bytes (1 switches on core 0)
May 13 17:10:32.219209 dv-cinder-791281-1-smb devstack@n-api.service[93368]: DEBUG nova.api.openstack.wsgi [None req-76025924-84ba-444a-958e-82da3b905415 tempest-ServerRescueNegativeTestJSON-251203199 tempest-ServerRescueNegativeTestJSON-251203199-project] Calling method '>' {{(pid=93368) _process_stack /opt/stack/nova/nova/api/openstack/wsgi.py:513}}
May 13 17:10:32.219564 dv-cinder-791281-1-smb devstack@n-api.service[93368]: DEBUG nova.compute.api [None req-76025924-84ba-444a-958e-82da3b905415 tempest-ServerRescueNegativeTestJSON-251203199 tempest-ServerRescueNegativeTestJSON-251203199-project] [instance: 4084c16d-71b9-44c6-8a0e-b9d38974692e] Fetching instance by UUID {{(pid=93368) get /opt/stack/nova/nova/compute/api.py:2790}}
May 13 17:10:32.274537 dv-cinder-791281-1-smb devstack@n-api.service[93369]: DEBUG nova.quota [None req-955f7a44-7648-4c8d-9358-8da4e39ec6ae tempest-AttachVolumeShelveTestJSON-155859796 tempest-AttachVolumeShelveTestJSON-155859796-project] Getting quotas for project d561d2cffc484b6f92874dd34655baa9. Resources: {'key_pairs'} {{(pid=93369) _get_quotas /opt/stack/nova/nova/quota.py:387}}
May 13 17:10:32.276830 dv-cinder-791281-1-smb devstack@n-api.service[93369]: DEBUG nova.quota [None req-955f7a44-7648-4c8d-9358-8da4e39ec6ae tempest-AttachVolumeShelveTestJSON-155859796 tempest-AttachVolumeShelveTestJSON-155859796-project] Getting quotas for user 7e3de66e00384dc7a13068294faadc44 and project d561d2cffc484b6f92874dd34655baa9. Resources: {'key_pairs'} {{(pid=93369) _get_quotas /opt/stack/nova/nova/quota.py:377}}
May 13 17:10:32.286857 dv-cinder-791281-1-smb devstack@n-api.service[93369]: INFO nova.api.openstack.requestlog [None req-955f7a44-7648-4c8d-9358-8da4e39ec6ae tempest-AttachVolumeShelveTestJSON-155859796 tempest-AttachVolumeShelveTestJSON-155859796-project] 10.222.0.107 "POST /compute/v2.1/os-keypairs" status: 201 len: 2315 microversion: 2.20 time: 0.443870
May 13 17:10:32.287608 dv-cinder-791281-1-smb devstack@n-api.service[93369]: [pid: 93369|app: 0|req: 11/25] 10.222.0.107 () {62 vars in 1204 bytes} [Thu May 13 17:10:31 2021] POST /compute/v2.1/os-keypairs => generated 2315 bytes in 447 msecs (HTTP/1.1 201) 9 headers in 365 bytes (2 switches on core 0)
May 13 17:10:32.291665 dv-cinder-791281-1-smb devstack@n-api.service[93368]: DEBUG nova.policy [None req-76025924-84ba-444a-958e-82da3b905415 tempest-ServerRescueNegativeTestJSON-251203199 tempest-ServerRescueNegativeTestJSON-251203199-project] Policy check for os_compute_api:os-extended-server-attributes failed with credentials {'is_admin': False, 'user_id': '4c7ddd1b2da04337b37a2fc90436e3eb', 'user_domain_id': 'default', 'system_scope': None, 'domain_id': None, 'project_id': '89271f254a024ef49dbbd04701f43c1b', 'project_domain_id': 'default', 'roles': ['member', 'reader'], 'is_admin_project': True, 'service_user_id': None, 'service_user_domain_id': None, 'service_project_id': None, 'service_project_domain_id': None, 'service_roles': []} {{(pid=93368) authorize /opt/stack/nova/nova/policy.py:199}}
May 13 17:10:32.298199 dv-cinder-791281-1-smb devstack@n-api.service[93368]: INFO nova.api.openstack.requestlog [None req-76025924-84ba-444a-958e-82da3b905415 tempest-ServerRescueNegativeTestJSON-251203199 tempest-ServerRescueNegativeTestJSON-251203199-project] 10.222.0.107 "GET /compute/v2.1/servers/4084c16d-71b9-44c6-8a0e-b9d38974692e" status: 200 len: 1225 microversion: 2.1 time: 0.080511
May 13 17:10:32.308891 dv-cinder-791281-1-smb devstack@n-api.service[93368]: [pid: 93368|app: 0|req: 15/26] 10.222.0.107 () {58 vars in 1241 bytes} [Thu May 13 17:10:32 2021] GET /compute/v2.1/servers/4084c16d-71b9-44c6-8a0e-b9d38974692e => generated 1225 bytes in 82 msecs (HTTP/1.1 200) 9 headers in 358 bytes (1 switches on core 0)
May 13 17:10:32.309127 dv-cinder-791281-1-smb devstack@n-api.service[93369]: DEBUG nova.api.openstack.wsgi [None req-6d3865b7-10cf-4ca6-b00a-3ec4cc1f6c4c tempest-DeleteServersTestJSON-1216637500 tempest-DeleteServersTestJSON-1216637500-project] Calling method '>' {{(pid=93369) _process_stack /opt/stack/nova/nova/api/openstack/wsgi.py:513}}
May 13 17:10:32.309127 dv-cinder-791281-1-smb devstack@n-api.service[93369]: DEBUG nova.compute.api [None req-6d3865b7-10cf-4ca6-b00a-3ec4cc1f6c4c tempest-DeleteServersTestJSON-1216637500 tempest-DeleteServersTestJSON-1216637500-project] [instance: 5db43f50-213c-45f9-b09f-4fc0fb8d7c41] Fetching instance by UUID {{(pid=93369) get /opt/stack/nova/nova/compute/api.py:2790}}
May 13 17:10:32.309127 dv-cinder-791281-1-smb devstack@n-api.service[93369]: DEBUG oslo_concurrency.lockutils [None req-6d3865b7-10cf-4ca6-b00a-3ec4cc1f6c4c tempest-DeleteServersTestJSON-1216637500 tempest-DeleteServersTestJSON-1216637500-project] Lock "bd5f77d6-6319-4cdc-b55a-3addfe5d8318" acquired by "nova.context.set_target_cell..get_or_set_cached_cell_and_set_connections" :: waited 0.000s {{(pid=93369) inner /usr/local/lib/python3.8/dist-packages/oslo_concurrency/lockutils.py:355}}
May 13 17:10:32.309127 dv-cinder-791281-1-smb devstack@n-api.service[93369]: DEBUG oslo_concurrency.lockutils [None req-6d3865b7-10cf-4ca6-b00a-3ec4cc1f6c4c tempest-DeleteServersTestJSON-1216637500 tempest-DeleteServersTestJSON-1216637500-project] Lock "bd5f77d6-6319-4cdc-b55a-3addfe5d8318" released by "nova.context.set_target_cell..get_or_set_cached_cell_and_set_connections" :: held 0.000s {{(pid=93369) inner /usr/local/lib/python3.8/dist-packages/oslo_concurrency/lockutils.py:367}}
May 13 17:10:32.309273 dv-cinder-791281-1-smb devstack@n-api.service[93369]: DEBUG oslo_concurrency.lockutils [None req-6d3865b7-10cf-4ca6-b00a-3ec4cc1f6c4c tempest-DeleteServersTestJSON-1216637500 tempest-DeleteServersTestJSON-1216637500-project] Lock "bd5f77d6-6319-4cdc-b55a-3addfe5d8318" acquired by "nova.context.set_target_cell..get_or_set_cached_cell_and_set_connections" :: waited 0.000s {{(pid=93369) inner /usr/local/lib/python3.8/dist-packages/oslo_concurrency/lockutils.py:355}}
May 13 17:10:32.309313 dv-cinder-791281-1-smb devstack@n-api.service[93369]: DEBUG oslo_concurrency.lockutils [None req-6d3865b7-10cf-4ca6-b00a-3ec4cc1f6c4c tempest-DeleteServersTestJSON-1216637500 tempest-DeleteServersTestJSON-1216637500-project] Lock "bd5f77d6-6319-4cdc-b55a-3addfe5d8318" released by "nova.context.set_target_cell..get_or_set_cached_cell_and_set_connections" :: held 0.002s {{(pid=93369) inner /usr/local/lib/python3.8/dist-packages/oslo_concurrency/lockutils.py:367}}
May 13 17:10:32.349110 dv-cinder-791281-1-smb devstack@n-api.service[93368]: DEBUG nova.api.openstack.wsgi [None req-19151a47-6b65-4492-871c-9fef9f3195a1 tempest-ServerRescueNegativeTestJSON-251203199 tempest-ServerRescueNegativeTestJSON-251203199-project] Action: 'create', calling method: >, body: {"server": {"name": "tempest-ServerRescueNegativeTestJSON-server-1192493019", "imageRef": "0d71afda-aee3-4e91-8f32-8110b5397d9d", "flavorRef": "452", "adminPass": "***", "networks": [{"uuid": "ff3b0bc1-0cd9-4df7-8ef9-8beb12bc5a16"}]}} {{(pid=93368) _process_stack /opt/stack/nova/nova/api/openstack/wsgi.py:511}}
May 13 17:10:32.389219 dv-cinder-791281-1-smb devstack@n-api.service[93369]: DEBUG nova.policy [None req-6d3865b7-10cf-4ca6-b00a-3ec4cc1f6c4c tempest-DeleteServersTestJSON-1216637500 tempest-DeleteServersTestJSON-1216637500-project] Policy check for os_compute_api:os-extended-server-attributes failed with credentials {'is_admin': False, 'user_id': 'f0475b5c6d7e4da294f986c1d18eabed', 'user_domain_id': 'default', 'system_scope': None, 'domain_id': None, 'project_id': 'bf4dc1ebfdb846d6bbea5b636bc8c365', 'project_domain_id': 'default', 'roles': ['member', 'reader'], 'is_admin_project': True, 'service_user_id': None, 'service_user_domain_id': None, 'service_project_id': None, 'service_project_domain_id': None, 'service_roles': []} {{(pid=93369) authorize /opt/stack/nova/nova/policy.py:199}}
May 13 17:10:32.391716 dv-cinder-791281-1-smb devstack@n-api.service[93368]: DEBUG nova.network.neutron [None req-19151a47-6b65-4492-871c-9fef9f3195a1 tempest-ServerRescueNegativeTestJSON-251203199 tempest-ServerRescueNegativeTestJSON-251203199-project] validate_networks() for [('ff3b0bc1-0cd9-4df7-8ef9-8beb12bc5a16', None, None, None)] {{(pid=93368) validate_networks /opt/stack/nova/nova/network/neutron.py:2374}}
May 13 17:10:32.397454 dv-cinder-791281-1-smb devstack@n-api.service[93369]: INFO nova.api.openstack.requestlog [None req-6d3865b7-10cf-4ca6-b00a-3ec4cc1f6c4c tempest-DeleteServersTestJSON-1216637500 tempest-DeleteServersTestJSON-1216637500-project] 10.222.0.107 "GET /compute/v2.1/servers/5db43f50-213c-45f9-b09f-4fc0fb8d7c41" status: 200 len: 1279 microversion: 2.1 time: 0.108953
May 13 17:10:32.397777 dv-cinder-791281-1-smb devstack@n-api.service[93369]: [pid: 93369|app: 0|req: 12/27] 10.222.0.107 () {58 vars in 1241 bytes} [Thu May 13 17:10:32 2021] GET /compute/v2.1/servers/5db43f50-213c-45f9-b09f-4fc0fb8d7c41 => generated 1279 bytes in 110 msecs (HTTP/1.1 200) 9 headers in 358 bytes (1 switches on core 0)
May 13 17:10:32.506016 dv-cinder-791281-1-smb devstack@n-api.service[93369]: DEBUG nova.api.openstack.wsgi [None req-31b521a9-c2d3-4551-b883-e627c4040630 tempest-VolumesSnapshotsTestJSON-867603176 tempest-VolumesSnapshotsTestJSON-867603176-project] Calling method '.version_select at 0x7f435f9ff4c0>' {{(pid=93369) _process_stack /opt/stack/nova/nova/api/openstack/wsgi.py:513}}
May 13 17:10:32.532579 dv-cinder-791281-1-smb devstack@n-api.service[93369]: INFO nova.api.openstack.requestlog [None req-31b521a9-c2d3-4551-b883-e627c4040630 tempest-VolumesSnapshotsTestJSON-867603176 tempest-VolumesSnapshotsTestJSON-867603176-project] 10.222.0.107 "GET /compute/v2.1/os-snapshots/a5dd02b5-b3b4-46ff-9733-a83fee3b37a2" status: 200 len: 286 microversion: 2.1 time: 0.030149
May 13 17:10:32.533123 dv-cinder-791281-1-smb devstack@n-api.service[93369]: [pid: 93369|app: 0|req: 13/28] 10.222.0.107 () {58 vars in 1256 bytes} [Thu May 13 17:10:32 2021] GET /compute/v2.1/os-snapshots/a5dd02b5-b3b4-46ff-9733-a83fee3b37a2 => generated 286 bytes in 31 msecs (HTTP/1.1 200) 9 headers in 357 bytes (2 switches on core 0)
May 13 17:10:33.392111 dv-cinder-791281-1-smb devstack@n-api.service[93368]: DEBUG nova.virt.hardware [None req-19151a47-6b65-4492-871c-9fef9f3195a1 tempest-ServerRescueNegativeTestJSON-251203199 tempest-ServerRescueNegativeTestJSON-251203199-project] Flavor limits 0:0:0 {{(pid=93368) get_cpu_topology_constraints /opt/stack/nova/nova/virt/hardware.py:344}}
May 13 17:10:33.392111 dv-cinder-791281-1-smb devstack@n-api.service[93368]: DEBUG nova.virt.hardware [None req-19151a47-6b65-4492-871c-9fef9f3195a1 tempest-ServerRescueNegativeTestJSON-251203199 tempest-ServerRescueNegativeTestJSON-251203199-project] Image limits 0:0:0 {{(pid=93368) get_cpu_topology_constraints /opt/stack/nova/nova/virt/hardware.py:348}}
May 13 17:10:33.392111 dv-cinder-791281-1-smb devstack@n-api.service[93368]: DEBUG nova.virt.hardware [None req-19151a47-6b65-4492-871c-9fef9f3195a1 tempest-ServerRescueNegativeTestJSON-251203199 tempest-ServerRescueNegativeTestJSON-251203199-project] Flavor pref 0:0:0 {{(pid=93368) get_cpu_topology_constraints /opt/stack/nova/nova/virt/hardware.py:384}}
May 13 17:10:33.392111 dv-cinder-791281-1-smb devstack@n-api.service[93368]: DEBUG nova.virt.hardware [None req-19151a47-6b65-4492-871c-9fef9f3195a1 tempest-ServerRescueNegativeTestJSON-251203199 tempest-ServerRescueNegativeTestJSON-251203199-project] Image pref 0:0:0 {{(pid=93368) get_cpu_topology_constraints /opt/stack/nova/nova/virt/hardware.py:388}}
May 13 17:10:33.392111 dv-cinder-791281-1-smb devstack@n-api.service[93368]: DEBUG nova.virt.hardware [None req-19151a47-6b65-4492-871c-9fef9f3195a1 tempest-ServerRescueNegativeTestJSON-251203199 tempest-ServerRescueNegativeTestJSON-251203199-project] Chose sockets=0, cores=0, threads=0; limits were sockets=65536, cores=65536, threads=65536 {{(pid=93368) get_cpu_topology_constraints /opt/stack/nova/nova/virt/hardware.py:426}}
May 13 17:10:33.394838 dv-cinder-791281-1-smb devstack@n-api.service[93368]: DEBUG oslo_concurrency.lockutils [None req-19151a47-6b65-4492-871c-9fef9f3195a1 tempest-ServerRescueNegativeTestJSON-251203199 tempest-ServerRescueNegativeTestJSON-251203199-project] Lock "00000000-0000-0000-0000-000000000000" acquired by "nova.context.set_target_cell..get_or_set_cached_cell_and_set_connections" :: waited 0.000s {{(pid=93368) inner /usr/local/lib/python3.8/dist-packages/oslo_concurrency/lockutils.py:355}}
May 13 17:10:33.394838 dv-cinder-791281-1-smb devstack@n-api.service[93368]: DEBUG oslo_concurrency.lockutils [None req-19151a47-6b65-4492-871c-9fef9f3195a1 tempest-ServerRescueNegativeTestJSON-251203199 tempest-ServerRescueNegativeTestJSON-251203199-project] Lock "00000000-0000-0000-0000-000000000000" released by "nova.context.set_target_cell..get_or_set_cached_cell_and_set_connections" :: held 0.000s {{(pid=93368) inner /usr/local/lib/python3.8/dist-packages/oslo_concurrency/lockutils.py:367}}
May 13 17:10:33.394838 dv-cinder-791281-1-smb devstack@n-api.service[93368]: DEBUG oslo_concurrency.lockutils [None req-19151a47-6b65-4492-871c-9fef9f3195a1 tempest-ServerRescueNegativeTestJSON-251203199 tempest-ServerRescueNegativeTestJSON-251203199-project] Lock "bd5f77d6-6319-4cdc-b55a-3addfe5d8318" acquired by "nova.context.set_target_cell..get_or_set_cached_cell_and_set_connections" :: waited 0.000s {{(pid=93368) inner /usr/local/lib/python3.8/dist-packages/oslo_concurrency/lockutils.py:355}}
May 13 17:10:33.394838 dv-cinder-791281-1-smb devstack@n-api.service[93368]: DEBUG oslo_concurrency.lockutils [None req-19151a47-6b65-4492-871c-9fef9f3195a1 tempest-ServerRescueNegativeTestJSON-251203199 tempest-ServerRescueNegativeTestJSON-251203199-project] Lock "bd5f77d6-6319-4cdc-b55a-3addfe5d8318" released by "nova.context.set_target_cell..get_or_set_cached_cell_and_set_connections" :: held 0.000s {{(pid=93368) inner /usr/local/lib/python3.8/dist-packages/oslo_concurrency/lockutils.py:367}}
May 13 17:10:33.396528 dv-cinder-791281-1-smb devstack@n-api.service[93368]: DEBUG nova.quota [None req-19151a47-6b65-4492-871c-9fef9f3195a1 tempest-ServerRescueNegativeTestJSON-251203199 tempest-ServerRescueNegativeTestJSON-251203199-project] Getting quotas for project 89271f254a024ef49dbbd04701f43c1b. Resources: {'instances', 'cores', 'ram'} {{(pid=93368) _get_quotas /opt/stack/nova/nova/quota.py:387}}
May 13 17:10:33.396528 dv-cinder-791281-1-smb devstack@n-api.service[93368]: DEBUG nova.quota [None req-19151a47-6b65-4492-871c-9fef9f3195a1 tempest-ServerRescueNegativeTestJSON-251203199 tempest-ServerRescueNegativeTestJSON-251203199-project] Getting quotas for user 4c7ddd1b2da04337b37a2fc90436e3eb and project 89271f254a024ef49dbbd04701f43c1b. Resources: {'instances', 'cores', 'ram'} {{(pid=93368) _get_quotas /opt/stack/nova/nova/quota.py:377}}
May 13 17:10:33.396528 dv-cinder-791281-1-smb devstack@n-api.service[93368]: DEBUG nova.compute.api [None req-19151a47-6b65-4492-871c-9fef9f3195a1 tempest-ServerRescueNegativeTestJSON-251203199 tempest-ServerRescueNegativeTestJSON-251203199-project] Going to run 1 instances... {{(pid=93368) _provision_instances /opt/stack/nova/nova/compute/api.py:1283}}
May 13 17:10:33.396949 dv-cinder-791281-1-smb devstack@n-api.service[93368]: DEBUG nova.compute.api [None req-19151a47-6b65-4492-871c-9fef9f3195a1 tempest-ServerRescueNegativeTestJSON-251203199 tempest-ServerRescueNegativeTestJSON-251203199-project] [instance: fbd275d1-0127-4064-93b6-a0a4851bfc05] block_device_mapping [BlockDeviceMapping(attachment_id=,boot_index=0,connection_info=None,created_at=,delete_on_termination=True,deleted=,deleted_at=,destination_type='local',device_name=None,device_type='disk',disk_bus=None,guest_format=None,id=,image_id='0d71afda-aee3-4e91-8f32-8110b5397d9d',instance=,instance_uuid=,no_device=False,snapshot_id=None,source_type='image',tag=None,updated_at=,uuid=,volume_id=None,volume_size=None,volume_type=None)] {{(pid=93368) _bdm_validate_set_size_and_instance /opt/stack/nova/nova/compute/api.py:1685}}
May 13 17:10:33.399185 dv-cinder-791281-1-smb devstack@n-api.service[93369]: DEBUG nova.api.openstack.wsgi [None req-cd341e58-d1cc-4403-a9b5-83cbb526fe9c tempest-AttachVolumeNegativeTest-1895581656 tempest-AttachVolumeNegativeTest-1895581656-project] Calling method '>' {{(pid=93369) _process_stack /opt/stack/nova/nova/api/openstack/wsgi.py:513}}
May 13 17:10:33.399185 dv-cinder-791281-1-smb devstack@n-api.service[93369]: DEBUG nova.compute.api [None req-cd341e58-d1cc-4403-a9b5-83cbb526fe9c tempest-AttachVolumeNegativeTest-1895581656 tempest-AttachVolumeNegativeTest-1895581656-project] [instance: fe95250e-d456-46d5-8ecd-acdc99cdb3c1] Fetching instance by UUID {{(pid=93369) get /opt/stack/nova/nova/compute/api.py:2790}}
May 13 17:10:33.399185 dv-cinder-791281-1-smb devstack@n-api.service[93369]: DEBUG oslo_concurrency.lockutils [None req-cd341e58-d1cc-4403-a9b5-83cbb526fe9c tempest-AttachVolumeNegativeTest-1895581656 tempest-AttachVolumeNegativeTest-1895581656-project] Lock "bd5f77d6-6319-4cdc-b55a-3addfe5d8318" acquired by "nova.context.set_target_cell..get_or_set_cached_cell_and_set_connections" :: waited 0.000s {{(pid=93369) inner /usr/local/lib/python3.8/dist-packages/oslo_concurrency/lockutils.py:355}}
May 13 17:10:33.399185 dv-cinder-791281-1-smb devstack@n-api.service[93369]: DEBUG oslo_concurrency.lockutils [None req-cd341e58-d1cc-4403-a9b5-83cbb526fe9c tempest-AttachVolumeNegativeTest-1895581656 tempest-AttachVolumeNegativeTest-1895581656-project] Lock "bd5f77d6-6319-4cdc-b55a-3addfe5d8318" released by "nova.context.set_target_cell..get_or_set_cached_cell_and_set_connections" :: held 0.000s {{(pid=93369) inner /usr/local/lib/python3.8/dist-packages/oslo_concurrency/lockutils.py:367}}
May 13 17:10:33.401065 dv-cinder-791281-1-smb devstack@n-api.service[93369]: DEBUG oslo_concurrency.lockutils [None req-cd341e58-d1cc-4403-a9b5-83cbb526fe9c tempest-AttachVolumeNegativeTest-1895581656 tempest-AttachVolumeNegativeTest-1895581656-project] Lock "bd5f77d6-6319-4cdc-b55a-3addfe5d8318" acquired by "nova.context.set_target_cell..get_or_set_cached_cell_and_set_connections" :: waited 0.000s {{(pid=93369) inner /usr/local/lib/python3.8/dist-packages/oslo_concurrency/lockutils.py:355}}
May 13 17:10:33.401065 dv-cinder-791281-1-smb devstack@n-api.service[93369]: DEBUG oslo_concurrency.lockutils [None req-cd341e58-d1cc-4403-a9b5-83cbb526fe9c tempest-AttachVolumeNegativeTest-1895581656 tempest-AttachVolumeNegativeTest-1895581656-project] Lock "bd5f77d6-6319-4cdc-b55a-3addfe5d8318" released by "nova.context.set_target_cell..get_or_set_cached_cell_and_set_connections" :: held 0.000s {{(pid=93369) inner /usr/local/lib/python3.8/dist-packages/oslo_concurrency/lockutils.py:367}}
May 13 17:10:33.401065 dv-cinder-791281-1-smb devstack@n-api.service[93369]: DEBUG nova.policy [None req-cd341e58-d1cc-4403-a9b5-83cbb526fe9c tempest-AttachVolumeNegativeTest-1895581656 tempest-AttachVolumeNegativeTest-1895581656-project] Policy check for os_compute_api:os-extended-server-attributes failed with credentials {'is_admin': False, 'user_id': 'bb1d3b7f7001432b9242f56f856b4c1f', 'user_domain_id': 'default', 'system_scope': None, 'domain_id': None, 'project_id': '6cb6ef45bd2d4cfc943e00f49c54417f', 'project_domain_id': 'default', 'roles': ['member', 'reader'], 'is_admin_project': True, 'service_user_id': None, 'service_user_domain_id': None, 'service_project_id': None, 'service_project_domain_id': None, 'service_roles': []} {{(pid=93369) authorize /opt/stack/nova/nova/policy.py:199}}
May 13 17:10:33.402199 dv-cinder-791281-1-smb devstack@n-api.service[93369]: INFO nova.api.openstack.requestlog [None req-cd341e58-d1cc-4403-a9b5-83cbb526fe9c tempest-AttachVolumeNegativeTest-1895581656 tempest-AttachVolumeNegativeTest-1895581656-project] 10.222.0.107 "GET /compute/v2.1/servers/fe95250e-d456-46d5-8ecd-acdc99cdb3c1" status: 200 len: 1282 microversion: 2.1 time: 0.087269
May 13 17:10:33.402199 dv-cinder-791281-1-smb devstack@n-api.service[93369]: [pid: 93369|app: 0|req: 14/29] 10.222.0.107 () {58 vars in 1241 bytes} [Thu May 13 17:10:33 2021] GET /compute/v2.1/servers/fe95250e-d456-46d5-8ecd-acdc99cdb3c1 => generated 1282 bytes in 88 msecs (HTTP/1.1 200) 9 headers in 358 bytes (2 switches on core 0)
May 13 17:10:33.416009 dv-cinder-791281-1-smb devstack@n-api.service[93368]: INFO nova.api.openstack.requestlog [None req-19151a47-6b65-4492-871c-9fef9f3195a1 tempest-ServerRescueNegativeTestJSON-251203199 tempest-ServerRescueNegativeTestJSON-251203199-project] 10.222.0.107 "POST /compute/v2.1/servers" status: 202 len: 385 microversion: 2.1 time: 1.069327
May 13 17:10:33.419216 dv-cinder-791281-1-smb devstack@n-api.service[93368]: [pid: 93368|app: 0|req: 16/30] 10.222.0.107 () {60 vars in 1152 bytes} [Thu May 13 17:10:32 2021] POST /compute/v2.1/servers => generated 385 bytes in 1070 msecs (HTTP/1.1 202) 10 headers in 452 bytes (1 switches on core 0)
May 13 17:10:33.419329 dv-cinder-791281-1-smb devstack@n-api.service[93369]: DEBUG nova.api.openstack.wsgi [None req-88bab44c-e300-4646-bd40-048d1c965099 tempest-DeleteServersTestJSON-1216637500 tempest-DeleteServersTestJSON-1216637500-project] Calling method '>' {{(pid=93369) _process_stack /opt/stack/nova/nova/api/openstack/wsgi.py:513}}
May 13 17:10:33.419329 dv-cinder-791281-1-smb devstack@n-api.service[93369]: DEBUG nova.compute.api [None req-88bab44c-e300-4646-bd40-048d1c965099 tempest-DeleteServersTestJSON-1216637500 tempest-DeleteServersTestJSON-1216637500-project] [instance: 5db43f50-213c-45f9-b09f-4fc0fb8d7c41] Fetching instance by UUID {{(pid=93369) get /opt/stack/nova/nova/compute/api.py:2790}}
May 13 17:10:33.423803 dv-cinder-791281-1-smb devstack@n-api.service[93369]: DEBUG oslo_concurrency.lockutils [None req-88bab44c-e300-4646-bd40-048d1c965099 tempest-DeleteServersTestJSON-1216637500 tempest-DeleteServersTestJSON-1216637500-project] Lock "bd5f77d6-6319-4cdc-b55a-3addfe5d8318" acquired by "nova.context.set_target_cell..get_or_set_cached_cell_and_set_connections" :: waited 0.000s {{(pid=93369) inner /usr/local/lib/python3.8/dist-packages/oslo_concurrency/lockutils.py:355}}
May 13 17:10:33.424064 dv-cinder-791281-1-smb devstack@n-api.service[93369]: DEBUG oslo_concurrency.lockutils [None req-88bab44c-e300-4646-bd40-048d1c965099 tempest-DeleteServersTestJSON-1216637500 tempest-DeleteServersTestJSON-1216637500-project] Lock "bd5f77d6-6319-4cdc-b55a-3addfe5d8318" released by "nova.context.set_target_cell..get_or_set_cached_cell_and_set_connections" :: held 0.000s {{(pid=93369) inner /usr/local/lib/python3.8/dist-packages/oslo_concurrency/lockutils.py:367}}
May 13 17:10:33.424661 dv-cinder-791281-1-smb devstack@n-api.service[93369]: DEBUG oslo_concurrency.lockutils [None req-88bab44c-e300-4646-bd40-048d1c965099 tempest-DeleteServersTestJSON-1216637500 tempest-DeleteServersTestJSON-1216637500-project] Lock "bd5f77d6-6319-4cdc-b55a-3addfe5d8318" acquired by "nova.context.set_target_cell..get_or_set_cached_cell_and_set_connections" :: waited 0.000s {{(pid=93369) inner /usr/local/lib/python3.8/dist-packages/oslo_concurrency/lockutils.py:355}}
May 13 17:10:33.426041 dv-cinder-791281-1-smb devstack@n-api.service[93368]: DEBUG nova.api.openstack.wsgi [None req-abe5afac-ac31-401b-9266-9bde5e06d72b tempest-ServerRescueNegativeTestJSON-251203199 tempest-ServerRescueNegativeTestJSON-251203199-project] Calling method '>' {{(pid=93368) _process_stack /opt/stack/nova/nova/api/openstack/wsgi.py:513}}
May 13 17:10:33.427231 dv-cinder-791281-1-smb devstack@n-api.service[93368]: DEBUG nova.compute.api [None req-abe5afac-ac31-401b-9266-9bde5e06d72b tempest-ServerRescueNegativeTestJSON-251203199 tempest-ServerRescueNegativeTestJSON-251203199-project] [instance: fbd275d1-0127-4064-93b6-a0a4851bfc05] Fetching instance by UUID {{(pid=93368) get /opt/stack/nova/nova/compute/api.py:2790}}
May 13 17:10:33.438653 dv-cinder-791281-1-smb devstack@n-api.service[93369]: DEBUG oslo_concurrency.lockutils [None req-88bab44c-e300-4646-bd40-048d1c965099 tempest-DeleteServersTestJSON-1216637500 tempest-DeleteServersTestJSON-1216637500-project] Lock "bd5f77d6-6319-4cdc-b55a-3addfe5d8318" released by "nova.context.set_target_cell..get_or_set_cached_cell_and_set_connections" :: held 0.014s {{(pid=93369) inner /usr/local/lib/python3.8/dist-packages/oslo_concurrency/lockutils.py:367}}
