Aug 25 17:01:24.437885 dv-cinder-791240-5-iscsi devstack@c-api.service[100712]: [pid: 100712|app: 0|req: 58/111] 10.222.0.88 () {60 vars in 1235 bytes} [Wed Aug 25 17:01:23 2021] POST /volume/v3/2710b506862f41339eea7cfc20b025dd/volumes => generated 828 bytes in 966 msecs (HTTP/1.1 202) 7 headers in 291 bytes (1 switches on core 0)
Aug 25 17:01:24.444677 dv-cinder-791240-5-iscsi devstack@c-api.service[100712]: INFO cinder.api.openstack.wsgi [None req-99f21c3f-fbde-4581-a971-ead68e2f3328 tempest-VolumesTestJSON-1970162101 tempest-VolumesTestJSON-1970162101-project] GET http://10.222.0.88/volume/v3/07341bc9c7264cd68b7115a189e87f85/volumes/79b7efac-32bc-4393-bc68-32611d8d788b
Aug 25 17:01:24.469388 dv-cinder-791240-5-iscsi devstack@c-api.service[100712]: DEBUG cinder.api.openstack.wsgi [None req-99f21c3f-fbde-4581-a971-ead68e2f3328 tempest-VolumesTestJSON-1970162101 tempest-VolumesTestJSON-1970162101-project] Empty body provided in request {{(pid=100712) get_body /opt/stack/cinder/cinder/api/openstack/wsgi.py:703}}
Aug 25 17:01:24.469928 dv-cinder-791240-5-iscsi devstack@c-api.service[100712]: /usr/local/lib/python3.8/dist-packages/webob/acceptparse.py:1047: DeprecationWarning: The behavior of AcceptValidHeader.best_match is currently being maintained for backward compatibility, but it will be deprecated in the future, as it does not conform to the RFC.
Aug 25 17:01:24.469928 dv-cinder-791240-5-iscsi devstack@c-api.service[100712]: warnings.warn(
Aug 25 17:01:24.470586 dv-cinder-791240-5-iscsi devstack@c-api.service[100712]: DEBUG cinder.api.openstack.wsgi [None req-99f21c3f-fbde-4581-a971-ead68e2f3328 tempest-VolumesTestJSON-1970162101 tempest-VolumesTestJSON-1970162101-project] Calling method 'show' {{(pid=100712) _process_stack /opt/stack/cinder/cinder/api/openstack/wsgi.py:856}}
Aug 25 17:01:24.503291 dv-cinder-791240-5-iscsi devstack@c-api.service[100712]: INFO cinder.api.openstack.wsgi [None req-99f21c3f-fbde-4581-a971-ead68e2f3328 tempest-VolumesTestJSON-1970162101 tempest-VolumesTestJSON-1970162101-project] http://10.222.0.88/volume/v3/07341bc9c7264cd68b7115a189e87f85/volumes/79b7efac-32bc-4393-bc68-32611d8d788b returned with HTTP 404
Aug 25 17:01:24.504472 dv-cinder-791240-5-iscsi devstack@c-api.service[100711]: DEBUG cinder.volume.api [None req-515a4eae-5900-4389-960e-edba90dc2049 tempest-GroupsTest-909780830 tempest-GroupsTest-909780830-project] Task 'cinder.volume.flows.api.create_volume.VolumeCastTask;volume:create' (f03c7a4a-f081-4575-b3dd-3d447336c1d9) transitioned into state 'SUCCESS' from state 'RUNNING' with result 'None' {{(pid=100711) _task_receiver /usr/local/lib/python3.8/dist-packages/taskflow/listeners/logging.py:178}}
Aug 25 17:01:24.504627 dv-cinder-791240-5-iscsi devstack@c-api.service[100712]: [pid: 100712|app: 0|req: 59/112] 10.222.0.88 () {58 vars in 1325 bytes} [Wed Aug 25 17:01:24 2021] GET /volume/v3/07341bc9c7264cd68b7115a189e87f85/volumes/79b7efac-32bc-4393-bc68-32611d8d788b => generated 109 bytes in 66 msecs (HTTP/1.1 404) 7 headers in 292 bytes (1 switches on core 0)
Aug 25 17:01:24.507680 dv-cinder-791240-5-iscsi devstack@c-api.service[100711]: DEBUG cinder.volume.api [None req-515a4eae-5900-4389-960e-edba90dc2049 tempest-GroupsTest-909780830 tempest-GroupsTest-909780830-project] Flow 'volume_create_api' (2f43cbac-7d72-48d2-bce9-7c651fa86cfd) transitioned into state 'SUCCESS' from state 'RUNNING' {{(pid=100711) _flow_receiver /usr/local/lib/python3.8/dist-packages/taskflow/listeners/logging.py:141}}
Aug 25 17:01:24.510328 dv-cinder-791240-5-iscsi devstack@c-api.service[100711]: INFO cinder.volume.api [None req-515a4eae-5900-4389-960e-edba90dc2049 tempest-GroupsTest-909780830 tempest-GroupsTest-909780830-project] Create volume request issued successfully.
Aug 25 17:01:24.520136 dv-cinder-791240-5-iscsi devstack@c-api.service[100711]: WARNING stevedore.named [None req-515a4eae-5900-4389-960e-edba90dc2049 tempest-GroupsTest-909780830 tempest-GroupsTest-909780830-project] Could not load cinder.keymgr.conf_key_mgr.ConfKeyManager
Aug 25 17:01:24.521117 dv-cinder-791240-5-iscsi devstack@c-api.service[100711]: WARNING castellan.key_manager [None req-515a4eae-5900-4389-960e-edba90dc2049 tempest-GroupsTest-909780830 tempest-GroupsTest-909780830-project] Deprecation Warning : cinder.keymgr.conf_key_mgr.ConfKeyManager is not a stevedore based driver, trying to load it as a class: stevedore.exception.NoMatches: No 'castellan.drivers' driver found, looking for 'cinder.keymgr.conf_key_mgr.ConfKeyManager'
Aug 25 17:01:24.534830 dv-cinder-791240-5-iscsi devstack@c-api.service[100712]: INFO cinder.api.openstack.wsgi [None req-aea109f6-6dc9-40a0-bc36-3102f0801ce0 tempest-VolumeQuotasNegativeTestJSON-495195003 tempest-VolumeQuotasNegativeTestJSON-495195003-project] GET http://10.222.0.88/volume/v3/2710b506862f41339eea7cfc20b025dd/volumes/b549b5cb-1f2e-46ef-a6ba-0321d8ea5fb1
Aug 25 17:01:24.535375 dv-cinder-791240-5-iscsi devstack@c-api.service[100712]: DEBUG cinder.api.openstack.wsgi [None req-aea109f6-6dc9-40a0-bc36-3102f0801ce0 tempest-VolumeQuotasNegativeTestJSON-495195003 tempest-VolumeQuotasNegativeTestJSON-495195003-project] Empty body provided in request {{(pid=100712) get_body /opt/stack/cinder/cinder/api/openstack/wsgi.py:703}}
Aug 25 17:01:24.535864 dv-cinder-791240-5-iscsi devstack@c-api.service[100712]: DEBUG cinder.api.openstack.wsgi [None req-aea109f6-6dc9-40a0-bc36-3102f0801ce0 tempest-VolumeQuotasNegativeTestJSON-495195003 tempest-VolumeQuotasNegativeTestJSON-495195003-project] Calling method 'show' {{(pid=100712) _process_stack /opt/stack/cinder/cinder/api/openstack/wsgi.py:856}}
Aug 25 17:01:24.549733 dv-cinder-791240-5-iscsi devstack@c-api.service[100711]: DEBUG oslo_db.sqlalchemy.engines [None req-515a4eae-5900-4389-960e-edba90dc2049 tempest-GroupsTest-909780830 tempest-GroupsTest-909780830-project] MySQL server mode set to STRICT_TRANS_TABLES,STRICT_ALL_TABLES,NO_ZERO_IN_DATE,NO_ZERO_DATE,ERROR_FOR_DIVISION_BY_ZERO,TRADITIONAL,NO_ENGINE_SUBSTITUTION {{(pid=100711) _check_effective_sql_mode /usr/local/lib/python3.8/dist-packages/oslo_db/sqlalchemy/engines.py:314}}
Aug 25 17:01:24.571041 dv-cinder-791240-5-iscsi devstack@c-api.service[100711]: /usr/local/lib/python3.8/dist-packages/oslo_context/context.py:105: DeprecationWarning: Policy enforcement is depending on the value of is_admin. This key is deprecated. Please update your policy file to use the standard policy values.
Aug 25 17:01:24.571041 dv-cinder-791240-5-iscsi devstack@c-api.service[100711]: warnings.warn('Policy enforcement is depending on the value of '
Aug 25 17:01:24.572047 dv-cinder-791240-5-iscsi devstack@c-api.service[100712]: /usr/local/lib/python3.8/dist-packages/oslo_context/context.py:105: DeprecationWarning: Policy enforcement is depending on the value of is_admin. This key is deprecated. Please update your policy file to use the standard policy values.
Aug 25 17:01:24.572047 dv-cinder-791240-5-iscsi devstack@c-api.service[100712]: warnings.warn('Policy enforcement is depending on the value of '
Aug 25 17:01:24.573522 dv-cinder-791240-5-iscsi devstack@c-api.service[100712]: INFO cinder.volume.api [None req-aea109f6-6dc9-40a0-bc36-3102f0801ce0 tempest-VolumeQuotasNegativeTestJSON-495195003 tempest-VolumeQuotasNegativeTestJSON-495195003-project] Volume info retrieved successfully.
Aug 25 17:01:24.582434 dv-cinder-791240-5-iscsi devstack@c-api.service[100711]: INFO cinder.api.openstack.wsgi [None req-515a4eae-5900-4389-960e-edba90dc2049 tempest-GroupsTest-909780830 tempest-GroupsTest-909780830-project] http://10.222.0.88/volume/v3/eabef8b398524d528211d59a046f7a11/volumes returned with HTTP 202
Aug 25 17:01:24.585508 dv-cinder-791240-5-iscsi devstack@c-api.service[100711]: [pid: 100711|app: 0|req: 54/113] 10.222.0.88 () {62 vars in 1277 bytes} [Wed Aug 25 17:01:23 2021] POST /volume/v3/eabef8b398524d528211d59a046f7a11/volumes => generated 890 bytes in 750 msecs (HTTP/1.1 202) 7 headers in 292 bytes (1 switches on core 0)
Aug 25 17:01:24.598574 dv-cinder-791240-5-iscsi devstack@c-api.service[100711]: INFO cinder.api.openstack.wsgi [None req-50c90d8f-cbd8-41f4-aa4e-9dab7319d94b tempest-VolumesTestJSON-1970162101 tempest-VolumesTestJSON-1970162101-project] DELETE http://10.222.0.88/volume/v3/07341bc9c7264cd68b7115a189e87f85/volumes/a9edafbc-780c-4bb3-9143-be2fbe523791
Aug 25 17:01:24.599042 dv-cinder-791240-5-iscsi devstack@c-api.service[100711]: DEBUG cinder.api.openstack.wsgi [None req-50c90d8f-cbd8-41f4-aa4e-9dab7319d94b tempest-VolumesTestJSON-1970162101 tempest-VolumesTestJSON-1970162101-project] Empty body provided in request {{(pid=100711) get_body /opt/stack/cinder/cinder/api/openstack/wsgi.py:703}}
Aug 25 17:01:24.599213 dv-cinder-791240-5-iscsi devstack@c-api.service[100711]: /usr/local/lib/python3.8/dist-packages/webob/acceptparse.py:1047: DeprecationWarning: The behavior of AcceptValidHeader.best_match is currently being maintained for backward compatibility, but it will be deprecated in the future, as it does not conform to the RFC.
Aug 25 17:01:24.599213 dv-cinder-791240-5-iscsi devstack@c-api.service[100711]: warnings.warn(
Aug 25 17:01:24.601034 dv-cinder-791240-5-iscsi devstack@c-api.service[100711]: DEBUG cinder.api.openstack.wsgi [None req-50c90d8f-cbd8-41f4-aa4e-9dab7319d94b tempest-VolumesTestJSON-1970162101 tempest-VolumesTestJSON-1970162101-project] Calling method 'delete' {{(pid=100711) _process_stack /opt/stack/cinder/cinder/api/openstack/wsgi.py:856}}
Aug 25 17:01:24.601503 dv-cinder-791240-5-iscsi devstack@c-api.service[100711]: INFO cinder.api.v3.volumes [None req-50c90d8f-cbd8-41f4-aa4e-9dab7319d94b tempest-VolumesTestJSON-1970162101 tempest-VolumesTestJSON-1970162101-project] Delete volume with id: a9edafbc-780c-4bb3-9143-be2fbe523791
Aug 25 17:01:24.628246 dv-cinder-791240-5-iscsi devstack@c-api.service[100712]: INFO cinder.api.openstack.wsgi [None req-aea109f6-6dc9-40a0-bc36-3102f0801ce0 tempest-VolumeQuotasNegativeTestJSON-495195003 tempest-VolumeQuotasNegativeTestJSON-495195003-project] http://10.222.0.88/volume/v3/2710b506862f41339eea7cfc20b025dd/volumes/b549b5cb-1f2e-46ef-a6ba-0321d8ea5fb1 returned with HTTP 200
Aug 25 17:01:24.629454 dv-cinder-791240-5-iscsi devstack@c-api.service[100712]: [pid: 100712|app: 0|req: 60/114] 10.222.0.88 () {58 vars in 1325 bytes} [Wed Aug 25 17:01:24 2021] GET /volume/v3/2710b506862f41339eea7cfc20b025dd/volumes/b549b5cb-1f2e-46ef-a6ba-0321d8ea5fb1 => generated 896 bytes in 124 msecs (HTTP/1.1 200) 7 headers in 285 bytes (1 switches on core 0)
Aug 25 17:01:24.634737 dv-cinder-791240-5-iscsi devstack@c-api.service[100711]: /usr/local/lib/python3.8/dist-packages/oslo_context/context.py:105: DeprecationWarning: Policy enforcement is depending on the value of is_admin. This key is deprecated. Please update your policy file to use the standard policy values.
Aug 25 17:01:24.634737 dv-cinder-791240-5-iscsi devstack@c-api.service[100711]: warnings.warn('Policy enforcement is depending on the value of '
Aug 25 17:01:24.635929 dv-cinder-791240-5-iscsi devstack@c-api.service[100711]: INFO cinder.volume.api [None req-50c90d8f-cbd8-41f4-aa4e-9dab7319d94b tempest-VolumesTestJSON-1970162101 tempest-VolumesTestJSON-1970162101-project] Volume info retrieved successfully.
Aug 25 17:01:24.637303 dv-cinder-791240-5-iscsi devstack@c-api.service[100712]: INFO cinder.api.openstack.wsgi [None req-a85e0074-2ede-4acd-af6f-8c6615d4ff9a tempest-GroupsTest-909780830 tempest-GroupsTest-909780830-project] GET http://10.222.0.88/volume/v3/eabef8b398524d528211d59a046f7a11/volumes/c5ada0f1-01eb-4ac6-a29c-b0bf1afac33b
Aug 25 17:01:24.639710 dv-cinder-791240-5-iscsi devstack@c-api.service[100712]: DEBUG cinder.api.openstack.wsgi [None req-a85e0074-2ede-4acd-af6f-8c6615d4ff9a tempest-GroupsTest-909780830 tempest-GroupsTest-909780830-project] Empty body provided in request {{(pid=100712) get_body /opt/stack/cinder/cinder/api/openstack/wsgi.py:703}}
Aug 25 17:01:24.639972 dv-cinder-791240-5-iscsi devstack@c-api.service[100712]: /usr/local/lib/python3.8/dist-packages/webob/acceptparse.py:1047: DeprecationWarning: The behavior of AcceptValidHeader.best_match is currently being maintained for backward compatibility, but it will be deprecated in the future, as it does not conform to the RFC.
Aug 25 17:01:24.639972 dv-cinder-791240-5-iscsi devstack@c-api.service[100712]: warnings.warn(
Aug 25 17:01:24.640465 dv-cinder-791240-5-iscsi devstack@c-api.service[100712]: DEBUG cinder.api.openstack.wsgi [None req-a85e0074-2ede-4acd-af6f-8c6615d4ff9a tempest-GroupsTest-909780830 tempest-GroupsTest-909780830-project] Calling method 'show' {{(pid=100712) _process_stack /opt/stack/cinder/cinder/api/openstack/wsgi.py:856}}
Aug 25 17:01:24.712704 dv-cinder-791240-5-iscsi devstack@c-api.service[100711]: INFO cinder.volume.api [None req-50c90d8f-cbd8-41f4-aa4e-9dab7319d94b tempest-VolumesTestJSON-1970162101 tempest-VolumesTestJSON-1970162101-project] Delete volume request issued successfully.
Aug 25 17:01:24.714094 dv-cinder-791240-5-iscsi devstack@c-api.service[100712]: /usr/local/lib/python3.8/dist-packages/oslo_context/context.py:105: DeprecationWarning: Policy enforcement is depending on the value of is_admin. This key is deprecated. Please update your policy file to use the standard policy values.
Aug 25 17:01:24.714094 dv-cinder-791240-5-iscsi devstack@c-api.service[100712]: warnings.warn('Policy enforcement is depending on the value of '
Aug 25 17:01:24.714673 dv-cinder-791240-5-iscsi devstack@c-api.service[100711]: INFO cinder.api.openstack.wsgi [None req-50c90d8f-cbd8-41f4-aa4e-9dab7319d94b tempest-VolumesTestJSON-1970162101 tempest-VolumesTestJSON-1970162101-project] http://10.222.0.88/volume/v3/07341bc9c7264cd68b7115a189e87f85/volumes/a9edafbc-780c-4bb3-9143-be2fbe523791 returned with HTTP 202
Aug 25 17:01:24.717504 dv-cinder-791240-5-iscsi devstack@c-api.service[100711]: [pid: 100711|app: 0|req: 55/115] 10.222.0.88 () {58 vars in 1328 bytes} [Wed Aug 25 17:01:24 2021] DELETE /volume/v3/07341bc9c7264cd68b7115a189e87f85/volumes/a9edafbc-780c-4bb3-9143-be2fbe523791 => generated 0 bytes in 131 msecs (HTTP/1.1 202) 6 headers in 233 bytes (1 switches on core 0)
Aug 25 17:01:24.738562 dv-cinder-791240-5-iscsi devstack@c-api.service[100711]: INFO cinder.api.openstack.wsgi [None req-70a72c20-a937-49ec-9889-aec5bc353f4a tempest-VolumesTestJSON-1970162101 tempest-VolumesTestJSON-1970162101-project] GET http://10.222.0.88/volume/v3/07341bc9c7264cd68b7115a189e87f85/volumes/a9edafbc-780c-4bb3-9143-be2fbe523791
Aug 25 17:01:24.740972 dv-cinder-791240-5-iscsi devstack@c-api.service[100711]: DEBUG cinder.api.openstack.wsgi [None req-70a72c20-a937-49ec-9889-aec5bc353f4a tempest-VolumesTestJSON-1970162101 tempest-VolumesTestJSON-1970162101-project] Empty body provided in request {{(pid=100711) get_body /opt/stack/cinder/cinder/api/openstack/wsgi.py:703}}
Aug 25 17:01:24.741154 dv-cinder-791240-5-iscsi devstack@c-api.service[100711]: /usr/local/lib/python3.8/dist-packages/webob/acceptparse.py:1047: DeprecationWarning: The behavior of AcceptValidHeader.best_match is currently being maintained for backward compatibility, but it will be deprecated in the future, as it does not conform to the RFC.
Aug 25 17:01:24.741154 dv-cinder-791240-5-iscsi devstack@c-api.service[100711]: warnings.warn(
Aug 25 17:01:24.744301 dv-cinder-791240-5-iscsi devstack@c-api.service[100711]: DEBUG cinder.api.openstack.wsgi [None req-70a72c20-a937-49ec-9889-aec5bc353f4a tempest-VolumesTestJSON-1970162101 tempest-VolumesTestJSON-1970162101-project] Calling method 'show' {{(pid=100711) _process_stack /opt/stack/cinder/cinder/api/openstack/wsgi.py:856}}
Aug 25 17:01:24.771900 dv-cinder-791240-5-iscsi devstack@c-api.service[100712]: INFO cinder.volume.api [None req-a85e0074-2ede-4acd-af6f-8c6615d4ff9a tempest-GroupsTest-909780830 tempest-GroupsTest-909780830-project] Volume info retrieved successfully.
Aug 25 17:01:24.803454 dv-cinder-791240-5-iscsi devstack@c-api.service[100711]: /usr/local/lib/python3.8/dist-packages/oslo_context/context.py:105: DeprecationWarning: Policy enforcement is depending on the value of is_admin. This key is deprecated. Please update your policy file to use the standard policy values.
Aug 25 17:01:24.803454 dv-cinder-791240-5-iscsi devstack@c-api.service[100711]: warnings.warn('Policy enforcement is depending on the value of '
Aug 25 17:01:24.835717 dv-cinder-791240-5-iscsi devstack@c-api.service[100712]: WARNING stevedore.named [None req-a85e0074-2ede-4acd-af6f-8c6615d4ff9a tempest-GroupsTest-909780830 tempest-GroupsTest-909780830-project] Could not load cinder.keymgr.conf_key_mgr.ConfKeyManager
Aug 25 17:01:24.836946 dv-cinder-791240-5-iscsi devstack@c-api.service[100712]: WARNING castellan.key_manager [None req-a85e0074-2ede-4acd-af6f-8c6615d4ff9a tempest-GroupsTest-909780830 tempest-GroupsTest-909780830-project] Deprecation Warning : cinder.keymgr.conf_key_mgr.ConfKeyManager is not a stevedore based driver, trying to load it as a class: stevedore.exception.NoMatches: No 'castellan.drivers' driver found, looking for 'cinder.keymgr.conf_key_mgr.ConfKeyManager'
Aug 25 17:01:24.838309 dv-cinder-791240-5-iscsi devstack@c-api.service[100711]: INFO cinder.volume.api [None req-70a72c20-a937-49ec-9889-aec5bc353f4a tempest-VolumesTestJSON-1970162101 tempest-VolumesTestJSON-1970162101-project] Volume info retrieved successfully.
Aug 25 17:01:24.848928 dv-cinder-791240-5-iscsi devstack@c-api.service[100712]: DEBUG oslo_db.sqlalchemy.engines [None req-a85e0074-2ede-4acd-af6f-8c6615d4ff9a tempest-GroupsTest-909780830 tempest-GroupsTest-909780830-project] MySQL server mode set to STRICT_TRANS_TABLES,STRICT_ALL_TABLES,NO_ZERO_IN_DATE,NO_ZERO_DATE,ERROR_FOR_DIVISION_BY_ZERO,TRADITIONAL,NO_ENGINE_SUBSTITUTION {{(pid=100712) _check_effective_sql_mode /usr/local/lib/python3.8/dist-packages/oslo_db/sqlalchemy/engines.py:314}}
Aug 25 17:01:24.871968 dv-cinder-791240-5-iscsi devstack@c-api.service[100712]: /usr/local/lib/python3.8/dist-packages/oslo_context/context.py:105: DeprecationWarning: Policy enforcement is depending on the value of is_admin. This key is deprecated. Please update your policy file to use the standard policy values.
Aug 25 17:01:24.871968 dv-cinder-791240-5-iscsi devstack@c-api.service[100712]: warnings.warn('Policy enforcement is depending on the value of '
Aug 25 17:01:24.903465 dv-cinder-791240-5-iscsi devstack@c-api.service[100711]: INFO cinder.api.openstack.wsgi [None req-70a72c20-a937-49ec-9889-aec5bc353f4a tempest-VolumesTestJSON-1970162101 tempest-VolumesTestJSON-1970162101-project] http://10.222.0.88/volume/v3/07341bc9c7264cd68b7115a189e87f85/volumes/a9edafbc-780c-4bb3-9143-be2fbe523791 returned with HTTP 200
Aug 25 17:01:24.903465 dv-cinder-791240-5-iscsi devstack@c-api.service[100711]: [pid: 100711|app: 0|req: 56/116] 10.222.0.88 () {58 vars in 1325 bytes} [Wed Aug 25 17:01:24 2021] GET /volume/v3/07341bc9c7264cd68b7115a189e87f85/volumes/a9edafbc-780c-4bb3-9143-be2fbe523791 => generated 921 bytes in 181 msecs (HTTP/1.1 200) 7 headers in 285 bytes (1 switches on core 0)
Aug 25 17:01:24.912050 dv-cinder-791240-5-iscsi devstack@c-api.service[100712]: INFO cinder.api.openstack.wsgi [None req-a85e0074-2ede-4acd-af6f-8c6615d4ff9a tempest-GroupsTest-909780830 tempest-GroupsTest-909780830-project] http://10.222.0.88/volume/v3/eabef8b398524d528211d59a046f7a11/volumes/c5ada0f1-01eb-4ac6-a29c-b0bf1afac33b returned with HTTP 200
Aug 25 17:01:24.927746 dv-cinder-791240-5-iscsi devstack@c-api.service[100712]: [pid: 100712|app: 0|req: 61/117] 10.222.0.88 () {60 vars in 1366 bytes} [Wed Aug 25 17:01:24 2021] GET /volume/v3/eabef8b398524d528211d59a046f7a11/volumes/c5ada0f1-01eb-4ac6-a29c-b0bf1afac33b => generated 958 bytes in 283 msecs (HTTP/1.1 200) 7 headers in 286 bytes (1 switches on core 0)
Aug 25 17:01:25.649341 dv-cinder-791240-5-iscsi devstack@c-api.service[100711]: INFO cinder.api.openstack.wsgi [None req-1bcc4a3e-6355-4f0d-8d5d-3a49c07bb656 tempest-VolumeQuotasNegativeTestJSON-495195003 tempest-VolumeQuotasNegativeTestJSON-495195003-project] GET http://10.222.0.88/volume/v3/2710b506862f41339eea7cfc20b025dd/volumes/b549b5cb-1f2e-46ef-a6ba-0321d8ea5fb1
Aug 25 17:01:25.650061 dv-cinder-791240-5-iscsi devstack@c-api.service[100711]: DEBUG cinder.api.openstack.wsgi [None req-1bcc4a3e-6355-4f0d-8d5d-3a49c07bb656 tempest-VolumeQuotasNegativeTestJSON-495195003 tempest-VolumeQuotasNegativeTestJSON-495195003-project] Empty body provided in request {{(pid=100711) get_body /opt/stack/cinder/cinder/api/openstack/wsgi.py:703}}
Aug 25 17:01:25.650584 dv-cinder-791240-5-iscsi devstack@c-api.service[100711]: /usr/local/lib/python3.8/dist-packages/webob/acceptparse.py:1047: DeprecationWarning: The behavior of AcceptValidHeader.best_match is currently being maintained for backward compatibility, but it will be deprecated in the future, as it does not conform to the RFC.
Aug 25 17:01:25.650584 dv-cinder-791240-5-iscsi devstack@c-api.service[100711]: warnings.warn(
Aug 25 17:01:25.651922 dv-cinder-791240-5-iscsi devstack@c-api.service[100711]: DEBUG cinder.api.openstack.wsgi [None req-1bcc4a3e-6355-4f0d-8d5d-3a49c07bb656 tempest-VolumeQuotasNegativeTestJSON-495195003 tempest-VolumeQuotasNegativeTestJSON-495195003-project] Calling method 'show' {{(pid=100711) _process_stack /opt/stack/cinder/cinder/api/openstack/wsgi.py:856}}
Aug 25 17:01:25.698375 dv-cinder-791240-5-iscsi devstack@c-api.service[100711]: /usr/local/lib/python3.8/dist-packages/oslo_context/context.py:105: DeprecationWarning: Policy enforcement is depending on the value of is_admin. This key is deprecated. Please update your policy file to use the standard policy values.
Aug 25 17:01:25.698375 dv-cinder-791240-5-iscsi devstack@c-api.service[100711]: warnings.warn('Policy enforcement is depending on the value of '
Aug 25 17:01:25.725277 dv-cinder-791240-5-iscsi devstack@c-api.service[100711]: INFO cinder.volume.api [None req-1bcc4a3e-6355-4f0d-8d5d-3a49c07bb656 tempest-VolumeQuotasNegativeTestJSON-495195003 tempest-VolumeQuotasNegativeTestJSON-495195003-project] Volume info retrieved successfully.
Aug 25 17:01:25.763452 dv-cinder-791240-5-iscsi devstack@c-api.service[100711]: INFO cinder.api.openstack.wsgi [None req-1bcc4a3e-6355-4f0d-8d5d-3a49c07bb656 tempest-VolumeQuotasNegativeTestJSON-495195003 tempest-VolumeQuotasNegativeTestJSON-495195003-project] http://10.222.0.88/volume/v3/2710b506862f41339eea7cfc20b025dd/volumes/b549b5cb-1f2e-46ef-a6ba-0321d8ea5fb1 returned with HTTP 200
Aug 25 17:01:25.767894 dv-cinder-791240-5-iscsi devstack@c-api.service[100711]: [pid: 100711|app: 0|req: 57/118] 10.222.0.88 () {58 vars in 1325 bytes} [Wed Aug 25 17:01:25 2021] GET /volume/v3/2710b506862f41339eea7cfc20b025dd/volumes/b549b5cb-1f2e-46ef-a6ba-0321d8ea5fb1 => generated 921 bytes in 125 msecs (HTTP/1.1 200) 7 headers in 285 bytes (1 switches on core 0)
Aug 25 17:01:25.786043 dv-cinder-791240-5-iscsi devstack@c-api.service[100712]: INFO cinder.api.openstack.wsgi [None req-61e57c61-7de8-4d43-b223-615275b1bbad tempest-VolumeQuotasNegativeTestJSON-944061904 tempest-VolumeQuotasNegativeTestJSON-944061904-project-admin] PUT http://10.222.0.88/volume/v3/55ad96f3ed474cfcb7b7afe1d8302e57/os-quota-sets/2710b506862f41339eea7cfc20b025dd
Aug 25 17:01:25.786442 dv-cinder-791240-5-iscsi devstack@c-api.service[100712]: /usr/local/lib/python3.8/dist-packages/webob/acceptparse.py:1047: DeprecationWarning: The behavior of AcceptValidHeader.best_match is currently being maintained for backward compatibility, but it will be deprecated in the future, as it does not conform to the RFC.
Aug 25 17:01:25.786442 dv-cinder-791240-5-iscsi devstack@c-api.service[100712]: warnings.warn(
Aug 25 17:01:25.786809 dv-cinder-791240-5-iscsi devstack@c-api.service[100712]: DEBUG cinder.api.openstack.wsgi [None req-61e57c61-7de8-4d43-b223-615275b1bbad tempest-VolumeQuotasNegativeTestJSON-944061904 tempest-VolumeQuotasNegativeTestJSON-944061904-project-admin] Action: 'update', calling method: update, body: {"quota_set": {"gigabytes": 1, "volumes": -1}} {{(pid=100712) _process_stack /opt/stack/cinder/cinder/api/openstack/wsgi.py:854}}
Aug 25 17:01:26.010309 dv-cinder-791240-5-iscsi devstack@c-api.service[100712]: WARNING cinder.quota [None req-61e57c61-7de8-4d43-b223-615275b1bbad tempest-VolumeQuotasNegativeTestJSON-944061904 tempest-VolumeQuotasNegativeTestJSON-944061904-project-admin] Deprecated: Default quota for resource: backups is set by the default quota flag: quota_backups, it is now deprecated. Please use the default quota class for default quota.
Aug 25 17:01:26.012005 dv-cinder-791240-5-iscsi devstack@c-api.service[100712]: WARNING cinder.quota [None req-61e57c61-7de8-4d43-b223-615275b1bbad tempest-VolumeQuotasNegativeTestJSON-944061904 tempest-VolumeQuotasNegativeTestJSON-944061904-project-admin] Deprecated: Default quota for resource: backup_gigabytes is set by the default quota flag: quota_backup_gigabytes, it is now deprecated. Please use the default quota class for default quota.
Aug 25 17:01:26.014001 dv-cinder-791240-5-iscsi devstack@c-api.service[100712]: WARNING cinder.quota [None req-61e57c61-7de8-4d43-b223-615275b1bbad tempest-VolumeQuotasNegativeTestJSON-944061904 tempest-VolumeQuotasNegativeTestJSON-944061904-project-admin] Deprecated: Default quota for resource: volumes_tempest-GroupsTest-volume-type-665956380 is set by the default quota flag: quota_volumes_tempest-GroupsTest-volume-type-665956380, it is now deprecated. Please use the default quota class for default quota.
Aug 25 17:01:26.015119 dv-cinder-791240-5-iscsi devstack@c-api.service[100712]: WARNING cinder.quota [None req-61e57c61-7de8-4d43-b223-615275b1bbad tempest-VolumeQuotasNegativeTestJSON-944061904 tempest-VolumeQuotasNegativeTestJSON-944061904-project-admin] Deprecated: Default quota for resource: gigabytes_tempest-GroupsTest-volume-type-665956380 is set by the default quota flag: quota_gigabytes_tempest-GroupsTest-volume-type-665956380, it is now deprecated. Please use the default quota class for default quota.
Aug 25 17:01:26.017746 dv-cinder-791240-5-iscsi devstack@c-api.service[100712]: WARNING cinder.quota [None req-61e57c61-7de8-4d43-b223-615275b1bbad tempest-VolumeQuotasNegativeTestJSON-944061904 tempest-VolumeQuotasNegativeTestJSON-944061904-project-admin] Deprecated: Default quota for resource: snapshots_tempest-GroupsTest-volume-type-665956380 is set by the default quota flag: quota_snapshots_tempest-GroupsTest-volume-type-665956380, it is now deprecated. Please use the default quota class for default quota.
Aug 25 17:01:26.019334 dv-cinder-791240-5-iscsi devstack@c-api.service[100712]: WARNING cinder.quota [None req-61e57c61-7de8-4d43-b223-615275b1bbad tempest-VolumeQuotasNegativeTestJSON-944061904 tempest-VolumeQuotasNegativeTestJSON-944061904-project-admin] Deprecated: Default quota for resource: volumes_tempest-GroupsTest-volume-type-2044757481 is set by the default quota flag: quota_volumes_tempest-GroupsTest-volume-type-2044757481, it is now deprecated. Please use the default quota class for default quota.
Aug 25 17:01:26.020946 dv-cinder-791240-5-iscsi devstack@c-api.service[100712]: WARNING cinder.quota [None req-61e57c61-7de8-4d43-b223-615275b1bbad tempest-VolumeQuotasNegativeTestJSON-944061904 tempest-VolumeQuotasNegativeTestJSON-944061904-project-admin] Deprecated: Default quota for resource: gigabytes_tempest-GroupsTest-volume-type-2044757481 is set by the default quota flag: quota_gigabytes_tempest-GroupsTest-volume-type-2044757481, it is now deprecated. Please use the default quota class for default quota.
Aug 25 17:01:26.022637 dv-cinder-791240-5-iscsi devstack@c-api.service[100712]: WARNING cinder.quota [None req-61e57c61-7de8-4d43-b223-615275b1bbad tempest-VolumeQuotasNegativeTestJSON-944061904 tempest-VolumeQuotasNegativeTestJSON-944061904-project-admin] Deprecated: Default quota for resource: snapshots_tempest-GroupsTest-volume-type-2044757481 is set by the default quota flag: quota_snapshots_tempest-GroupsTest-volume-type-2044757481, it is now deprecated. Please use the default quota class for default quota.
Aug 25 17:01:26.024488 dv-cinder-791240-5-iscsi devstack@c-api.service[100712]: WARNING cinder.quota [None req-61e57c61-7de8-4d43-b223-615275b1bbad tempest-VolumeQuotasNegativeTestJSON-944061904 tempest-VolumeQuotasNegativeTestJSON-944061904-project-admin] Deprecated: Default quota for resource: volumes_lvmdriver-1 is set by the default quota flag: quota_volumes_lvmdriver-1, it is now deprecated. Please use the default quota class for default quota.
Aug 25 17:01:26.033525 dv-cinder-791240-5-iscsi devstack@c-api.service[100712]: WARNING cinder.quota [None req-61e57c61-7de8-4d43-b223-615275b1bbad tempest-VolumeQuotasNegativeTestJSON-944061904 tempest-VolumeQuotasNegativeTestJSON-944061904-project-admin] Deprecated: Default quota for resource: gigabytes_lvmdriver-1 is set by the default quota flag: quota_gigabytes_lvmdriver-1, it is now deprecated. Please use the default quota class for default quota.
Aug 25 17:01:26.039220 dv-cinder-791240-5-iscsi devstack@c-api.service[100712]: WARNING cinder.quota [None req-61e57c61-7de8-4d43-b223-615275b1bbad tempest-VolumeQuotasNegativeTestJSON-944061904 tempest-VolumeQuotasNegativeTestJSON-944061904-project-admin] Deprecated: Default quota for resource: snapshots_lvmdriver-1 is set by the default quota flag: quota_snapshots_lvmdriver-1, it is now deprecated. Please use the default quota class for default quota.
Aug 25 17:01:26.060857 dv-cinder-791240-5-iscsi devstack@c-api.service[100712]: INFO cinder.api.openstack.wsgi [None req-61e57c61-7de8-4d43-b223-615275b1bbad tempest-VolumeQuotasNegativeTestJSON-944061904 tempest-VolumeQuotasNegativeTestJSON-944061904-project-admin] http://10.222.0.88/volume/v3/55ad96f3ed474cfcb7b7afe1d8302e57/os-quota-sets/2710b506862f41339eea7cfc20b025dd returned with HTTP 200
Aug 25 17:01:26.062889 dv-cinder-791240-5-iscsi devstack@c-api.service[100712]: [pid: 100712|app: 0|req: 62/119] 10.222.0.88 () {60 vars in 1351 bytes} [Wed Aug 25 17:01:25 2021] PUT /volume/v3/55ad96f3ed474cfcb7b7afe1d8302e57/os-quota-sets/2710b506862f41339eea7cfc20b025dd => generated 663 bytes in 282 msecs (HTTP/1.1 200) 7 headers in 285 bytes (1 switches on core 0)
Aug 25 17:01:26.067053 dv-cinder-791240-5-iscsi devstack@c-api.service[100712]: INFO cinder.api.openstack.wsgi [None req-f86df768-1083-4b05-89cb-e60deefbb0b4 tempest-VolumesTestJSON-1970162101 tempest-VolumesTestJSON-1970162101-project] GET http://10.222.0.88/volume/v3/07341bc9c7264cd68b7115a189e87f85/volumes/a9edafbc-780c-4bb3-9143-be2fbe523791
Aug 25 17:01:26.067646 dv-cinder-791240-5-iscsi devstack@c-api.service[100712]: DEBUG cinder.api.openstack.wsgi [None req-f86df768-1083-4b05-89cb-e60deefbb0b4 tempest-VolumesTestJSON-1970162101 tempest-VolumesTestJSON-1970162101-project] Empty body provided in request {{(pid=100712) get_body /opt/stack/cinder/cinder/api/openstack/wsgi.py:703}}
Aug 25 17:01:26.068211 dv-cinder-791240-5-iscsi devstack@c-api.service[100712]: DEBUG cinder.api.openstack.wsgi [None req-f86df768-1083-4b05-89cb-e60deefbb0b4 tempest-VolumesTestJSON-1970162101 tempest-VolumesTestJSON-1970162101-project] Calling method 'show' {{(pid=100712) _process_stack /opt/stack/cinder/cinder/api/openstack/wsgi.py:856}}
Aug 25 17:01:26.110950 dv-cinder-791240-5-iscsi devstack@c-api.service[100712]: INFO cinder.api.openstack.wsgi [None req-f86df768-1083-4b05-89cb-e60deefbb0b4 tempest-VolumesTestJSON-1970162101 tempest-VolumesTestJSON-1970162101-project] http://10.222.0.88/volume/v3/07341bc9c7264cd68b7115a189e87f85/volumes/a9edafbc-780c-4bb3-9143-be2fbe523791 returned with HTTP 404
Aug 25 17:01:26.113595 dv-cinder-791240-5-iscsi devstack@c-api.service[100712]: [pid: 100712|app: 0|req: 63/120] 10.222.0.88 () {58 vars in 1325 bytes} [Wed Aug 25 17:01:26 2021] GET /volume/v3/07341bc9c7264cd68b7115a189e87f85/volumes/a9edafbc-780c-4bb3-9143-be2fbe523791 => generated 109 bytes in 50 msecs (HTTP/1.1 404) 7 headers in 292 bytes (1 switches on core 0)
Aug 25 17:01:26.128086 dv-cinder-791240-5-iscsi devstack@c-api.service[100712]: INFO cinder.api.openstack.wsgi [None req-b212049e-2775-4210-a470-b8c9f2de6484 tempest-GroupsTest-909780830 tempest-GroupsTest-909780830-project] GET http://10.222.0.88/volume/v3/eabef8b398524d528211d59a046f7a11/volumes/c5ada0f1-01eb-4ac6-a29c-b0bf1afac33b
Aug 25 17:01:26.132362 dv-cinder-791240-5-iscsi devstack@c-api.service[100712]: DEBUG cinder.api.openstack.wsgi [None req-b212049e-2775-4210-a470-b8c9f2de6484 tempest-GroupsTest-909780830 tempest-GroupsTest-909780830-project] Empty body provided in request {{(pid=100712) get_body /opt/stack/cinder/cinder/api/openstack/wsgi.py:703}}
Aug 25 17:01:26.133384 dv-cinder-791240-5-iscsi devstack@c-api.service[100712]: DEBUG cinder.api.openstack.wsgi [None req-b212049e-2775-4210-a470-b8c9f2de6484 tempest-GroupsTest-909780830 tempest-GroupsTest-909780830-project] Calling method 'show' {{(pid=100712) _process_stack /opt/stack/cinder/cinder/api/openstack/wsgi.py:856}}
Aug 25 17:01:26.195325 dv-cinder-791240-5-iscsi devstack@c-api.service[100712]: /usr/local/lib/python3.8/dist-packages/oslo_context/context.py:105: DeprecationWarning: Policy enforcement is depending on the value of is_admin. This key is deprecated. Please update your policy file to use the standard policy values.
Aug 25 17:01:26.195325 dv-cinder-791240-5-iscsi devstack@c-api.service[100712]: warnings.warn('Policy enforcement is depending on the value of '
Aug 25 17:01:26.203255 dv-cinder-791240-5-iscsi devstack@c-api.service[100711]: INFO cinder.api.openstack.wsgi [None req-22fb495d-ba52-4ab0-9680-154141b439bd tempest-UserMessagesTest-1996933350 tempest-UserMessagesTest-1996933350-project-admin] POST http://10.222.0.88/volume/v3/650ea1a86caf4653ac28aef9e0b38243/types
Aug 25 17:01:26.203651 dv-cinder-791240-5-iscsi devstack@c-api.service[100711]: /usr/local/lib/python3.8/dist-packages/webob/acceptparse.py:1047: DeprecationWarning: The behavior of AcceptValidHeader.best_match is currently being maintained for backward compatibility, but it will be deprecated in the future, as it does not conform to the RFC.
Aug 25 17:01:26.203651 dv-cinder-791240-5-iscsi devstack@c-api.service[100711]: warnings.warn(
Aug 25 17:01:26.207024 dv-cinder-791240-5-iscsi devstack@c-api.service[100711]: DEBUG cinder.api.openstack.wsgi [None req-22fb495d-ba52-4ab0-9680-154141b439bd tempest-UserMessagesTest-1996933350 tempest-UserMessagesTest-1996933350-project-admin] Action: 'create', calling method: _create, body: {"volume_type": {"name": "tempest-UserMessagesTest-volume-type-1750520705", "extra_specs": {"storage_protocol": "tempest-storage_protocol-275019302", "vendor_name": "tempest-vendor_name-430945287"}}} {{(pid=100711) _process_stack /opt/stack/cinder/cinder/api/openstack/wsgi.py:854}}
Aug 25 17:01:26.259762 dv-cinder-791240-5-iscsi devstack@c-api.service[100712]: INFO cinder.volume.api [None req-b212049e-2775-4210-a470-b8c9f2de6484 tempest-GroupsTest-909780830 tempest-GroupsTest-909780830-project] Volume info retrieved successfully.
Aug 25 17:01:26.298824 dv-cinder-791240-5-iscsi devstack@c-api.service[100712]: WARNING stevedore.named [None req-b212049e-2775-4210-a470-b8c9f2de6484 tempest-GroupsTest-909780830 tempest-GroupsTest-909780830-project] Could not load cinder.keymgr.conf_key_mgr.ConfKeyManager
Aug 25 17:01:26.306336 dv-cinder-791240-5-iscsi devstack@c-api.service[100712]: WARNING castellan.key_manager [None req-b212049e-2775-4210-a470-b8c9f2de6484 tempest-GroupsTest-909780830 tempest-GroupsTest-909780830-project] Deprecation Warning : cinder.keymgr.conf_key_mgr.ConfKeyManager is not a stevedore based driver, trying to load it as a class: stevedore.exception.NoMatches: No 'castellan.drivers' driver found, looking for 'cinder.keymgr.conf_key_mgr.ConfKeyManager'
Aug 25 17:01:26.326238 dv-cinder-791240-5-iscsi devstack@c-api.service[100712]: DEBUG oslo_db.sqlalchemy.engines [None req-b212049e-2775-4210-a470-b8c9f2de6484 tempest-GroupsTest-909780830 tempest-GroupsTest-909780830-project] MySQL server mode set to STRICT_TRANS_TABLES,STRICT_ALL_TABLES,NO_ZERO_IN_DATE,NO_ZERO_DATE,ERROR_FOR_DIVISION_BY_ZERO,TRADITIONAL,NO_ENGINE_SUBSTITUTION {{(pid=100712) _check_effective_sql_mode /usr/local/lib/python3.8/dist-packages/oslo_db/sqlalchemy/engines.py:314}}
Aug 25 17:01:26.327618 dv-cinder-791240-5-iscsi devstack@c-api.service[100711]: INFO cinder.api.openstack.wsgi [None req-22fb495d-ba52-4ab0-9680-154141b439bd tempest-UserMessagesTest-1996933350 tempest-UserMessagesTest-1996933350-project-admin] http://10.222.0.88/volume/v3/650ea1a86caf4653ac28aef9e0b38243/types returned with HTTP 200
Aug 25 17:01:26.328375 dv-cinder-791240-5-iscsi devstack@c-api.service[100711]: [pid: 100711|app: 0|req: 58/121] 10.222.0.88 () {60 vars in 1230 bytes} [Wed Aug 25 17:01:25 2021] POST /volume/v3/650ea1a86caf4653ac28aef9e0b38243/types => generated 326 bytes in 412 msecs (HTTP/1.1 200) 7 headers in 285 bytes (1 switches on core 0)
Aug 25 17:01:26.339691 dv-cinder-791240-5-iscsi devstack@c-api.service[100712]: /usr/local/lib/python3.8/dist-packages/oslo_context/context.py:105: DeprecationWarning: Policy enforcement is depending on the value of is_admin. This key is deprecated. Please update your policy file to use the standard policy values.
Aug 25 17:01:26.339691 dv-cinder-791240-5-iscsi devstack@c-api.service[100712]: warnings.warn('Policy enforcement is depending on the value of '
Aug 25 17:01:26.354996 dv-cinder-791240-5-iscsi devstack@c-api.service[100711]: INFO cinder.api.openstack.wsgi [None req-b3d9ada0-e8c8-4e82-b465-a2a7287ee919 tempest-VolumeQuotasNegativeTestJSON-495195003 tempest-VolumeQuotasNegativeTestJSON-495195003-project] POST http://10.222.0.88/volume/v3/2710b506862f41339eea7cfc20b025dd/volumes
Aug 25 17:01:26.355671 dv-cinder-791240-5-iscsi devstack@c-api.service[100711]: DEBUG cinder.api.openstack.wsgi [None req-b3d9ada0-e8c8-4e82-b465-a2a7287ee919 tempest-VolumeQuotasNegativeTestJSON-495195003 tempest-VolumeQuotasNegativeTestJSON-495195003-project] Action: 'create', calling method: create, body: {"volume": {"size": 2}} {{(pid=100711) _process_stack /opt/stack/cinder/cinder/api/openstack/wsgi.py:854}}
Aug 25 17:01:26.360614 dv-cinder-791240-5-iscsi devstack@c-api.service[100711]: DEBUG cinder.api.v3.volumes [None req-b3d9ada0-e8c8-4e82-b465-a2a7287ee919 tempest-VolumeQuotasNegativeTestJSON-495195003 tempest-VolumeQuotasNegativeTestJSON-495195003-project] Create volume request body: {'volume': {'size': 2}} {{(pid=100711) create /opt/stack/cinder/cinder/api/v3/volumes.py:290}}
Aug 25 17:01:26.361149 dv-cinder-791240-5-iscsi devstack@c-api.service[100711]: INFO cinder.api.v3.volumes [None req-b3d9ada0-e8c8-4e82-b465-a2a7287ee919 tempest-VolumeQuotasNegativeTestJSON-495195003 tempest-VolumeQuotasNegativeTestJSON-495195003-project] Create volume of 2 GB
Aug 25 17:01:26.383166 dv-cinder-791240-5-iscsi devstack@c-api.service[100711]: INFO cinder.volume.api [None req-b3d9ada0-e8c8-4e82-b465-a2a7287ee919 tempest-VolumeQuotasNegativeTestJSON-495195003 tempest-VolumeQuotasNegativeTestJSON-495195003-project] Availability Zones retrieved successfully.
Aug 25 17:01:26.395317 dv-cinder-791240-5-iscsi devstack@c-api.service[100712]: INFO cinder.api.openstack.wsgi [None req-b212049e-2775-4210-a470-b8c9f2de6484 tempest-GroupsTest-909780830 tempest-GroupsTest-909780830-project] http://10.222.0.88/volume/v3/eabef8b398524d528211d59a046f7a11/volumes/c5ada0f1-01eb-4ac6-a29c-b0bf1afac33b returned with HTTP 200
Aug 25 17:01:26.396068 dv-cinder-791240-5-iscsi devstack@c-api.service[100712]: [pid: 100712|app: 0|req: 64/122] 10.222.0.88 () {60 vars in 1366 bytes} [Wed Aug 25 17:01:26 2021] GET /volume/v3/eabef8b398524d528211d59a046f7a11/volumes/c5ada0f1-01eb-4ac6-a29c-b0bf1afac33b => generated 983 bytes in 279 msecs (HTTP/1.1 200) 7 headers in 286 bytes (1 switches on core 0)
Aug 25 17:01:26.451135 dv-cinder-791240-5-iscsi devstack@c-api.service[100711]: DEBUG cinder.volume.api [None req-b3d9ada0-e8c8-4e82-b465-a2a7287ee919 tempest-VolumeQuotasNegativeTestJSON-495195003 tempest-VolumeQuotasNegativeTestJSON-495195003-project] Flow 'volume_create_api' (c0d05084-eaef-4a45-9405-55f791ed481c) transitioned into state 'RUNNING' from state 'PENDING' {{(pid=100711) _flow_receiver /usr/local/lib/python3.8/dist-packages/taskflow/listeners/logging.py:141}}
Aug 25 17:01:26.470153 dv-cinder-791240-5-iscsi devstack@c-api.service[100711]: DEBUG cinder.volume.api [None req-b3d9ada0-e8c8-4e82-b465-a2a7287ee919 tempest-VolumeQuotasNegativeTestJSON-495195003 tempest-VolumeQuotasNegativeTestJSON-495195003-project] Task 'cinder.volume.flows.api.create_volume.ExtractVolumeRequestTask;volume:create' (a0ccccd0-3837-470f-8384-6bef9a579139) transitioned into state 'RUNNING' from state 'PENDING' {{(pid=100711) _task_receiver /usr/local/lib/python3.8/dist-packages/taskflow/listeners/logging.py:190}}
Aug 25 17:01:26.476241 dv-cinder-791240-5-iscsi devstack@c-api.service[100711]: DEBUG cinder.volume.flows.api.create_volume [None req-b3d9ada0-e8c8-4e82-b465-a2a7287ee919 tempest-VolumeQuotasNegativeTestJSON-495195003 tempest-VolumeQuotasNegativeTestJSON-495195003-project] Validating volume size '2' using validate_int {{(pid=100711) _extract_size /opt/stack/cinder/cinder/volume/flows/api/create_volume.py:225}}
Aug 25 17:01:26.567053 dv-cinder-791240-5-iscsi devstack@c-api.service[100711]: DEBUG cinder.volume.api [None req-b3d9ada0-e8c8-4e82-b465-a2a7287ee919 tempest-VolumeQuotasNegativeTestJSON-495195003 tempest-VolumeQuotasNegativeTestJSON-495195003-project] Task 'cinder.volume.flows.api.create_volume.ExtractVolumeRequestTask;volume:create' (a0ccccd0-3837-470f-8384-6bef9a579139) transitioned into state 'SUCCESS' from state 'RUNNING' with result '{'size': 2, 'snapshot_id': None, 'source_volid': None, 'volume_type': VolumeType(created_at=2021-08-25T16:51:47Z,deleted=False,deleted_at=None,description='Default Volume Type',extra_specs={},id=1f6e4f40-6491-40f8-898c-82c65adf24e2,is_public=True,name='__DEFAULT__',projects=[],qos_specs=,qos_specs_id=None,updated_at=2021-08-25T16:51:47Z), 'volume_type_id': '1f6e4f40-6491-40f8-898c-82c65adf24e2', 'encryption_key_id': None, 'qos_specs': None, 'consistencygroup_id': None, 'cgsnapshot_id': None, 'group_id': None, 'replication_status': 'disabled', 'refresh_az': False, 'backup_id': None, 'multiattach': False, 'availability_zones': ['nova']}' {{(pid=100711) _task_receiver /usr/local/lib/python3.8/dist-packages/taskflow/listeners/logging.py:178}}
Aug 25 17:01:26.569132 dv-cinder-791240-5-iscsi devstack@c-api.service[100711]: DEBUG cinder.volume.api [None req-b3d9ada0-e8c8-4e82-b465-a2a7287ee919 tempest-VolumeQuotasNegativeTestJSON-495195003 tempest-VolumeQuotasNegativeTestJSON-495195003-project] Task 'cinder.volume.flows.api.create_volume.QuotaReserveTask;volume:create' (d1d9a269-49ec-45b8-b269-85f41f222bc4) transitioned into state 'RUNNING' from state 'PENDING' {{(pid=100711) _task_receiver /usr/local/lib/python3.8/dist-packages/taskflow/listeners/logging.py:190}}
Aug 25 17:01:26.731854 dv-cinder-791240-5-iscsi devstack@c-api.service[100712]: INFO cinder.api.openstack.wsgi [None req-1802e963-3ce6-4935-8c37-e0cdb14735fa tempest-UserMessagesTest-597851701 tempest-UserMessagesTest-597851701-project] POST http://10.222.0.88/volume/v3/f72cc7de99e9460aafef8ee30891a0fa/volumes
Aug 25 17:01:26.732341 dv-cinder-791240-5-iscsi devstack@c-api.service[100712]: /usr/local/lib/python3.8/dist-packages/webob/acceptparse.py:1047: DeprecationWarning: The behavior of AcceptValidHeader.best_match is currently being maintained for backward compatibility, but it will be deprecated in the future, as it does not conform to the RFC.
Aug 25 17:01:26.732341 dv-cinder-791240-5-iscsi devstack@c-api.service[100712]: warnings.warn(
Aug 25 17:01:26.732721 dv-cinder-791240-5-iscsi devstack@c-api.service[100712]: DEBUG cinder.api.openstack.wsgi [None req-1802e963-3ce6-4935-8c37-e0cdb14735fa tempest-UserMessagesTest-597851701 tempest-UserMessagesTest-597851701-project] Action: 'create', calling method: create, body: {"volume": {"volume_type": "75f30c8f-dbf2-4a3d-b280-b48e166f6fd8", "size": 1, "name": "tempest-UserMessagesTest-Volume-1156874223"}} {{(pid=100712) _process_stack /opt/stack/cinder/cinder/api/openstack/wsgi.py:854}}
Aug 25 17:01:26.733771 dv-cinder-791240-5-iscsi devstack@c-api.service[100712]: DEBUG cinder.api.v3.volumes [None req-1802e963-3ce6-4935-8c37-e0cdb14735fa tempest-UserMessagesTest-597851701 tempest-UserMessagesTest-597851701-project] Create volume request body: {'volume': {'volume_type': '75f30c8f-dbf2-4a3d-b280-b48e166f6fd8', 'size': 1, 'name': 'tempest-UserMessagesTest-Volume-1156874223'}} {{(pid=100712) create /opt/stack/cinder/cinder/api/v3/volumes.py:290}}
Aug 25 17:01:26.746623 dv-cinder-791240-5-iscsi devstack@c-api.service[100712]: INFO cinder.api.v3.volumes [None req-1802e963-3ce6-4935-8c37-e0cdb14735fa tempest-UserMessagesTest-597851701 tempest-UserMessagesTest-597851701-project] Create volume of 1 GB
Aug 25 17:01:26.747321 dv-cinder-791240-5-iscsi devstack@c-api.service[100712]: /usr/local/lib/python3.8/dist-packages/oslo_context/context.py:105: DeprecationWarning: Policy enforcement is depending on the value of is_admin. This key is deprecated. Please update your policy file to use the standard policy values.
Aug 25 17:01:26.747321 dv-cinder-791240-5-iscsi devstack@c-api.service[100712]: warnings.warn('Policy enforcement is depending on the value of '
Aug 25 17:01:26.748471 dv-cinder-791240-5-iscsi devstack@c-api.service[100712]: INFO cinder.volume.api [None req-1802e963-3ce6-4935-8c37-e0cdb14735fa tempest-UserMessagesTest-597851701 tempest-UserMessagesTest-597851701-project] Availability Zones retrieved successfully.
Aug 25 17:01:26.766606 dv-cinder-791240-5-iscsi devstack@c-api.service[100711]: WARNING cinder.quota_utils [None req-b3d9ada0-e8c8-4e82-b465-a2a7287ee919 tempest-VolumeQuotasNegativeTestJSON-495195003 tempest-VolumeQuotasNegativeTestJSON-495195003-project] Quota exceeded for 2710b506862f41339eea7cfc20b025dd, tried to create 2G volume (1G of 1G already consumed).: cinder.exception.OverQuota: Quota exceeded for resources: ['gigabytes']
Aug 25 17:01:26.783985 dv-cinder-791240-5-iscsi devstack@c-api.service[100711]: WARNING cinder.volume.api [None req-b3d9ada0-e8c8-4e82-b465-a2a7287ee919 tempest-VolumeQuotasNegativeTestJSON-495195003 tempest-VolumeQuotasNegativeTestJSON-495195003-project] Task 'cinder.volume.flows.api.create_volume.QuotaReserveTask;volume:create' (d1d9a269-49ec-45b8-b269-85f41f222bc4) transitioned into state 'FAILURE' from state 'RUNNING'
Aug 25 17:01:26.783985 dv-cinder-791240-5-iscsi devstack@c-api.service[100711]: Failure: cinder.exception.VolumeSizeExceedsAvailableQuota: Requested volume or snapshot exceeds allowed gigabytes quota. Requested 2G, quota is 1G and 1G has been consumed.
Aug 25 17:01:26.793422 dv-cinder-791240-5-iscsi devstack@c-api.service[100711]: DEBUG cinder.volume.api [None req-b3d9ada0-e8c8-4e82-b465-a2a7287ee919 tempest-VolumeQuotasNegativeTestJSON-495195003 tempest-VolumeQuotasNegativeTestJSON-495195003-project] Task 'cinder.volume.flows.api.create_volume.QuotaReserveTask;volume:create' (d1d9a269-49ec-45b8-b269-85f41f222bc4) transitioned into state 'REVERTING' from state 'FAILURE' {{(pid=100711) _task_receiver /usr/local/lib/python3.8/dist-packages/taskflow/listeners/logging.py:190}}
Aug 25 17:01:26.794980 dv-cinder-791240-5-iscsi devstack@c-api.service[100712]: DEBUG cinder.volume.api [None req-1802e963-3ce6-4935-8c37-e0cdb14735fa tempest-UserMessagesTest-597851701 tempest-UserMessagesTest-597851701-project] Flow 'volume_create_api' (0a7da4a8-a804-4346-bf53-b374eaaba9ff) transitioned into state 'RUNNING' from state 'PENDING' {{(pid=100712) _flow_receiver /usr/local/lib/python3.8/dist-packages/taskflow/listeners/logging.py:141}}
Aug 25 17:01:26.800036 dv-cinder-791240-5-iscsi devstack@c-api.service[100711]: WARNING cinder.volume.api [None req-b3d9ada0-e8c8-4e82-b465-a2a7287ee919 tempest-VolumeQuotasNegativeTestJSON-495195003 tempest-VolumeQuotasNegativeTestJSON-495195003-project] Task 'cinder.volume.flows.api.create_volume.QuotaReserveTask;volume:create' (d1d9a269-49ec-45b8-b269-85f41f222bc4) transitioned into state 'REVERTED' from state 'REVERTING' with result 'None'
Aug 25 17:01:26.800501 dv-cinder-791240-5-iscsi devstack@c-api.service[100712]: DEBUG cinder.volume.api [None req-1802e963-3ce6-4935-8c37-e0cdb14735fa tempest-UserMessagesTest-597851701 tempest-UserMessagesTest-597851701-project] Task 'cinder.volume.flows.api.create_volume.ExtractVolumeRequestTask;volume:create' (609ff121-3397-4954-8432-2c402cb69c12) transitioned into state 'RUNNING' from state 'PENDING' {{(pid=100712) _task_receiver /usr/local/lib/python3.8/dist-packages/taskflow/listeners/logging.py:190}}
Aug 25 17:01:26.802775 dv-cinder-791240-5-iscsi devstack@c-api.service[100712]: DEBUG cinder.volume.flows.api.create_volume [None req-1802e963-3ce6-4935-8c37-e0cdb14735fa tempest-UserMessagesTest-597851701 tempest-UserMessagesTest-597851701-project] Validating volume size '1' using validate_int {{(pid=100712) _extract_size /opt/stack/cinder/cinder/volume/flows/api/create_volume.py:225}}
Aug 25 17:01:26.805016 dv-cinder-791240-5-iscsi devstack@c-api.service[100711]: DEBUG cinder.volume.api [None req-b3d9ada0-e8c8-4e82-b465-a2a7287ee919 tempest-VolumeQuotasNegativeTestJSON-495195003 tempest-VolumeQuotasNegativeTestJSON-495195003-project] Task 'cinder.volume.flows.api.create_volume.ExtractVolumeRequestTask;volume:create' (a0ccccd0-3837-470f-8384-6bef9a579139) transitioned into state 'REVERTING' from state 'SUCCESS' {{(pid=100711) _task_receiver /usr/local/lib/python3.8/dist-packages/taskflow/listeners/logging.py:190}}
