Aug 25 17:02:00.030501 dv-cinder-791240-5-iscsi devstack@c-api.service[100712]: DEBUG cinder.api.openstack.wsgi [None req-ac8c807f-9337-4487-b5c0-28cb9162d0ba tempest-VolumeTypesTest-514583720 tempest-VolumeTypesTest-514583720-project] Calling method 'delete' {{(pid=100712) _process_stack /opt/stack/cinder/cinder/api/openstack/wsgi.py:856}}
Aug 25 17:02:00.031393 dv-cinder-791240-5-iscsi devstack@c-api.service[100712]: INFO cinder.api.v3.volumes [None req-ac8c807f-9337-4487-b5c0-28cb9162d0ba tempest-VolumeTypesTest-514583720 tempest-VolumeTypesTest-514583720-project] Delete volume with id: 5d5b6bf1-04b1-49db-a28f-3327cba3a4dd
Aug 25 17:02:00.051850 dv-cinder-791240-5-iscsi devstack@c-api.service[100712]: /usr/local/lib/python3.8/dist-packages/oslo_context/context.py:105: DeprecationWarning: Policy enforcement is depending on the value of is_admin. This key is deprecated. Please update your policy file to use the standard policy values.
Aug 25 17:02:00.051850 dv-cinder-791240-5-iscsi devstack@c-api.service[100712]: warnings.warn('Policy enforcement is depending on the value of '
Aug 25 17:02:00.052994 dv-cinder-791240-5-iscsi devstack@c-api.service[100712]: INFO cinder.volume.api [None req-ac8c807f-9337-4487-b5c0-28cb9162d0ba tempest-VolumeTypesTest-514583720 tempest-VolumeTypesTest-514583720-project] Volume info retrieved successfully.
Aug 25 17:02:00.090646 dv-cinder-791240-5-iscsi devstack@c-api.service[100712]: INFO cinder.volume.api [None req-ac8c807f-9337-4487-b5c0-28cb9162d0ba tempest-VolumeTypesTest-514583720 tempest-VolumeTypesTest-514583720-project] Delete volume request issued successfully.
Aug 25 17:02:00.096355 dv-cinder-791240-5-iscsi devstack@c-api.service[100712]: INFO cinder.api.openstack.wsgi [None req-ac8c807f-9337-4487-b5c0-28cb9162d0ba tempest-VolumeTypesTest-514583720 tempest-VolumeTypesTest-514583720-project] http://10.222.0.88/volume/v3/3c78dc94b83e4641a8c51f5999c88517/volumes/5d5b6bf1-04b1-49db-a28f-3327cba3a4dd returned with HTTP 202
Aug 25 17:02:00.097742 dv-cinder-791240-5-iscsi devstack@c-api.service[100712]: [pid: 100712|app: 0|req: 212/423] 10.222.0.88 () {58 vars in 1328 bytes} [Wed Aug 25 17:02:00 2021] DELETE /volume/v3/3c78dc94b83e4641a8c51f5999c88517/volumes/5d5b6bf1-04b1-49db-a28f-3327cba3a4dd => generated 0 bytes in 96 msecs (HTTP/1.1 202) 6 headers in 233 bytes (1 switches on core 0)
Aug 25 17:02:00.106198 dv-cinder-791240-5-iscsi devstack@c-api.service[100711]: INFO cinder.api.openstack.wsgi [None req-5b2dab12-b5a7-46af-bd0a-f6af9a9f0b27 tempest-VolumeTypesTest-514583720 tempest-VolumeTypesTest-514583720-project] GET http://10.222.0.88/volume/v3/3c78dc94b83e4641a8c51f5999c88517/volumes/5d5b6bf1-04b1-49db-a28f-3327cba3a4dd
Aug 25 17:02:00.110551 dv-cinder-791240-5-iscsi devstack@c-api.service[100711]: DEBUG cinder.api.openstack.wsgi [None req-5b2dab12-b5a7-46af-bd0a-f6af9a9f0b27 tempest-VolumeTypesTest-514583720 tempest-VolumeTypesTest-514583720-project] Empty body provided in request {{(pid=100711) get_body /opt/stack/cinder/cinder/api/openstack/wsgi.py:703}}
Aug 25 17:02:00.110983 dv-cinder-791240-5-iscsi devstack@c-api.service[100711]: DEBUG cinder.api.openstack.wsgi [None req-5b2dab12-b5a7-46af-bd0a-f6af9a9f0b27 tempest-VolumeTypesTest-514583720 tempest-VolumeTypesTest-514583720-project] Calling method 'show' {{(pid=100711) _process_stack /opt/stack/cinder/cinder/api/openstack/wsgi.py:856}}
Aug 25 17:02:00.127752 dv-cinder-791240-5-iscsi devstack@c-api.service[100711]: /usr/local/lib/python3.8/dist-packages/oslo_context/context.py:105: DeprecationWarning: Policy enforcement is depending on the value of is_admin. This key is deprecated. Please update your policy file to use the standard policy values.
Aug 25 17:02:00.127752 dv-cinder-791240-5-iscsi devstack@c-api.service[100711]: warnings.warn('Policy enforcement is depending on the value of '
Aug 25 17:02:00.140666 dv-cinder-791240-5-iscsi devstack@c-api.service[100711]: INFO cinder.volume.api [None req-5b2dab12-b5a7-46af-bd0a-f6af9a9f0b27 tempest-VolumeTypesTest-514583720 tempest-VolumeTypesTest-514583720-project] Volume info retrieved successfully.
Aug 25 17:02:00.158607 dv-cinder-791240-5-iscsi devstack@c-api.service[100711]: INFO cinder.api.openstack.wsgi [None req-5b2dab12-b5a7-46af-bd0a-f6af9a9f0b27 tempest-VolumeTypesTest-514583720 tempest-VolumeTypesTest-514583720-project] http://10.222.0.88/volume/v3/3c78dc94b83e4641a8c51f5999c88517/volumes/5d5b6bf1-04b1-49db-a28f-3327cba3a4dd returned with HTTP 200
Aug 25 17:02:00.159602 dv-cinder-791240-5-iscsi devstack@c-api.service[100711]: [pid: 100711|app: 0|req: 212/424] 10.222.0.88 () {58 vars in 1325 bytes} [Wed Aug 25 17:02:00 2021] GET /volume/v3/3c78dc94b83e4641a8c51f5999c88517/volumes/5d5b6bf1-04b1-49db-a28f-3327cba3a4dd => generated 940 bytes in 57 msecs (HTTP/1.1 200) 7 headers in 285 bytes (2 switches on core 0)
Aug 25 17:02:00.224835 dv-cinder-791240-5-iscsi devstack@c-api.service[100712]: INFO cinder.api.openstack.wsgi [None req-24a30c95-298c-463b-a921-ddcdaf2cb208 tempest-VolumesExtendTest-2038403570 tempest-VolumesExtendTest-2038403570-project] GET http://10.222.0.88/volume/v3/55d5ea95aae8404b9aad5073ef8b3485/volumes/067ec580-176e-4454-b796-668f26b1bc4e
Aug 25 17:02:00.226004 dv-cinder-791240-5-iscsi devstack@c-api.service[100712]: DEBUG cinder.api.openstack.wsgi [None req-24a30c95-298c-463b-a921-ddcdaf2cb208 tempest-VolumesExtendTest-2038403570 tempest-VolumesExtendTest-2038403570-project] Empty body provided in request {{(pid=100712) get_body /opt/stack/cinder/cinder/api/openstack/wsgi.py:703}}
Aug 25 17:02:00.226199 dv-cinder-791240-5-iscsi devstack@c-api.service[100712]: /usr/local/lib/python3.8/dist-packages/webob/acceptparse.py:1047: DeprecationWarning: The behavior of AcceptValidHeader.best_match is currently being maintained for backward compatibility, but it will be deprecated in the future, as it does not conform to the RFC.
Aug 25 17:02:00.226199 dv-cinder-791240-5-iscsi devstack@c-api.service[100712]: warnings.warn(
Aug 25 17:02:00.226869 dv-cinder-791240-5-iscsi devstack@c-api.service[100712]: DEBUG cinder.api.openstack.wsgi [None req-24a30c95-298c-463b-a921-ddcdaf2cb208 tempest-VolumesExtendTest-2038403570 tempest-VolumesExtendTest-2038403570-project] Calling method 'show' {{(pid=100712) _process_stack /opt/stack/cinder/cinder/api/openstack/wsgi.py:856}}
Aug 25 17:02:00.240233 dv-cinder-791240-5-iscsi devstack@c-api.service[100712]: /usr/local/lib/python3.8/dist-packages/oslo_context/context.py:105: DeprecationWarning: Policy enforcement is depending on the value of is_admin. This key is deprecated. Please update your policy file to use the standard policy values.
Aug 25 17:02:00.240233 dv-cinder-791240-5-iscsi devstack@c-api.service[100712]: warnings.warn('Policy enforcement is depending on the value of '
Aug 25 17:02:00.247720 dv-cinder-791240-5-iscsi devstack@c-api.service[100712]: INFO cinder.volume.api [None req-24a30c95-298c-463b-a921-ddcdaf2cb208 tempest-VolumesExtendTest-2038403570 tempest-VolumesExtendTest-2038403570-project] Volume info retrieved successfully.
Aug 25 17:02:00.262414 dv-cinder-791240-5-iscsi devstack@c-api.service[100712]: INFO cinder.api.openstack.wsgi [None req-24a30c95-298c-463b-a921-ddcdaf2cb208 tempest-VolumesExtendTest-2038403570 tempest-VolumesExtendTest-2038403570-project] http://10.222.0.88/volume/v3/55d5ea95aae8404b9aad5073ef8b3485/volumes/067ec580-176e-4454-b796-668f26b1bc4e returned with HTTP 200
Aug 25 17:02:00.263086 dv-cinder-791240-5-iscsi devstack@c-api.service[100712]: [pid: 100712|app: 0|req: 213/425] 10.222.0.88 () {58 vars in 1325 bytes} [Wed Aug 25 17:02:00 2021] GET /volume/v3/55d5ea95aae8404b9aad5073ef8b3485/volumes/067ec580-176e-4454-b796-668f26b1bc4e => generated 909 bytes in 42 msecs (HTTP/1.1 200) 7 headers in 285 bytes (1 switches on core 0)
Aug 25 17:02:00.379434 dv-cinder-791240-5-iscsi devstack@c-api.service[100711]: INFO cinder.api.openstack.wsgi [None req-8f9f3881-ba3e-445d-b74d-9ffeb9629896 tempest-AttachVolumeNegativeTest-1574185295 tempest-AttachVolumeNegativeTest-1574185295-project] GET http://10.222.0.88/volume/v3/ce8b30e44d0740b19fb2000423fb78ee/volumes/af40b72a-01f8-4fe8-911c-ea9d54d102bf
Aug 25 17:02:00.379973 dv-cinder-791240-5-iscsi devstack@c-api.service[100711]: DEBUG cinder.api.openstack.wsgi [None req-8f9f3881-ba3e-445d-b74d-9ffeb9629896 tempest-AttachVolumeNegativeTest-1574185295 tempest-AttachVolumeNegativeTest-1574185295-project] Empty body provided in request {{(pid=100711) get_body /opt/stack/cinder/cinder/api/openstack/wsgi.py:703}}
Aug 25 17:02:00.380137 dv-cinder-791240-5-iscsi devstack@c-api.service[100711]: /usr/local/lib/python3.8/dist-packages/webob/acceptparse.py:1047: DeprecationWarning: The behavior of AcceptValidHeader.best_match is currently being maintained for backward compatibility, but it will be deprecated in the future, as it does not conform to the RFC.
Aug 25 17:02:00.380137 dv-cinder-791240-5-iscsi devstack@c-api.service[100711]: warnings.warn(
Aug 25 17:02:00.380527 dv-cinder-791240-5-iscsi devstack@c-api.service[100711]: DEBUG cinder.api.openstack.wsgi [None req-8f9f3881-ba3e-445d-b74d-9ffeb9629896 tempest-AttachVolumeNegativeTest-1574185295 tempest-AttachVolumeNegativeTest-1574185295-project] Calling method 'show' {{(pid=100711) _process_stack /opt/stack/cinder/cinder/api/openstack/wsgi.py:856}}
Aug 25 17:02:00.393570 dv-cinder-791240-5-iscsi devstack@c-api.service[100711]: /usr/local/lib/python3.8/dist-packages/oslo_context/context.py:105: DeprecationWarning: Policy enforcement is depending on the value of is_admin. This key is deprecated. Please update your policy file to use the standard policy values.
Aug 25 17:02:00.393570 dv-cinder-791240-5-iscsi devstack@c-api.service[100711]: warnings.warn('Policy enforcement is depending on the value of '
Aug 25 17:02:00.400974 dv-cinder-791240-5-iscsi devstack@c-api.service[100711]: INFO cinder.volume.api [None req-8f9f3881-ba3e-445d-b74d-9ffeb9629896 tempest-AttachVolumeNegativeTest-1574185295 tempest-AttachVolumeNegativeTest-1574185295-project] Volume info retrieved successfully.
Aug 25 17:02:00.411569 dv-cinder-791240-5-iscsi devstack@c-api.service[100711]: /usr/local/lib/python3.8/dist-packages/oslo_context/context.py:105: DeprecationWarning: Policy enforcement is depending on the value of is_admin. This key is deprecated. Please update your policy file to use the standard policy values.
Aug 25 17:02:00.411569 dv-cinder-791240-5-iscsi devstack@c-api.service[100711]: warnings.warn('Policy enforcement is depending on the value of '
Aug 25 17:02:00.419560 dv-cinder-791240-5-iscsi devstack@c-api.service[100711]: INFO cinder.api.openstack.wsgi [None req-8f9f3881-ba3e-445d-b74d-9ffeb9629896 tempest-AttachVolumeNegativeTest-1574185295 tempest-AttachVolumeNegativeTest-1574185295-project] http://10.222.0.88/volume/v3/ce8b30e44d0740b19fb2000423fb78ee/volumes/af40b72a-01f8-4fe8-911c-ea9d54d102bf returned with HTTP 200
Aug 25 17:02:00.420393 dv-cinder-791240-5-iscsi devstack@c-api.service[100711]: [pid: 100711|app: 0|req: 213/426] 10.222.0.88 () {58 vars in 1325 bytes} [Wed Aug 25 17:02:00 2021] GET /volume/v3/ce8b30e44d0740b19fb2000423fb78ee/volumes/af40b72a-01f8-4fe8-911c-ea9d54d102bf => generated 915 bytes in 44 msecs (HTTP/1.1 200) 7 headers in 285 bytes (1 switches on core 0)
Aug 25 17:02:00.580350 dv-cinder-791240-5-iscsi devstack@c-api.service[100712]: INFO cinder.api.openstack.wsgi [None req-ab075339-f8ba-4f62-b2e1-fccf1a58b4cc tempest-VolumesListAdminTestJSON-119653231 tempest-VolumesListAdminTestJSON-119653231-project] GET http://10.222.0.88/volume/v3/93173de92d3a46f689e21564f58ffb98/volumes/eac764dc-1eb7-45d0-8b8e-3d45d03573ee
Aug 25 17:02:00.580804 dv-cinder-791240-5-iscsi devstack@c-api.service[100712]: DEBUG cinder.api.openstack.wsgi [None req-ab075339-f8ba-4f62-b2e1-fccf1a58b4cc tempest-VolumesListAdminTestJSON-119653231 tempest-VolumesListAdminTestJSON-119653231-project] Empty body provided in request {{(pid=100712) get_body /opt/stack/cinder/cinder/api/openstack/wsgi.py:703}}
Aug 25 17:02:00.580975 dv-cinder-791240-5-iscsi devstack@c-api.service[100712]: /usr/local/lib/python3.8/dist-packages/webob/acceptparse.py:1047: DeprecationWarning: The behavior of AcceptValidHeader.best_match is currently being maintained for backward compatibility, but it will be deprecated in the future, as it does not conform to the RFC.
Aug 25 17:02:00.580975 dv-cinder-791240-5-iscsi devstack@c-api.service[100712]: warnings.warn(
Aug 25 17:02:00.581340 dv-cinder-791240-5-iscsi devstack@c-api.service[100712]: DEBUG cinder.api.openstack.wsgi [None req-ab075339-f8ba-4f62-b2e1-fccf1a58b4cc tempest-VolumesListAdminTestJSON-119653231 tempest-VolumesListAdminTestJSON-119653231-project] Calling method 'show' {{(pid=100712) _process_stack /opt/stack/cinder/cinder/api/openstack/wsgi.py:856}}
Aug 25 17:02:00.595675 dv-cinder-791240-5-iscsi devstack@c-api.service[100712]: /usr/local/lib/python3.8/dist-packages/oslo_context/context.py:105: DeprecationWarning: Policy enforcement is depending on the value of is_admin. This key is deprecated. Please update your policy file to use the standard policy values.
Aug 25 17:02:00.595675 dv-cinder-791240-5-iscsi devstack@c-api.service[100712]: warnings.warn('Policy enforcement is depending on the value of '
Aug 25 17:02:00.604090 dv-cinder-791240-5-iscsi devstack@c-api.service[100712]: INFO cinder.volume.api [None req-ab075339-f8ba-4f62-b2e1-fccf1a58b4cc tempest-VolumesListAdminTestJSON-119653231 tempest-VolumesListAdminTestJSON-119653231-project] Volume info retrieved successfully.
Aug 25 17:02:00.622116 dv-cinder-791240-5-iscsi devstack@c-api.service[100711]: INFO cinder.api.openstack.wsgi [None req-7f970a17-9b14-40b3-9d0a-d899acf7d46b tempest-DeleteServersTestJSON-1306505971 tempest-DeleteServersTestJSON-1306505971-project] GET http://10.222.0.88/volume/v3/2fa932d690ff4173979e2bfb1febce22/volumes/ee9dc06d-60e6-4d25-a396-b7172bb22155
Aug 25 17:02:00.623316 dv-cinder-791240-5-iscsi devstack@c-api.service[100711]: DEBUG cinder.api.openstack.wsgi [None req-7f970a17-9b14-40b3-9d0a-d899acf7d46b tempest-DeleteServersTestJSON-1306505971 tempest-DeleteServersTestJSON-1306505971-project] Empty body provided in request {{(pid=100711) get_body /opt/stack/cinder/cinder/api/openstack/wsgi.py:703}}
Aug 25 17:02:00.623660 dv-cinder-791240-5-iscsi devstack@c-api.service[100711]: /usr/local/lib/python3.8/dist-packages/webob/acceptparse.py:1047: DeprecationWarning: The behavior of AcceptValidHeader.best_match is currently being maintained for backward compatibility, but it will be deprecated in the future, as it does not conform to the RFC.
Aug 25 17:02:00.623660 dv-cinder-791240-5-iscsi devstack@c-api.service[100711]: warnings.warn(
Aug 25 17:02:00.624254 dv-cinder-791240-5-iscsi devstack@c-api.service[100711]: DEBUG cinder.api.openstack.wsgi [None req-7f970a17-9b14-40b3-9d0a-d899acf7d46b tempest-DeleteServersTestJSON-1306505971 tempest-DeleteServersTestJSON-1306505971-project] Calling method 'show' {{(pid=100711) _process_stack /opt/stack/cinder/cinder/api/openstack/wsgi.py:856}}
Aug 25 17:02:00.625285 dv-cinder-791240-5-iscsi devstack@c-api.service[100712]: INFO cinder.api.openstack.wsgi [None req-ab075339-f8ba-4f62-b2e1-fccf1a58b4cc tempest-VolumesListAdminTestJSON-119653231 tempest-VolumesListAdminTestJSON-119653231-project] http://10.222.0.88/volume/v3/93173de92d3a46f689e21564f58ffb98/volumes/eac764dc-1eb7-45d0-8b8e-3d45d03573ee returned with HTTP 200
Aug 25 17:02:00.635759 dv-cinder-791240-5-iscsi devstack@c-api.service[100712]: [pid: 100712|app: 0|req: 214/427] 10.222.0.88 () {58 vars in 1325 bytes} [Wed Aug 25 17:02:00 2021] GET /volume/v3/93173de92d3a46f689e21564f58ffb98/volumes/eac764dc-1eb7-45d0-8b8e-3d45d03573ee => generated 916 bytes in 58 msecs (HTTP/1.1 200) 7 headers in 285 bytes (1 switches on core 0)
Aug 25 17:02:00.641769 dv-cinder-791240-5-iscsi devstack@c-api.service[100711]: /usr/local/lib/python3.8/dist-packages/oslo_context/context.py:105: DeprecationWarning: Policy enforcement is depending on the value of is_admin. This key is deprecated. Please update your policy file to use the standard policy values.
Aug 25 17:02:00.641769 dv-cinder-791240-5-iscsi devstack@c-api.service[100711]: warnings.warn('Policy enforcement is depending on the value of '
Aug 25 17:02:00.642610 dv-cinder-791240-5-iscsi devstack@c-api.service[100712]: INFO cinder.api.openstack.wsgi [None req-11ea076e-c8a4-41b7-9b90-3a6eac8d6710 tempest-VolumesListAdminTestJSON-119653231 tempest-VolumesListAdminTestJSON-119653231-project] GET http://10.222.0.88/volume/v3/93173de92d3a46f689e21564f58ffb98/volumes/eac764dc-1eb7-45d0-8b8e-3d45d03573ee
Aug 25 17:02:00.643713 dv-cinder-791240-5-iscsi devstack@c-api.service[100712]: DEBUG cinder.api.openstack.wsgi [None req-11ea076e-c8a4-41b7-9b90-3a6eac8d6710 tempest-VolumesListAdminTestJSON-119653231 tempest-VolumesListAdminTestJSON-119653231-project] Empty body provided in request {{(pid=100712) get_body /opt/stack/cinder/cinder/api/openstack/wsgi.py:703}}
Aug 25 17:02:00.643945 dv-cinder-791240-5-iscsi devstack@c-api.service[100712]: /usr/local/lib/python3.8/dist-packages/webob/acceptparse.py:1047: DeprecationWarning: The behavior of AcceptValidHeader.best_match is currently being maintained for backward compatibility, but it will be deprecated in the future, as it does not conform to the RFC.
Aug 25 17:02:00.643945 dv-cinder-791240-5-iscsi devstack@c-api.service[100712]: warnings.warn(
Aug 25 17:02:00.644299 dv-cinder-791240-5-iscsi devstack@c-api.service[100712]: DEBUG cinder.api.openstack.wsgi [None req-11ea076e-c8a4-41b7-9b90-3a6eac8d6710 tempest-VolumesListAdminTestJSON-119653231 tempest-VolumesListAdminTestJSON-119653231-project] Calling method 'show' {{(pid=100712) _process_stack /opt/stack/cinder/cinder/api/openstack/wsgi.py:856}}
Aug 25 17:02:00.653035 dv-cinder-791240-5-iscsi devstack@c-api.service[100711]: INFO cinder.volume.api [None req-7f970a17-9b14-40b3-9d0a-d899acf7d46b tempest-DeleteServersTestJSON-1306505971 tempest-DeleteServersTestJSON-1306505971-project] Volume info retrieved successfully.
Aug 25 17:02:00.665790 dv-cinder-791240-5-iscsi devstack@c-api.service[100712]: /usr/local/lib/python3.8/dist-packages/oslo_context/context.py:105: DeprecationWarning: Policy enforcement is depending on the value of is_admin. This key is deprecated. Please update your policy file to use the standard policy values.
Aug 25 17:02:00.665790 dv-cinder-791240-5-iscsi devstack@c-api.service[100712]: warnings.warn('Policy enforcement is depending on the value of '
Aug 25 17:02:00.675311 dv-cinder-791240-5-iscsi devstack@c-api.service[100712]: INFO cinder.volume.api [None req-11ea076e-c8a4-41b7-9b90-3a6eac8d6710 tempest-VolumesListAdminTestJSON-119653231 tempest-VolumesListAdminTestJSON-119653231-project] Volume info retrieved successfully.
Aug 25 17:02:00.681096 dv-cinder-791240-5-iscsi devstack@c-api.service[100711]: /usr/local/lib/python3.8/dist-packages/oslo_context/context.py:105: DeprecationWarning: Policy enforcement is depending on the value of is_admin. This key is deprecated. Please update your policy file to use the standard policy values.
Aug 25 17:02:00.681096 dv-cinder-791240-5-iscsi devstack@c-api.service[100711]: warnings.warn('Policy enforcement is depending on the value of '
Aug 25 17:02:00.697402 dv-cinder-791240-5-iscsi devstack@c-api.service[100711]: INFO cinder.api.openstack.wsgi [None req-7f970a17-9b14-40b3-9d0a-d899acf7d46b tempest-DeleteServersTestJSON-1306505971 tempest-DeleteServersTestJSON-1306505971-project] http://10.222.0.88/volume/v3/2fa932d690ff4173979e2bfb1febce22/volumes/ee9dc06d-60e6-4d25-a396-b7172bb22155 returned with HTTP 200
Aug 25 17:02:00.700007 dv-cinder-791240-5-iscsi devstack@c-api.service[100711]: [pid: 100711|app: 0|req: 214/428] 10.222.0.88 () {58 vars in 1325 bytes} [Wed Aug 25 17:02:00 2021] GET /volume/v3/2fa932d690ff4173979e2bfb1febce22/volumes/ee9dc06d-60e6-4d25-a396-b7172bb22155 => generated 913 bytes in 84 msecs (HTTP/1.1 200) 7 headers in 285 bytes (2 switches on core 0)
Aug 25 17:02:00.702801 dv-cinder-791240-5-iscsi devstack@c-api.service[100712]: INFO cinder.api.openstack.wsgi [None req-11ea076e-c8a4-41b7-9b90-3a6eac8d6710 tempest-VolumesListAdminTestJSON-119653231 tempest-VolumesListAdminTestJSON-119653231-project] http://10.222.0.88/volume/v3/93173de92d3a46f689e21564f58ffb98/volumes/eac764dc-1eb7-45d0-8b8e-3d45d03573ee returned with HTTP 200
Aug 25 17:02:00.704956 dv-cinder-791240-5-iscsi devstack@c-api.service[100712]: [pid: 100712|app: 0|req: 215/429] 10.222.0.88 () {58 vars in 1325 bytes} [Wed Aug 25 17:02:00 2021] GET /volume/v3/93173de92d3a46f689e21564f58ffb98/volumes/eac764dc-1eb7-45d0-8b8e-3d45d03573ee => generated 916 bytes in 68 msecs (HTTP/1.1 200) 7 headers in 285 bytes (2 switches on core 0)
Aug 25 17:02:00.934878 dv-cinder-791240-5-iscsi devstack@c-api.service[100711]: INFO cinder.api.openstack.wsgi [None req-5ec1cc81-8863-4932-91f4-a6cbf6c621fa tempest-VolumesListAdminTestJSON-18811110 tempest-VolumesListAdminTestJSON-18811110-project-admin] POST http://10.222.0.88/volume/v3/ba9cddfa9367436c967592bf4a93ddff/volumes
Aug 25 17:02:00.935516 dv-cinder-791240-5-iscsi devstack@c-api.service[100711]: /usr/local/lib/python3.8/dist-packages/webob/acceptparse.py:1047: DeprecationWarning: The behavior of AcceptValidHeader.best_match is currently being maintained for backward compatibility, but it will be deprecated in the future, as it does not conform to the RFC.
Aug 25 17:02:00.935516 dv-cinder-791240-5-iscsi devstack@c-api.service[100711]: warnings.warn(
Aug 25 17:02:00.936122 dv-cinder-791240-5-iscsi devstack@c-api.service[100711]: DEBUG cinder.api.openstack.wsgi [None req-5ec1cc81-8863-4932-91f4-a6cbf6c621fa tempest-VolumesListAdminTestJSON-18811110 tempest-VolumesListAdminTestJSON-18811110-project-admin] Action: 'create', calling method: create, body: {"volume": {"size": 1}} {{(pid=100711) _process_stack /opt/stack/cinder/cinder/api/openstack/wsgi.py:854}}
Aug 25 17:02:00.937205 dv-cinder-791240-5-iscsi devstack@c-api.service[100711]: DEBUG cinder.api.v3.volumes [None req-5ec1cc81-8863-4932-91f4-a6cbf6c621fa tempest-VolumesListAdminTestJSON-18811110 tempest-VolumesListAdminTestJSON-18811110-project-admin] Create volume request body: {'volume': {'size': 1}} {{(pid=100711) create /opt/stack/cinder/cinder/api/v3/volumes.py:290}}
Aug 25 17:02:00.937666 dv-cinder-791240-5-iscsi devstack@c-api.service[100711]: INFO cinder.api.v3.volumes [None req-5ec1cc81-8863-4932-91f4-a6cbf6c621fa tempest-VolumesListAdminTestJSON-18811110 tempest-VolumesListAdminTestJSON-18811110-project-admin] Create volume of 1 GB
Aug 25 17:02:00.947193 dv-cinder-791240-5-iscsi devstack@c-api.service[100711]: INFO cinder.volume.api [None req-5ec1cc81-8863-4932-91f4-a6cbf6c621fa tempest-VolumesListAdminTestJSON-18811110 tempest-VolumesListAdminTestJSON-18811110-project-admin] Availability Zones retrieved successfully.
Aug 25 17:02:00.970050 dv-cinder-791240-5-iscsi devstack@c-api.service[100711]: DEBUG cinder.volume.api [None req-5ec1cc81-8863-4932-91f4-a6cbf6c621fa tempest-VolumesListAdminTestJSON-18811110 tempest-VolumesListAdminTestJSON-18811110-project-admin] Flow 'volume_create_api' (b8100160-ab2f-4224-b6ed-769dab66bfb8) transitioned into state 'RUNNING' from state 'PENDING' {{(pid=100711) _flow_receiver /usr/local/lib/python3.8/dist-packages/taskflow/listeners/logging.py:141}}
Aug 25 17:02:00.973656 dv-cinder-791240-5-iscsi devstack@c-api.service[100711]: DEBUG cinder.volume.api [None req-5ec1cc81-8863-4932-91f4-a6cbf6c621fa tempest-VolumesListAdminTestJSON-18811110 tempest-VolumesListAdminTestJSON-18811110-project-admin] Task 'cinder.volume.flows.api.create_volume.ExtractVolumeRequestTask;volume:create' (3ca48b4f-a304-4efc-8dac-aa3a1a009409) transitioned into state 'RUNNING' from state 'PENDING' {{(pid=100711) _task_receiver /usr/local/lib/python3.8/dist-packages/taskflow/listeners/logging.py:190}}
Aug 25 17:02:00.978746 dv-cinder-791240-5-iscsi devstack@c-api.service[100711]: DEBUG cinder.volume.flows.api.create_volume [None req-5ec1cc81-8863-4932-91f4-a6cbf6c621fa tempest-VolumesListAdminTestJSON-18811110 tempest-VolumesListAdminTestJSON-18811110-project-admin] Validating volume size '1' using validate_int {{(pid=100711) _extract_size /opt/stack/cinder/cinder/volume/flows/api/create_volume.py:225}}
Aug 25 17:02:01.026773 dv-cinder-791240-5-iscsi devstack@c-api.service[100711]: DEBUG cinder.volume.api [None req-5ec1cc81-8863-4932-91f4-a6cbf6c621fa tempest-VolumesListAdminTestJSON-18811110 tempest-VolumesListAdminTestJSON-18811110-project-admin] Task 'cinder.volume.flows.api.create_volume.ExtractVolumeRequestTask;volume:create' (3ca48b4f-a304-4efc-8dac-aa3a1a009409) transitioned into state 'SUCCESS' from state 'RUNNING' with result '{'size': 1, 'snapshot_id': None, 'source_volid': None, 'volume_type': VolumeType(created_at=2021-08-25T16:51:47Z,deleted=False,deleted_at=None,description='Default Volume Type',extra_specs={},id=1f6e4f40-6491-40f8-898c-82c65adf24e2,is_public=True,name='__DEFAULT__',projects=[],qos_specs=,qos_specs_id=None,updated_at=2021-08-25T16:51:47Z), 'volume_type_id': '1f6e4f40-6491-40f8-898c-82c65adf24e2', 'encryption_key_id': None, 'qos_specs': None, 'consistencygroup_id': None, 'cgsnapshot_id': None, 'group_id': None, 'replication_status': 'disabled', 'refresh_az': False, 'backup_id': None, 'multiattach': False, 'availability_zones': ['nova']}' {{(pid=100711) _task_receiver /usr/local/lib/python3.8/dist-packages/taskflow/listeners/logging.py:178}}
Aug 25 17:02:01.029308 dv-cinder-791240-5-iscsi devstack@c-api.service[100711]: DEBUG cinder.volume.api [None req-5ec1cc81-8863-4932-91f4-a6cbf6c621fa tempest-VolumesListAdminTestJSON-18811110 tempest-VolumesListAdminTestJSON-18811110-project-admin] Task 'cinder.volume.flows.api.create_volume.QuotaReserveTask;volume:create' (c308ea3b-0dd5-4347-bd92-acc86919a555) transitioned into state 'RUNNING' from state 'PENDING' {{(pid=100711) _task_receiver /usr/local/lib/python3.8/dist-packages/taskflow/listeners/logging.py:190}}
Aug 25 17:02:01.175980 dv-cinder-791240-5-iscsi devstack@c-api.service[100712]: INFO cinder.api.openstack.wsgi [None req-e5bcba82-1153-479f-98cf-ebb3fd94b54a tempest-VolumeTypesTest-514583720 tempest-VolumeTypesTest-514583720-project] GET http://10.222.0.88/volume/v3/3c78dc94b83e4641a8c51f5999c88517/volumes/5d5b6bf1-04b1-49db-a28f-3327cba3a4dd
Aug 25 17:02:01.176593 dv-cinder-791240-5-iscsi devstack@c-api.service[100712]: DEBUG cinder.api.openstack.wsgi [None req-e5bcba82-1153-479f-98cf-ebb3fd94b54a tempest-VolumeTypesTest-514583720 tempest-VolumeTypesTest-514583720-project] Empty body provided in request {{(pid=100712) get_body /opt/stack/cinder/cinder/api/openstack/wsgi.py:703}}
Aug 25 17:02:01.176859 dv-cinder-791240-5-iscsi devstack@c-api.service[100712]: /usr/local/lib/python3.8/dist-packages/webob/acceptparse.py:1047: DeprecationWarning: The behavior of AcceptValidHeader.best_match is currently being maintained for backward compatibility, but it will be deprecated in the future, as it does not conform to the RFC.
Aug 25 17:02:01.176859 dv-cinder-791240-5-iscsi devstack@c-api.service[100712]: warnings.warn(
Aug 25 17:02:01.177454 dv-cinder-791240-5-iscsi devstack@c-api.service[100712]: DEBUG cinder.api.openstack.wsgi [None req-e5bcba82-1153-479f-98cf-ebb3fd94b54a tempest-VolumeTypesTest-514583720 tempest-VolumeTypesTest-514583720-project] Calling method 'show' {{(pid=100712) _process_stack /opt/stack/cinder/cinder/api/openstack/wsgi.py:856}}
Aug 25 17:02:01.185541 dv-cinder-791240-5-iscsi devstack@c-api.service[100711]: DEBUG cinder.quota [None req-5ec1cc81-8863-4932-91f4-a6cbf6c621fa tempest-VolumesListAdminTestJSON-18811110 tempest-VolumesListAdminTestJSON-18811110-project-admin] Created reservations ['5bbe8ca9-bebe-4cea-bbf5-93bacf75ccf9', 'f5259ee8-47ea-45ae-97cb-81929ece3f9a', 'e221c9d5-9d72-43d9-9b99-42e6d0ad2bd1', '5f343b20-3892-4d89-803f-c26d1430b3d6'] {{(pid=100711) reserve /opt/stack/cinder/cinder/quota.py:755}}
Aug 25 17:02:01.187857 dv-cinder-791240-5-iscsi devstack@c-api.service[100711]: DEBUG cinder.volume.api [None req-5ec1cc81-8863-4932-91f4-a6cbf6c621fa tempest-VolumesListAdminTestJSON-18811110 tempest-VolumesListAdminTestJSON-18811110-project-admin] Task 'cinder.volume.flows.api.create_volume.QuotaReserveTask;volume:create' (c308ea3b-0dd5-4347-bd92-acc86919a555) transitioned into state 'SUCCESS' from state 'RUNNING' with result '{'reservations': ['5bbe8ca9-bebe-4cea-bbf5-93bacf75ccf9', 'f5259ee8-47ea-45ae-97cb-81929ece3f9a', 'e221c9d5-9d72-43d9-9b99-42e6d0ad2bd1', '5f343b20-3892-4d89-803f-c26d1430b3d6']}' {{(pid=100711) _task_receiver /usr/local/lib/python3.8/dist-packages/taskflow/listeners/logging.py:178}}
Aug 25 17:02:01.190631 dv-cinder-791240-5-iscsi devstack@c-api.service[100711]: DEBUG cinder.volume.api [None req-5ec1cc81-8863-4932-91f4-a6cbf6c621fa tempest-VolumesListAdminTestJSON-18811110 tempest-VolumesListAdminTestJSON-18811110-project-admin] Task 'cinder.volume.flows.api.create_volume.EntryCreateTask;volume:create' (4216d17a-c920-4274-ad20-847326a094ad) transitioned into state 'RUNNING' from state 'PENDING' {{(pid=100711) _task_receiver /usr/local/lib/python3.8/dist-packages/taskflow/listeners/logging.py:190}}
Aug 25 17:02:01.195943 dv-cinder-791240-5-iscsi devstack@c-api.service[100712]: INFO cinder.api.openstack.wsgi [None req-e5bcba82-1153-479f-98cf-ebb3fd94b54a tempest-VolumeTypesTest-514583720 tempest-VolumeTypesTest-514583720-project] http://10.222.0.88/volume/v3/3c78dc94b83e4641a8c51f5999c88517/volumes/5d5b6bf1-04b1-49db-a28f-3327cba3a4dd returned with HTTP 404
Aug 25 17:02:01.205837 dv-cinder-791240-5-iscsi devstack@c-api.service[100712]: [pid: 100712|app: 0|req: 216/430] 10.222.0.88 () {58 vars in 1325 bytes} [Wed Aug 25 17:02:01 2021] GET /volume/v3/3c78dc94b83e4641a8c51f5999c88517/volumes/5d5b6bf1-04b1-49db-a28f-3327cba3a4dd => generated 109 bytes in 30 msecs (HTTP/1.1 404) 7 headers in 292 bytes (2 switches on core 0)
Aug 25 17:02:01.211387 dv-cinder-791240-5-iscsi devstack@c-api.service[100712]: INFO cinder.api.openstack.wsgi [None req-fabb50c0-ba59-4226-bbc9-65c959d37496 tempest-VolumeTypesTest-578180655 tempest-VolumeTypesTest-578180655-project-admin] DELETE http://10.222.0.88/volume/v3/ce96b2e8e47f4ca5b46ff177b2f7e2b2/types/c7b5d46b-4e62-4e1e-9e63-3533308d479b
Aug 25 17:02:01.213325 dv-cinder-791240-5-iscsi devstack@c-api.service[100712]: DEBUG cinder.api.openstack.wsgi [None req-fabb50c0-ba59-4226-bbc9-65c959d37496 tempest-VolumeTypesTest-578180655 tempest-VolumeTypesTest-578180655-project-admin] Empty body provided in request {{(pid=100712) get_body /opt/stack/cinder/cinder/api/openstack/wsgi.py:703}}
Aug 25 17:02:01.216387 dv-cinder-791240-5-iscsi devstack@c-api.service[100712]: DEBUG cinder.api.openstack.wsgi [None req-fabb50c0-ba59-4226-bbc9-65c959d37496 tempest-VolumeTypesTest-578180655 tempest-VolumeTypesTest-578180655-project-admin] Calling method '_delete' {{(pid=100712) _process_stack /opt/stack/cinder/cinder/api/openstack/wsgi.py:856}}
Aug 25 17:02:01.246870 dv-cinder-791240-5-iscsi devstack@c-api.service[100711]: DEBUG cinder.volume.api [None req-5ec1cc81-8863-4932-91f4-a6cbf6c621fa tempest-VolumesListAdminTestJSON-18811110 tempest-VolumesListAdminTestJSON-18811110-project-admin] Task 'cinder.volume.flows.api.create_volume.EntryCreateTask;volume:create' (4216d17a-c920-4274-ad20-847326a094ad) transitioned into state 'SUCCESS' from state 'RUNNING' with result '{'volume_id': '8a3105ee-e6cd-4c71-9de8-fa0ea341c145', 'volume_properties': VolumeProperties(attach_status='detached',availability_zone='nova',cgsnapshot_id=None,consistencygroup_id=None,display_description=None,display_name=None,encryption_key_id=None,group_id=None,group_type_id=,metadata={},multiattach=False,project_id='ba9cddfa9367436c967592bf4a93ddff',qos_specs=None,replication_status=,reservations=['5bbe8ca9-bebe-4cea-bbf5-93bacf75ccf9','f5259ee8-47ea-45ae-97cb-81929ece3f9a','e221c9d5-9d72-43d9-9b99-42e6d0ad2bd1','5f343b20-3892-4d89-803f-c26d1430b3d6'],size=1,snapshot_id=None,source_replicaid=,source_volid=None,status='creating',user_id='e84029c3bf604d84b4b9c7ff52ce13ff',volume_type_id=1f6e4f40-6491-40f8-898c-82c65adf24e2), 'volume': Volume(_name_id=None,admin_metadata={},attach_status='detached',availability_zone='nova',bootable=False,cluster=,cluster_name=None,consistencygroup=,consistencygroup_id=None,created_at=2021-08-25T17:02:01Z,deleted=False,deleted_at=None,display_description=None,display_name=None,ec2_id=None,encryption_key_id=None,glance_metadata=,group=,group_id=None,host=None,id=8a3105ee-e6cd-4c71-9de8-fa0ea341c145,launched_at=None,metadata={},migration_status=None,multiattach=False,previous_status=None,project_id='ba9cddfa9367436c967592bf4a93ddff',provider_auth=None,provider_geometry=None,provider_id=None,provider_location=None,replication_driver_data=None,replication_extended_status=None,replication_status=None,scheduled_at=None,service_uuid=None,shared_targets=True,size=1,snapshot_id=None,snapshots=,source_volid=None,status='creating',terminated_at=None,updated_at=None,user_id='e84029c3bf604d84b4b9c7ff52ce13ff',volume_attachment=,volume_type=VolumeType(1f6e4f40-6491-40f8-898c-82c65adf24e2),volume_type_id=1f6e4f40-6491-40f8-898c-82c65adf24e2)}' {{(pid=100711) _task_receiver /usr/local/lib/python3.8/dist-packages/taskflow/listeners/logging.py:178}}
Aug 25 17:02:01.249108 dv-cinder-791240-5-iscsi devstack@c-api.service[100711]: DEBUG cinder.volume.api [None req-5ec1cc81-8863-4932-91f4-a6cbf6c621fa tempest-VolumesListAdminTestJSON-18811110 tempest-VolumesListAdminTestJSON-18811110-project-admin] Task 'cinder.volume.flows.api.create_volume.QuotaCommitTask;volume:create' (592dfe9e-816a-47fd-b223-97b003881eb5) transitioned into state 'RUNNING' from state 'PENDING' {{(pid=100711) _task_receiver /usr/local/lib/python3.8/dist-packages/taskflow/listeners/logging.py:190}}
Aug 25 17:02:01.308847 dv-cinder-791240-5-iscsi devstack@c-api.service[100711]: DEBUG cinder.volume.api [None req-5ec1cc81-8863-4932-91f4-a6cbf6c621fa tempest-VolumesListAdminTestJSON-18811110 tempest-VolumesListAdminTestJSON-18811110-project-admin] Task 'cinder.volume.flows.api.create_volume.QuotaCommitTask;volume:create' (592dfe9e-816a-47fd-b223-97b003881eb5) transitioned into state 'SUCCESS' from state 'RUNNING' with result '{'volume_properties': VolumeProperties(attach_status='detached',availability_zone='nova',cgsnapshot_id=None,consistencygroup_id=None,display_description=None,display_name=None,encryption_key_id=None,group_id=None,group_type_id=,metadata={},multiattach=False,project_id='ba9cddfa9367436c967592bf4a93ddff',qos_specs=None,replication_status=,reservations=['5bbe8ca9-bebe-4cea-bbf5-93bacf75ccf9','f5259ee8-47ea-45ae-97cb-81929ece3f9a','e221c9d5-9d72-43d9-9b99-42e6d0ad2bd1','5f343b20-3892-4d89-803f-c26d1430b3d6'],size=1,snapshot_id=None,source_replicaid=,source_volid=None,status='creating',user_id='e84029c3bf604d84b4b9c7ff52ce13ff',volume_type_id=1f6e4f40-6491-40f8-898c-82c65adf24e2)}' {{(pid=100711) _task_receiver /usr/local/lib/python3.8/dist-packages/taskflow/listeners/logging.py:178}}
Aug 25 17:02:01.314222 dv-cinder-791240-5-iscsi devstack@c-api.service[100711]: DEBUG cinder.volume.api [None req-5ec1cc81-8863-4932-91f4-a6cbf6c621fa tempest-VolumesListAdminTestJSON-18811110 tempest-VolumesListAdminTestJSON-18811110-project-admin] Task 'cinder.volume.flows.api.create_volume.VolumeCastTask;volume:create' (6506070e-c3f3-4903-a310-7d99780ee604) transitioned into state 'RUNNING' from state 'PENDING' {{(pid=100711) _task_receiver /usr/local/lib/python3.8/dist-packages/taskflow/listeners/logging.py:190}}
Aug 25 17:02:01.321948 dv-cinder-791240-5-iscsi devstack@c-api.service[100712]: INFO cinder.api.openstack.wsgi [None req-fabb50c0-ba59-4226-bbc9-65c959d37496 tempest-VolumeTypesTest-578180655 tempest-VolumeTypesTest-578180655-project-admin] http://10.222.0.88/volume/v3/ce96b2e8e47f4ca5b46ff177b2f7e2b2/types/c7b5d46b-4e62-4e1e-9e63-3533308d479b returned with HTTP 202
Aug 25 17:02:01.334028 dv-cinder-791240-5-iscsi devstack@c-api.service[100712]: [pid: 100712|app: 0|req: 217/431] 10.222.0.88 () {58 vars in 1322 bytes} [Wed Aug 25 17:02:01 2021] DELETE /volume/v3/ce96b2e8e47f4ca5b46ff177b2f7e2b2/types/c7b5d46b-4e62-4e1e-9e63-3533308d479b => generated 0 bytes in 127 msecs (HTTP/1.1 202) 6 headers in 233 bytes (1 switches on core 0)
Aug 25 17:02:01.351069 dv-cinder-791240-5-iscsi devstack@c-api.service[100712]: INFO cinder.api.openstack.wsgi [None req-e06f8337-d363-46bd-b6bd-f0577b1cb7d4 tempest-VolumesExtendTest-2038403570 tempest-VolumesExtendTest-2038403570-project] GET http://10.222.0.88/volume/v3/55d5ea95aae8404b9aad5073ef8b3485/volumes/067ec580-176e-4454-b796-668f26b1bc4e
Aug 25 17:02:01.358491 dv-cinder-791240-5-iscsi devstack@c-api.service[100711]: DEBUG cinder.volume.api [None req-5ec1cc81-8863-4932-91f4-a6cbf6c621fa tempest-VolumesListAdminTestJSON-18811110 tempest-VolumesListAdminTestJSON-18811110-project-admin] Task 'cinder.volume.flows.api.create_volume.VolumeCastTask;volume:create' (6506070e-c3f3-4903-a310-7d99780ee604) transitioned into state 'SUCCESS' from state 'RUNNING' with result 'None' {{(pid=100711) _task_receiver /usr/local/lib/python3.8/dist-packages/taskflow/listeners/logging.py:178}}
Aug 25 17:02:01.361084 dv-cinder-791240-5-iscsi devstack@c-api.service[100711]: DEBUG cinder.volume.api [None req-5ec1cc81-8863-4932-91f4-a6cbf6c621fa tempest-VolumesListAdminTestJSON-18811110 tempest-VolumesListAdminTestJSON-18811110-project-admin] Flow 'volume_create_api' (b8100160-ab2f-4224-b6ed-769dab66bfb8) transitioned into state 'SUCCESS' from state 'RUNNING' {{(pid=100711) _flow_receiver /usr/local/lib/python3.8/dist-packages/taskflow/listeners/logging.py:141}}
Aug 25 17:02:01.361970 dv-cinder-791240-5-iscsi devstack@c-api.service[100711]: INFO cinder.volume.api [None req-5ec1cc81-8863-4932-91f4-a6cbf6c621fa tempest-VolumesListAdminTestJSON-18811110 tempest-VolumesListAdminTestJSON-18811110-project-admin] Create volume request issued successfully.
Aug 25 17:02:01.362411 dv-cinder-791240-5-iscsi devstack@c-api.service[100712]: DEBUG cinder.api.openstack.wsgi [None req-e06f8337-d363-46bd-b6bd-f0577b1cb7d4 tempest-VolumesExtendTest-2038403570 tempest-VolumesExtendTest-2038403570-project] Empty body provided in request {{(pid=100712) get_body /opt/stack/cinder/cinder/api/openstack/wsgi.py:703}}
Aug 25 17:02:01.363393 dv-cinder-791240-5-iscsi devstack@c-api.service[100712]: DEBUG cinder.api.openstack.wsgi [None req-e06f8337-d363-46bd-b6bd-f0577b1cb7d4 tempest-VolumesExtendTest-2038403570 tempest-VolumesExtendTest-2038403570-project] Calling method 'show' {{(pid=100712) _process_stack /opt/stack/cinder/cinder/api/openstack/wsgi.py:856}}
Aug 25 17:02:01.370375 dv-cinder-791240-5-iscsi devstack@c-api.service[100711]: INFO cinder.api.openstack.wsgi [None req-5ec1cc81-8863-4932-91f4-a6cbf6c621fa tempest-VolumesListAdminTestJSON-18811110 tempest-VolumesListAdminTestJSON-18811110-project-admin] http://10.222.0.88/volume/v3/ba9cddfa9367436c967592bf4a93ddff/volumes returned with HTTP 202
Aug 25 17:02:01.371770 dv-cinder-791240-5-iscsi devstack@c-api.service[100711]: [pid: 100711|app: 0|req: 215/432] 10.222.0.88 () {60 vars in 1235 bytes} [Wed Aug 25 17:02:00 2021] POST /volume/v3/ba9cddfa9367436c967592bf4a93ddff/volumes => generated 802 bytes in 653 msecs (HTTP/1.1 202) 7 headers in 291 bytes (1 switches on core 0)
Aug 25 17:02:01.376281 dv-cinder-791240-5-iscsi devstack@c-api.service[100711]: INFO cinder.api.openstack.wsgi [None req-5d7aebbf-6eda-44de-94ff-8497d3f10f12 tempest-VolumeTypesTest-578180655 tempest-VolumeTypesTest-578180655-project-admin] GET http://10.222.0.88/volume/v3/ce96b2e8e47f4ca5b46ff177b2f7e2b2/types/c7b5d46b-4e62-4e1e-9e63-3533308d479b
Aug 25 17:02:01.376935 dv-cinder-791240-5-iscsi devstack@c-api.service[100711]: DEBUG cinder.api.openstack.wsgi [None req-5d7aebbf-6eda-44de-94ff-8497d3f10f12 tempest-VolumeTypesTest-578180655 tempest-VolumeTypesTest-578180655-project-admin] Empty body provided in request {{(pid=100711) get_body /opt/stack/cinder/cinder/api/openstack/wsgi.py:703}}
Aug 25 17:02:01.377107 dv-cinder-791240-5-iscsi devstack@c-api.service[100711]: /usr/local/lib/python3.8/dist-packages/webob/acceptparse.py:1047: DeprecationWarning: The behavior of AcceptValidHeader.best_match is currently being maintained for backward compatibility, but it will be deprecated in the future, as it does not conform to the RFC.
Aug 25 17:02:01.377107 dv-cinder-791240-5-iscsi devstack@c-api.service[100711]: warnings.warn(
Aug 25 17:02:01.377641 dv-cinder-791240-5-iscsi devstack@c-api.service[100711]: DEBUG cinder.api.openstack.wsgi [None req-5d7aebbf-6eda-44de-94ff-8497d3f10f12 tempest-VolumeTypesTest-578180655 tempest-VolumeTypesTest-578180655-project-admin] Calling method 'show' {{(pid=100711) _process_stack /opt/stack/cinder/cinder/api/openstack/wsgi.py:856}}
Aug 25 17:02:01.383323 dv-cinder-791240-5-iscsi devstack@c-api.service[100711]: INFO cinder.api.openstack.wsgi [None req-5d7aebbf-6eda-44de-94ff-8497d3f10f12 tempest-VolumeTypesTest-578180655 tempest-VolumeTypesTest-578180655-project-admin] http://10.222.0.88/volume/v3/ce96b2e8e47f4ca5b46ff177b2f7e2b2/types/c7b5d46b-4e62-4e1e-9e63-3533308d479b returned with HTTP 404
Aug 25 17:02:01.384760 dv-cinder-791240-5-iscsi devstack@c-api.service[100711]: [pid: 100711|app: 0|req: 216/433] 10.222.0.88 () {58 vars in 1319 bytes} [Wed Aug 25 17:02:01 2021] GET /volume/v3/ce96b2e8e47f4ca5b46ff177b2f7e2b2/types/c7b5d46b-4e62-4e1e-9e63-3533308d479b => generated 114 bytes in 12 msecs (HTTP/1.1 404) 7 headers in 292 bytes (1 switches on core 0)
Aug 25 17:02:01.400561 dv-cinder-791240-5-iscsi devstack@c-api.service[100712]: /usr/local/lib/python3.8/dist-packages/oslo_context/context.py:105: DeprecationWarning: Policy enforcement is depending on the value of is_admin. This key is deprecated. Please update your policy file to use the standard policy values.
Aug 25 17:02:01.400561 dv-cinder-791240-5-iscsi devstack@c-api.service[100712]: warnings.warn('Policy enforcement is depending on the value of '
Aug 25 17:02:01.400923 dv-cinder-791240-5-iscsi devstack@c-api.service[100711]: INFO cinder.api.openstack.wsgi [None req-4bacbcb4-3a3e-4868-ba37-d519fbf5cdb1 tempest-VolumesListAdminTestJSON-18811110 tempest-VolumesListAdminTestJSON-18811110-project-admin] GET http://10.222.0.88/volume/v3/ba9cddfa9367436c967592bf4a93ddff/volumes/8a3105ee-e6cd-4c71-9de8-fa0ea341c145
Aug 25 17:02:01.404720 dv-cinder-791240-5-iscsi devstack@c-api.service[100711]: DEBUG cinder.api.openstack.wsgi [None req-4bacbcb4-3a3e-4868-ba37-d519fbf5cdb1 tempest-VolumesListAdminTestJSON-18811110 tempest-VolumesListAdminTestJSON-18811110-project-admin] Empty body provided in request {{(pid=100711) get_body /opt/stack/cinder/cinder/api/openstack/wsgi.py:703}}
Aug 25 17:02:01.405296 dv-cinder-791240-5-iscsi devstack@c-api.service[100711]: DEBUG cinder.api.openstack.wsgi [None req-4bacbcb4-3a3e-4868-ba37-d519fbf5cdb1 tempest-VolumesListAdminTestJSON-18811110 tempest-VolumesListAdminTestJSON-18811110-project-admin] Calling method 'show' {{(pid=100711) _process_stack /opt/stack/cinder/cinder/api/openstack/wsgi.py:856}}
Aug 25 17:02:01.408907 dv-cinder-791240-5-iscsi devstack@c-api.service[100712]: INFO cinder.volume.api [None req-e06f8337-d363-46bd-b6bd-f0577b1cb7d4 tempest-VolumesExtendTest-2038403570 tempest-VolumesExtendTest-2038403570-project] Volume info retrieved successfully.
Aug 25 17:02:01.426128 dv-cinder-791240-5-iscsi devstack@c-api.service[100712]: INFO cinder.api.openstack.wsgi [None req-e06f8337-d363-46bd-b6bd-f0577b1cb7d4 tempest-VolumesExtendTest-2038403570 tempest-VolumesExtendTest-2038403570-project] http://10.222.0.88/volume/v3/55d5ea95aae8404b9aad5073ef8b3485/volumes/067ec580-176e-4454-b796-668f26b1bc4e returned with HTTP 200
Aug 25 17:02:01.427032 dv-cinder-791240-5-iscsi devstack@c-api.service[100712]: [pid: 100712|app: 0|req: 218/434] 10.222.0.88 () {58 vars in 1325 bytes} [Wed Aug 25 17:02:01 2021] GET /volume/v3/55d5ea95aae8404b9aad5073ef8b3485/volumes/067ec580-176e-4454-b796-668f26b1bc4e => generated 909 bytes in 92 msecs (HTTP/1.1 200) 7 headers in 285 bytes (1 switches on core 0)
Aug 25 17:02:01.433535 dv-cinder-791240-5-iscsi devstack@c-api.service[100712]: INFO cinder.api.openstack.wsgi [None req-3afab45b-fc2f-4d3a-835a-7c5c8df9f015 tempest-VolumeTypesTest-578180655 tempest-VolumeTypesTest-578180655-project-admin] DELETE http://10.222.0.88/volume/v3/ce96b2e8e47f4ca5b46ff177b2f7e2b2/types/fc2fb688-23d9-4253-82a6-d60af1b739f4
Aug 25 17:02:01.434268 dv-cinder-791240-5-iscsi devstack@c-api.service[100712]: DEBUG cinder.api.openstack.wsgi [None req-3afab45b-fc2f-4d3a-835a-7c5c8df9f015 tempest-VolumeTypesTest-578180655 tempest-VolumeTypesTest-578180655-project-admin] Empty body provided in request {{(pid=100712) get_body /opt/stack/cinder/cinder/api/openstack/wsgi.py:703}}
Aug 25 17:02:01.434579 dv-cinder-791240-5-iscsi devstack@c-api.service[100712]: /usr/local/lib/python3.8/dist-packages/webob/acceptparse.py:1047: DeprecationWarning: The behavior of AcceptValidHeader.best_match is currently being maintained for backward compatibility, but it will be deprecated in the future, as it does not conform to the RFC.
Aug 25 17:02:01.434579 dv-cinder-791240-5-iscsi devstack@c-api.service[100712]: warnings.warn(
Aug 25 17:02:01.435098 dv-cinder-791240-5-iscsi devstack@c-api.service[100712]: DEBUG cinder.api.openstack.wsgi [None req-3afab45b-fc2f-4d3a-835a-7c5c8df9f015 tempest-VolumeTypesTest-578180655 tempest-VolumeTypesTest-578180655-project-admin] Calling method '_delete' {{(pid=100712) _process_stack /opt/stack/cinder/cinder/api/openstack/wsgi.py:856}}
Aug 25 17:02:01.450147 dv-cinder-791240-5-iscsi devstack@c-api.service[100711]: /usr/local/lib/python3.8/dist-packages/oslo_context/context.py:105: DeprecationWarning: Policy enforcement is depending on the value of is_admin. This key is deprecated. Please update your policy file to use the standard policy values.
Aug 25 17:02:01.450147 dv-cinder-791240-5-iscsi devstack@c-api.service[100711]: warnings.warn('Policy enforcement is depending on the value of '
Aug 25 17:02:01.464783 dv-cinder-791240-5-iscsi devstack@c-api.service[100711]: INFO cinder.volume.api [None req-4bacbcb4-3a3e-4868-ba37-d519fbf5cdb1 tempest-VolumesListAdminTestJSON-18811110 tempest-VolumesListAdminTestJSON-18811110-project-admin] Volume info retrieved successfully.
Aug 25 17:02:01.496978 dv-cinder-791240-5-iscsi devstack@c-api.service[100712]: INFO cinder.api.openstack.wsgi [None req-3afab45b-fc2f-4d3a-835a-7c5c8df9f015 tempest-VolumeTypesTest-578180655 tempest-VolumeTypesTest-578180655-project-admin] http://10.222.0.88/volume/v3/ce96b2e8e47f4ca5b46ff177b2f7e2b2/types/fc2fb688-23d9-4253-82a6-d60af1b739f4 returned with HTTP 202
Aug 25 17:02:01.498484 dv-cinder-791240-5-iscsi devstack@c-api.service[100711]: INFO cinder.api.openstack.wsgi [None req-4bacbcb4-3a3e-4868-ba37-d519fbf5cdb1 tempest-VolumesListAdminTestJSON-18811110 tempest-VolumesListAdminTestJSON-18811110-project-admin] http://10.222.0.88/volume/v3/ba9cddfa9367436c967592bf4a93ddff/volumes/8a3105ee-e6cd-4c71-9de8-fa0ea341c145 returned with HTTP 200
Aug 25 17:02:01.498809 dv-cinder-791240-5-iscsi devstack@c-api.service[100712]: [pid: 100712|app: 0|req: 219/435] 10.222.0.88 () {58 vars in 1322 bytes} [Wed Aug 25 17:02:01 2021] DELETE /volume/v3/ce96b2e8e47f4ca5b46ff177b2f7e2b2/types/fc2fb688-23d9-4253-82a6-d60af1b739f4 => generated 0 bytes in 71 msecs (HTTP/1.1 202) 6 headers in 233 bytes (1 switches on core 0)
Aug 25 17:02:01.502315 dv-cinder-791240-5-iscsi devstack@c-api.service[100711]: [pid: 100711|app: 0|req: 217/436] 10.222.0.88 () {58 vars in 1325 bytes} [Wed Aug 25 17:02:01 2021] GET /volume/v3/ba9cddfa9367436c967592bf4a93ddff/volumes/8a3105ee-e6cd-4c71-9de8-fa0ea341c145 => generated 981 bytes in 114 msecs (HTTP/1.1 200) 7 headers in 285 bytes (1 switches on core 0)
Aug 25 17:02:01.512971 dv-cinder-791240-5-iscsi devstack@c-api.service[100712]: INFO cinder.api.openstack.wsgi [None req-fd655e8f-4fdf-4b12-8503-9dfcd11589d0 tempest-VolumeTypesTest-578180655 tempest-VolumeTypesTest-578180655-project-admin] GET http://10.222.0.88/volume/v3/ce96b2e8e47f4ca5b46ff177b2f7e2b2/types/fc2fb688-23d9-4253-82a6-d60af1b739f4
Aug 25 17:02:01.513482 dv-cinder-791240-5-iscsi devstack@c-api.service[100712]: DEBUG cinder.api.openstack.wsgi [None req-fd655e8f-4fdf-4b12-8503-9dfcd11589d0 tempest-VolumeTypesTest-578180655 tempest-VolumeTypesTest-578180655-project-admin] Empty body provided in request {{(pid=100712) get_body /opt/stack/cinder/cinder/api/openstack/wsgi.py:703}}
Aug 25 17:02:01.514072 dv-cinder-791240-5-iscsi devstack@c-api.service[100712]: DEBUG cinder.api.openstack.wsgi [None req-fd655e8f-4fdf-4b12-8503-9dfcd11589d0 tempest-VolumeTypesTest-578180655 tempest-VolumeTypesTest-578180655-project-admin] Calling method 'show' {{(pid=100712) _process_stack /opt/stack/cinder/cinder/api/openstack/wsgi.py:856}}
Aug 25 17:02:01.520117 dv-cinder-791240-5-iscsi devstack@c-api.service[100712]: INFO cinder.api.openstack.wsgi [None req-fd655e8f-4fdf-4b12-8503-9dfcd11589d0 tempest-VolumeTypesTest-578180655 tempest-VolumeTypesTest-578180655-project-admin] http://10.222.0.88/volume/v3/ce96b2e8e47f4ca5b46ff177b2f7e2b2/types/fc2fb688-23d9-4253-82a6-d60af1b739f4 returned with HTTP 404
Aug 25 17:02:01.521049 dv-cinder-791240-5-iscsi devstack@c-api.service[100712]: [pid: 100712|app: 0|req: 220/437] 10.222.0.88 () {58 vars in 1319 bytes} [Wed Aug 25 17:02:01 2021] GET /volume/v3/ce96b2e8e47f4ca5b46ff177b2f7e2b2/types/fc2fb688-23d9-4253-82a6-d60af1b739f4 => generated 114 bytes in 12 msecs (HTTP/1.1 404) 7 headers in 292 bytes (2 switches on core 0)
