May 25 15:58:18.228754 dv-cinder-791240-3-smb devstack@n-api.service[113707]: DEBUG oslo_concurrency.lockutils [None req-5810fb41-b0c0-424a-97a3-788dee2cfdca tempest-AttachVolumeNegativeTest-8830779 tempest-AttachVolumeNegativeTest-8830779-project] Lock "4289ade0-fbc7-4af0-98fd-47ab9b1e73f5" acquired by "nova.context.set_target_cell..get_or_set_cached_cell_and_set_connections" :: waited 0.000s {{(pid=113707) inner /usr/local/lib/python3.8/dist-packages/oslo_concurrency/lockutils.py:355}}
May 25 15:58:18.228754 dv-cinder-791240-3-smb devstack@n-api.service[113707]: DEBUG oslo_concurrency.lockutils [None req-5810fb41-b0c0-424a-97a3-788dee2cfdca tempest-AttachVolumeNegativeTest-8830779 tempest-AttachVolumeNegativeTest-8830779-project] Lock "4289ade0-fbc7-4af0-98fd-47ab9b1e73f5" released by "nova.context.set_target_cell..get_or_set_cached_cell_and_set_connections" :: held 0.000s {{(pid=113707) inner /usr/local/lib/python3.8/dist-packages/oslo_concurrency/lockutils.py:367}}
May 25 15:58:18.352457 dv-cinder-791240-3-smb devstack@n-api.service[113706]: DEBUG nova.policy [None req-bb8709c0-8528-4c54-979c-e2479b6788c5 tempest-DeleteServersTestJSON-843920400 tempest-DeleteServersTestJSON-843920400-project] Policy check for os_compute_api:os-extended-server-attributes failed with credentials {'is_admin': False, 'user_id': 'ed97ba39ea314b189192a2112c8cab48', 'user_domain_id': 'default', 'system_scope': None, 'domain_id': None, 'project_id': '6e528a175aa440a38dfe5d35a22c7232', 'project_domain_id': 'default', 'roles': ['member', 'reader'], 'is_admin_project': True, 'service_user_id': None, 'service_user_domain_id': None, 'service_project_id': None, 'service_project_domain_id': None, 'service_roles': []} {{(pid=113706) authorize /opt/stack/nova/nova/policy.py:199}}
May 25 15:58:18.361752 dv-cinder-791240-3-smb devstack@n-api.service[113706]: INFO nova.api.openstack.requestlog [None req-bb8709c0-8528-4c54-979c-e2479b6788c5 tempest-DeleteServersTestJSON-843920400 tempest-DeleteServersTestJSON-843920400-project] 10.222.0.64 "GET /compute/v2.1/servers/4ec0957f-1e73-4c26-abca-600f2b189e57" status: 200 len: 1315 microversion: 2.1 time: 0.390350
May 25 15:58:18.362331 dv-cinder-791240-3-smb devstack@n-api.service[113706]: [pid: 113706|app: 0|req: 32/66] 10.222.0.64 () {58 vars in 1236 bytes} [Tue May 25 15:58:17 2021] GET /compute/v2.1/servers/4ec0957f-1e73-4c26-abca-600f2b189e57 => generated 1315 bytes in 392 msecs (HTTP/1.1 200) 9 headers in 358 bytes (1 switches on core 0)
May 25 15:58:18.394442 dv-cinder-791240-3-smb devstack@n-api.service[113706]: DEBUG nova.api.openstack.wsgi [None req-513d8713-afe7-4843-a65e-e9ce1d05a8d8 tempest-ServerRescueNegativeTestJSON-1667678360 tempest-ServerRescueNegativeTestJSON-1667678360-project] Calling method '>' {{(pid=113706) _process_stack /opt/stack/nova/nova/api/openstack/wsgi.py:513}}
May 25 15:58:18.395290 dv-cinder-791240-3-smb devstack@n-api.service[113706]: DEBUG nova.compute.api [None req-513d8713-afe7-4843-a65e-e9ce1d05a8d8 tempest-ServerRescueNegativeTestJSON-1667678360 tempest-ServerRescueNegativeTestJSON-1667678360-project] [instance: 2057f305-1f61-452b-82a3-1d7e81b369cb] Fetching instance by UUID {{(pid=113706) get /opt/stack/nova/nova/compute/api.py:2790}}
May 25 15:58:18.403840 dv-cinder-791240-3-smb devstack@n-api.service[113706]: DEBUG oslo_concurrency.lockutils [None req-513d8713-afe7-4843-a65e-e9ce1d05a8d8 tempest-ServerRescueNegativeTestJSON-1667678360 tempest-ServerRescueNegativeTestJSON-1667678360-project] Lock "4289ade0-fbc7-4af0-98fd-47ab9b1e73f5" acquired by "nova.context.set_target_cell..get_or_set_cached_cell_and_set_connections" :: waited 0.000s {{(pid=113706) inner /usr/local/lib/python3.8/dist-packages/oslo_concurrency/lockutils.py:355}}
May 25 15:58:18.404913 dv-cinder-791240-3-smb devstack@n-api.service[113706]: DEBUG oslo_concurrency.lockutils [None req-513d8713-afe7-4843-a65e-e9ce1d05a8d8 tempest-ServerRescueNegativeTestJSON-1667678360 tempest-ServerRescueNegativeTestJSON-1667678360-project] Lock "4289ade0-fbc7-4af0-98fd-47ab9b1e73f5" released by "nova.context.set_target_cell..get_or_set_cached_cell_and_set_connections" :: held 0.001s {{(pid=113706) inner /usr/local/lib/python3.8/dist-packages/oslo_concurrency/lockutils.py:367}}
May 25 15:58:18.405896 dv-cinder-791240-3-smb devstack@n-api.service[113706]: DEBUG oslo_concurrency.lockutils [None req-513d8713-afe7-4843-a65e-e9ce1d05a8d8 tempest-ServerRescueNegativeTestJSON-1667678360 tempest-ServerRescueNegativeTestJSON-1667678360-project] Lock "4289ade0-fbc7-4af0-98fd-47ab9b1e73f5" acquired by "nova.context.set_target_cell..get_or_set_cached_cell_and_set_connections" :: waited 0.000s {{(pid=113706) inner /usr/local/lib/python3.8/dist-packages/oslo_concurrency/lockutils.py:355}}
May 25 15:58:18.406596 dv-cinder-791240-3-smb devstack@n-api.service[113706]: DEBUG oslo_concurrency.lockutils [None req-513d8713-afe7-4843-a65e-e9ce1d05a8d8 tempest-ServerRescueNegativeTestJSON-1667678360 tempest-ServerRescueNegativeTestJSON-1667678360-project] Lock "4289ade0-fbc7-4af0-98fd-47ab9b1e73f5" released by "nova.context.set_target_cell..get_or_set_cached_cell_and_set_connections" :: held 0.001s {{(pid=113706) inner /usr/local/lib/python3.8/dist-packages/oslo_concurrency/lockutils.py:367}}
May 25 15:58:18.648013 dv-cinder-791240-3-smb devstack@n-api.service[113707]: DEBUG nova.policy [None req-5810fb41-b0c0-424a-97a3-788dee2cfdca tempest-AttachVolumeNegativeTest-8830779 tempest-AttachVolumeNegativeTest-8830779-project] Policy check for os_compute_api:os-extended-server-attributes failed with credentials {'is_admin': False, 'user_id': 'e86b1286cb7646148b8d774add02d0d9', 'user_domain_id': 'default', 'system_scope': None, 'domain_id': None, 'project_id': 'f22308123a90468fb1fd5c18d06a4780', 'project_domain_id': 'default', 'roles': ['member', 'reader'], 'is_admin_project': True, 'service_user_id': None, 'service_user_domain_id': None, 'service_project_id': None, 'service_project_domain_id': None, 'service_roles': []} {{(pid=113707) authorize /opt/stack/nova/nova/policy.py:199}}
May 25 15:58:18.662248 dv-cinder-791240-3-smb devstack@n-api.service[113707]: INFO nova.api.openstack.requestlog [None req-5810fb41-b0c0-424a-97a3-788dee2cfdca tempest-AttachVolumeNegativeTest-8830779 tempest-AttachVolumeNegativeTest-8830779-project] 10.222.0.64 "GET /compute/v2.1/servers/7c44dc10-b4c7-4692-b7b0-0e5556cb98f9" status: 200 len: 1318 microversion: 2.1 time: 0.459350
May 25 15:58:18.675727 dv-cinder-791240-3-smb devstack@n-api.service[113706]: DEBUG nova.policy [None req-513d8713-afe7-4843-a65e-e9ce1d05a8d8 tempest-ServerRescueNegativeTestJSON-1667678360 tempest-ServerRescueNegativeTestJSON-1667678360-project] Policy check for os_compute_api:os-extended-server-attributes failed with credentials {'is_admin': False, 'user_id': 'dbfc36f02b5b4ed380c4c4ac643fd27f', 'user_domain_id': 'default', 'system_scope': None, 'domain_id': None, 'project_id': '04e857bfb6f94eaeb8c8db24b60f3bf2', 'project_domain_id': 'default', 'roles': ['member', 'reader'], 'is_admin_project': True, 'service_user_id': None, 'service_user_domain_id': None, 'service_project_id': None, 'service_project_domain_id': None, 'service_roles': []} {{(pid=113706) authorize /opt/stack/nova/nova/policy.py:199}}
May 25 15:58:18.710835 dv-cinder-791240-3-smb devstack@n-api.service[113706]: INFO nova.api.openstack.requestlog [None req-513d8713-afe7-4843-a65e-e9ce1d05a8d8 tempest-ServerRescueNegativeTestJSON-1667678360 tempest-ServerRescueNegativeTestJSON-1667678360-project] 10.222.0.64 "GET /compute/v2.1/servers/2057f305-1f61-452b-82a3-1d7e81b369cb" status: 200 len: 1274 microversion: 2.1 time: 0.298484
May 25 15:58:18.711793 dv-cinder-791240-3-smb devstack@n-api.service[113707]: [pid: 113707|app: 0|req: 35/67] 10.222.0.64 () {58 vars in 1236 bytes} [Tue May 25 15:58:18 2021] GET /compute/v2.1/servers/7c44dc10-b4c7-4692-b7b0-0e5556cb98f9 => generated 1318 bytes in 488 msecs (HTTP/1.1 200) 9 headers in 358 bytes (2 switches on core 0)
May 25 15:58:18.712204 dv-cinder-791240-3-smb devstack@n-api.service[113706]: [pid: 113706|app: 0|req: 33/68] 10.222.0.64 () {58 vars in 1236 bytes} [Tue May 25 15:58:18 2021] GET /compute/v2.1/servers/2057f305-1f61-452b-82a3-1d7e81b369cb => generated 1274 bytes in 303 msecs (HTTP/1.1 200) 9 headers in 358 bytes (1 switches on core 0)
May 25 15:58:19.378960 dv-cinder-791240-3-smb devstack@n-api.service[113707]: DEBUG nova.api.openstack.wsgi [None req-624acfeb-d9ef-4df4-bda4-d6a1ce4b9bec tempest-DeleteServersTestJSON-843920400 tempest-DeleteServersTestJSON-843920400-project] Calling method '>' {{(pid=113707) _process_stack /opt/stack/nova/nova/api/openstack/wsgi.py:513}}
May 25 15:58:19.379512 dv-cinder-791240-3-smb devstack@n-api.service[113707]: DEBUG nova.compute.api [None req-624acfeb-d9ef-4df4-bda4-d6a1ce4b9bec tempest-DeleteServersTestJSON-843920400 tempest-DeleteServersTestJSON-843920400-project] [instance: 4ec0957f-1e73-4c26-abca-600f2b189e57] Fetching instance by UUID {{(pid=113707) get /opt/stack/nova/nova/compute/api.py:2790}}
May 25 15:58:19.393797 dv-cinder-791240-3-smb devstack@n-api.service[113707]: DEBUG oslo_concurrency.lockutils [None req-624acfeb-d9ef-4df4-bda4-d6a1ce4b9bec tempest-DeleteServersTestJSON-843920400 tempest-DeleteServersTestJSON-843920400-project] Lock "4289ade0-fbc7-4af0-98fd-47ab9b1e73f5" acquired by "nova.context.set_target_cell..get_or_set_cached_cell_and_set_connections" :: waited 0.000s {{(pid=113707) inner /usr/local/lib/python3.8/dist-packages/oslo_concurrency/lockutils.py:355}}
May 25 15:58:19.394174 dv-cinder-791240-3-smb devstack@n-api.service[113707]: DEBUG oslo_concurrency.lockutils [None req-624acfeb-d9ef-4df4-bda4-d6a1ce4b9bec tempest-DeleteServersTestJSON-843920400 tempest-DeleteServersTestJSON-843920400-project] Lock "4289ade0-fbc7-4af0-98fd-47ab9b1e73f5" released by "nova.context.set_target_cell..get_or_set_cached_cell_and_set_connections" :: held 0.003s {{(pid=113707) inner /usr/local/lib/python3.8/dist-packages/oslo_concurrency/lockutils.py:367}}
May 25 15:58:19.394993 dv-cinder-791240-3-smb devstack@n-api.service[113707]: DEBUG oslo_concurrency.lockutils [None req-624acfeb-d9ef-4df4-bda4-d6a1ce4b9bec tempest-DeleteServersTestJSON-843920400 tempest-DeleteServersTestJSON-843920400-project] Lock "4289ade0-fbc7-4af0-98fd-47ab9b1e73f5" acquired by "nova.context.set_target_cell..get_or_set_cached_cell_and_set_connections" :: waited 0.000s {{(pid=113707) inner /usr/local/lib/python3.8/dist-packages/oslo_concurrency/lockutils.py:355}}
May 25 15:58:19.398404 dv-cinder-791240-3-smb devstack@n-api.service[113707]: DEBUG oslo_concurrency.lockutils [None req-624acfeb-d9ef-4df4-bda4-d6a1ce4b9bec tempest-DeleteServersTestJSON-843920400 tempest-DeleteServersTestJSON-843920400-project] Lock "4289ade0-fbc7-4af0-98fd-47ab9b1e73f5" released by "nova.context.set_target_cell..get_or_set_cached_cell_and_set_connections" :: held 0.000s {{(pid=113707) inner /usr/local/lib/python3.8/dist-packages/oslo_concurrency/lockutils.py:367}}
May 25 15:58:19.682076 dv-cinder-791240-3-smb devstack@n-api.service[113706]: DEBUG nova.api.openstack.wsgi [None req-a8143141-12ec-498c-8269-12b8765358b5 tempest-AttachVolumeNegativeTest-8830779 tempest-AttachVolumeNegativeTest-8830779-project] Calling method '>' {{(pid=113706) _process_stack /opt/stack/nova/nova/api/openstack/wsgi.py:513}}
May 25 15:58:19.682807 dv-cinder-791240-3-smb devstack@n-api.service[113706]: DEBUG nova.compute.api [None req-a8143141-12ec-498c-8269-12b8765358b5 tempest-AttachVolumeNegativeTest-8830779 tempest-AttachVolumeNegativeTest-8830779-project] [instance: 7c44dc10-b4c7-4692-b7b0-0e5556cb98f9] Fetching instance by UUID {{(pid=113706) get /opt/stack/nova/nova/compute/api.py:2790}}
May 25 15:58:19.690480 dv-cinder-791240-3-smb devstack@n-api.service[113706]: DEBUG oslo_concurrency.lockutils [None req-a8143141-12ec-498c-8269-12b8765358b5 tempest-AttachVolumeNegativeTest-8830779 tempest-AttachVolumeNegativeTest-8830779-project] Lock "4289ade0-fbc7-4af0-98fd-47ab9b1e73f5" acquired by "nova.context.set_target_cell..get_or_set_cached_cell_and_set_connections" :: waited 0.000s {{(pid=113706) inner /usr/local/lib/python3.8/dist-packages/oslo_concurrency/lockutils.py:355}}
May 25 15:58:19.691018 dv-cinder-791240-3-smb devstack@n-api.service[113706]: DEBUG oslo_concurrency.lockutils [None req-a8143141-12ec-498c-8269-12b8765358b5 tempest-AttachVolumeNegativeTest-8830779 tempest-AttachVolumeNegativeTest-8830779-project] Lock "4289ade0-fbc7-4af0-98fd-47ab9b1e73f5" released by "nova.context.set_target_cell..get_or_set_cached_cell_and_set_connections" :: held 0.001s {{(pid=113706) inner /usr/local/lib/python3.8/dist-packages/oslo_concurrency/lockutils.py:367}}
May 25 15:58:19.691877 dv-cinder-791240-3-smb devstack@n-api.service[113706]: DEBUG oslo_concurrency.lockutils [None req-a8143141-12ec-498c-8269-12b8765358b5 tempest-AttachVolumeNegativeTest-8830779 tempest-AttachVolumeNegativeTest-8830779-project] Lock "4289ade0-fbc7-4af0-98fd-47ab9b1e73f5" acquired by "nova.context.set_target_cell..get_or_set_cached_cell_and_set_connections" :: waited 0.000s {{(pid=113706) inner /usr/local/lib/python3.8/dist-packages/oslo_concurrency/lockutils.py:355}}
May 25 15:58:19.692334 dv-cinder-791240-3-smb devstack@n-api.service[113706]: DEBUG oslo_concurrency.lockutils [None req-a8143141-12ec-498c-8269-12b8765358b5 tempest-AttachVolumeNegativeTest-8830779 tempest-AttachVolumeNegativeTest-8830779-project] Lock "4289ade0-fbc7-4af0-98fd-47ab9b1e73f5" released by "nova.context.set_target_cell..get_or_set_cached_cell_and_set_connections" :: held 0.000s {{(pid=113706) inner /usr/local/lib/python3.8/dist-packages/oslo_concurrency/lockutils.py:367}}
May 25 15:58:19.989765 dv-cinder-791240-3-smb devstack@n-api.service[113707]: DEBUG nova.policy [None req-624acfeb-d9ef-4df4-bda4-d6a1ce4b9bec tempest-DeleteServersTestJSON-843920400 tempest-DeleteServersTestJSON-843920400-project] Policy check for os_compute_api:os-extended-server-attributes failed with credentials {'is_admin': False, 'user_id': 'ed97ba39ea314b189192a2112c8cab48', 'user_domain_id': 'default', 'system_scope': None, 'domain_id': None, 'project_id': '6e528a175aa440a38dfe5d35a22c7232', 'project_domain_id': 'default', 'roles': ['member', 'reader'], 'is_admin_project': True, 'service_user_id': None, 'service_user_domain_id': None, 'service_project_id': None, 'service_project_domain_id': None, 'service_roles': []} {{(pid=113707) authorize /opt/stack/nova/nova/policy.py:199}}
May 25 15:58:20.002188 dv-cinder-791240-3-smb devstack@n-api.service[113707]: INFO nova.api.openstack.requestlog [None req-624acfeb-d9ef-4df4-bda4-d6a1ce4b9bec tempest-DeleteServersTestJSON-843920400 tempest-DeleteServersTestJSON-843920400-project] 10.222.0.64 "GET /compute/v2.1/servers/4ec0957f-1e73-4c26-abca-600f2b189e57" status: 200 len: 1315 microversion: 2.1 time: 0.627143
May 25 15:58:20.007398 dv-cinder-791240-3-smb devstack@n-api.service[113707]: [pid: 113707|app: 0|req: 36/69] 10.222.0.64 () {58 vars in 1236 bytes} [Tue May 25 15:58:19 2021] GET /compute/v2.1/servers/4ec0957f-1e73-4c26-abca-600f2b189e57 => generated 1315 bytes in 633 msecs (HTTP/1.1 200) 9 headers in 358 bytes (1 switches on core 0)
May 25 15:58:20.013481 dv-cinder-791240-3-smb devstack@n-api.service[113707]: DEBUG nova.api.openstack.wsgi [None req-1c3639f4-3f77-4a13-b6cc-f69fa1128e4e tempest-ServerRescueNegativeTestJSON-1667678360 tempest-ServerRescueNegativeTestJSON-1667678360-project] Calling method '>' {{(pid=113707) _process_stack /opt/stack/nova/nova/api/openstack/wsgi.py:513}}
May 25 15:58:20.016331 dv-cinder-791240-3-smb devstack@n-api.service[113707]: DEBUG nova.compute.api [None req-1c3639f4-3f77-4a13-b6cc-f69fa1128e4e tempest-ServerRescueNegativeTestJSON-1667678360 tempest-ServerRescueNegativeTestJSON-1667678360-project] [instance: 2057f305-1f61-452b-82a3-1d7e81b369cb] Fetching instance by UUID {{(pid=113707) get /opt/stack/nova/nova/compute/api.py:2790}}
May 25 15:58:20.031884 dv-cinder-791240-3-smb devstack@n-api.service[113707]: DEBUG oslo_concurrency.lockutils [None req-1c3639f4-3f77-4a13-b6cc-f69fa1128e4e tempest-ServerRescueNegativeTestJSON-1667678360 tempest-ServerRescueNegativeTestJSON-1667678360-project] Lock "4289ade0-fbc7-4af0-98fd-47ab9b1e73f5" acquired by "nova.context.set_target_cell..get_or_set_cached_cell_and_set_connections" :: waited 0.000s {{(pid=113707) inner /usr/local/lib/python3.8/dist-packages/oslo_concurrency/lockutils.py:355}}
May 25 15:58:20.034667 dv-cinder-791240-3-smb devstack@n-api.service[113707]: DEBUG oslo_concurrency.lockutils [None req-1c3639f4-3f77-4a13-b6cc-f69fa1128e4e tempest-ServerRescueNegativeTestJSON-1667678360 tempest-ServerRescueNegativeTestJSON-1667678360-project] Lock "4289ade0-fbc7-4af0-98fd-47ab9b1e73f5" released by "nova.context.set_target_cell..get_or_set_cached_cell_and_set_connections" :: held 0.002s {{(pid=113707) inner /usr/local/lib/python3.8/dist-packages/oslo_concurrency/lockutils.py:367}}
May 25 15:58:20.037152 dv-cinder-791240-3-smb devstack@n-api.service[113707]: DEBUG oslo_concurrency.lockutils [None req-1c3639f4-3f77-4a13-b6cc-f69fa1128e4e tempest-ServerRescueNegativeTestJSON-1667678360 tempest-ServerRescueNegativeTestJSON-1667678360-project] Lock "4289ade0-fbc7-4af0-98fd-47ab9b1e73f5" acquired by "nova.context.set_target_cell..get_or_set_cached_cell_and_set_connections" :: waited 0.000s {{(pid=113707) inner /usr/local/lib/python3.8/dist-packages/oslo_concurrency/lockutils.py:355}}
May 25 15:58:20.038393 dv-cinder-791240-3-smb devstack@n-api.service[113707]: DEBUG oslo_concurrency.lockutils [None req-1c3639f4-3f77-4a13-b6cc-f69fa1128e4e tempest-ServerRescueNegativeTestJSON-1667678360 tempest-ServerRescueNegativeTestJSON-1667678360-project] Lock "4289ade0-fbc7-4af0-98fd-47ab9b1e73f5" released by "nova.context.set_target_cell..get_or_set_cached_cell_and_set_connections" :: held 0.002s {{(pid=113707) inner /usr/local/lib/python3.8/dist-packages/oslo_concurrency/lockutils.py:367}}
May 25 15:58:20.382358 dv-cinder-791240-3-smb devstack@n-api.service[113706]: DEBUG nova.policy [None req-a8143141-12ec-498c-8269-12b8765358b5 tempest-AttachVolumeNegativeTest-8830779 tempest-AttachVolumeNegativeTest-8830779-project] Policy check for os_compute_api:os-extended-server-attributes failed with credentials {'is_admin': False, 'user_id': 'e86b1286cb7646148b8d774add02d0d9', 'user_domain_id': 'default', 'system_scope': None, 'domain_id': None, 'project_id': 'f22308123a90468fb1fd5c18d06a4780', 'project_domain_id': 'default', 'roles': ['member', 'reader'], 'is_admin_project': True, 'service_user_id': None, 'service_user_domain_id': None, 'service_project_id': None, 'service_project_domain_id': None, 'service_roles': []} {{(pid=113706) authorize /opt/stack/nova/nova/policy.py:199}}
May 25 15:58:20.397797 dv-cinder-791240-3-smb devstack@n-api.service[113707]: DEBUG nova.policy [None req-1c3639f4-3f77-4a13-b6cc-f69fa1128e4e tempest-ServerRescueNegativeTestJSON-1667678360 tempest-ServerRescueNegativeTestJSON-1667678360-project] Policy check for os_compute_api:os-extended-server-attributes failed with credentials {'is_admin': False, 'user_id': 'dbfc36f02b5b4ed380c4c4ac643fd27f', 'user_domain_id': 'default', 'system_scope': None, 'domain_id': None, 'project_id': '04e857bfb6f94eaeb8c8db24b60f3bf2', 'project_domain_id': 'default', 'roles': ['member', 'reader'], 'is_admin_project': True, 'service_user_id': None, 'service_user_domain_id': None, 'service_project_id': None, 'service_project_domain_id': None, 'service_roles': []} {{(pid=113707) authorize /opt/stack/nova/nova/policy.py:199}}
May 25 15:58:20.404681 dv-cinder-791240-3-smb devstack@n-api.service[113706]: INFO nova.api.openstack.requestlog [None req-a8143141-12ec-498c-8269-12b8765358b5 tempest-AttachVolumeNegativeTest-8830779 tempest-AttachVolumeNegativeTest-8830779-project] 10.222.0.64 "GET /compute/v2.1/servers/7c44dc10-b4c7-4692-b7b0-0e5556cb98f9" status: 200 len: 1318 microversion: 2.1 time: 0.715398
May 25 15:58:20.409188 dv-cinder-791240-3-smb devstack@n-api.service[113706]: [pid: 113706|app: 0|req: 34/70] 10.222.0.64 () {58 vars in 1236 bytes} [Tue May 25 15:58:19 2021] GET /compute/v2.1/servers/7c44dc10-b4c7-4692-b7b0-0e5556cb98f9 => generated 1318 bytes in 732 msecs (HTTP/1.1 200) 9 headers in 358 bytes (2 switches on core 0)
May 25 15:58:20.412412 dv-cinder-791240-3-smb devstack@n-api.service[113707]: INFO nova.api.openstack.requestlog [None req-1c3639f4-3f77-4a13-b6cc-f69fa1128e4e tempest-ServerRescueNegativeTestJSON-1667678360 tempest-ServerRescueNegativeTestJSON-1667678360-project] 10.222.0.64 "GET /compute/v2.1/servers/2057f305-1f61-452b-82a3-1d7e81b369cb" status: 200 len: 1280 microversion: 2.1 time: 0.403512
May 25 15:58:20.422179 dv-cinder-791240-3-smb devstack@n-api.service[113707]: [pid: 113707|app: 0|req: 37/71] 10.222.0.64 () {58 vars in 1236 bytes} [Tue May 25 15:58:20 2021] GET /compute/v2.1/servers/2057f305-1f61-452b-82a3-1d7e81b369cb => generated 1280 bytes in 410 msecs (HTTP/1.1 200) 9 headers in 358 bytes (1 switches on core 0)
May 25 15:58:20.422736 dv-cinder-791240-3-smb devstack@n-api.service[113706]: DEBUG nova.api.openstack.wsgi [None req-bf6f7bf8-16d2-49b7-8f69-e48e80253224 tempest-AttachVolumeShelveTestJSON-97944301 tempest-AttachVolumeShelveTestJSON-97944301-project] Action: 'create', calling method: >, body: {"server": {"name": "tempest-AttachVolumeShelveTestJSON-server-717437712", "imageRef": "098e0bd2-66d3-4b80-94b5-8126b8785eb0", "flavorRef": "452", "adminPass": "***", "networks": [{"uuid": "32e28711-3884-4910-8e1a-09c506d8db02"}], "security_groups": [{"name": "tempest-securitygroup--887169522"}], "key_name": "tempest-keypair-283874663", "user_data": "IyEvYmluL3NoCmVjaG8gIlByaW50aW5nIHVidW50dSB1c2VyIGF1dGhvcml6ZWQga2V5cyIKY2F0IH51YnVudHUvLnNzaC9hdXRob3JpemVkX2tleXMgfHwgdHJ1ZQo="}} {{(pid=113706) _process_stack /opt/stack/nova/nova/api/openstack/wsgi.py:511}}
May 25 15:58:20.675118 dv-cinder-791240-3-smb devstack@n-api.service[113706]: DEBUG nova.network.neutron [None req-bf6f7bf8-16d2-49b7-8f69-e48e80253224 tempest-AttachVolumeShelveTestJSON-97944301 tempest-AttachVolumeShelveTestJSON-97944301-project] validate_networks() for [('32e28711-3884-4910-8e1a-09c506d8db02', None, None, None)] {{(pid=113706) validate_networks /opt/stack/nova/nova/network/neutron.py:2374}}
May 25 15:58:20.695590 dv-cinder-791240-3-smb devstack@n-api.service[113707]: DEBUG nova.api.openstack.wsgi [req-10de5538-8aea-4ef9-a631-eab1e4953024 req-7bcb6324-dca7-41a4-9ce0-a1ddfd4ab93f service nova] Action: 'create', calling method: >, body: {"events": [{"name": "network-changed", "server_uuid": "1b95a3bf-77c7-4427-9561-b3b7b9e191cd", "tag": "a9d564f9-f216-4b80-a09e-9261dcb1c98d"}]} {{(pid=113707) _process_stack /opt/stack/nova/nova/api/openstack/wsgi.py:511}}
May 25 15:58:20.697208 dv-cinder-791240-3-smb devstack@n-api.service[113707]: /usr/local/lib/python3.8/dist-packages/oslo_policy/policy.py:1064: UserWarning: Policy os_compute_api:os-server-external-events:create failed scope check. The token used to make the request was project scoped but the policy requires ['system'] scope. This behavior may change in the future where using the intended scope is required
May 25 15:58:20.697208 dv-cinder-791240-3-smb devstack@n-api.service[113707]: warnings.warn(msg)
May 25 15:58:20.711781 dv-cinder-791240-3-smb devstack@n-api.service[113707]: DEBUG oslo_concurrency.lockutils [req-10de5538-8aea-4ef9-a631-eab1e4953024 req-7bcb6324-dca7-41a4-9ce0-a1ddfd4ab93f service nova] Lock "4289ade0-fbc7-4af0-98fd-47ab9b1e73f5" acquired by "nova.context.set_target_cell..get_or_set_cached_cell_and_set_connections" :: waited 0.000s {{(pid=113707) inner /usr/local/lib/python3.8/dist-packages/oslo_concurrency/lockutils.py:355}}
May 25 15:58:20.712249 dv-cinder-791240-3-smb devstack@n-api.service[113707]: DEBUG oslo_concurrency.lockutils [req-10de5538-8aea-4ef9-a631-eab1e4953024 req-7bcb6324-dca7-41a4-9ce0-a1ddfd4ab93f service nova] Lock "4289ade0-fbc7-4af0-98fd-47ab9b1e73f5" released by "nova.context.set_target_cell..get_or_set_cached_cell_and_set_connections" :: held 0.001s {{(pid=113707) inner /usr/local/lib/python3.8/dist-packages/oslo_concurrency/lockutils.py:367}}
May 25 15:58:20.739168 dv-cinder-791240-3-smb devstack@n-api.service[113707]: INFO nova.api.openstack.compute.server_external_events [req-10de5538-8aea-4ef9-a631-eab1e4953024 req-7bcb6324-dca7-41a4-9ce0-a1ddfd4ab93f service nova] Creating event network-changed:a9d564f9-f216-4b80-a09e-9261dcb1c98d for instance 1b95a3bf-77c7-4427-9561-b3b7b9e191cd on hv-cinder-79124
May 25 15:58:20.744382 dv-cinder-791240-3-smb devstack@n-api.service[113707]: INFO nova.api.openstack.requestlog [req-10de5538-8aea-4ef9-a631-eab1e4953024 req-7bcb6324-dca7-41a4-9ce0-a1ddfd4ab93f service nova] 10.222.0.64 "POST /compute/v2.1/os-server-external-events" status: 200 len: 179 microversion: 2.1 time: 0.052440
May 25 15:58:20.745302 dv-cinder-791240-3-smb devstack@n-api.service[113707]: [pid: 113707|app: 0|req: 38/72] 10.222.0.64 () {64 vars in 1318 bytes} [Tue May 25 15:58:20 2021] POST /compute/v2.1/os-server-external-events => generated 179 bytes in 54 msecs (HTTP/1.1 200) 9 headers in 357 bytes (2 switches on core 0)
May 25 15:58:21.036636 dv-cinder-791240-3-smb devstack@n-api.service[113707]: DEBUG nova.api.openstack.wsgi [None req-5e07bdad-9f73-4986-b89c-e392db965ea7 tempest-DeleteServersTestJSON-843920400 tempest-DeleteServersTestJSON-843920400-project] Calling method '>' {{(pid=113707) _process_stack /opt/stack/nova/nova/api/openstack/wsgi.py:513}}
May 25 15:58:21.036636 dv-cinder-791240-3-smb devstack@n-api.service[113707]: DEBUG nova.compute.api [None req-5e07bdad-9f73-4986-b89c-e392db965ea7 tempest-DeleteServersTestJSON-843920400 tempest-DeleteServersTestJSON-843920400-project] [instance: 4ec0957f-1e73-4c26-abca-600f2b189e57] Fetching instance by UUID {{(pid=113707) get /opt/stack/nova/nova/compute/api.py:2790}}
May 25 15:58:21.045134 dv-cinder-791240-3-smb devstack@n-api.service[113707]: DEBUG oslo_concurrency.lockutils [None req-5e07bdad-9f73-4986-b89c-e392db965ea7 tempest-DeleteServersTestJSON-843920400 tempest-DeleteServersTestJSON-843920400-project] Lock "4289ade0-fbc7-4af0-98fd-47ab9b1e73f5" acquired by "nova.context.set_target_cell..get_or_set_cached_cell_and_set_connections" :: waited 0.000s {{(pid=113707) inner /usr/local/lib/python3.8/dist-packages/oslo_concurrency/lockutils.py:355}}
May 25 15:58:21.046369 dv-cinder-791240-3-smb devstack@n-api.service[113707]: DEBUG oslo_concurrency.lockutils [None req-5e07bdad-9f73-4986-b89c-e392db965ea7 tempest-DeleteServersTestJSON-843920400 tempest-DeleteServersTestJSON-843920400-project] Lock "4289ade0-fbc7-4af0-98fd-47ab9b1e73f5" released by "nova.context.set_target_cell..get_or_set_cached_cell_and_set_connections" :: held 0.001s {{(pid=113707) inner /usr/local/lib/python3.8/dist-packages/oslo_concurrency/lockutils.py:367}}
May 25 15:58:21.049885 dv-cinder-791240-3-smb devstack@n-api.service[113707]: DEBUG oslo_concurrency.lockutils [None req-5e07bdad-9f73-4986-b89c-e392db965ea7 tempest-DeleteServersTestJSON-843920400 tempest-DeleteServersTestJSON-843920400-project] Lock "4289ade0-fbc7-4af0-98fd-47ab9b1e73f5" acquired by "nova.context.set_target_cell..get_or_set_cached_cell_and_set_connections" :: waited 0.003s {{(pid=113707) inner /usr/local/lib/python3.8/dist-packages/oslo_concurrency/lockutils.py:355}}
May 25 15:58:21.050746 dv-cinder-791240-3-smb devstack@n-api.service[113707]: DEBUG oslo_concurrency.lockutils [None req-5e07bdad-9f73-4986-b89c-e392db965ea7 tempest-DeleteServersTestJSON-843920400 tempest-DeleteServersTestJSON-843920400-project] Lock "4289ade0-fbc7-4af0-98fd-47ab9b1e73f5" released by "nova.context.set_target_cell..get_or_set_cached_cell_and_set_connections" :: held 0.001s {{(pid=113707) inner /usr/local/lib/python3.8/dist-packages/oslo_concurrency/lockutils.py:367}}
May 25 15:58:21.627805 dv-cinder-791240-3-smb devstack@n-api.service[113707]: DEBUG nova.policy [None req-5e07bdad-9f73-4986-b89c-e392db965ea7 tempest-DeleteServersTestJSON-843920400 tempest-DeleteServersTestJSON-843920400-project] Policy check for os_compute_api:os-extended-server-attributes failed with credentials {'is_admin': False, 'user_id': 'ed97ba39ea314b189192a2112c8cab48', 'user_domain_id': 'default', 'system_scope': None, 'domain_id': None, 'project_id': '6e528a175aa440a38dfe5d35a22c7232', 'project_domain_id': 'default', 'roles': ['member', 'reader'], 'is_admin_project': True, 'service_user_id': None, 'service_user_domain_id': None, 'service_project_id': None, 'service_project_domain_id': None, 'service_roles': []} {{(pid=113707) authorize /opt/stack/nova/nova/policy.py:199}}
May 25 15:58:21.643488 dv-cinder-791240-3-smb devstack@n-api.service[113707]: INFO nova.api.openstack.requestlog [None req-5e07bdad-9f73-4986-b89c-e392db965ea7 tempest-DeleteServersTestJSON-843920400 tempest-DeleteServersTestJSON-843920400-project] 10.222.0.64 "GET /compute/v2.1/servers/4ec0957f-1e73-4c26-abca-600f2b189e57" status: 200 len: 1315 microversion: 2.1 time: 0.617253
May 25 15:58:21.652797 dv-cinder-791240-3-smb devstack@n-api.service[113707]: [pid: 113707|app: 0|req: 39/73] 10.222.0.64 () {58 vars in 1236 bytes} [Tue May 25 15:58:21 2021] GET /compute/v2.1/servers/4ec0957f-1e73-4c26-abca-600f2b189e57 => generated 1315 bytes in 630 msecs (HTTP/1.1 200) 9 headers in 358 bytes (1 switches on core 0)
May 25 15:58:21.665897 dv-cinder-791240-3-smb devstack@n-api.service[113707]: DEBUG nova.api.openstack.wsgi [None req-49167579-b57f-45c9-8950-71cfaba24958 tempest-AttachVolumeNegativeTest-8830779 tempest-AttachVolumeNegativeTest-8830779-project] Calling method '>' {{(pid=113707) _process_stack /opt/stack/nova/nova/api/openstack/wsgi.py:513}}
May 25 15:58:21.666203 dv-cinder-791240-3-smb devstack@n-api.service[113707]: DEBUG nova.compute.api [None req-49167579-b57f-45c9-8950-71cfaba24958 tempest-AttachVolumeNegativeTest-8830779 tempest-AttachVolumeNegativeTest-8830779-project] [instance: 7c44dc10-b4c7-4692-b7b0-0e5556cb98f9] Fetching instance by UUID {{(pid=113707) get /opt/stack/nova/nova/compute/api.py:2790}}
May 25 15:58:21.677577 dv-cinder-791240-3-smb devstack@n-api.service[113707]: DEBUG oslo_concurrency.lockutils [None req-49167579-b57f-45c9-8950-71cfaba24958 tempest-AttachVolumeNegativeTest-8830779 tempest-AttachVolumeNegativeTest-8830779-project] Lock "4289ade0-fbc7-4af0-98fd-47ab9b1e73f5" acquired by "nova.context.set_target_cell..get_or_set_cached_cell_and_set_connections" :: waited 0.000s {{(pid=113707) inner /usr/local/lib/python3.8/dist-packages/oslo_concurrency/lockutils.py:355}}
May 25 15:58:21.678255 dv-cinder-791240-3-smb devstack@n-api.service[113707]: DEBUG oslo_concurrency.lockutils [None req-49167579-b57f-45c9-8950-71cfaba24958 tempest-AttachVolumeNegativeTest-8830779 tempest-AttachVolumeNegativeTest-8830779-project] Lock "4289ade0-fbc7-4af0-98fd-47ab9b1e73f5" released by "nova.context.set_target_cell..get_or_set_cached_cell_and_set_connections" :: held 0.001s {{(pid=113707) inner /usr/local/lib/python3.8/dist-packages/oslo_concurrency/lockutils.py:367}}
May 25 15:58:21.679243 dv-cinder-791240-3-smb devstack@n-api.service[113707]: DEBUG oslo_concurrency.lockutils [None req-49167579-b57f-45c9-8950-71cfaba24958 tempest-AttachVolumeNegativeTest-8830779 tempest-AttachVolumeNegativeTest-8830779-project] Lock "4289ade0-fbc7-4af0-98fd-47ab9b1e73f5" acquired by "nova.context.set_target_cell..get_or_set_cached_cell_and_set_connections" :: waited 0.000s {{(pid=113707) inner /usr/local/lib/python3.8/dist-packages/oslo_concurrency/lockutils.py:355}}
May 25 15:58:21.679818 dv-cinder-791240-3-smb devstack@n-api.service[113707]: DEBUG oslo_concurrency.lockutils [None req-49167579-b57f-45c9-8950-71cfaba24958 tempest-AttachVolumeNegativeTest-8830779 tempest-AttachVolumeNegativeTest-8830779-project] Lock "4289ade0-fbc7-4af0-98fd-47ab9b1e73f5" released by "nova.context.set_target_cell..get_or_set_cached_cell_and_set_connections" :: held 0.001s {{(pid=113707) inner /usr/local/lib/python3.8/dist-packages/oslo_concurrency/lockutils.py:367}}
May 25 15:58:21.849591 dv-cinder-791240-3-smb devstack@n-api.service[113706]: DEBUG nova.virt.hardware [None req-bf6f7bf8-16d2-49b7-8f69-e48e80253224 tempest-AttachVolumeShelveTestJSON-97944301 tempest-AttachVolumeShelveTestJSON-97944301-project] Flavor limits 0:0:0 {{(pid=113706) get_cpu_topology_constraints /opt/stack/nova/nova/virt/hardware.py:344}}
May 25 15:58:21.850890 dv-cinder-791240-3-smb devstack@n-api.service[113706]: DEBUG nova.virt.hardware [None req-bf6f7bf8-16d2-49b7-8f69-e48e80253224 tempest-AttachVolumeShelveTestJSON-97944301 tempest-AttachVolumeShelveTestJSON-97944301-project] Image limits 0:0:0 {{(pid=113706) get_cpu_topology_constraints /opt/stack/nova/nova/virt/hardware.py:348}}
May 25 15:58:21.851523 dv-cinder-791240-3-smb devstack@n-api.service[113706]: DEBUG nova.virt.hardware [None req-bf6f7bf8-16d2-49b7-8f69-e48e80253224 tempest-AttachVolumeShelveTestJSON-97944301 tempest-AttachVolumeShelveTestJSON-97944301-project] Flavor pref 0:0:0 {{(pid=113706) get_cpu_topology_constraints /opt/stack/nova/nova/virt/hardware.py:384}}
May 25 15:58:21.852439 dv-cinder-791240-3-smb devstack@n-api.service[113706]: DEBUG nova.virt.hardware [None req-bf6f7bf8-16d2-49b7-8f69-e48e80253224 tempest-AttachVolumeShelveTestJSON-97944301 tempest-AttachVolumeShelveTestJSON-97944301-project] Image pref 0:0:0 {{(pid=113706) get_cpu_topology_constraints /opt/stack/nova/nova/virt/hardware.py:388}}
May 25 15:58:21.853061 dv-cinder-791240-3-smb devstack@n-api.service[113706]: DEBUG nova.virt.hardware [None req-bf6f7bf8-16d2-49b7-8f69-e48e80253224 tempest-AttachVolumeShelveTestJSON-97944301 tempest-AttachVolumeShelveTestJSON-97944301-project] Chose sockets=0, cores=0, threads=0; limits were sockets=65536, cores=65536, threads=65536 {{(pid=113706) get_cpu_topology_constraints /opt/stack/nova/nova/virt/hardware.py:426}}
May 25 15:58:21.862545 dv-cinder-791240-3-smb devstack@n-api.service[113706]: DEBUG oslo_concurrency.lockutils [None req-bf6f7bf8-16d2-49b7-8f69-e48e80253224 tempest-AttachVolumeShelveTestJSON-97944301 tempest-AttachVolumeShelveTestJSON-97944301-project] Lock "00000000-0000-0000-0000-000000000000" acquired by "nova.context.set_target_cell..get_or_set_cached_cell_and_set_connections" :: waited 0.000s {{(pid=113706) inner /usr/local/lib/python3.8/dist-packages/oslo_concurrency/lockutils.py:355}}
May 25 15:58:21.863018 dv-cinder-791240-3-smb devstack@n-api.service[113706]: DEBUG oslo_concurrency.lockutils [None req-bf6f7bf8-16d2-49b7-8f69-e48e80253224 tempest-AttachVolumeShelveTestJSON-97944301 tempest-AttachVolumeShelveTestJSON-97944301-project] Lock "00000000-0000-0000-0000-000000000000" released by "nova.context.set_target_cell..get_or_set_cached_cell_and_set_connections" :: held 0.001s {{(pid=113706) inner /usr/local/lib/python3.8/dist-packages/oslo_concurrency/lockutils.py:367}}
May 25 15:58:21.864092 dv-cinder-791240-3-smb devstack@n-api.service[113706]: DEBUG oslo_concurrency.lockutils [None req-bf6f7bf8-16d2-49b7-8f69-e48e80253224 tempest-AttachVolumeShelveTestJSON-97944301 tempest-AttachVolumeShelveTestJSON-97944301-project] Lock "4289ade0-fbc7-4af0-98fd-47ab9b1e73f5" acquired by "nova.context.set_target_cell..get_or_set_cached_cell_and_set_connections" :: waited 0.000s {{(pid=113706) inner /usr/local/lib/python3.8/dist-packages/oslo_concurrency/lockutils.py:355}}
May 25 15:58:21.864556 dv-cinder-791240-3-smb devstack@n-api.service[113706]: DEBUG oslo_concurrency.lockutils [None req-bf6f7bf8-16d2-49b7-8f69-e48e80253224 tempest-AttachVolumeShelveTestJSON-97944301 tempest-AttachVolumeShelveTestJSON-97944301-project] Lock "4289ade0-fbc7-4af0-98fd-47ab9b1e73f5" released by "nova.context.set_target_cell..get_or_set_cached_cell_and_set_connections" :: held 0.000s {{(pid=113706) inner /usr/local/lib/python3.8/dist-packages/oslo_concurrency/lockutils.py:367}}
May 25 15:58:21.904947 dv-cinder-791240-3-smb devstack@n-api.service[113706]: DEBUG nova.quota [None req-bf6f7bf8-16d2-49b7-8f69-e48e80253224 tempest-AttachVolumeShelveTestJSON-97944301 tempest-AttachVolumeShelveTestJSON-97944301-project] Getting quotas for project 48ef8c4388ca4b82829b2ea9c59789b9. Resources: {'ram', 'cores', 'instances'} {{(pid=113706) _get_quotas /opt/stack/nova/nova/quota.py:387}}
May 25 15:58:21.909538 dv-cinder-791240-3-smb devstack@n-api.service[113706]: DEBUG nova.quota [None req-bf6f7bf8-16d2-49b7-8f69-e48e80253224 tempest-AttachVolumeShelveTestJSON-97944301 tempest-AttachVolumeShelveTestJSON-97944301-project] Getting quotas for user ddaad1faf788475582f6b961cb0fdbe2 and project 48ef8c4388ca4b82829b2ea9c59789b9. Resources: {'ram', 'cores', 'instances'} {{(pid=113706) _get_quotas /opt/stack/nova/nova/quota.py:377}}
May 25 15:58:21.925654 dv-cinder-791240-3-smb devstack@n-api.service[113706]: DEBUG nova.compute.api [None req-bf6f7bf8-16d2-49b7-8f69-e48e80253224 tempest-AttachVolumeShelveTestJSON-97944301 tempest-AttachVolumeShelveTestJSON-97944301-project] Going to run 1 instances... {{(pid=113706) _provision_instances /opt/stack/nova/nova/compute/api.py:1283}}
May 25 15:58:21.928014 dv-cinder-791240-3-smb devstack@n-api.service[113706]: DEBUG nova.compute.api [None req-bf6f7bf8-16d2-49b7-8f69-e48e80253224 tempest-AttachVolumeShelveTestJSON-97944301 tempest-AttachVolumeShelveTestJSON-97944301-project] [instance: 784c8849-96ac-455e-a097-f4282af21f15] block_device_mapping [BlockDeviceMapping(attachment_id=,boot_index=0,connection_info=None,created_at=,delete_on_termination=True,deleted=,deleted_at=,destination_type='local',device_name=None,device_type='disk',disk_bus=None,guest_format=None,id=,image_id='098e0bd2-66d3-4b80-94b5-8126b8785eb0',instance=,instance_uuid=,no_device=False,snapshot_id=None,source_type='image',tag=None,updated_at=,uuid=,volume_id=None,volume_size=None,volume_type=None)] {{(pid=113706) _bdm_validate_set_size_and_instance /opt/stack/nova/nova/compute/api.py:1685}}
May 25 15:58:21.955736 dv-cinder-791240-3-smb devstack@n-api.service[113707]: DEBUG nova.policy [None req-49167579-b57f-45c9-8950-71cfaba24958 tempest-AttachVolumeNegativeTest-8830779 tempest-AttachVolumeNegativeTest-8830779-project] Policy check for os_compute_api:os-extended-server-attributes failed with credentials {'is_admin': False, 'user_id': 'e86b1286cb7646148b8d774add02d0d9', 'user_domain_id': 'default', 'system_scope': None, 'domain_id': None, 'project_id': 'f22308123a90468fb1fd5c18d06a4780', 'project_domain_id': 'default', 'roles': ['member', 'reader'], 'is_admin_project': True, 'service_user_id': None, 'service_user_domain_id': None, 'service_project_id': None, 'service_project_domain_id': None, 'service_roles': []} {{(pid=113707) authorize /opt/stack/nova/nova/policy.py:199}}
May 25 15:58:21.967204 dv-cinder-791240-3-smb devstack@n-api.service[113707]: INFO nova.api.openstack.requestlog [None req-49167579-b57f-45c9-8950-71cfaba24958 tempest-AttachVolumeNegativeTest-8830779 tempest-AttachVolumeNegativeTest-8830779-project] 10.222.0.64 "GET /compute/v2.1/servers/7c44dc10-b4c7-4692-b7b0-0e5556cb98f9" status: 200 len: 1318 microversion: 2.1 time: 0.310648
May 25 15:58:21.978811 dv-cinder-791240-3-smb devstack@n-api.service[113707]: [pid: 113707|app: 0|req: 40/74] 10.222.0.64 () {58 vars in 1236 bytes} [Tue May 25 15:58:21 2021] GET /compute/v2.1/servers/7c44dc10-b4c7-4692-b7b0-0e5556cb98f9 => generated 1318 bytes in 315 msecs (HTTP/1.1 200) 9 headers in 358 bytes (1 switches on core 0)
May 25 15:58:21.978811 dv-cinder-791240-3-smb devstack@n-api.service[113707]: DEBUG nova.api.openstack.wsgi [None req-413ad7f0-0ffe-453b-9b0b-55a9f45a3068 tempest-ServerRescueNegativeTestJSON-1667678360 tempest-ServerRescueNegativeTestJSON-1667678360-project] Calling method '>' {{(pid=113707) _process_stack /opt/stack/nova/nova/api/openstack/wsgi.py:513}}
May 25 15:58:21.978811 dv-cinder-791240-3-smb devstack@n-api.service[113707]: DEBUG nova.compute.api [None req-413ad7f0-0ffe-453b-9b0b-55a9f45a3068 tempest-ServerRescueNegativeTestJSON-1667678360 tempest-ServerRescueNegativeTestJSON-1667678360-project] [instance: 2057f305-1f61-452b-82a3-1d7e81b369cb] Fetching instance by UUID {{(pid=113707) get /opt/stack/nova/nova/compute/api.py:2790}}
May 25 15:58:21.985941 dv-cinder-791240-3-smb devstack@n-api.service[113707]: DEBUG oslo_concurrency.lockutils [None req-413ad7f0-0ffe-453b-9b0b-55a9f45a3068 tempest-ServerRescueNegativeTestJSON-1667678360 tempest-ServerRescueNegativeTestJSON-1667678360-project] Lock "4289ade0-fbc7-4af0-98fd-47ab9b1e73f5" acquired by "nova.context.set_target_cell..get_or_set_cached_cell_and_set_connections" :: waited 0.000s {{(pid=113707) inner /usr/local/lib/python3.8/dist-packages/oslo_concurrency/lockutils.py:355}}
May 25 15:58:21.986685 dv-cinder-791240-3-smb devstack@n-api.service[113707]: DEBUG oslo_concurrency.lockutils [None req-413ad7f0-0ffe-453b-9b0b-55a9f45a3068 tempest-ServerRescueNegativeTestJSON-1667678360 tempest-ServerRescueNegativeTestJSON-1667678360-project] Lock "4289ade0-fbc7-4af0-98fd-47ab9b1e73f5" released by "nova.context.set_target_cell..get_or_set_cached_cell_and_set_connections" :: held 0.001s {{(pid=113707) inner /usr/local/lib/python3.8/dist-packages/oslo_concurrency/lockutils.py:367}}
May 25 15:58:21.987751 dv-cinder-791240-3-smb devstack@n-api.service[113707]: DEBUG oslo_concurrency.lockutils [None req-413ad7f0-0ffe-453b-9b0b-55a9f45a3068 tempest-ServerRescueNegativeTestJSON-1667678360 tempest-ServerRescueNegativeTestJSON-1667678360-project] Lock "4289ade0-fbc7-4af0-98fd-47ab9b1e73f5" acquired by "nova.context.set_target_cell..get_or_set_cached_cell_and_set_connections" :: waited 0.000s {{(pid=113707) inner /usr/local/lib/python3.8/dist-packages/oslo_concurrency/lockutils.py:355}}
May 25 15:58:21.989188 dv-cinder-791240-3-smb devstack@n-api.service[113707]: DEBUG oslo_concurrency.lockutils [None req-413ad7f0-0ffe-453b-9b0b-55a9f45a3068 tempest-ServerRescueNegativeTestJSON-1667678360 tempest-ServerRescueNegativeTestJSON-1667678360-project] Lock "4289ade0-fbc7-4af0-98fd-47ab9b1e73f5" released by "nova.context.set_target_cell..get_or_set_cached_cell_and_set_connections" :: held 0.001s {{(pid=113707) inner /usr/local/lib/python3.8/dist-packages/oslo_concurrency/lockutils.py:367}}
May 25 15:58:22.185543 dv-cinder-791240-3-smb devstack@n-api.service[113706]: INFO nova.api.openstack.requestlog [None req-bf6f7bf8-16d2-49b7-8f69-e48e80253224 tempest-AttachVolumeShelveTestJSON-97944301 tempest-AttachVolumeShelveTestJSON-97944301-project] 10.222.0.64 "POST /compute/v2.1/servers" status: 202 len: 401 microversion: 2.20 time: 1.772094
May 25 15:58:22.187089 dv-cinder-791240-3-smb devstack@n-api.service[113706]: [pid: 113706|app: 0|req: 35/75] 10.222.0.64 () {62 vars in 1188 bytes} [Tue May 25 15:58:20 2021] POST /compute/v2.1/servers => generated 401 bytes in 1777 msecs (HTTP/1.1 202) 10 headers in 453 bytes (1 switches on core 0)
May 25 15:58:22.206788 dv-cinder-791240-3-smb devstack@n-api.service[113706]: DEBUG nova.api.openstack.wsgi [None req-9c203334-9a54-42a1-b705-7ef5d7e07093 tempest-AttachVolumeShelveTestJSON-97944301 tempest-AttachVolumeShelveTestJSON-97944301-project] Calling method '>' {{(pid=113706) _process_stack /opt/stack/nova/nova/api/openstack/wsgi.py:513}}
May 25 15:58:22.207436 dv-cinder-791240-3-smb devstack@n-api.service[113706]: DEBUG nova.compute.api [None req-9c203334-9a54-42a1-b705-7ef5d7e07093 tempest-AttachVolumeShelveTestJSON-97944301 tempest-AttachVolumeShelveTestJSON-97944301-project] [instance: 784c8849-96ac-455e-a097-f4282af21f15] Fetching instance by UUID {{(pid=113706) get /opt/stack/nova/nova/compute/api.py:2790}}
May 25 15:58:22.541930 dv-cinder-791240-3-smb devstack@n-api.service[113706]: DEBUG nova.policy [None req-9c203334-9a54-42a1-b705-7ef5d7e07093 tempest-AttachVolumeShelveTestJSON-97944301 tempest-AttachVolumeShelveTestJSON-97944301-project] Policy check for os_compute_api:os-extended-server-attributes failed with credentials {'is_admin': False, 'user_id': 'ddaad1faf788475582f6b961cb0fdbe2', 'user_domain_id': 'default', 'system_scope': None, 'domain_id': None, 'project_id': '48ef8c4388ca4b82829b2ea9c59789b9', 'project_domain_id': 'default', 'roles': ['member', 'reader'], 'is_admin_project': True, 'service_user_id': None, 'service_user_domain_id': None, 'service_project_id': None, 'service_project_domain_id': None, 'service_roles': []} {{(pid=113706) authorize /opt/stack/nova/nova/policy.py:199}}
May 25 15:58:22.554935 dv-cinder-791240-3-smb devstack@n-api.service[113706]: DEBUG nova.policy [None req-9c203334-9a54-42a1-b705-7ef5d7e07093 tempest-AttachVolumeShelveTestJSON-97944301 tempest-AttachVolumeShelveTestJSON-97944301-project] Policy check for os_compute_api:servers:show:host_status failed with credentials {'is_admin': False, 'user_id': 'ddaad1faf788475582f6b961cb0fdbe2', 'user_domain_id': 'default', 'system_scope': None, 'domain_id': None, 'project_id': '48ef8c4388ca4b82829b2ea9c59789b9', 'project_domain_id': 'default', 'roles': ['member', 'reader'], 'is_admin_project': True, 'service_user_id': None, 'service_user_domain_id': None, 'service_project_id': None, 'service_project_domain_id': None, 'service_roles': []} {{(pid=113706) authorize /opt/stack/nova/nova/policy.py:199}}
May 25 15:58:22.558721 dv-cinder-791240-3-smb devstack@n-api.service[113706]: DEBUG nova.policy [None req-9c203334-9a54-42a1-b705-7ef5d7e07093 tempest-AttachVolumeShelveTestJSON-97944301 tempest-AttachVolumeShelveTestJSON-97944301-project] Policy check for os_compute_api:servers:show:host_status:unknown-only failed with credentials {'is_admin': False, 'user_id': 'ddaad1faf788475582f6b961cb0fdbe2', 'user_domain_id': 'default', 'system_scope': None, 'domain_id': None, 'project_id': '48ef8c4388ca4b82829b2ea9c59789b9', 'project_domain_id': 'default', 'roles': ['member', 'reader'], 'is_admin_project': True, 'service_user_id': None, 'service_user_domain_id': None, 'service_project_id': None, 'service_project_domain_id': None, 'service_roles': []} {{(pid=113706) authorize /opt/stack/nova/nova/policy.py:199}}
May 25 15:58:22.566042 dv-cinder-791240-3-smb devstack@n-api.service[113706]: INFO nova.api.openstack.requestlog [None req-9c203334-9a54-42a1-b705-7ef5d7e07093 tempest-AttachVolumeShelveTestJSON-97944301 tempest-AttachVolumeShelveTestJSON-97944301-project] 10.222.0.64 "GET /compute/v2.1/servers/784c8849-96ac-455e-a097-f4282af21f15" status: 200 len: 1280 microversion: 2.20 time: 0.370852
May 25 15:58:22.567062 dv-cinder-791240-3-smb devstack@n-api.service[113706]: [pid: 113706|app: 0|req: 36/76] 10.222.0.64 () {60 vars in 1277 bytes} [Tue May 25 15:58:22 2021] GET /compute/v2.1/servers/784c8849-96ac-455e-a097-f4282af21f15 => generated 1280 bytes in 373 msecs (HTTP/1.1 200) 9 headers in 360 bytes (1 switches on core 0)
May 25 15:58:22.615446 dv-cinder-791240-3-smb devstack@n-api.service[113707]: DEBUG nova.policy [None req-413ad7f0-0ffe-453b-9b0b-55a9f45a3068 tempest-ServerRescueNegativeTestJSON-1667678360 tempest-ServerRescueNegativeTestJSON-1667678360-project] Policy check for os_compute_api:os-extended-server-attributes failed with credentials {'is_admin': False, 'user_id': 'dbfc36f02b5b4ed380c4c4ac643fd27f', 'user_domain_id': 'default', 'system_scope': None, 'domain_id': None, 'project_id': '04e857bfb6f94eaeb8c8db24b60f3bf2', 'project_domain_id': 'default', 'roles': ['member', 'reader'], 'is_admin_project': True, 'service_user_id': None, 'service_user_domain_id': None, 'service_project_id': None, 'service_project_domain_id': None, 'service_roles': []} {{(pid=113707) authorize /opt/stack/nova/nova/policy.py:199}}
May 25 15:58:22.630679 dv-cinder-791240-3-smb devstack@n-api.service[113707]: INFO nova.api.openstack.requestlog [None req-413ad7f0-0ffe-453b-9b0b-55a9f45a3068 tempest-ServerRescueNegativeTestJSON-1667678360 tempest-ServerRescueNegativeTestJSON-1667678360-project] 10.222.0.64 "GET /compute/v2.1/servers/2057f305-1f61-452b-82a3-1d7e81b369cb" status: 200 len: 1322 microversion: 2.1 time: 0.655337
May 25 15:58:22.631329 dv-cinder-791240-3-smb devstack@n-api.service[113707]: [pid: 113707|app: 0|req: 41/77] 10.222.0.64 () {58 vars in 1236 bytes} [Tue May 25 15:58:21 2021] GET /compute/v2.1/servers/2057f305-1f61-452b-82a3-1d7e81b369cb => generated 1322 bytes in 661 msecs (HTTP/1.1 200) 9 headers in 358 bytes (1 switches on core 0)
May 25 15:58:22.661456 dv-cinder-791240-3-smb devstack@n-api.service[113706]: DEBUG nova.api.openstack.wsgi [None req-8d19bd3f-565c-417e-91c2-3e42a806f4da tempest-DeleteServersTestJSON-843920400 tempest-DeleteServersTestJSON-843920400-project] Calling method '>' {{(pid=113706) _process_stack /opt/stack/nova/nova/api/openstack/wsgi.py:513}}
May 25 15:58:22.665600 dv-cinder-791240-3-smb devstack@n-api.service[113706]: DEBUG nova.compute.api [None req-8d19bd3f-565c-417e-91c2-3e42a806f4da tempest-DeleteServersTestJSON-843920400 tempest-DeleteServersTestJSON-843920400-project] [instance: 4ec0957f-1e73-4c26-abca-600f2b189e57] Fetching instance by UUID {{(pid=113706) get /opt/stack/nova/nova/compute/api.py:2790}}
May 25 15:58:22.680092 dv-cinder-791240-3-smb devstack@n-api.service[113706]: DEBUG oslo_concurrency.lockutils [None req-8d19bd3f-565c-417e-91c2-3e42a806f4da tempest-DeleteServersTestJSON-843920400 tempest-DeleteServersTestJSON-843920400-project] Lock "4289ade0-fbc7-4af0-98fd-47ab9b1e73f5" acquired by "nova.context.set_target_cell..get_or_set_cached_cell_and_set_connections" :: waited 0.000s {{(pid=113706) inner /usr/local/lib/python3.8/dist-packages/oslo_concurrency/lockutils.py:355}}
