May 25 15:57:56.042568 dv-cinder-791240-3-smb devstack@n-api.service[113707]: [pid: 113707|app: 0|req: 11/21] 10.222.0.64 () {58 vars in 1248 bytes} [Tue May 25 15:57:55 2021] DELETE /compute/v2.1/os-volumes/a14c913a-722f-4d7f-ab0b-35ed1c1d1357 => generated 0 bytes in 553 msecs (HTTP/1.1 202) 9 headers in 361 bytes (1 switches on core 0)
May 25 15:57:56.053696 dv-cinder-791240-3-smb devstack@n-api.service[113707]: DEBUG nova.api.openstack.wsgi [None req-32a8fcff-5c1b-4cc6-bf37-323c24bbbc31 tempest-VolumesSnapshotsTestJSON-1220762162 tempest-VolumesSnapshotsTestJSON-1220762162-project] Calling method '.version_select at 0x7f381b3a6790>' {{(pid=113707) _process_stack /opt/stack/nova/nova/api/openstack/wsgi.py:513}}
May 25 15:57:56.154536 dv-cinder-791240-3-smb devstack@n-api.service[113707]: INFO nova.api.openstack.requestlog [None req-32a8fcff-5c1b-4cc6-bf37-323c24bbbc31 tempest-VolumesSnapshotsTestJSON-1220762162 tempest-VolumesSnapshotsTestJSON-1220762162-project] 10.222.0.64 "GET /compute/v2.1/os-snapshots/3e890f1b-9ff8-45f8-972d-70a1e65279d1" status: 200 len: 287 microversion: 2.1 time: 0.110692
May 25 15:57:56.160208 dv-cinder-791240-3-smb devstack@n-api.service[113707]: [pid: 113707|app: 0|req: 12/22] 10.222.0.64 () {58 vars in 1251 bytes} [Tue May 25 15:57:56 2021] GET /compute/v2.1/os-snapshots/3e890f1b-9ff8-45f8-972d-70a1e65279d1 => generated 287 bytes in 112 msecs (HTTP/1.1 200) 9 headers in 357 bytes (1 switches on core 0)
May 25 15:57:56.160208 dv-cinder-791240-3-smb devstack@n-api.service[113707]: DEBUG nova.api.openstack.wsgi [None req-f49fc086-2fc9-41a6-b533-66631c0be2e1 tempest-VolumesGetTestJSON-1155952993 tempest-VolumesGetTestJSON-1155952993-project] Calling method '.version_select at 0x7f381b3aee50>' {{(pid=113707) _process_stack /opt/stack/nova/nova/api/openstack/wsgi.py:513}}
May 25 15:57:56.316964 dv-cinder-791240-3-smb devstack@n-api.service[113706]: DEBUG nova.policy [None req-6216bf91-fd3b-4d4c-b771-738effcaa7e4 tempest-AttachVolumeNegativeTest-8830779 tempest-AttachVolumeNegativeTest-8830779-project] Policy check for os_compute_api:os-extended-server-attributes failed with credentials {'is_admin': False, 'user_id': 'e86b1286cb7646148b8d774add02d0d9', 'user_domain_id': 'default', 'system_scope': None, 'domain_id': None, 'project_id': 'f22308123a90468fb1fd5c18d06a4780', 'project_domain_id': 'default', 'roles': ['member', 'reader'], 'is_admin_project': True, 'service_user_id': None, 'service_user_domain_id': None, 'service_project_id': None, 'service_project_domain_id': None, 'service_roles': []} {{(pid=113706) authorize /opt/stack/nova/nova/policy.py:199}}
May 25 15:57:56.331685 dv-cinder-791240-3-smb devstack@n-api.service[113706]: INFO nova.api.openstack.requestlog [None req-6216bf91-fd3b-4d4c-b771-738effcaa7e4 tempest-AttachVolumeNegativeTest-8830779 tempest-AttachVolumeNegativeTest-8830779-project] 10.222.0.64 "GET /compute/v2.1/servers/7c44dc10-b4c7-4692-b7b0-0e5556cb98f9" status: 200 len: 1218 microversion: 2.1 time: 0.318463
May 25 15:57:56.351235 dv-cinder-791240-3-smb devstack@n-api.service[113706]: [pid: 113706|app: 0|req: 11/23] 10.222.0.64 () {58 vars in 1236 bytes} [Tue May 25 15:57:56 2021] GET /compute/v2.1/servers/7c44dc10-b4c7-4692-b7b0-0e5556cb98f9 => generated 1218 bytes in 339 msecs (HTTP/1.1 200) 9 headers in 358 bytes (1 switches on core 0)
May 25 15:57:56.358919 dv-cinder-791240-3-smb devstack@n-api.service[113707]: INFO nova.api.openstack.requestlog [None req-f49fc086-2fc9-41a6-b533-66631c0be2e1 tempest-VolumesGetTestJSON-1155952993 tempest-VolumesGetTestJSON-1155952993-project] 10.222.0.64 "GET /compute/v2.1/os-volumes/a14c913a-722f-4d7f-ab0b-35ed1c1d1357" status: 200 len: 353 microversion: 2.1 time: 0.202673
May 25 15:57:56.359496 dv-cinder-791240-3-smb devstack@n-api.service[113707]: [pid: 113707|app: 0|req: 13/24] 10.222.0.64 () {58 vars in 1245 bytes} [Tue May 25 15:57:56 2021] GET /compute/v2.1/os-volumes/a14c913a-722f-4d7f-ab0b-35ed1c1d1357 => generated 353 bytes in 204 msecs (HTTP/1.1 200) 9 headers in 357 bytes (1 switches on core 0)
May 25 15:57:56.365695 dv-cinder-791240-3-smb devstack@n-api.service[113706]: DEBUG nova.api.openstack.wsgi [None req-baf8dd03-1878-41ed-8a08-5006f1918fae tempest-VolumesSnapshotsTestJSON-1220762162 tempest-VolumesSnapshotsTestJSON-1220762162-project] Calling method '.version_select at 0x7f381b391af0>' {{(pid=113706) _process_stack /opt/stack/nova/nova/api/openstack/wsgi.py:513}}
May 25 15:57:56.443647 dv-cinder-791240-3-smb devstack@n-api.service[113706]: INFO nova.api.openstack.requestlog [None req-baf8dd03-1878-41ed-8a08-5006f1918fae tempest-VolumesSnapshotsTestJSON-1220762162 tempest-VolumesSnapshotsTestJSON-1220762162-project] 10.222.0.64 "GET /compute/v2.1/os-snapshots" status: 200 len: 290 microversion: 2.1 time: 0.090696
May 25 15:57:56.444803 dv-cinder-791240-3-smb devstack@n-api.service[113706]: [pid: 113706|app: 0|req: 12/25] 10.222.0.64 () {58 vars in 1140 bytes} [Tue May 25 15:57:56 2021] GET /compute/v2.1/os-snapshots => generated 290 bytes in 93 msecs (HTTP/1.1 200) 9 headers in 357 bytes (1 switches on core 0)
May 25 15:57:56.456223 dv-cinder-791240-3-smb devstack@n-api.service[113707]: DEBUG nova.api.openstack.wsgi [None req-1d6b01fc-5565-4a1b-aadb-6eb5d353fc68 tempest-VolumesSnapshotsTestJSON-1220762162 tempest-VolumesSnapshotsTestJSON-1220762162-project] Calling method '.version_select at 0x7f381b3a6940>' {{(pid=113707) _process_stack /opt/stack/nova/nova/api/openstack/wsgi.py:513}}
May 25 15:57:56.503705 dv-cinder-791240-3-smb devstack@n-api.service[113706]: DEBUG nova.api.openstack.wsgi [None req-1861c0ff-5b57-4476-8f82-79d59f940e72 tempest-DeleteServersTestJSON-843920400 tempest-DeleteServersTestJSON-843920400-project] Calling method '>' {{(pid=113706) _process_stack /opt/stack/nova/nova/api/openstack/wsgi.py:513}}
May 25 15:57:56.504357 dv-cinder-791240-3-smb devstack@n-api.service[113706]: DEBUG nova.compute.api [None req-1861c0ff-5b57-4476-8f82-79d59f940e72 tempest-DeleteServersTestJSON-843920400 tempest-DeleteServersTestJSON-843920400-project] [instance: 4ec0957f-1e73-4c26-abca-600f2b189e57] Fetching instance by UUID {{(pid=113706) get /opt/stack/nova/nova/compute/api.py:2790}}
May 25 15:57:56.572397 dv-cinder-791240-3-smb devstack@n-api.service[113707]: INFO nova.api.openstack.requestlog [None req-1d6b01fc-5565-4a1b-aadb-6eb5d353fc68 tempest-VolumesSnapshotsTestJSON-1220762162 tempest-VolumesSnapshotsTestJSON-1220762162-project] 10.222.0.64 "GET /compute/v2.1/os-snapshots/3e890f1b-9ff8-45f8-972d-70a1e65279d1" status: 200 len: 287 microversion: 2.1 time: 0.119973
May 25 15:57:56.573002 dv-cinder-791240-3-smb devstack@n-api.service[113707]: [pid: 113707|app: 0|req: 14/26] 10.222.0.64 () {58 vars in 1251 bytes} [Tue May 25 15:57:56 2021] GET /compute/v2.1/os-snapshots/3e890f1b-9ff8-45f8-972d-70a1e65279d1 => generated 287 bytes in 122 msecs (HTTP/1.1 200) 9 headers in 357 bytes (1 switches on core 0)
May 25 15:57:56.801808 dv-cinder-791240-3-smb devstack@n-api.service[113706]: DEBUG nova.policy [None req-1861c0ff-5b57-4476-8f82-79d59f940e72 tempest-DeleteServersTestJSON-843920400 tempest-DeleteServersTestJSON-843920400-project] Policy check for os_compute_api:os-extended-server-attributes failed with credentials {'is_admin': False, 'user_id': 'ed97ba39ea314b189192a2112c8cab48', 'user_domain_id': 'default', 'system_scope': None, 'domain_id': None, 'project_id': '6e528a175aa440a38dfe5d35a22c7232', 'project_domain_id': 'default', 'roles': ['member', 'reader'], 'is_admin_project': True, 'service_user_id': None, 'service_user_domain_id': None, 'service_project_id': None, 'service_project_domain_id': None, 'service_roles': []} {{(pid=113706) authorize /opt/stack/nova/nova/policy.py:199}}
May 25 15:57:56.816358 dv-cinder-791240-3-smb devstack@n-api.service[113706]: INFO nova.api.openstack.requestlog [None req-1861c0ff-5b57-4476-8f82-79d59f940e72 tempest-DeleteServersTestJSON-843920400 tempest-DeleteServersTestJSON-843920400-project] 10.222.0.64 "GET /compute/v2.1/servers/4ec0957f-1e73-4c26-abca-600f2b189e57" status: 200 len: 1215 microversion: 2.1 time: 0.313997
May 25 15:57:56.819509 dv-cinder-791240-3-smb devstack@n-api.service[113706]: [pid: 113706|app: 0|req: 13/27] 10.222.0.64 () {58 vars in 1236 bytes} [Tue May 25 15:57:56 2021] GET /compute/v2.1/servers/4ec0957f-1e73-4c26-abca-600f2b189e57 => generated 1215 bytes in 321 msecs (HTTP/1.1 200) 9 headers in 358 bytes (1 switches on core 0)
May 25 15:57:57.352409 dv-cinder-791240-3-smb devstack@n-api.service[113707]: DEBUG nova.api.openstack.wsgi [None req-fc58d57d-d222-4354-af15-9092cbe0e9b0 tempest-AttachVolumeNegativeTest-8830779 tempest-AttachVolumeNegativeTest-8830779-project] Calling method '>' {{(pid=113707) _process_stack /opt/stack/nova/nova/api/openstack/wsgi.py:513}}
May 25 15:57:57.354766 dv-cinder-791240-3-smb devstack@n-api.service[113707]: DEBUG nova.compute.api [None req-fc58d57d-d222-4354-af15-9092cbe0e9b0 tempest-AttachVolumeNegativeTest-8830779 tempest-AttachVolumeNegativeTest-8830779-project] [instance: 7c44dc10-b4c7-4692-b7b0-0e5556cb98f9] Fetching instance by UUID {{(pid=113707) get /opt/stack/nova/nova/compute/api.py:2790}}
May 25 15:57:57.372016 dv-cinder-791240-3-smb devstack@n-api.service[113706]: DEBUG nova.api.openstack.wsgi [None req-62d30670-a384-41ed-ba3c-2c6d68a8d3f4 tempest-VolumesGetTestJSON-1155952993 tempest-VolumesGetTestJSON-1155952993-project] Calling method '.version_select at 0x7f381b3b3c10>' {{(pid=113706) _process_stack /opt/stack/nova/nova/api/openstack/wsgi.py:513}}
May 25 15:57:57.383646 dv-cinder-791240-3-smb devstack@n-api.service[113707]: DEBUG oslo_concurrency.lockutils [None req-fc58d57d-d222-4354-af15-9092cbe0e9b0 tempest-AttachVolumeNegativeTest-8830779 tempest-AttachVolumeNegativeTest-8830779-project] Lock "4289ade0-fbc7-4af0-98fd-47ab9b1e73f5" acquired by "nova.context.set_target_cell..get_or_set_cached_cell_and_set_connections" :: waited 0.000s {{(pid=113707) inner /usr/local/lib/python3.8/dist-packages/oslo_concurrency/lockutils.py:355}}
May 25 15:57:57.386450 dv-cinder-791240-3-smb devstack@n-api.service[113707]: DEBUG oslo_concurrency.lockutils [None req-fc58d57d-d222-4354-af15-9092cbe0e9b0 tempest-AttachVolumeNegativeTest-8830779 tempest-AttachVolumeNegativeTest-8830779-project] Lock "4289ade0-fbc7-4af0-98fd-47ab9b1e73f5" released by "nova.context.set_target_cell..get_or_set_cached_cell_and_set_connections" :: held 0.001s {{(pid=113707) inner /usr/local/lib/python3.8/dist-packages/oslo_concurrency/lockutils.py:367}}
May 25 15:57:57.392711 dv-cinder-791240-3-smb devstack@n-api.service[113707]: DEBUG oslo_concurrency.lockutils [None req-fc58d57d-d222-4354-af15-9092cbe0e9b0 tempest-AttachVolumeNegativeTest-8830779 tempest-AttachVolumeNegativeTest-8830779-project] Lock "4289ade0-fbc7-4af0-98fd-47ab9b1e73f5" acquired by "nova.context.set_target_cell..get_or_set_cached_cell_and_set_connections" :: waited 0.000s {{(pid=113707) inner /usr/local/lib/python3.8/dist-packages/oslo_concurrency/lockutils.py:355}}
May 25 15:57:57.393179 dv-cinder-791240-3-smb devstack@n-api.service[113707]: DEBUG oslo_concurrency.lockutils [None req-fc58d57d-d222-4354-af15-9092cbe0e9b0 tempest-AttachVolumeNegativeTest-8830779 tempest-AttachVolumeNegativeTest-8830779-project] Lock "4289ade0-fbc7-4af0-98fd-47ab9b1e73f5" released by "nova.context.set_target_cell..get_or_set_cached_cell_and_set_connections" :: held 0.001s {{(pid=113707) inner /usr/local/lib/python3.8/dist-packages/oslo_concurrency/lockutils.py:367}}
May 25 15:57:57.560070 dv-cinder-791240-3-smb devstack@n-api.service[113706]: INFO nova.api.openstack.wsgi [None req-62d30670-a384-41ed-ba3c-2c6d68a8d3f4 tempest-VolumesGetTestJSON-1155952993 tempest-VolumesGetTestJSON-1155952993-project] HTTP exception thrown: Volume a14c913a-722f-4d7f-ab0b-35ed1c1d1357 could not be found.
May 25 15:57:57.561071 dv-cinder-791240-3-smb devstack@n-api.service[113706]: DEBUG nova.api.openstack.wsgi [None req-62d30670-a384-41ed-ba3c-2c6d68a8d3f4 tempest-VolumesGetTestJSON-1155952993 tempest-VolumesGetTestJSON-1155952993-project] Returning 404 to user: Volume a14c913a-722f-4d7f-ab0b-35ed1c1d1357 could not be found. {{(pid=113706) __call__ /opt/stack/nova/nova/api/openstack/wsgi.py:927}}
May 25 15:57:57.562247 dv-cinder-791240-3-smb devstack@n-api.service[113706]: INFO nova.api.openstack.requestlog [None req-62d30670-a384-41ed-ba3c-2c6d68a8d3f4 tempest-VolumesGetTestJSON-1155952993 tempest-VolumesGetTestJSON-1155952993-project] 10.222.0.64 "GET /compute/v2.1/os-volumes/a14c913a-722f-4d7f-ab0b-35ed1c1d1357" status: 404 len: 109 microversion: 2.1 time: 0.194360
May 25 15:57:57.563714 dv-cinder-791240-3-smb devstack@n-api.service[113706]: [pid: 113706|app: 0|req: 14/28] 10.222.0.64 () {58 vars in 1245 bytes} [Tue May 25 15:57:57 2021] GET /compute/v2.1/os-volumes/a14c913a-722f-4d7f-ab0b-35ed1c1d1357 => generated 109 bytes in 197 msecs (HTTP/1.1 404) 9 headers in 379 bytes (2 switches on core 0)
May 25 15:57:57.585391 dv-cinder-791240-3-smb devstack@n-api.service[113706]: DEBUG nova.api.openstack.wsgi [None req-38647cc4-214e-4c35-92b8-70642be6375b tempest-VolumesSnapshotsTestJSON-1220762162 tempest-VolumesSnapshotsTestJSON-1220762162-project] Calling method '.version_select at 0x7f381b3ac790>' {{(pid=113706) _process_stack /opt/stack/nova/nova/api/openstack/wsgi.py:513}}
May 25 15:57:57.693079 dv-cinder-791240-3-smb devstack@n-api.service[113706]: INFO nova.api.openstack.requestlog [None req-38647cc4-214e-4c35-92b8-70642be6375b tempest-VolumesSnapshotsTestJSON-1220762162 tempest-VolumesSnapshotsTestJSON-1220762162-project] 10.222.0.64 "GET /compute/v2.1/os-snapshots/3e890f1b-9ff8-45f8-972d-70a1e65279d1" status: 200 len: 288 microversion: 2.1 time: 0.111733
May 25 15:57:57.693950 dv-cinder-791240-3-smb devstack@n-api.service[113706]: [pid: 113706|app: 0|req: 15/29] 10.222.0.64 () {58 vars in 1251 bytes} [Tue May 25 15:57:57 2021] GET /compute/v2.1/os-snapshots/3e890f1b-9ff8-45f8-972d-70a1e65279d1 => generated 288 bytes in 113 msecs (HTTP/1.1 200) 9 headers in 357 bytes (1 switches on core 0)
May 25 15:57:57.704461 dv-cinder-791240-3-smb devstack@n-api.service[113706]: DEBUG nova.api.openstack.wsgi [None req-17c35236-82a1-4d0f-8edd-ab55c932321a tempest-VolumesSnapshotsTestJSON-1220762162 tempest-VolumesSnapshotsTestJSON-1220762162-project] Calling method '.version_select at 0x7f381b391670>' {{(pid=113706) _process_stack /opt/stack/nova/nova/api/openstack/wsgi.py:513}}
May 25 15:57:57.807856 dv-cinder-791240-3-smb devstack@n-api.service[113707]: DEBUG nova.policy [None req-fc58d57d-d222-4354-af15-9092cbe0e9b0 tempest-AttachVolumeNegativeTest-8830779 tempest-AttachVolumeNegativeTest-8830779-project] Policy check for os_compute_api:os-extended-server-attributes failed with credentials {'is_admin': False, 'user_id': 'e86b1286cb7646148b8d774add02d0d9', 'user_domain_id': 'default', 'system_scope': None, 'domain_id': None, 'project_id': 'f22308123a90468fb1fd5c18d06a4780', 'project_domain_id': 'default', 'roles': ['member', 'reader'], 'is_admin_project': True, 'service_user_id': None, 'service_user_domain_id': None, 'service_project_id': None, 'service_project_domain_id': None, 'service_roles': []} {{(pid=113707) authorize /opt/stack/nova/nova/policy.py:199}}
May 25 15:57:57.835808 dv-cinder-791240-3-smb devstack@n-api.service[113707]: INFO nova.api.openstack.requestlog [None req-fc58d57d-d222-4354-af15-9092cbe0e9b0 tempest-AttachVolumeNegativeTest-8830779 tempest-AttachVolumeNegativeTest-8830779-project] 10.222.0.64 "GET /compute/v2.1/servers/7c44dc10-b4c7-4692-b7b0-0e5556cb98f9" status: 200 len: 1222 microversion: 2.1 time: 0.490154
May 25 15:57:57.838760 dv-cinder-791240-3-smb devstack@n-api.service[113707]: [pid: 113707|app: 0|req: 15/30] 10.222.0.64 () {58 vars in 1236 bytes} [Tue May 25 15:57:57 2021] GET /compute/v2.1/servers/7c44dc10-b4c7-4692-b7b0-0e5556cb98f9 => generated 1222 bytes in 494 msecs (HTTP/1.1 200) 9 headers in 358 bytes (1 switches on core 0)
May 25 15:57:57.856246 dv-cinder-791240-3-smb devstack@n-api.service[113707]: DEBUG nova.api.openstack.wsgi [None req-56133423-88d4-4641-a164-5d31b0d718a2 tempest-DeleteServersTestJSON-843920400 tempest-DeleteServersTestJSON-843920400-project] Calling method '>' {{(pid=113707) _process_stack /opt/stack/nova/nova/api/openstack/wsgi.py:513}}
May 25 15:57:57.862090 dv-cinder-791240-3-smb devstack@n-api.service[113707]: DEBUG nova.compute.api [None req-56133423-88d4-4641-a164-5d31b0d718a2 tempest-DeleteServersTestJSON-843920400 tempest-DeleteServersTestJSON-843920400-project] [instance: 4ec0957f-1e73-4c26-abca-600f2b189e57] Fetching instance by UUID {{(pid=113707) get /opt/stack/nova/nova/compute/api.py:2790}}
May 25 15:57:57.879712 dv-cinder-791240-3-smb devstack@n-api.service[113707]: DEBUG oslo_concurrency.lockutils [None req-56133423-88d4-4641-a164-5d31b0d718a2 tempest-DeleteServersTestJSON-843920400 tempest-DeleteServersTestJSON-843920400-project] Lock "4289ade0-fbc7-4af0-98fd-47ab9b1e73f5" acquired by "nova.context.set_target_cell..get_or_set_cached_cell_and_set_connections" :: waited 0.000s {{(pid=113707) inner /usr/local/lib/python3.8/dist-packages/oslo_concurrency/lockutils.py:355}}
May 25 15:57:57.889412 dv-cinder-791240-3-smb devstack@n-api.service[113707]: DEBUG oslo_concurrency.lockutils [None req-56133423-88d4-4641-a164-5d31b0d718a2 tempest-DeleteServersTestJSON-843920400 tempest-DeleteServersTestJSON-843920400-project] Lock "4289ade0-fbc7-4af0-98fd-47ab9b1e73f5" released by "nova.context.set_target_cell..get_or_set_cached_cell_and_set_connections" :: held 0.009s {{(pid=113707) inner /usr/local/lib/python3.8/dist-packages/oslo_concurrency/lockutils.py:367}}
May 25 15:57:57.890574 dv-cinder-791240-3-smb devstack@n-api.service[113707]: DEBUG oslo_concurrency.lockutils [None req-56133423-88d4-4641-a164-5d31b0d718a2 tempest-DeleteServersTestJSON-843920400 tempest-DeleteServersTestJSON-843920400-project] Lock "4289ade0-fbc7-4af0-98fd-47ab9b1e73f5" acquired by "nova.context.set_target_cell..get_or_set_cached_cell_and_set_connections" :: waited 0.000s {{(pid=113707) inner /usr/local/lib/python3.8/dist-packages/oslo_concurrency/lockutils.py:355}}
May 25 15:57:57.897031 dv-cinder-791240-3-smb devstack@n-api.service[113707]: DEBUG oslo_concurrency.lockutils [None req-56133423-88d4-4641-a164-5d31b0d718a2 tempest-DeleteServersTestJSON-843920400 tempest-DeleteServersTestJSON-843920400-project] Lock "4289ade0-fbc7-4af0-98fd-47ab9b1e73f5" released by "nova.context.set_target_cell..get_or_set_cached_cell_and_set_connections" :: held 0.006s {{(pid=113707) inner /usr/local/lib/python3.8/dist-packages/oslo_concurrency/lockutils.py:367}}
May 25 15:57:58.077636 dv-cinder-791240-3-smb devstack@n-api.service[113706]: INFO nova.api.openstack.requestlog [None req-17c35236-82a1-4d0f-8edd-ab55c932321a tempest-VolumesSnapshotsTestJSON-1220762162 tempest-VolumesSnapshotsTestJSON-1220762162-project] 10.222.0.64 "DELETE /compute/v2.1/os-snapshots/3e890f1b-9ff8-45f8-972d-70a1e65279d1" status: 202 len: 0 microversion: 2.1 time: 0.376992
May 25 15:57:58.078444 dv-cinder-791240-3-smb devstack@n-api.service[113706]: [pid: 113706|app: 0|req: 16/31] 10.222.0.64 () {58 vars in 1254 bytes} [Tue May 25 15:57:57 2021] DELETE /compute/v2.1/os-snapshots/3e890f1b-9ff8-45f8-972d-70a1e65279d1 => generated 0 bytes in 379 msecs (HTTP/1.1 202) 9 headers in 361 bytes (2 switches on core 0)
May 25 15:57:58.090970 dv-cinder-791240-3-smb devstack@n-api.service[113706]: DEBUG nova.api.openstack.wsgi [None req-c6c5aa6a-1083-41d7-8bb8-12ef63931e22 tempest-VolumesSnapshotsTestJSON-1220762162 tempest-VolumesSnapshotsTestJSON-1220762162-project] Calling method '.version_select at 0x7f381b3b3e50>' {{(pid=113706) _process_stack /opt/stack/nova/nova/api/openstack/wsgi.py:513}}
May 25 15:57:58.195975 dv-cinder-791240-3-smb devstack@n-api.service[113706]: INFO nova.api.openstack.requestlog [None req-c6c5aa6a-1083-41d7-8bb8-12ef63931e22 tempest-VolumesSnapshotsTestJSON-1220762162 tempest-VolumesSnapshotsTestJSON-1220762162-project] 10.222.0.64 "GET /compute/v2.1/os-snapshots/3e890f1b-9ff8-45f8-972d-70a1e65279d1" status: 200 len: 287 microversion: 2.1 time: 0.112911
May 25 15:57:58.197231 dv-cinder-791240-3-smb devstack@n-api.service[113706]: [pid: 113706|app: 0|req: 17/32] 10.222.0.64 () {58 vars in 1251 bytes} [Tue May 25 15:57:58 2021] GET /compute/v2.1/os-snapshots/3e890f1b-9ff8-45f8-972d-70a1e65279d1 => generated 287 bytes in 115 msecs (HTTP/1.1 200) 9 headers in 357 bytes (1 switches on core 0)
May 25 15:57:58.360325 dv-cinder-791240-3-smb devstack@n-api.service[113707]: DEBUG nova.policy [None req-56133423-88d4-4641-a164-5d31b0d718a2 tempest-DeleteServersTestJSON-843920400 tempest-DeleteServersTestJSON-843920400-project] Policy check for os_compute_api:os-extended-server-attributes failed with credentials {'is_admin': False, 'user_id': 'ed97ba39ea314b189192a2112c8cab48', 'user_domain_id': 'default', 'system_scope': None, 'domain_id': None, 'project_id': '6e528a175aa440a38dfe5d35a22c7232', 'project_domain_id': 'default', 'roles': ['member', 'reader'], 'is_admin_project': True, 'service_user_id': None, 'service_user_domain_id': None, 'service_project_id': None, 'service_project_domain_id': None, 'service_roles': []} {{(pid=113707) authorize /opt/stack/nova/nova/policy.py:199}}
May 25 15:57:58.376889 dv-cinder-791240-3-smb devstack@n-api.service[113707]: INFO nova.api.openstack.requestlog [None req-56133423-88d4-4641-a164-5d31b0d718a2 tempest-DeleteServersTestJSON-843920400 tempest-DeleteServersTestJSON-843920400-project] 10.222.0.64 "GET /compute/v2.1/servers/4ec0957f-1e73-4c26-abca-600f2b189e57" status: 200 len: 1219 microversion: 2.1 time: 0.534879
May 25 15:57:58.377874 dv-cinder-791240-3-smb devstack@n-api.service[113707]: [pid: 113707|app: 0|req: 16/33] 10.222.0.64 () {58 vars in 1236 bytes} [Tue May 25 15:57:57 2021] GET /compute/v2.1/servers/4ec0957f-1e73-4c26-abca-600f2b189e57 => generated 1219 bytes in 536 msecs (HTTP/1.1 200) 9 headers in 358 bytes (1 switches on core 0)
May 25 15:57:58.855549 dv-cinder-791240-3-smb devstack@n-api.service[113706]: DEBUG nova.api.openstack.wsgi [None req-00e6fb1b-e287-4d42-badf-a278576e49a3 tempest-AttachVolumeNegativeTest-8830779 tempest-AttachVolumeNegativeTest-8830779-project] Calling method '>' {{(pid=113706) _process_stack /opt/stack/nova/nova/api/openstack/wsgi.py:513}}
May 25 15:57:58.856252 dv-cinder-791240-3-smb devstack@n-api.service[113706]: DEBUG nova.compute.api [None req-00e6fb1b-e287-4d42-badf-a278576e49a3 tempest-AttachVolumeNegativeTest-8830779 tempest-AttachVolumeNegativeTest-8830779-project] [instance: 7c44dc10-b4c7-4692-b7b0-0e5556cb98f9] Fetching instance by UUID {{(pid=113706) get /opt/stack/nova/nova/compute/api.py:2790}}
May 25 15:57:58.873793 dv-cinder-791240-3-smb devstack@n-api.service[113706]: DEBUG oslo_concurrency.lockutils [None req-00e6fb1b-e287-4d42-badf-a278576e49a3 tempest-AttachVolumeNegativeTest-8830779 tempest-AttachVolumeNegativeTest-8830779-project] Lock "4289ade0-fbc7-4af0-98fd-47ab9b1e73f5" acquired by "nova.context.set_target_cell..get_or_set_cached_cell_and_set_connections" :: waited 0.000s {{(pid=113706) inner /usr/local/lib/python3.8/dist-packages/oslo_concurrency/lockutils.py:355}}
May 25 15:57:58.874335 dv-cinder-791240-3-smb devstack@n-api.service[113706]: DEBUG oslo_concurrency.lockutils [None req-00e6fb1b-e287-4d42-badf-a278576e49a3 tempest-AttachVolumeNegativeTest-8830779 tempest-AttachVolumeNegativeTest-8830779-project] Lock "4289ade0-fbc7-4af0-98fd-47ab9b1e73f5" released by "nova.context.set_target_cell..get_or_set_cached_cell_and_set_connections" :: held 0.005s {{(pid=113706) inner /usr/local/lib/python3.8/dist-packages/oslo_concurrency/lockutils.py:367}}
May 25 15:57:58.875347 dv-cinder-791240-3-smb devstack@n-api.service[113706]: DEBUG oslo_concurrency.lockutils [None req-00e6fb1b-e287-4d42-badf-a278576e49a3 tempest-AttachVolumeNegativeTest-8830779 tempest-AttachVolumeNegativeTest-8830779-project] Lock "4289ade0-fbc7-4af0-98fd-47ab9b1e73f5" acquired by "nova.context.set_target_cell..get_or_set_cached_cell_and_set_connections" :: waited 0.000s {{(pid=113706) inner /usr/local/lib/python3.8/dist-packages/oslo_concurrency/lockutils.py:355}}
May 25 15:57:58.875812 dv-cinder-791240-3-smb devstack@n-api.service[113706]: DEBUG oslo_concurrency.lockutils [None req-00e6fb1b-e287-4d42-badf-a278576e49a3 tempest-AttachVolumeNegativeTest-8830779 tempest-AttachVolumeNegativeTest-8830779-project] Lock "4289ade0-fbc7-4af0-98fd-47ab9b1e73f5" released by "nova.context.set_target_cell..get_or_set_cached_cell_and_set_connections" :: held 0.000s {{(pid=113706) inner /usr/local/lib/python3.8/dist-packages/oslo_concurrency/lockutils.py:367}}
May 25 15:57:59.135012 dv-cinder-791240-3-smb devstack@n-api.service[113706]: DEBUG nova.policy [None req-00e6fb1b-e287-4d42-badf-a278576e49a3 tempest-AttachVolumeNegativeTest-8830779 tempest-AttachVolumeNegativeTest-8830779-project] Policy check for os_compute_api:os-extended-server-attributes failed with credentials {'is_admin': False, 'user_id': 'e86b1286cb7646148b8d774add02d0d9', 'user_domain_id': 'default', 'system_scope': None, 'domain_id': None, 'project_id': 'f22308123a90468fb1fd5c18d06a4780', 'project_domain_id': 'default', 'roles': ['member', 'reader'], 'is_admin_project': True, 'service_user_id': None, 'service_user_domain_id': None, 'service_project_id': None, 'service_project_domain_id': None, 'service_roles': []} {{(pid=113706) authorize /opt/stack/nova/nova/policy.py:199}}
May 25 15:57:59.173966 dv-cinder-791240-3-smb devstack@n-api.service[113706]: INFO nova.api.openstack.requestlog [None req-00e6fb1b-e287-4d42-badf-a278576e49a3 tempest-AttachVolumeNegativeTest-8830779 tempest-AttachVolumeNegativeTest-8830779-project] 10.222.0.64 "GET /compute/v2.1/servers/7c44dc10-b4c7-4692-b7b0-0e5556cb98f9" status: 200 len: 1270 microversion: 2.1 time: 0.322266
May 25 15:57:59.179021 dv-cinder-791240-3-smb devstack@n-api.service[113706]: [pid: 113706|app: 0|req: 18/34] 10.222.0.64 () {58 vars in 1236 bytes} [Tue May 25 15:57:58 2021] GET /compute/v2.1/servers/7c44dc10-b4c7-4692-b7b0-0e5556cb98f9 => generated 1270 bytes in 328 msecs (HTTP/1.1 200) 9 headers in 358 bytes (1 switches on core 0)
May 25 15:57:59.213862 dv-cinder-791240-3-smb devstack@n-api.service[113707]: DEBUG nova.api.openstack.wsgi [None req-423ff68c-c513-4f00-bc13-8f6df96727c3 tempest-VolumesSnapshotsTestJSON-1220762162 tempest-VolumesSnapshotsTestJSON-1220762162-project] Calling method '.version_select at 0x7f381ab22310>' {{(pid=113707) _process_stack /opt/stack/nova/nova/api/openstack/wsgi.py:513}}
May 25 15:57:59.297647 dv-cinder-791240-3-smb devstack@n-api.service[113707]: INFO nova.api.openstack.wsgi [None req-423ff68c-c513-4f00-bc13-8f6df96727c3 tempest-VolumesSnapshotsTestJSON-1220762162 tempest-VolumesSnapshotsTestJSON-1220762162-project] HTTP exception thrown: Snapshot 3e890f1b-9ff8-45f8-972d-70a1e65279d1 could not be found.
May 25 15:57:59.298274 dv-cinder-791240-3-smb devstack@n-api.service[113707]: DEBUG nova.api.openstack.wsgi [None req-423ff68c-c513-4f00-bc13-8f6df96727c3 tempest-VolumesSnapshotsTestJSON-1220762162 tempest-VolumesSnapshotsTestJSON-1220762162-project] Returning 404 to user: Snapshot 3e890f1b-9ff8-45f8-972d-70a1e65279d1 could not be found. {{(pid=113707) __call__ /opt/stack/nova/nova/api/openstack/wsgi.py:927}}
May 25 15:57:59.299166 dv-cinder-791240-3-smb devstack@n-api.service[113707]: INFO nova.api.openstack.requestlog [None req-423ff68c-c513-4f00-bc13-8f6df96727c3 tempest-VolumesSnapshotsTestJSON-1220762162 tempest-VolumesSnapshotsTestJSON-1220762162-project] 10.222.0.64 "GET /compute/v2.1/os-snapshots/3e890f1b-9ff8-45f8-972d-70a1e65279d1" status: 404 len: 111 microversion: 2.1 time: 0.094581
May 25 15:57:59.300005 dv-cinder-791240-3-smb devstack@n-api.service[113707]: [pid: 113707|app: 0|req: 17/35] 10.222.0.64 () {58 vars in 1251 bytes} [Tue May 25 15:57:59 2021] GET /compute/v2.1/os-snapshots/3e890f1b-9ff8-45f8-972d-70a1e65279d1 => generated 111 bytes in 96 msecs (HTTP/1.1 404) 9 headers in 379 bytes (1 switches on core 0)
May 25 15:57:59.308012 dv-cinder-791240-3-smb devstack@n-api.service[113706]: DEBUG nova.api.openstack.wsgi [None req-8c51cb1f-8ef7-421c-a0b8-8dcebcc6b5d2 tempest-VolumesSnapshotsTestJSON-1220762162 tempest-VolumesSnapshotsTestJSON-1220762162-project] Calling method '.version_select at 0x7f381ab34160>' {{(pid=113706) _process_stack /opt/stack/nova/nova/api/openstack/wsgi.py:513}}
May 25 15:57:59.393221 dv-cinder-791240-3-smb devstack@n-api.service[113707]: DEBUG nova.api.openstack.wsgi [None req-f944e332-1e3a-44d3-9aa0-f4acabc7d8bc tempest-DeleteServersTestJSON-843920400 tempest-DeleteServersTestJSON-843920400-project] Calling method '>' {{(pid=113707) _process_stack /opt/stack/nova/nova/api/openstack/wsgi.py:513}}
May 25 15:57:59.394108 dv-cinder-791240-3-smb devstack@n-api.service[113707]: DEBUG nova.compute.api [None req-f944e332-1e3a-44d3-9aa0-f4acabc7d8bc tempest-DeleteServersTestJSON-843920400 tempest-DeleteServersTestJSON-843920400-project] [instance: 4ec0957f-1e73-4c26-abca-600f2b189e57] Fetching instance by UUID {{(pid=113707) get /opt/stack/nova/nova/compute/api.py:2790}}
May 25 15:57:59.420393 dv-cinder-791240-3-smb devstack@n-api.service[113707]: DEBUG oslo_concurrency.lockutils [None req-f944e332-1e3a-44d3-9aa0-f4acabc7d8bc tempest-DeleteServersTestJSON-843920400 tempest-DeleteServersTestJSON-843920400-project] Lock "4289ade0-fbc7-4af0-98fd-47ab9b1e73f5" acquired by "nova.context.set_target_cell..get_or_set_cached_cell_and_set_connections" :: waited 0.000s {{(pid=113707) inner /usr/local/lib/python3.8/dist-packages/oslo_concurrency/lockutils.py:355}}
May 25 15:57:59.426339 dv-cinder-791240-3-smb devstack@n-api.service[113707]: DEBUG oslo_concurrency.lockutils [None req-f944e332-1e3a-44d3-9aa0-f4acabc7d8bc tempest-DeleteServersTestJSON-843920400 tempest-DeleteServersTestJSON-843920400-project] Lock "4289ade0-fbc7-4af0-98fd-47ab9b1e73f5" released by "nova.context.set_target_cell..get_or_set_cached_cell_and_set_connections" :: held 0.007s {{(pid=113707) inner /usr/local/lib/python3.8/dist-packages/oslo_concurrency/lockutils.py:367}}
May 25 15:57:59.432029 dv-cinder-791240-3-smb devstack@n-api.service[113707]: DEBUG oslo_concurrency.lockutils [None req-f944e332-1e3a-44d3-9aa0-f4acabc7d8bc tempest-DeleteServersTestJSON-843920400 tempest-DeleteServersTestJSON-843920400-project] Lock "4289ade0-fbc7-4af0-98fd-47ab9b1e73f5" acquired by "nova.context.set_target_cell..get_or_set_cached_cell_and_set_connections" :: waited 0.000s {{(pid=113707) inner /usr/local/lib/python3.8/dist-packages/oslo_concurrency/lockutils.py:355}}
May 25 15:57:59.441025 dv-cinder-791240-3-smb devstack@n-api.service[113707]: DEBUG oslo_concurrency.lockutils [None req-f944e332-1e3a-44d3-9aa0-f4acabc7d8bc tempest-DeleteServersTestJSON-843920400 tempest-DeleteServersTestJSON-843920400-project] Lock "4289ade0-fbc7-4af0-98fd-47ab9b1e73f5" released by "nova.context.set_target_cell..get_or_set_cached_cell_and_set_connections" :: held 0.009s {{(pid=113707) inner /usr/local/lib/python3.8/dist-packages/oslo_concurrency/lockutils.py:367}}
May 25 15:57:59.650936 dv-cinder-791240-3-smb devstack@n-api.service[113706]: INFO nova.api.openstack.requestlog [None req-8c51cb1f-8ef7-421c-a0b8-8dcebcc6b5d2 tempest-VolumesSnapshotsTestJSON-1220762162 tempest-VolumesSnapshotsTestJSON-1220762162-project] 10.222.0.64 "DELETE /compute/v2.1/os-volumes/31d7e5bb-419a-4c7d-9847-ca766382c5f1" status: 202 len: 0 microversion: 2.1 time: 0.346331
May 25 15:57:59.651562 dv-cinder-791240-3-smb devstack@n-api.service[113706]: [pid: 113706|app: 0|req: 19/36] 10.222.0.64 () {58 vars in 1248 bytes} [Tue May 25 15:57:59 2021] DELETE /compute/v2.1/os-volumes/31d7e5bb-419a-4c7d-9847-ca766382c5f1 => generated 0 bytes in 348 msecs (HTTP/1.1 202) 9 headers in 361 bytes (1 switches on core 0)
May 25 15:57:59.660313 dv-cinder-791240-3-smb devstack@n-api.service[113706]: DEBUG nova.api.openstack.wsgi [None req-7d6162cf-c9c4-4746-b821-7c243ad6ca75 tempest-VolumesSnapshotsTestJSON-1220762162 tempest-VolumesSnapshotsTestJSON-1220762162-project] Calling method '.version_select at 0x7f381aabb1f0>' {{(pid=113706) _process_stack /opt/stack/nova/nova/api/openstack/wsgi.py:513}}
May 25 15:57:59.803739 dv-cinder-791240-3-smb devstack@n-api.service[113707]: DEBUG nova.policy [None req-f944e332-1e3a-44d3-9aa0-f4acabc7d8bc tempest-DeleteServersTestJSON-843920400 tempest-DeleteServersTestJSON-843920400-project] Policy check for os_compute_api:os-extended-server-attributes failed with credentials {'is_admin': False, 'user_id': 'ed97ba39ea314b189192a2112c8cab48', 'user_domain_id': 'default', 'system_scope': None, 'domain_id': None, 'project_id': '6e528a175aa440a38dfe5d35a22c7232', 'project_domain_id': 'default', 'roles': ['member', 'reader'], 'is_admin_project': True, 'service_user_id': None, 'service_user_domain_id': None, 'service_project_id': None, 'service_project_domain_id': None, 'service_roles': []} {{(pid=113707) authorize /opt/stack/nova/nova/policy.py:199}}
May 25 15:57:59.848793 dv-cinder-791240-3-smb devstack@n-api.service[113707]: INFO nova.api.openstack.requestlog [None req-f944e332-1e3a-44d3-9aa0-f4acabc7d8bc tempest-DeleteServersTestJSON-843920400 tempest-DeleteServersTestJSON-843920400-project] 10.222.0.64 "GET /compute/v2.1/servers/4ec0957f-1e73-4c26-abca-600f2b189e57" status: 200 len: 1211 microversion: 2.1 time: 0.440129
May 25 15:57:59.852832 dv-cinder-791240-3-smb devstack@n-api.service[113707]: [pid: 113707|app: 0|req: 18/37] 10.222.0.64 () {58 vars in 1236 bytes} [Tue May 25 15:57:59 2021] GET /compute/v2.1/servers/4ec0957f-1e73-4c26-abca-600f2b189e57 => generated 1211 bytes in 464 msecs (HTTP/1.1 200) 9 headers in 358 bytes (2 switches on core 0)
May 25 15:57:59.915710 dv-cinder-791240-3-smb devstack@n-api.service[113706]: INFO nova.api.openstack.requestlog [None req-7d6162cf-c9c4-4746-b821-7c243ad6ca75 tempest-VolumesSnapshotsTestJSON-1220762162 tempest-VolumesSnapshotsTestJSON-1220762162-project] 10.222.0.64 "GET /compute/v2.1/os-volumes/31d7e5bb-419a-4c7d-9847-ca766382c5f1" status: 200 len: 345 microversion: 2.1 time: 0.259722
May 25 15:57:59.917402 dv-cinder-791240-3-smb devstack@n-api.service[113706]: [pid: 113706|app: 0|req: 20/38] 10.222.0.64 () {58 vars in 1245 bytes} [Tue May 25 15:57:59 2021] GET /compute/v2.1/os-volumes/31d7e5bb-419a-4c7d-9847-ca766382c5f1 => generated 345 bytes in 262 msecs (HTTP/1.1 200) 9 headers in 357 bytes (2 switches on core 0)
May 25 15:58:00.197454 dv-cinder-791240-3-smb devstack@n-api.service[113707]: DEBUG nova.api.openstack.wsgi [None req-1ccd7e71-101d-480c-b5d9-5700e8f6ee93 tempest-AttachVolumeNegativeTest-8830779 tempest-AttachVolumeNegativeTest-8830779-project] Calling method '>' {{(pid=113707) _process_stack /opt/stack/nova/nova/api/openstack/wsgi.py:513}}
May 25 15:58:00.198358 dv-cinder-791240-3-smb devstack@n-api.service[113707]: DEBUG nova.compute.api [None req-1ccd7e71-101d-480c-b5d9-5700e8f6ee93 tempest-AttachVolumeNegativeTest-8830779 tempest-AttachVolumeNegativeTest-8830779-project] [instance: 7c44dc10-b4c7-4692-b7b0-0e5556cb98f9] Fetching instance by UUID {{(pid=113707) get /opt/stack/nova/nova/compute/api.py:2790}}
May 25 15:58:00.213896 dv-cinder-791240-3-smb devstack@n-api.service[113707]: DEBUG oslo_concurrency.lockutils [None req-1ccd7e71-101d-480c-b5d9-5700e8f6ee93 tempest-AttachVolumeNegativeTest-8830779 tempest-AttachVolumeNegativeTest-8830779-project] Lock "4289ade0-fbc7-4af0-98fd-47ab9b1e73f5" acquired by "nova.context.set_target_cell..get_or_set_cached_cell_and_set_connections" :: waited 0.000s {{(pid=113707) inner /usr/local/lib/python3.8/dist-packages/oslo_concurrency/lockutils.py:355}}
May 25 15:58:00.214485 dv-cinder-791240-3-smb devstack@n-api.service[113707]: DEBUG oslo_concurrency.lockutils [None req-1ccd7e71-101d-480c-b5d9-5700e8f6ee93 tempest-AttachVolumeNegativeTest-8830779 tempest-AttachVolumeNegativeTest-8830779-project] Lock "4289ade0-fbc7-4af0-98fd-47ab9b1e73f5" released by "nova.context.set_target_cell..get_or_set_cached_cell_and_set_connections" :: held 0.001s {{(pid=113707) inner /usr/local/lib/python3.8/dist-packages/oslo_concurrency/lockutils.py:367}}
May 25 15:58:00.225370 dv-cinder-791240-3-smb devstack@n-api.service[113707]: DEBUG oslo_concurrency.lockutils [None req-1ccd7e71-101d-480c-b5d9-5700e8f6ee93 tempest-AttachVolumeNegativeTest-8830779 tempest-AttachVolumeNegativeTest-8830779-project] Lock "4289ade0-fbc7-4af0-98fd-47ab9b1e73f5" acquired by "nova.context.set_target_cell..get_or_set_cached_cell_and_set_connections" :: waited 0.000s {{(pid=113707) inner /usr/local/lib/python3.8/dist-packages/oslo_concurrency/lockutils.py:355}}
May 25 15:58:00.230361 dv-cinder-791240-3-smb devstack@n-api.service[113707]: DEBUG oslo_concurrency.lockutils [None req-1ccd7e71-101d-480c-b5d9-5700e8f6ee93 tempest-AttachVolumeNegativeTest-8830779 tempest-AttachVolumeNegativeTest-8830779-project] Lock "4289ade0-fbc7-4af0-98fd-47ab9b1e73f5" released by "nova.context.set_target_cell..get_or_set_cached_cell_and_set_connections" :: held 0.001s {{(pid=113707) inner /usr/local/lib/python3.8/dist-packages/oslo_concurrency/lockutils.py:367}}
May 25 15:58:00.614916 dv-cinder-791240-3-smb devstack@n-api.service[113707]: DEBUG nova.policy [None req-1ccd7e71-101d-480c-b5d9-5700e8f6ee93 tempest-AttachVolumeNegativeTest-8830779 tempest-AttachVolumeNegativeTest-8830779-project] Policy check for os_compute_api:os-extended-server-attributes failed with credentials {'is_admin': False, 'user_id': 'e86b1286cb7646148b8d774add02d0d9', 'user_domain_id': 'default', 'system_scope': None, 'domain_id': None, 'project_id': 'f22308123a90468fb1fd5c18d06a4780', 'project_domain_id': 'default', 'roles': ['member', 'reader'], 'is_admin_project': True, 'service_user_id': None, 'service_user_domain_id': None, 'service_project_id': None, 'service_project_domain_id': None, 'service_roles': []} {{(pid=113707) authorize /opt/stack/nova/nova/policy.py:199}}
May 25 15:58:00.628437 dv-cinder-791240-3-smb devstack@n-api.service[113707]: INFO nova.api.openstack.requestlog [None req-1ccd7e71-101d-480c-b5d9-5700e8f6ee93 tempest-AttachVolumeNegativeTest-8830779 tempest-AttachVolumeNegativeTest-8830779-project] 10.222.0.64 "GET /compute/v2.1/servers/7c44dc10-b4c7-4692-b7b0-0e5556cb98f9" status: 200 len: 1288 microversion: 2.1 time: 0.433131
May 25 15:58:00.629882 dv-cinder-791240-3-smb devstack@n-api.service[113707]: [pid: 113707|app: 0|req: 19/39] 10.222.0.64 () {58 vars in 1236 bytes} [Tue May 25 15:58:00 2021] GET /compute/v2.1/servers/7c44dc10-b4c7-4692-b7b0-0e5556cb98f9 => generated 1288 bytes in 438 msecs (HTTP/1.1 200) 9 headers in 358 bytes (1 switches on core 0)
May 25 15:58:00.876033 dv-cinder-791240-3-smb devstack@n-api.service[113706]: DEBUG nova.api.openstack.wsgi [None req-0724ad1d-c231-4c22-bca0-3ab3b75a1a28 tempest-DeleteServersTestJSON-843920400 tempest-DeleteServersTestJSON-843920400-project] Calling method '>' {{(pid=113706) _process_stack /opt/stack/nova/nova/api/openstack/wsgi.py:513}}
May 25 15:58:00.876033 dv-cinder-791240-3-smb devstack@n-api.service[113706]: DEBUG nova.compute.api [None req-0724ad1d-c231-4c22-bca0-3ab3b75a1a28 tempest-DeleteServersTestJSON-843920400 tempest-DeleteServersTestJSON-843920400-project] [instance: 4ec0957f-1e73-4c26-abca-600f2b189e57] Fetching instance by UUID {{(pid=113706) get /opt/stack/nova/nova/compute/api.py:2790}}
May 25 15:58:00.885509 dv-cinder-791240-3-smb devstack@n-api.service[113706]: DEBUG oslo_concurrency.lockutils [None req-0724ad1d-c231-4c22-bca0-3ab3b75a1a28 tempest-DeleteServersTestJSON-843920400 tempest-DeleteServersTestJSON-843920400-project] Lock "4289ade0-fbc7-4af0-98fd-47ab9b1e73f5" acquired by "nova.context.set_target_cell..get_or_set_cached_cell_and_set_connections" :: waited 0.000s {{(pid=113706) inner /usr/local/lib/python3.8/dist-packages/oslo_concurrency/lockutils.py:355}}
May 25 15:58:00.885987 dv-cinder-791240-3-smb devstack@n-api.service[113706]: DEBUG oslo_concurrency.lockutils [None req-0724ad1d-c231-4c22-bca0-3ab3b75a1a28 tempest-DeleteServersTestJSON-843920400 tempest-DeleteServersTestJSON-843920400-project] Lock "4289ade0-fbc7-4af0-98fd-47ab9b1e73f5" released by "nova.context.set_target_cell..get_or_set_cached_cell_and_set_connections" :: held 0.001s {{(pid=113706) inner /usr/local/lib/python3.8/dist-packages/oslo_concurrency/lockutils.py:367}}
May 25 15:58:00.886795 dv-cinder-791240-3-smb devstack@n-api.service[113706]: DEBUG oslo_concurrency.lockutils [None req-0724ad1d-c231-4c22-bca0-3ab3b75a1a28 tempest-DeleteServersTestJSON-843920400 tempest-DeleteServersTestJSON-843920400-project] Lock "4289ade0-fbc7-4af0-98fd-47ab9b1e73f5" acquired by "nova.context.set_target_cell..get_or_set_cached_cell_and_set_connections" :: waited 0.000s {{(pid=113706) inner /usr/local/lib/python3.8/dist-packages/oslo_concurrency/lockutils.py:355}}
May 25 15:58:00.887246 dv-cinder-791240-3-smb devstack@n-api.service[113706]: DEBUG oslo_concurrency.lockutils [None req-0724ad1d-c231-4c22-bca0-3ab3b75a1a28 tempest-DeleteServersTestJSON-843920400 tempest-DeleteServersTestJSON-843920400-project] Lock "4289ade0-fbc7-4af0-98fd-47ab9b1e73f5" released by "nova.context.set_target_cell..get_or_set_cached_cell_and_set_connections" :: held 0.000s {{(pid=113706) inner /usr/local/lib/python3.8/dist-packages/oslo_concurrency/lockutils.py:367}}
May 25 15:58:00.930525 dv-cinder-791240-3-smb devstack@n-api.service[113707]: DEBUG nova.api.openstack.wsgi [None req-07deb0b6-d1a9-42da-80b7-3d822392500a tempest-VolumesSnapshotsTestJSON-1220762162 tempest-VolumesSnapshotsTestJSON-1220762162-project] Calling method '.version_select at 0x7f381b3a6670>' {{(pid=113707) _process_stack /opt/stack/nova/nova/api/openstack/wsgi.py:513}}
May 25 15:58:01.090627 dv-cinder-791240-3-smb devstack@n-api.service[113707]: INFO nova.api.openstack.wsgi [None req-07deb0b6-d1a9-42da-80b7-3d822392500a tempest-VolumesSnapshotsTestJSON-1220762162 tempest-VolumesSnapshotsTestJSON-1220762162-project] HTTP exception thrown: Volume 31d7e5bb-419a-4c7d-9847-ca766382c5f1 could not be found.
May 25 15:58:01.092929 dv-cinder-791240-3-smb devstack@n-api.service[113707]: DEBUG nova.api.openstack.wsgi [None req-07deb0b6-d1a9-42da-80b7-3d822392500a tempest-VolumesSnapshotsTestJSON-1220762162 tempest-VolumesSnapshotsTestJSON-1220762162-project] Returning 404 to user: Volume 31d7e5bb-419a-4c7d-9847-ca766382c5f1 could not be found. {{(pid=113707) __call__ /opt/stack/nova/nova/api/openstack/wsgi.py:927}}
May 25 15:58:01.094100 dv-cinder-791240-3-smb devstack@n-api.service[113707]: INFO nova.api.openstack.requestlog [None req-07deb0b6-d1a9-42da-80b7-3d822392500a tempest-VolumesSnapshotsTestJSON-1220762162 tempest-VolumesSnapshotsTestJSON-1220762162-project] 10.222.0.64 "GET /compute/v2.1/os-volumes/31d7e5bb-419a-4c7d-9847-ca766382c5f1" status: 404 len: 109 microversion: 2.1 time: 0.167358
May 25 15:58:01.094919 dv-cinder-791240-3-smb devstack@n-api.service[113707]: [pid: 113707|app: 0|req: 20/40] 10.222.0.64 () {58 vars in 1245 bytes} [Tue May 25 15:58:00 2021] GET /compute/v2.1/os-volumes/31d7e5bb-419a-4c7d-9847-ca766382c5f1 => generated 109 bytes in 169 msecs (HTTP/1.1 404) 9 headers in 379 bytes (2 switches on core 0)
May 25 15:58:01.112566 dv-cinder-791240-3-smb devstack@n-api.service[113707]: DEBUG nova.api.openstack.wsgi [None req-ed013f7e-9c3c-415d-84be-1e955555b5ad tempest-VolumesSnapshotsTestJSON-1220762162 tempest-VolumesSnapshotsTestJSON-1220762162-project] Calling method '.version_select at 0x7f381aab88b0>' {{(pid=113707) _process_stack /opt/stack/nova/nova/api/openstack/wsgi.py:513}}
May 25 15:58:01.302955 dv-cinder-791240-3-smb devstack@n-api.service[113707]: INFO nova.api.openstack.wsgi [None req-ed013f7e-9c3c-415d-84be-1e955555b5ad tempest-VolumesSnapshotsTestJSON-1220762162 tempest-VolumesSnapshotsTestJSON-1220762162-project] HTTP exception thrown: Volume 31d7e5bb-419a-4c7d-9847-ca766382c5f1 could not be found.
May 25 15:58:01.302955 dv-cinder-791240-3-smb devstack@n-api.service[113707]: DEBUG nova.api.openstack.wsgi [None req-ed013f7e-9c3c-415d-84be-1e955555b5ad tempest-VolumesSnapshotsTestJSON-1220762162 tempest-VolumesSnapshotsTestJSON-1220762162-project] Returning 404 to user: Volume 31d7e5bb-419a-4c7d-9847-ca766382c5f1 could not be found. {{(pid=113707) __call__ /opt/stack/nova/nova/api/openstack/wsgi.py:927}}
May 25 15:58:01.302955 dv-cinder-791240-3-smb devstack@n-api.service[113707]: INFO nova.api.openstack.requestlog [None req-ed013f7e-9c3c-415d-84be-1e955555b5ad tempest-VolumesSnapshotsTestJSON-1220762162 tempest-VolumesSnapshotsTestJSON-1220762162-project] 10.222.0.64 "DELETE /compute/v2.1/os-volumes/31d7e5bb-419a-4c7d-9847-ca766382c5f1" status: 404 len: 109 microversion: 2.1 time: 0.195205
May 25 15:58:01.307396 dv-cinder-791240-3-smb devstack@n-api.service[113707]: [pid: 113707|app: 0|req: 21/41] 10.222.0.64 () {58 vars in 1248 bytes} [Tue May 25 15:58:01 2021] DELETE /compute/v2.1/os-volumes/31d7e5bb-419a-4c7d-9847-ca766382c5f1 => generated 109 bytes in 196 msecs (HTTP/1.1 404) 9 headers in 379 bytes (1 switches on core 0)
May 25 15:58:01.307484 dv-cinder-791240-3-smb devstack@n-api.service[113706]: DEBUG nova.policy [None req-0724ad1d-c231-4c22-bca0-3ab3b75a1a28 tempest-DeleteServersTestJSON-843920400 tempest-DeleteServersTestJSON-843920400-project] Policy check for os_compute_api:os-extended-server-attributes failed with credentials {'is_admin': False, 'user_id': 'ed97ba39ea314b189192a2112c8cab48', 'user_domain_id': 'default', 'system_scope': None, 'domain_id': None, 'project_id': '6e528a175aa440a38dfe5d35a22c7232', 'project_domain_id': 'default', 'roles': ['member', 'reader'], 'is_admin_project': True, 'service_user_id': None, 'service_user_domain_id': None, 'service_project_id': None, 'service_project_domain_id': None, 'service_roles': []} {{(pid=113706) authorize /opt/stack/nova/nova/policy.py:199}}
May 25 15:58:01.312066 dv-cinder-791240-3-smb devstack@n-api.service[113707]: DEBUG nova.api.openstack.wsgi [None req-a9d3cda2-3bb7-4357-8d90-df82d2530183 tempest-VolumesSnapshotsTestJSON-1220762162 tempest-VolumesSnapshotsTestJSON-1220762162-project] Calling method '.version_select at 0x7f381ab22f70>' {{(pid=113707) _process_stack /opt/stack/nova/nova/api/openstack/wsgi.py:513}}
May 25 15:58:01.317523 dv-cinder-791240-3-smb devstack@n-api.service[113706]: INFO nova.api.openstack.requestlog [None req-0724ad1d-c231-4c22-bca0-3ab3b75a1a28 tempest-DeleteServersTestJSON-843920400 tempest-DeleteServersTestJSON-843920400-project] 10.222.0.64 "GET /compute/v2.1/servers/4ec0957f-1e73-4c26-abca-600f2b189e57" status: 200 len: 1275 microversion: 2.1 time: 0.448005
May 25 15:58:01.323685 dv-cinder-791240-3-smb devstack@n-api.service[113706]: [pid: 113706|app: 0|req: 21/42] 10.222.0.64 () {58 vars in 1236 bytes} [Tue May 25 15:58:00 2021] GET /compute/v2.1/servers/4ec0957f-1e73-4c26-abca-600f2b189e57 => generated 1275 bytes in 455 msecs (HTTP/1.1 200) 9 headers in 358 bytes (1 switches on core 0)
May 25 15:58:01.519741 dv-cinder-791240-3-smb devstack@n-api.service[113707]: INFO nova.api.openstack.wsgi [None req-a9d3cda2-3bb7-4357-8d90-df82d2530183 tempest-VolumesSnapshotsTestJSON-1220762162 tempest-VolumesSnapshotsTestJSON-1220762162-project] HTTP exception thrown: Volume 31d7e5bb-419a-4c7d-9847-ca766382c5f1 could not be found.
May 25 15:58:01.520427 dv-cinder-791240-3-smb devstack@n-api.service[113707]: DEBUG nova.api.openstack.wsgi [None req-a9d3cda2-3bb7-4357-8d90-df82d2530183 tempest-VolumesSnapshotsTestJSON-1220762162 tempest-VolumesSnapshotsTestJSON-1220762162-project] Returning 404 to user: Volume 31d7e5bb-419a-4c7d-9847-ca766382c5f1 could not be found. {{(pid=113707) __call__ /opt/stack/nova/nova/api/openstack/wsgi.py:927}}
May 25 15:58:01.525917 dv-cinder-791240-3-smb devstack@n-api.service[113707]: INFO nova.api.openstack.requestlog [None req-a9d3cda2-3bb7-4357-8d90-df82d2530183 tempest-VolumesSnapshotsTestJSON-1220762162 tempest-VolumesSnapshotsTestJSON-1220762162-project] 10.222.0.64 "GET /compute/v2.1/os-volumes/31d7e5bb-419a-4c7d-9847-ca766382c5f1" status: 404 len: 109 microversion: 2.1 time: 0.214856
May 25 15:58:01.529598 dv-cinder-791240-3-smb devstack@n-api.service[113707]: [pid: 113707|app: 0|req: 22/43] 10.222.0.64 () {58 vars in 1245 bytes} [Tue May 25 15:58:01 2021] GET /compute/v2.1/os-volumes/31d7e5bb-419a-4c7d-9847-ca766382c5f1 => generated 109 bytes in 222 msecs (HTTP/1.1 404) 9 headers in 379 bytes (2 switches on core 0)
May 25 15:58:01.653560 dv-cinder-791240-3-smb devstack@n-api.service[113706]: DEBUG nova.api.openstack.wsgi [None req-9292eed4-1366-4e2d-b3fc-bc47aee8b4b3 tempest-AttachVolumeNegativeTest-8830779 tempest-AttachVolumeNegativeTest-8830779-project] Calling method '>' {{(pid=113706) _process_stack /opt/stack/nova/nova/api/openstack/wsgi.py:513}}
May 25 15:58:01.653560 dv-cinder-791240-3-smb devstack@n-api.service[113706]: DEBUG nova.compute.api [None req-9292eed4-1366-4e2d-b3fc-bc47aee8b4b3 tempest-AttachVolumeNegativeTest-8830779 tempest-AttachVolumeNegativeTest-8830779-project] [instance: 7c44dc10-b4c7-4692-b7b0-0e5556cb98f9] Fetching instance by UUID {{(pid=113706) get /opt/stack/nova/nova/compute/api.py:2790}}
May 25 15:58:01.665699 dv-cinder-791240-3-smb devstack@n-api.service[113706]: DEBUG oslo_concurrency.lockutils [None req-9292eed4-1366-4e2d-b3fc-bc47aee8b4b3 tempest-AttachVolumeNegativeTest-8830779 tempest-AttachVolumeNegativeTest-8830779-project] Lock "4289ade0-fbc7-4af0-98fd-47ab9b1e73f5" acquired by "nova.context.set_target_cell..get_or_set_cached_cell_and_set_connections" :: waited 0.000s {{(pid=113706) inner /usr/local/lib/python3.8/dist-packages/oslo_concurrency/lockutils.py:355}}
