May 20 09:01:03.961292 dv-cinder-790910-5-smb devstack@c-api.service[98494]: INFO cinder.api.openstack.wsgi [None req-5dd82323-94fa-4a10-80f5-3797b9ba33e9 tempest-QosSpecsTestJSON-2093251702 tempest-QosSpecsTestJSON-2093251702-project-admin] http://10.222.0.88/volume/v3/e96b26f0933e4bf086dee14b6ad86c69/types returned with HTTP 200
May 20 09:01:03.963151 dv-cinder-790910-5-smb devstack@c-api.service[98494]: [pid: 98494|app: 0|req: 151/281] 10.222.0.88 () {60 vars in 1229 bytes} [Thu May 20 09:01:03 2021] POST /volume/v3/e96b26f0933e4bf086dee14b6ad86c69/types => generated 222 bytes in 55 msecs (HTTP/1.1 200) 7 headers in 285 bytes (1 switches on core 0)
May 20 09:01:03.966565 dv-cinder-790910-5-smb devstack@c-api.service[98495]: DEBUG cinder.volume.api [None req-381228cd-f54c-477f-ac0e-de0cfc862f3b tempest-VolumesExtendTest-2147193295 tempest-VolumesExtendTest-2147193295-project] Flow 'volume_create_api' (e9c89c80-dc6a-4b7f-a38f-dfc1c763fbb3) transitioned into state 'SUCCESS' from state 'RUNNING' {{(pid=98495) _flow_receiver /usr/local/lib/python3.8/dist-packages/taskflow/listeners/logging.py:141}}
May 20 09:01:03.967301 dv-cinder-790910-5-smb devstack@c-api.service[98495]: INFO cinder.volume.api [None req-381228cd-f54c-477f-ac0e-de0cfc862f3b tempest-VolumesExtendTest-2147193295 tempest-VolumesExtendTest-2147193295-project] Create volume request issued successfully.
May 20 09:01:04.009263 dv-cinder-790910-5-smb devstack@c-api.service[98495]: INFO cinder.api.openstack.wsgi [None req-381228cd-f54c-477f-ac0e-de0cfc862f3b tempest-VolumesExtendTest-2147193295 tempest-VolumesExtendTest-2147193295-project] http://10.222.0.88/volume/v3/adf4460a5b014a81ae36fb196f1a20d0/volumes returned with HTTP 202
May 20 09:01:04.010277 dv-cinder-790910-5-smb devstack@c-api.service[98495]: [pid: 98495|app: 0|req: 131/282] 10.222.0.88 () {60 vars in 1236 bytes} [Thu May 20 09:01:03 2021] POST /volume/v3/adf4460a5b014a81ae36fb196f1a20d0/volumes => generated 817 bytes in 926 msecs (HTTP/1.1 202) 7 headers in 291 bytes (2 switches on core 0)
May 20 09:01:04.019498 dv-cinder-790910-5-smb devstack@c-api.service[98495]: INFO cinder.api.openstack.wsgi [None req-aeeaa0e6-0e90-4e2d-ab98-8edb5481bb1b tempest-QosSpecsTestJSON-2093251702 tempest-QosSpecsTestJSON-2093251702-project-admin] GET http://10.222.0.88/volume/v3/e96b26f0933e4bf086dee14b6ad86c69/qos-specs/012d31e3-af7e-4184-bb95-d2d61fec513b/associate?vol_type_id=74fd2bf9-729d-497f-b4c6-c3b9197d90df
May 20 09:01:04.019906 dv-cinder-790910-5-smb devstack@c-api.service[98495]: DEBUG cinder.api.openstack.wsgi [None req-aeeaa0e6-0e90-4e2d-ab98-8edb5481bb1b tempest-QosSpecsTestJSON-2093251702 tempest-QosSpecsTestJSON-2093251702-project-admin] Empty body provided in request {{(pid=98495) get_body /opt/stack/cinder/cinder/api/openstack/wsgi.py:713}}
May 20 09:01:04.020087 dv-cinder-790910-5-smb devstack@c-api.service[98495]: /usr/local/lib/python3.8/dist-packages/webob/acceptparse.py:1047: DeprecationWarning: The behavior of AcceptValidHeader.best_match is currently being maintained for backward compatibility, but it will be deprecated in the future, as it does not conform to the RFC.
May 20 09:01:04.020087 dv-cinder-790910-5-smb devstack@c-api.service[98495]: warnings.warn(
May 20 09:01:04.023085 dv-cinder-790910-5-smb devstack@c-api.service[98495]: DEBUG cinder.api.openstack.wsgi [None req-aeeaa0e6-0e90-4e2d-ab98-8edb5481bb1b tempest-QosSpecsTestJSON-2093251702 tempest-QosSpecsTestJSON-2093251702-project-admin] Calling method 'associate' {{(pid=98495) _process_stack /opt/stack/cinder/cinder/api/openstack/wsgi.py:866}}
May 20 09:01:04.024111 dv-cinder-790910-5-smb devstack@c-api.service[98495]: /usr/local/lib/python3.8/dist-packages/oslo_context/context.py:105: DeprecationWarning: Policy enforcement is depending on the value of is_admin. This key is deprecated. Please update your policy file to use the standard policy values.
May 20 09:01:04.024111 dv-cinder-790910-5-smb devstack@c-api.service[98495]: warnings.warn('Policy enforcement is depending on the value of '
May 20 09:01:04.027750 dv-cinder-790910-5-smb devstack@c-api.service[98495]: DEBUG cinder.api.contrib.qos_specs_manage [None req-aeeaa0e6-0e90-4e2d-ab98-8edb5481bb1b tempest-QosSpecsTestJSON-2093251702 tempest-QosSpecsTestJSON-2093251702-project-admin] Associate qos_spec: 012d31e3-af7e-4184-bb95-d2d61fec513b with type: 74fd2bf9-729d-497f-b4c6-c3b9197d90df {{(pid=98495) associate /opt/stack/cinder/cinder/api/contrib/qos_specs_manage.py:275}}
May 20 09:01:04.139397 dv-cinder-790910-5-smb devstack@c-api.service[98494]: INFO cinder.api.openstack.wsgi [None req-a1f72b44-570b-4f10-a91f-57eaa4d30fe8 tempest-VolumeTypesNegativeTest-1512250115 tempest-VolumeTypesNegativeTest-1512250115-project-admin] POST http://10.222.0.88/volume/v3/662235f6f2764c67954b3ac61043f94a/types
May 20 09:01:04.140297 dv-cinder-790910-5-smb devstack@c-api.service[98494]: DEBUG cinder.api.openstack.wsgi [None req-a1f72b44-570b-4f10-a91f-57eaa4d30fe8 tempest-VolumeTypesNegativeTest-1512250115 tempest-VolumeTypesNegativeTest-1512250115-project-admin] Action: 'create', calling method: _create, body: {"volume_type": {"name": "tempest-VolumeTypesNegativeTest-volume-type-1306647534", "os-volume-type-access:is_public": false}} {{(pid=98494) _process_stack /opt/stack/cinder/cinder/api/openstack/wsgi.py:864}}
May 20 09:01:04.147737 dv-cinder-790910-5-smb devstack@c-api.service[98495]: INFO cinder.api.openstack.wsgi [None req-aeeaa0e6-0e90-4e2d-ab98-8edb5481bb1b tempest-QosSpecsTestJSON-2093251702 tempest-QosSpecsTestJSON-2093251702-project-admin] http://10.222.0.88/volume/v3/e96b26f0933e4bf086dee14b6ad86c69/qos-specs/012d31e3-af7e-4184-bb95-d2d61fec513b/associate?vol_type_id=74fd2bf9-729d-497f-b4c6-c3b9197d90df returned with HTTP 202
May 20 09:01:04.148730 dv-cinder-790910-5-smb devstack@c-api.service[98495]: [pid: 98495|app: 0|req: 132/283] 10.222.0.88 () {58 vars in 1458 bytes} [Thu May 20 09:01:04 2021] GET /volume/v3/e96b26f0933e4bf086dee14b6ad86c69/qos-specs/012d31e3-af7e-4184-bb95-d2d61fec513b/associate?vol_type_id=74fd2bf9-729d-497f-b4c6-c3b9197d90df => generated 0 bytes in 138 msecs (HTTP/1.1 202) 6 headers in 233 bytes (1 switches on core 0)
May 20 09:01:04.153804 dv-cinder-790910-5-smb devstack@c-api.service[98495]: INFO cinder.api.openstack.wsgi [None req-f16e0bc4-0168-4820-8880-ce55517dba76 tempest-VolumesExtendTest-2147193295 tempest-VolumesExtendTest-2147193295-project] GET http://10.222.0.88/volume/v3/adf4460a5b014a81ae36fb196f1a20d0/volumes/16d8bc17-452b-4f6e-97d7-fb1cc6daf794
May 20 09:01:04.157289 dv-cinder-790910-5-smb devstack@c-api.service[98495]: DEBUG cinder.api.openstack.wsgi [None req-f16e0bc4-0168-4820-8880-ce55517dba76 tempest-VolumesExtendTest-2147193295 tempest-VolumesExtendTest-2147193295-project] Empty body provided in request {{(pid=98495) get_body /opt/stack/cinder/cinder/api/openstack/wsgi.py:713}}
May 20 09:01:04.157458 dv-cinder-790910-5-smb devstack@c-api.service[98495]: /usr/local/lib/python3.8/dist-packages/webob/acceptparse.py:1047: DeprecationWarning: The behavior of AcceptValidHeader.best_match is currently being maintained for backward compatibility, but it will be deprecated in the future, as it does not conform to the RFC.
May 20 09:01:04.157458 dv-cinder-790910-5-smb devstack@c-api.service[98495]: warnings.warn(
May 20 09:01:04.158122 dv-cinder-790910-5-smb devstack@c-api.service[98495]: DEBUG cinder.api.openstack.wsgi [None req-f16e0bc4-0168-4820-8880-ce55517dba76 tempest-VolumesExtendTest-2147193295 tempest-VolumesExtendTest-2147193295-project] Calling method 'show' {{(pid=98495) _process_stack /opt/stack/cinder/cinder/api/openstack/wsgi.py:866}}
May 20 09:01:04.209036 dv-cinder-790910-5-smb devstack@c-api.service[98495]: /usr/local/lib/python3.8/dist-packages/oslo_context/context.py:105: DeprecationWarning: Policy enforcement is depending on the value of is_admin. This key is deprecated. Please update your policy file to use the standard policy values.
May 20 09:01:04.209036 dv-cinder-790910-5-smb devstack@c-api.service[98495]: warnings.warn('Policy enforcement is depending on the value of '
May 20 09:01:04.214474 dv-cinder-790910-5-smb devstack@c-api.service[98494]: INFO cinder.api.openstack.wsgi [None req-a1f72b44-570b-4f10-a91f-57eaa4d30fe8 tempest-VolumeTypesNegativeTest-1512250115 tempest-VolumeTypesNegativeTest-1512250115-project-admin] http://10.222.0.88/volume/v3/662235f6f2764c67954b3ac61043f94a/types returned with HTTP 200
May 20 09:01:04.215572 dv-cinder-790910-5-smb devstack@c-api.service[98494]: [pid: 98494|app: 0|req: 152/284] 10.222.0.88 () {60 vars in 1230 bytes} [Thu May 20 09:01:03 2021] POST /volume/v3/662235f6f2764c67954b3ac61043f94a/types => generated 231 bytes in 251 msecs (HTTP/1.1 200) 7 headers in 285 bytes (1 switches on core 0)
May 20 09:01:04.219943 dv-cinder-790910-5-smb devstack@c-api.service[98495]: INFO cinder.volume.api [None req-f16e0bc4-0168-4820-8880-ce55517dba76 tempest-VolumesExtendTest-2147193295 tempest-VolumesExtendTest-2147193295-project] Volume info retrieved successfully.
May 20 09:01:04.223211 dv-cinder-790910-5-smb devstack@c-api.service[98494]: INFO cinder.api.openstack.wsgi [None req-e6521dc4-138a-4d47-95ad-c7d2e5c2a09e tempest-QosSpecsTestJSON-2093251702 tempest-QosSpecsTestJSON-2093251702-project-admin] GET http://10.222.0.88/volume/v3/e96b26f0933e4bf086dee14b6ad86c69/qos-specs/012d31e3-af7e-4184-bb95-d2d61fec513b/associate?vol_type_id=77d94f5e-09ba-4097-92e8-89aca16a5101
May 20 09:01:04.223521 dv-cinder-790910-5-smb devstack@c-api.service[98494]: DEBUG cinder.api.openstack.wsgi [None req-e6521dc4-138a-4d47-95ad-c7d2e5c2a09e tempest-QosSpecsTestJSON-2093251702 tempest-QosSpecsTestJSON-2093251702-project-admin] Empty body provided in request {{(pid=98494) get_body /opt/stack/cinder/cinder/api/openstack/wsgi.py:713}}
May 20 09:01:04.223934 dv-cinder-790910-5-smb devstack@c-api.service[98494]: DEBUG cinder.api.openstack.wsgi [None req-e6521dc4-138a-4d47-95ad-c7d2e5c2a09e tempest-QosSpecsTestJSON-2093251702 tempest-QosSpecsTestJSON-2093251702-project-admin] Calling method 'associate' {{(pid=98494) _process_stack /opt/stack/cinder/cinder/api/openstack/wsgi.py:866}}
May 20 09:01:04.225378 dv-cinder-790910-5-smb devstack@c-api.service[98494]: DEBUG cinder.api.contrib.qos_specs_manage [None req-e6521dc4-138a-4d47-95ad-c7d2e5c2a09e tempest-QosSpecsTestJSON-2093251702 tempest-QosSpecsTestJSON-2093251702-project-admin] Associate qos_spec: 012d31e3-af7e-4184-bb95-d2d61fec513b with type: 77d94f5e-09ba-4097-92e8-89aca16a5101 {{(pid=98494) associate /opt/stack/cinder/cinder/api/contrib/qos_specs_manage.py:275}}
May 20 09:01:04.263655 dv-cinder-790910-5-smb devstack@c-api.service[98495]: INFO cinder.api.openstack.wsgi [None req-f16e0bc4-0168-4820-8880-ce55517dba76 tempest-VolumesExtendTest-2147193295 tempest-VolumesExtendTest-2147193295-project] http://10.222.0.88/volume/v3/adf4460a5b014a81ae36fb196f1a20d0/volumes/16d8bc17-452b-4f6e-97d7-fb1cc6daf794 returned with HTTP 200
May 20 09:01:04.265975 dv-cinder-790910-5-smb devstack@c-api.service[98495]: [pid: 98495|app: 0|req: 133/285] 10.222.0.88 () {58 vars in 1325 bytes} [Thu May 20 09:01:04 2021] GET /volume/v3/adf4460a5b014a81ae36fb196f1a20d0/volumes/16d8bc17-452b-4f6e-97d7-fb1cc6daf794 => generated 909 bytes in 116 msecs (HTTP/1.1 200) 7 headers in 285 bytes (1 switches on core 0)
May 20 09:01:04.296654 dv-cinder-790910-5-smb devstack@c-api.service[98494]: INFO cinder.api.openstack.wsgi [None req-e6521dc4-138a-4d47-95ad-c7d2e5c2a09e tempest-QosSpecsTestJSON-2093251702 tempest-QosSpecsTestJSON-2093251702-project-admin] http://10.222.0.88/volume/v3/e96b26f0933e4bf086dee14b6ad86c69/qos-specs/012d31e3-af7e-4184-bb95-d2d61fec513b/associate?vol_type_id=77d94f5e-09ba-4097-92e8-89aca16a5101 returned with HTTP 202
May 20 09:01:04.297912 dv-cinder-790910-5-smb devstack@c-api.service[98494]: [pid: 98494|app: 0|req: 153/286] 10.222.0.88 () {58 vars in 1458 bytes} [Thu May 20 09:01:04 2021] GET /volume/v3/e96b26f0933e4bf086dee14b6ad86c69/qos-specs/012d31e3-af7e-4184-bb95-d2d61fec513b/associate?vol_type_id=77d94f5e-09ba-4097-92e8-89aca16a5101 => generated 0 bytes in 82 msecs (HTTP/1.1 202) 6 headers in 233 bytes (1 switches on core 0)
May 20 09:01:04.309973 dv-cinder-790910-5-smb devstack@c-api.service[98494]: INFO cinder.api.openstack.wsgi [None req-5bfae414-5b0a-40ae-a5d3-822d006d2727 tempest-QosSpecsTestJSON-2093251702 tempest-QosSpecsTestJSON-2093251702-project-admin] GET http://10.222.0.88/volume/v3/e96b26f0933e4bf086dee14b6ad86c69/qos-specs/012d31e3-af7e-4184-bb95-d2d61fec513b/associate?vol_type_id=2283e3e6-492a-4eda-83d0-60283ad63d95
May 20 09:01:04.310706 dv-cinder-790910-5-smb devstack@c-api.service[98494]: DEBUG cinder.api.openstack.wsgi [None req-5bfae414-5b0a-40ae-a5d3-822d006d2727 tempest-QosSpecsTestJSON-2093251702 tempest-QosSpecsTestJSON-2093251702-project-admin] Empty body provided in request {{(pid=98494) get_body /opt/stack/cinder/cinder/api/openstack/wsgi.py:713}}
May 20 09:01:04.310995 dv-cinder-790910-5-smb devstack@c-api.service[98494]: /usr/local/lib/python3.8/dist-packages/webob/acceptparse.py:1047: DeprecationWarning: The behavior of AcceptValidHeader.best_match is currently being maintained for backward compatibility, but it will be deprecated in the future, as it does not conform to the RFC.
May 20 09:01:04.310995 dv-cinder-790910-5-smb devstack@c-api.service[98494]: warnings.warn(
May 20 09:01:04.311521 dv-cinder-790910-5-smb devstack@c-api.service[98494]: DEBUG cinder.api.openstack.wsgi [None req-5bfae414-5b0a-40ae-a5d3-822d006d2727 tempest-QosSpecsTestJSON-2093251702 tempest-QosSpecsTestJSON-2093251702-project-admin] Calling method 'associate' {{(pid=98494) _process_stack /opt/stack/cinder/cinder/api/openstack/wsgi.py:866}}
May 20 09:01:04.312295 dv-cinder-790910-5-smb devstack@c-api.service[98494]: /usr/local/lib/python3.8/dist-packages/oslo_context/context.py:105: DeprecationWarning: Policy enforcement is depending on the value of is_admin. This key is deprecated. Please update your policy file to use the standard policy values.
May 20 09:01:04.312295 dv-cinder-790910-5-smb devstack@c-api.service[98494]: warnings.warn('Policy enforcement is depending on the value of '
May 20 09:01:04.313233 dv-cinder-790910-5-smb devstack@c-api.service[98494]: DEBUG cinder.api.contrib.qos_specs_manage [None req-5bfae414-5b0a-40ae-a5d3-822d006d2727 tempest-QosSpecsTestJSON-2093251702 tempest-QosSpecsTestJSON-2093251702-project-admin] Associate qos_spec: 012d31e3-af7e-4184-bb95-d2d61fec513b with type: 2283e3e6-492a-4eda-83d0-60283ad63d95 {{(pid=98494) associate /opt/stack/cinder/cinder/api/contrib/qos_specs_manage.py:275}}
May 20 09:01:04.394907 dv-cinder-790910-5-smb devstack@c-api.service[98494]: INFO cinder.api.openstack.wsgi [None req-5bfae414-5b0a-40ae-a5d3-822d006d2727 tempest-QosSpecsTestJSON-2093251702 tempest-QosSpecsTestJSON-2093251702-project-admin] http://10.222.0.88/volume/v3/e96b26f0933e4bf086dee14b6ad86c69/qos-specs/012d31e3-af7e-4184-bb95-d2d61fec513b/associate?vol_type_id=2283e3e6-492a-4eda-83d0-60283ad63d95 returned with HTTP 202
May 20 09:01:04.398722 dv-cinder-790910-5-smb devstack@c-api.service[98494]: [pid: 98494|app: 0|req: 154/287] 10.222.0.88 () {58 vars in 1458 bytes} [Thu May 20 09:01:04 2021] GET /volume/v3/e96b26f0933e4bf086dee14b6ad86c69/qos-specs/012d31e3-af7e-4184-bb95-d2d61fec513b/associate?vol_type_id=2283e3e6-492a-4eda-83d0-60283ad63d95 => generated 0 bytes in 95 msecs (HTTP/1.1 202) 6 headers in 233 bytes (1 switches on core 0)
May 20 09:01:04.407589 dv-cinder-790910-5-smb devstack@c-api.service[98494]: INFO cinder.api.openstack.wsgi [None req-0fc408ee-9928-42ea-b457-b9e609110e57 tempest-QosSpecsTestJSON-2093251702 tempest-QosSpecsTestJSON-2093251702-project-admin] GET http://10.222.0.88/volume/v3/e96b26f0933e4bf086dee14b6ad86c69/qos-specs/012d31e3-af7e-4184-bb95-d2d61fec513b/associations
May 20 09:01:04.408076 dv-cinder-790910-5-smb devstack@c-api.service[98494]: DEBUG cinder.api.openstack.wsgi [None req-0fc408ee-9928-42ea-b457-b9e609110e57 tempest-QosSpecsTestJSON-2093251702 tempest-QosSpecsTestJSON-2093251702-project-admin] Empty body provided in request {{(pid=98494) get_body /opt/stack/cinder/cinder/api/openstack/wsgi.py:713}}
May 20 09:01:04.408256 dv-cinder-790910-5-smb devstack@c-api.service[98494]: /usr/local/lib/python3.8/dist-packages/webob/acceptparse.py:1047: DeprecationWarning: The behavior of AcceptValidHeader.best_match is currently being maintained for backward compatibility, but it will be deprecated in the future, as it does not conform to the RFC.
May 20 09:01:04.408256 dv-cinder-790910-5-smb devstack@c-api.service[98494]: warnings.warn(
May 20 09:01:04.408958 dv-cinder-790910-5-smb devstack@c-api.service[98494]: DEBUG cinder.api.openstack.wsgi [None req-0fc408ee-9928-42ea-b457-b9e609110e57 tempest-QosSpecsTestJSON-2093251702 tempest-QosSpecsTestJSON-2093251702-project-admin] Calling method 'associations' {{(pid=98494) _process_stack /opt/stack/cinder/cinder/api/openstack/wsgi.py:866}}
May 20 09:01:04.409985 dv-cinder-790910-5-smb devstack@c-api.service[98494]: /usr/local/lib/python3.8/dist-packages/oslo_context/context.py:105: DeprecationWarning: Policy enforcement is depending on the value of is_admin. This key is deprecated. Please update your policy file to use the standard policy values.
May 20 09:01:04.409985 dv-cinder-790910-5-smb devstack@c-api.service[98494]: warnings.warn('Policy enforcement is depending on the value of '
May 20 09:01:04.410894 dv-cinder-790910-5-smb devstack@c-api.service[98494]: DEBUG cinder.api.contrib.qos_specs_manage [None req-0fc408ee-9928-42ea-b457-b9e609110e57 tempest-QosSpecsTestJSON-2093251702 tempest-QosSpecsTestJSON-2093251702-project-admin] Get associations for qos_spec id: 012d31e3-af7e-4184-bb95-d2d61fec513b {{(pid=98494) associations /opt/stack/cinder/cinder/api/contrib/qos_specs_manage.py:233}}
May 20 09:01:04.440614 dv-cinder-790910-5-smb devstack@c-api.service[98494]: INFO cinder.api.openstack.wsgi [None req-0fc408ee-9928-42ea-b457-b9e609110e57 tempest-QosSpecsTestJSON-2093251702 tempest-QosSpecsTestJSON-2093251702-project-admin] http://10.222.0.88/volume/v3/e96b26f0933e4bf086dee14b6ad86c69/qos-specs/012d31e3-af7e-4184-bb95-d2d61fec513b/associations returned with HTTP 200
May 20 09:01:04.445845 dv-cinder-790910-5-smb devstack@c-api.service[98494]: [pid: 98494|app: 0|req: 155/288] 10.222.0.88 () {58 vars in 1370 bytes} [Thu May 20 09:01:04 2021] GET /volume/v3/e96b26f0933e4bf086dee14b6ad86c69/qos-specs/012d31e3-af7e-4184-bb95-d2d61fec513b/associations => generated 446 bytes in 42 msecs (HTTP/1.1 200) 7 headers in 285 bytes (1 switches on core 0)
May 20 09:01:04.456897 dv-cinder-790910-5-smb devstack@c-api.service[98494]: INFO cinder.api.openstack.wsgi [None req-fe8f600e-d66d-48a9-8af1-6fdf48ce857d tempest-QosSpecsTestJSON-2093251702 tempest-QosSpecsTestJSON-2093251702-project-admin] GET http://10.222.0.88/volume/v3/e96b26f0933e4bf086dee14b6ad86c69/qos-specs/012d31e3-af7e-4184-bb95-d2d61fec513b/disassociate?vol_type_id=74fd2bf9-729d-497f-b4c6-c3b9197d90df
May 20 09:01:04.457554 dv-cinder-790910-5-smb devstack@c-api.service[98494]: DEBUG cinder.api.openstack.wsgi [None req-fe8f600e-d66d-48a9-8af1-6fdf48ce857d tempest-QosSpecsTestJSON-2093251702 tempest-QosSpecsTestJSON-2093251702-project-admin] Empty body provided in request {{(pid=98494) get_body /opt/stack/cinder/cinder/api/openstack/wsgi.py:713}}
May 20 09:01:04.457989 dv-cinder-790910-5-smb devstack@c-api.service[98494]: /usr/local/lib/python3.8/dist-packages/webob/acceptparse.py:1047: DeprecationWarning: The behavior of AcceptValidHeader.best_match is currently being maintained for backward compatibility, but it will be deprecated in the future, as it does not conform to the RFC.
May 20 09:01:04.457989 dv-cinder-790910-5-smb devstack@c-api.service[98494]: warnings.warn(
May 20 09:01:04.458939 dv-cinder-790910-5-smb devstack@c-api.service[98494]: DEBUG cinder.api.openstack.wsgi [None req-fe8f600e-d66d-48a9-8af1-6fdf48ce857d tempest-QosSpecsTestJSON-2093251702 tempest-QosSpecsTestJSON-2093251702-project-admin] Calling method 'disassociate' {{(pid=98494) _process_stack /opt/stack/cinder/cinder/api/openstack/wsgi.py:866}}
May 20 09:01:04.459572 dv-cinder-790910-5-smb devstack@c-api.service[98494]: /usr/local/lib/python3.8/dist-packages/oslo_context/context.py:105: DeprecationWarning: Policy enforcement is depending on the value of is_admin. This key is deprecated. Please update your policy file to use the standard policy values.
May 20 09:01:04.459572 dv-cinder-790910-5-smb devstack@c-api.service[98494]: warnings.warn('Policy enforcement is depending on the value of '
May 20 09:01:04.461032 dv-cinder-790910-5-smb devstack@c-api.service[98494]: DEBUG cinder.api.contrib.qos_specs_manage [None req-fe8f600e-d66d-48a9-8af1-6fdf48ce857d tempest-QosSpecsTestJSON-2093251702 tempest-QosSpecsTestJSON-2093251702-project-admin] Disassociate qos_spec: 012d31e3-af7e-4184-bb95-d2d61fec513b from type: 74fd2bf9-729d-497f-b4c6-c3b9197d90df {{(pid=98494) disassociate /opt/stack/cinder/cinder/api/contrib/qos_specs_manage.py:327}}
May 20 09:01:04.498587 dv-cinder-790910-5-smb devstack@c-api.service[98494]: INFO cinder.api.openstack.wsgi [None req-fe8f600e-d66d-48a9-8af1-6fdf48ce857d tempest-QosSpecsTestJSON-2093251702 tempest-QosSpecsTestJSON-2093251702-project-admin] http://10.222.0.88/volume/v3/e96b26f0933e4bf086dee14b6ad86c69/qos-specs/012d31e3-af7e-4184-bb95-d2d61fec513b/disassociate?vol_type_id=74fd2bf9-729d-497f-b4c6-c3b9197d90df returned with HTTP 202
May 20 09:01:04.500021 dv-cinder-790910-5-smb devstack@c-api.service[98494]: [pid: 98494|app: 0|req: 156/289] 10.222.0.88 () {58 vars in 1467 bytes} [Thu May 20 09:01:04 2021] GET /volume/v3/e96b26f0933e4bf086dee14b6ad86c69/qos-specs/012d31e3-af7e-4184-bb95-d2d61fec513b/disassociate?vol_type_id=74fd2bf9-729d-497f-b4c6-c3b9197d90df => generated 0 bytes in 51 msecs (HTTP/1.1 202) 6 headers in 233 bytes (1 switches on core 0)
May 20 09:01:04.510701 dv-cinder-790910-5-smb devstack@c-api.service[98494]: INFO cinder.api.openstack.wsgi [None req-c956b441-5550-40b1-a964-b4dc1c64c0a6 tempest-QosSpecsTestJSON-2093251702 tempest-QosSpecsTestJSON-2093251702-project-admin] GET http://10.222.0.88/volume/v3/e96b26f0933e4bf086dee14b6ad86c69/qos-specs/012d31e3-af7e-4184-bb95-d2d61fec513b/associations
May 20 09:01:04.511571 dv-cinder-790910-5-smb devstack@c-api.service[98494]: DEBUG cinder.api.openstack.wsgi [None req-c956b441-5550-40b1-a964-b4dc1c64c0a6 tempest-QosSpecsTestJSON-2093251702 tempest-QosSpecsTestJSON-2093251702-project-admin] Empty body provided in request {{(pid=98494) get_body /opt/stack/cinder/cinder/api/openstack/wsgi.py:713}}
May 20 09:01:04.511829 dv-cinder-790910-5-smb devstack@c-api.service[98494]: /usr/local/lib/python3.8/dist-packages/webob/acceptparse.py:1047: DeprecationWarning: The behavior of AcceptValidHeader.best_match is currently being maintained for backward compatibility, but it will be deprecated in the future, as it does not conform to the RFC.
May 20 09:01:04.511829 dv-cinder-790910-5-smb devstack@c-api.service[98494]: warnings.warn(
May 20 09:01:04.512386 dv-cinder-790910-5-smb devstack@c-api.service[98494]: DEBUG cinder.api.openstack.wsgi [None req-c956b441-5550-40b1-a964-b4dc1c64c0a6 tempest-QosSpecsTestJSON-2093251702 tempest-QosSpecsTestJSON-2093251702-project-admin] Calling method 'associations' {{(pid=98494) _process_stack /opt/stack/cinder/cinder/api/openstack/wsgi.py:866}}
May 20 09:01:04.513246 dv-cinder-790910-5-smb devstack@c-api.service[98494]: /usr/local/lib/python3.8/dist-packages/oslo_context/context.py:105: DeprecationWarning: Policy enforcement is depending on the value of is_admin. This key is deprecated. Please update your policy file to use the standard policy values.
May 20 09:01:04.513246 dv-cinder-790910-5-smb devstack@c-api.service[98494]: warnings.warn('Policy enforcement is depending on the value of '
May 20 09:01:04.515163 dv-cinder-790910-5-smb devstack@c-api.service[98494]: DEBUG cinder.api.contrib.qos_specs_manage [None req-c956b441-5550-40b1-a964-b4dc1c64c0a6 tempest-QosSpecsTestJSON-2093251702 tempest-QosSpecsTestJSON-2093251702-project-admin] Get associations for qos_spec id: 012d31e3-af7e-4184-bb95-d2d61fec513b {{(pid=98494) associations /opt/stack/cinder/cinder/api/contrib/qos_specs_manage.py:233}}
May 20 09:01:04.532966 dv-cinder-790910-5-smb devstack@c-api.service[98495]: INFO cinder.api.openstack.wsgi [None req-7dece6d1-cd6b-4321-b346-69ed4fa2f7f6 tempest-VolumeTypesNegativeTest-983612862 tempest-VolumeTypesNegativeTest-983612862-project] POST http://10.222.0.88/volume/v3/4248d4bb4f034f9d9293fce185077add/volumes
May 20 09:01:04.533361 dv-cinder-790910-5-smb devstack@c-api.service[98495]: /usr/local/lib/python3.8/dist-packages/webob/acceptparse.py:1047: DeprecationWarning: The behavior of AcceptValidHeader.best_match is currently being maintained for backward compatibility, but it will be deprecated in the future, as it does not conform to the RFC.
May 20 09:01:04.533361 dv-cinder-790910-5-smb devstack@c-api.service[98495]: warnings.warn(
May 20 09:01:04.533814 dv-cinder-790910-5-smb devstack@c-api.service[98495]: DEBUG cinder.api.openstack.wsgi [None req-7dece6d1-cd6b-4321-b346-69ed4fa2f7f6 tempest-VolumeTypesNegativeTest-983612862 tempest-VolumeTypesNegativeTest-983612862-project] Action: 'create', calling method: create, body: {"volume": {"volume_type": "9de2add6-32b6-43a7-ae08-a8c304ee18e4", "size": 1, "name": "tempest-VolumeTypesNegativeTest-Volume-760199777"}} {{(pid=98495) _process_stack /opt/stack/cinder/cinder/api/openstack/wsgi.py:864}}
May 20 09:01:04.535929 dv-cinder-790910-5-smb devstack@c-api.service[98495]: DEBUG cinder.api.v3.volumes [None req-7dece6d1-cd6b-4321-b346-69ed4fa2f7f6 tempest-VolumeTypesNegativeTest-983612862 tempest-VolumeTypesNegativeTest-983612862-project] Create volume request body: {'volume': {'volume_type': '9de2add6-32b6-43a7-ae08-a8c304ee18e4', 'size': 1, 'name': 'tempest-VolumeTypesNegativeTest-Volume-760199777'}} {{(pid=98495) create /opt/stack/cinder/cinder/api/v3/volumes.py:289}}
May 20 09:01:04.546554 dv-cinder-790910-5-smb devstack@c-api.service[98494]: INFO cinder.api.openstack.wsgi [None req-c956b441-5550-40b1-a964-b4dc1c64c0a6 tempest-QosSpecsTestJSON-2093251702 tempest-QosSpecsTestJSON-2093251702-project-admin] http://10.222.0.88/volume/v3/e96b26f0933e4bf086dee14b6ad86c69/qos-specs/012d31e3-af7e-4184-bb95-d2d61fec513b/associations returned with HTTP 200
May 20 09:01:04.547325 dv-cinder-790910-5-smb devstack@c-api.service[98494]: [pid: 98494|app: 0|req: 157/290] 10.222.0.88 () {58 vars in 1370 bytes} [Thu May 20 09:01:04 2021] GET /volume/v3/e96b26f0933e4bf086dee14b6ad86c69/qos-specs/012d31e3-af7e-4184-bb95-d2d61fec513b/associations => generated 304 bytes in 44 msecs (HTTP/1.1 200) 7 headers in 285 bytes (1 switches on core 0)
May 20 09:01:04.558801 dv-cinder-790910-5-smb devstack@c-api.service[98494]: INFO cinder.api.openstack.wsgi [None req-b5636f63-9515-4a83-9165-f68203118793 tempest-QosSpecsTestJSON-2093251702 tempest-QosSpecsTestJSON-2093251702-project-admin] GET http://10.222.0.88/volume/v3/e96b26f0933e4bf086dee14b6ad86c69/qos-specs/012d31e3-af7e-4184-bb95-d2d61fec513b/disassociate_all
May 20 09:01:04.559458 dv-cinder-790910-5-smb devstack@c-api.service[98495]: INFO cinder.api.openstack.wsgi [None req-7dece6d1-cd6b-4321-b346-69ed4fa2f7f6 tempest-VolumeTypesNegativeTest-983612862 tempest-VolumeTypesNegativeTest-983612862-project] http://10.222.0.88/volume/v3/4248d4bb4f034f9d9293fce185077add/volumes returned with HTTP 404
May 20 09:01:04.559706 dv-cinder-790910-5-smb devstack@c-api.service[98494]: DEBUG cinder.api.openstack.wsgi [None req-b5636f63-9515-4a83-9165-f68203118793 tempest-QosSpecsTestJSON-2093251702 tempest-QosSpecsTestJSON-2093251702-project-admin] Empty body provided in request {{(pid=98494) get_body /opt/stack/cinder/cinder/api/openstack/wsgi.py:713}}
May 20 09:01:04.559962 dv-cinder-790910-5-smb devstack@c-api.service[98494]: /usr/local/lib/python3.8/dist-packages/webob/acceptparse.py:1047: DeprecationWarning: The behavior of AcceptValidHeader.best_match is currently being maintained for backward compatibility, but it will be deprecated in the future, as it does not conform to the RFC.
May 20 09:01:04.559962 dv-cinder-790910-5-smb devstack@c-api.service[98494]: warnings.warn(
May 20 09:01:04.560413 dv-cinder-790910-5-smb devstack@c-api.service[98494]: DEBUG cinder.api.openstack.wsgi [None req-b5636f63-9515-4a83-9165-f68203118793 tempest-QosSpecsTestJSON-2093251702 tempest-QosSpecsTestJSON-2093251702-project-admin] Calling method 'disassociate_all' {{(pid=98494) _process_stack /opt/stack/cinder/cinder/api/openstack/wsgi.py:866}}
May 20 09:01:04.561199 dv-cinder-790910-5-smb devstack@c-api.service[98494]: /usr/local/lib/python3.8/dist-packages/oslo_context/context.py:105: DeprecationWarning: Policy enforcement is depending on the value of is_admin. This key is deprecated. Please update your policy file to use the standard policy values.
May 20 09:01:04.561199 dv-cinder-790910-5-smb devstack@c-api.service[98494]: warnings.warn('Policy enforcement is depending on the value of '
May 20 09:01:04.562116 dv-cinder-790910-5-smb devstack@c-api.service[98494]: DEBUG cinder.api.contrib.qos_specs_manage [None req-b5636f63-9515-4a83-9165-f68203118793 tempest-QosSpecsTestJSON-2093251702 tempest-QosSpecsTestJSON-2093251702-project-admin] Disassociate qos_spec: 012d31e3-af7e-4184-bb95-d2d61fec513b from all. {{(pid=98494) disassociate_all /opt/stack/cinder/cinder/api/contrib/qos_specs_manage.py:361}}
May 20 09:01:04.565240 dv-cinder-790910-5-smb devstack@c-api.service[98495]: [pid: 98495|app: 0|req: 134/291] 10.222.0.88 () {60 vars in 1236 bytes} [Thu May 20 09:01:04 2021] POST /volume/v3/4248d4bb4f034f9d9293fce185077add/volumes => generated 114 bytes in 298 msecs (HTTP/1.1 404) 7 headers in 292 bytes (1 switches on core 0)
May 20 09:01:04.569086 dv-cinder-790910-5-smb devstack@c-api.service[98495]: INFO cinder.api.openstack.wsgi [None req-9aaaea51-8f6d-4ded-86df-883564a17e90 tempest-VolumeTypesNegativeTest-1512250115 tempest-VolumeTypesNegativeTest-1512250115-project-admin] POST http://10.222.0.88/volume/v3/662235f6f2764c67954b3ac61043f94a/types
May 20 09:01:04.569835 dv-cinder-790910-5-smb devstack@c-api.service[98495]: DEBUG cinder.api.openstack.wsgi [None req-9aaaea51-8f6d-4ded-86df-883564a17e90 tempest-VolumeTypesNegativeTest-1512250115 tempest-VolumeTypesNegativeTest-1512250115-project-admin] Action: 'create', calling method: _create, body: {"volume_type": {"name": ""}} {{(pid=98495) _process_stack /opt/stack/cinder/cinder/api/openstack/wsgi.py:864}}
May 20 09:01:04.570904 dv-cinder-790910-5-smb devstack@c-api.service[98495]: INFO cinder.api.openstack.wsgi [None req-9aaaea51-8f6d-4ded-86df-883564a17e90 tempest-VolumeTypesNegativeTest-1512250115 tempest-VolumeTypesNegativeTest-1512250115-project-admin] http://10.222.0.88/volume/v3/662235f6f2764c67954b3ac61043f94a/types returned with HTTP 400
May 20 09:01:04.571881 dv-cinder-790910-5-smb devstack@c-api.service[98495]: [pid: 98495|app: 0|req: 135/292] 10.222.0.88 () {60 vars in 1229 bytes} [Thu May 20 09:01:04 2021] POST /volume/v3/662235f6f2764c67954b3ac61043f94a/types => generated 108 bytes in 6 msecs (HTTP/1.1 400) 7 headers in 294 bytes (2 switches on core 0)
May 20 09:01:04.585259 dv-cinder-790910-5-smb devstack@c-api.service[98495]: INFO cinder.api.openstack.wsgi [None req-e2593319-d558-4fa0-8631-d3a794725797 tempest-VolumeTypesNegativeTest-1512250115 tempest-VolumeTypesNegativeTest-1512250115-project-admin] DELETE http://10.222.0.88/volume/v3/662235f6f2764c67954b3ac61043f94a/types/b65d793a-1f58-4143-97b7-2cc1c71610fb
May 20 09:01:04.585869 dv-cinder-790910-5-smb devstack@c-api.service[98495]: DEBUG cinder.api.openstack.wsgi [None req-e2593319-d558-4fa0-8631-d3a794725797 tempest-VolumeTypesNegativeTest-1512250115 tempest-VolumeTypesNegativeTest-1512250115-project-admin] Empty body provided in request {{(pid=98495) get_body /opt/stack/cinder/cinder/api/openstack/wsgi.py:713}}
May 20 09:01:04.586180 dv-cinder-790910-5-smb devstack@c-api.service[98494]: INFO cinder.api.openstack.wsgi [None req-b5636f63-9515-4a83-9165-f68203118793 tempest-QosSpecsTestJSON-2093251702 tempest-QosSpecsTestJSON-2093251702-project-admin] http://10.222.0.88/volume/v3/e96b26f0933e4bf086dee14b6ad86c69/qos-specs/012d31e3-af7e-4184-bb95-d2d61fec513b/disassociate_all returned with HTTP 202
May 20 09:01:04.586781 dv-cinder-790910-5-smb devstack@c-api.service[98495]: DEBUG cinder.api.openstack.wsgi [None req-e2593319-d558-4fa0-8631-d3a794725797 tempest-VolumeTypesNegativeTest-1512250115 tempest-VolumeTypesNegativeTest-1512250115-project-admin] Calling method '_delete' {{(pid=98495) _process_stack /opt/stack/cinder/cinder/api/openstack/wsgi.py:866}}
May 20 09:01:04.587037 dv-cinder-790910-5-smb devstack@c-api.service[98494]: [pid: 98494|app: 0|req: 158/293] 10.222.0.88 () {58 vars in 1382 bytes} [Thu May 20 09:01:04 2021] GET /volume/v3/e96b26f0933e4bf086dee14b6ad86c69/qos-specs/012d31e3-af7e-4184-bb95-d2d61fec513b/disassociate_all => generated 0 bytes in 34 msecs (HTTP/1.1 202) 6 headers in 233 bytes (2 switches on core 0)
May 20 09:01:04.597060 dv-cinder-790910-5-smb devstack@c-api.service[98494]: INFO cinder.api.openstack.wsgi [None req-b7ad8d44-26b4-4a88-881e-f8cde8a1ad6c tempest-QosSpecsTestJSON-2093251702 tempest-QosSpecsTestJSON-2093251702-project-admin] GET http://10.222.0.88/volume/v3/e96b26f0933e4bf086dee14b6ad86c69/qos-specs/012d31e3-af7e-4184-bb95-d2d61fec513b/associations
May 20 09:01:04.597684 dv-cinder-790910-5-smb devstack@c-api.service[98494]: DEBUG cinder.api.openstack.wsgi [None req-b7ad8d44-26b4-4a88-881e-f8cde8a1ad6c tempest-QosSpecsTestJSON-2093251702 tempest-QosSpecsTestJSON-2093251702-project-admin] Empty body provided in request {{(pid=98494) get_body /opt/stack/cinder/cinder/api/openstack/wsgi.py:713}}
May 20 09:01:04.597928 dv-cinder-790910-5-smb devstack@c-api.service[98494]: /usr/local/lib/python3.8/dist-packages/webob/acceptparse.py:1047: DeprecationWarning: The behavior of AcceptValidHeader.best_match is currently being maintained for backward compatibility, but it will be deprecated in the future, as it does not conform to the RFC.
May 20 09:01:04.597928 dv-cinder-790910-5-smb devstack@c-api.service[98494]: warnings.warn(
May 20 09:01:04.598389 dv-cinder-790910-5-smb devstack@c-api.service[98494]: DEBUG cinder.api.openstack.wsgi [None req-b7ad8d44-26b4-4a88-881e-f8cde8a1ad6c tempest-QosSpecsTestJSON-2093251702 tempest-QosSpecsTestJSON-2093251702-project-admin] Calling method 'associations' {{(pid=98494) _process_stack /opt/stack/cinder/cinder/api/openstack/wsgi.py:866}}
May 20 09:01:04.599121 dv-cinder-790910-5-smb devstack@c-api.service[98494]: /usr/local/lib/python3.8/dist-packages/oslo_context/context.py:105: DeprecationWarning: Policy enforcement is depending on the value of is_admin. This key is deprecated. Please update your policy file to use the standard policy values.
May 20 09:01:04.599121 dv-cinder-790910-5-smb devstack@c-api.service[98494]: warnings.warn('Policy enforcement is depending on the value of '
May 20 09:01:04.599934 dv-cinder-790910-5-smb devstack@c-api.service[98494]: DEBUG cinder.api.contrib.qos_specs_manage [None req-b7ad8d44-26b4-4a88-881e-f8cde8a1ad6c tempest-QosSpecsTestJSON-2093251702 tempest-QosSpecsTestJSON-2093251702-project-admin] Get associations for qos_spec id: 012d31e3-af7e-4184-bb95-d2d61fec513b {{(pid=98494) associations /opt/stack/cinder/cinder/api/contrib/qos_specs_manage.py:233}}
May 20 09:01:04.607708 dv-cinder-790910-5-smb devstack@c-api.service[98495]: INFO cinder.api.openstack.wsgi [None req-e2593319-d558-4fa0-8631-d3a794725797 tempest-VolumeTypesNegativeTest-1512250115 tempest-VolumeTypesNegativeTest-1512250115-project-admin] http://10.222.0.88/volume/v3/662235f6f2764c67954b3ac61043f94a/types/b65d793a-1f58-4143-97b7-2cc1c71610fb returned with HTTP 404
May 20 09:01:04.609294 dv-cinder-790910-5-smb devstack@c-api.service[98495]: [pid: 98495|app: 0|req: 136/294] 10.222.0.88 () {58 vars in 1322 bytes} [Thu May 20 09:01:04 2021] DELETE /volume/v3/662235f6f2764c67954b3ac61043f94a/types/b65d793a-1f58-4143-97b7-2cc1c71610fb => generated 114 bytes in 33 msecs (HTTP/1.1 404) 7 headers in 292 bytes (1 switches on core 0)
May 20 09:01:04.618160 dv-cinder-790910-5-smb devstack@c-api.service[98495]: INFO cinder.api.openstack.wsgi [None req-505c6a79-33a6-4fe6-a875-c47c75d75602 tempest-VolumeTypesNegativeTest-1512250115 tempest-VolumeTypesNegativeTest-1512250115-project-admin] GET http://10.222.0.88/volume/v3/662235f6f2764c67954b3ac61043f94a/types/16b36928-5e73-43ef-9ce1-b90d2059b7d5
May 20 09:01:04.618845 dv-cinder-790910-5-smb devstack@c-api.service[98495]: DEBUG cinder.api.openstack.wsgi [None req-505c6a79-33a6-4fe6-a875-c47c75d75602 tempest-VolumeTypesNegativeTest-1512250115 tempest-VolumeTypesNegativeTest-1512250115-project-admin] Empty body provided in request {{(pid=98495) get_body /opt/stack/cinder/cinder/api/openstack/wsgi.py:713}}
May 20 09:01:04.619989 dv-cinder-790910-5-smb devstack@c-api.service[98495]: DEBUG cinder.api.openstack.wsgi [None req-505c6a79-33a6-4fe6-a875-c47c75d75602 tempest-VolumeTypesNegativeTest-1512250115 tempest-VolumeTypesNegativeTest-1512250115-project-admin] Calling method 'show' {{(pid=98495) _process_stack /opt/stack/cinder/cinder/api/openstack/wsgi.py:866}}
May 20 09:01:04.635056 dv-cinder-790910-5-smb devstack@c-api.service[98494]: INFO cinder.api.openstack.wsgi [None req-b7ad8d44-26b4-4a88-881e-f8cde8a1ad6c tempest-QosSpecsTestJSON-2093251702 tempest-QosSpecsTestJSON-2093251702-project-admin] http://10.222.0.88/volume/v3/e96b26f0933e4bf086dee14b6ad86c69/qos-specs/012d31e3-af7e-4184-bb95-d2d61fec513b/associations returned with HTTP 200
May 20 09:01:04.636083 dv-cinder-790910-5-smb devstack@c-api.service[98494]: [pid: 98494|app: 0|req: 159/295] 10.222.0.88 () {58 vars in 1370 bytes} [Thu May 20 09:01:04 2021] GET /volume/v3/e96b26f0933e4bf086dee14b6ad86c69/qos-specs/012d31e3-af7e-4184-bb95-d2d61fec513b/associations => generated 24 bytes in 45 msecs (HTTP/1.1 200) 7 headers in 284 bytes (2 switches on core 0)
May 20 09:01:04.646477 dv-cinder-790910-5-smb devstack@c-api.service[98495]: INFO cinder.api.openstack.wsgi [None req-505c6a79-33a6-4fe6-a875-c47c75d75602 tempest-VolumeTypesNegativeTest-1512250115 tempest-VolumeTypesNegativeTest-1512250115-project-admin] http://10.222.0.88/volume/v3/662235f6f2764c67954b3ac61043f94a/types/16b36928-5e73-43ef-9ce1-b90d2059b7d5 returned with HTTP 404
May 20 09:01:04.651188 dv-cinder-790910-5-smb devstack@c-api.service[98494]: INFO cinder.api.openstack.wsgi [None req-ca9a90c8-041e-4707-b03c-f427a758aa38 tempest-QosSpecsTestJSON-2093251702 tempest-QosSpecsTestJSON-2093251702-project-admin] POST http://10.222.0.88/volume/v3/e96b26f0933e4bf086dee14b6ad86c69/qos-specs
May 20 09:01:04.651188 dv-cinder-790910-5-smb devstack@c-api.service[98494]: /usr/local/lib/python3.8/dist-packages/webob/acceptparse.py:1047: DeprecationWarning: The behavior of AcceptValidHeader.best_match is currently being maintained for backward compatibility, but it will be deprecated in the future, as it does not conform to the RFC.
May 20 09:01:04.651188 dv-cinder-790910-5-smb devstack@c-api.service[98494]: warnings.warn(
May 20 09:01:04.651492 dv-cinder-790910-5-smb devstack@c-api.service[98495]: [pid: 98495|app: 0|req: 137/296] 10.222.0.88 () {58 vars in 1319 bytes} [Thu May 20 09:01:04 2021] GET /volume/v3/662235f6f2764c67954b3ac61043f94a/types/16b36928-5e73-43ef-9ce1-b90d2059b7d5 => generated 114 bytes in 34 msecs (HTTP/1.1 404) 7 headers in 292 bytes (2 switches on core 0)
May 20 09:01:04.651592 dv-cinder-790910-5-smb devstack@c-api.service[98494]: DEBUG cinder.api.openstack.wsgi [None req-ca9a90c8-041e-4707-b03c-f427a758aa38 tempest-QosSpecsTestJSON-2093251702 tempest-QosSpecsTestJSON-2093251702-project-admin] Action: 'create', calling method: create, body: {"qos_specs": {"name": "tempest-QosSpecsTestJSON-qos-1692692127", "consumer": "back-end"}} {{(pid=98494) _process_stack /opt/stack/cinder/cinder/api/openstack/wsgi.py:864}}
May 20 09:01:04.651592 dv-cinder-790910-5-smb devstack@c-api.service[98494]: /usr/local/lib/python3.8/dist-packages/oslo_context/context.py:105: DeprecationWarning: Policy enforcement is depending on the value of is_admin. This key is deprecated. Please update your policy file to use the standard policy values.
May 20 09:01:04.651592 dv-cinder-790910-5-smb devstack@c-api.service[98494]: warnings.warn('Policy enforcement is depending on the value of '
May 20 09:01:04.651592 dv-cinder-790910-5-smb devstack@c-api.service[98494]: DEBUG cinder.volume.qos_specs [None req-ca9a90c8-041e-4707-b03c-f427a758aa38 tempest-QosSpecsTestJSON-2093251702 tempest-QosSpecsTestJSON-2093251702-project-admin] Dict for qos_specs: {'name': 'tempest-QosSpecsTestJSON-qos-1692692127', 'consumer': 'back-end', 'specs': {}} {{(pid=98494) create /opt/stack/cinder/cinder/volume/qos_specs.py:64}}
May 20 09:01:04.660643 dv-cinder-790910-5-smb devstack@c-api.service[98494]: DEBUG cinder.db.sqlalchemy.api [None req-ca9a90c8-041e-4707-b03c-f427a758aa38 tempest-QosSpecsTestJSON-2093251702 tempest-QosSpecsTestJSON-2093251702-project-admin] DB qos_specs_create(): root {'id': '945ced40-a093-4c79-a4fa-ea0a2b5972b4', 'key': 'QoS_Specs_Name', 'value': 'tempest-QosSpecsTestJSON-qos-1692692127'} {{(pid=98494) qos_specs_create /opt/stack/cinder/cinder/db/sqlalchemy/api.py:4604}}
May 20 09:01:04.661316 dv-cinder-790910-5-smb devstack@c-api.service[98495]: INFO cinder.api.openstack.wsgi [None req-92864b93-5ac7-4b33-99b3-42d0e42d3059 tempest-VolumeTypesNegativeTest-1512250115 tempest-VolumeTypesNegativeTest-1512250115-project-admin] DELETE http://10.222.0.88/volume/v3/662235f6f2764c67954b3ac61043f94a/types/9de2add6-32b6-43a7-ae08-a8c304ee18e4
May 20 09:01:04.661808 dv-cinder-790910-5-smb devstack@c-api.service[98495]: DEBUG cinder.api.openstack.wsgi [None req-92864b93-5ac7-4b33-99b3-42d0e42d3059 tempest-VolumeTypesNegativeTest-1512250115 tempest-VolumeTypesNegativeTest-1512250115-project-admin] Empty body provided in request {{(pid=98495) get_body /opt/stack/cinder/cinder/api/openstack/wsgi.py:713}}
May 20 09:01:04.665923 dv-cinder-790910-5-smb devstack@c-api.service[98495]: DEBUG cinder.api.openstack.wsgi [None req-92864b93-5ac7-4b33-99b3-42d0e42d3059 tempest-VolumeTypesNegativeTest-1512250115 tempest-VolumeTypesNegativeTest-1512250115-project-admin] Calling method '_delete' {{(pid=98495) _process_stack /opt/stack/cinder/cinder/api/openstack/wsgi.py:866}}
May 20 09:01:04.682547 dv-cinder-790910-5-smb devstack@c-api.service[98494]: INFO cinder.api.openstack.wsgi [None req-ca9a90c8-041e-4707-b03c-f427a758aa38 tempest-QosSpecsTestJSON-2093251702 tempest-QosSpecsTestJSON-2093251702-project-admin] http://10.222.0.88/volume/v3/e96b26f0933e4bf086dee14b6ad86c69/qos-specs returned with HTTP 200
May 20 09:01:04.683669 dv-cinder-790910-5-smb devstack@c-api.service[98494]: [pid: 98494|app: 0|req: 160/297] 10.222.0.88 () {60 vars in 1241 bytes} [Thu May 20 09:01:04 2021] POST /volume/v3/e96b26f0933e4bf086dee14b6ad86c69/qos-specs => generated 435 bytes in 41 msecs (HTTP/1.1 200) 7 headers in 285 bytes (1 switches on core 0)
May 20 09:01:04.695260 dv-cinder-790910-5-smb devstack@c-api.service[98494]: INFO cinder.api.openstack.wsgi [None req-dbbdf394-ab65-46ac-8dc4-1a54d15908db tempest-QosSpecsTestJSON-2093251702 tempest-QosSpecsTestJSON-2093251702-project-admin] DELETE http://10.222.0.88/volume/v3/e96b26f0933e4bf086dee14b6ad86c69/qos-specs/945ced40-a093-4c79-a4fa-ea0a2b5972b4?force=False
May 20 09:01:04.695814 dv-cinder-790910-5-smb devstack@c-api.service[98494]: DEBUG cinder.api.openstack.wsgi [None req-dbbdf394-ab65-46ac-8dc4-1a54d15908db tempest-QosSpecsTestJSON-2093251702 tempest-QosSpecsTestJSON-2093251702-project-admin] Empty body provided in request {{(pid=98494) get_body /opt/stack/cinder/cinder/api/openstack/wsgi.py:713}}
May 20 09:01:04.696059 dv-cinder-790910-5-smb devstack@c-api.service[98494]: /usr/local/lib/python3.8/dist-packages/webob/acceptparse.py:1047: DeprecationWarning: The behavior of AcceptValidHeader.best_match is currently being maintained for backward compatibility, but it will be deprecated in the future, as it does not conform to the RFC.
May 20 09:01:04.696059 dv-cinder-790910-5-smb devstack@c-api.service[98494]: warnings.warn(
May 20 09:01:04.696513 dv-cinder-790910-5-smb devstack@c-api.service[98494]: DEBUG cinder.api.openstack.wsgi [None req-dbbdf394-ab65-46ac-8dc4-1a54d15908db tempest-QosSpecsTestJSON-2093251702 tempest-QosSpecsTestJSON-2093251702-project-admin] Calling method 'delete' {{(pid=98494) _process_stack /opt/stack/cinder/cinder/api/openstack/wsgi.py:866}}
May 20 09:01:04.697217 dv-cinder-790910-5-smb devstack@c-api.service[98494]: /usr/local/lib/python3.8/dist-packages/oslo_context/context.py:105: DeprecationWarning: Policy enforcement is depending on the value of is_admin. This key is deprecated. Please update your policy file to use the standard policy values.
May 20 09:01:04.697217 dv-cinder-790910-5-smb devstack@c-api.service[98494]: warnings.warn('Policy enforcement is depending on the value of '
May 20 09:01:04.698052 dv-cinder-790910-5-smb devstack@c-api.service[98494]: DEBUG cinder.api.contrib.qos_specs_manage [None req-dbbdf394-ab65-46ac-8dc4-1a54d15908db tempest-QosSpecsTestJSON-2093251702 tempest-QosSpecsTestJSON-2093251702-project-admin] Delete qos_spec: 945ced40-a093-4c79-a4fa-ea0a2b5972b4, force: False {{(pid=98494) delete /opt/stack/cinder/cinder/api/contrib/qos_specs_manage.py:168}}
May 20 09:01:04.770795 dv-cinder-790910-5-smb devstack@c-api.service[98495]: INFO cinder.api.openstack.wsgi [None req-92864b93-5ac7-4b33-99b3-42d0e42d3059 tempest-VolumeTypesNegativeTest-1512250115 tempest-VolumeTypesNegativeTest-1512250115-project-admin] http://10.222.0.88/volume/v3/662235f6f2764c67954b3ac61043f94a/types/9de2add6-32b6-43a7-ae08-a8c304ee18e4 returned with HTTP 202
May 20 09:01:04.774270 dv-cinder-790910-5-smb devstack@c-api.service[98494]: INFO cinder.api.openstack.wsgi [None req-dbbdf394-ab65-46ac-8dc4-1a54d15908db tempest-QosSpecsTestJSON-2093251702 tempest-QosSpecsTestJSON-2093251702-project-admin] http://10.222.0.88/volume/v3/e96b26f0933e4bf086dee14b6ad86c69/qos-specs/945ced40-a093-4c79-a4fa-ea0a2b5972b4?force=False returned with HTTP 202
May 20 09:01:04.774688 dv-cinder-790910-5-smb devstack@c-api.service[98495]: [pid: 98495|app: 0|req: 138/298] 10.222.0.88 () {58 vars in 1322 bytes} [Thu May 20 09:01:04 2021] DELETE /volume/v3/662235f6f2764c67954b3ac61043f94a/types/9de2add6-32b6-43a7-ae08-a8c304ee18e4 => generated 0 bytes in 123 msecs (HTTP/1.1 202) 6 headers in 233 bytes (1 switches on core 0)
May 20 09:01:04.776747 dv-cinder-790910-5-smb devstack@c-api.service[98494]: [pid: 98494|app: 0|req: 161/299] 10.222.0.88 () {58 vars in 1357 bytes} [Thu May 20 09:01:04 2021] DELETE /volume/v3/e96b26f0933e4bf086dee14b6ad86c69/qos-specs/945ced40-a093-4c79-a4fa-ea0a2b5972b4?force=False => generated 0 bytes in 86 msecs (HTTP/1.1 202) 6 headers in 233 bytes (1 switches on core 0)
May 20 09:01:04.791704 dv-cinder-790910-5-smb devstack@c-api.service[98495]: INFO cinder.api.openstack.wsgi [None req-001cc346-b464-4324-856a-e1d4914514e9 tempest-VolumeTypesNegativeTest-1512250115 tempest-VolumeTypesNegativeTest-1512250115-project-admin] GET http://10.222.0.88/volume/v3/662235f6f2764c67954b3ac61043f94a/types/9de2add6-32b6-43a7-ae08-a8c304ee18e4
May 20 09:01:04.800974 dv-cinder-790910-5-smb devstack@c-api.service[98495]: DEBUG cinder.api.openstack.wsgi [None req-001cc346-b464-4324-856a-e1d4914514e9 tempest-VolumeTypesNegativeTest-1512250115 tempest-VolumeTypesNegativeTest-1512250115-project-admin] Empty body provided in request {{(pid=98495) get_body /opt/stack/cinder/cinder/api/openstack/wsgi.py:713}}
May 20 09:01:04.800974 dv-cinder-790910-5-smb devstack@c-api.service[98495]: DEBUG cinder.api.openstack.wsgi [None req-001cc346-b464-4324-856a-e1d4914514e9 tempest-VolumeTypesNegativeTest-1512250115 tempest-VolumeTypesNegativeTest-1512250115-project-admin] Calling method 'show' {{(pid=98495) _process_stack /opt/stack/cinder/cinder/api/openstack/wsgi.py:866}}
May 20 09:01:04.801291 dv-cinder-790910-5-smb devstack@c-api.service[98494]: INFO cinder.api.openstack.wsgi [None req-866a6f69-0d0b-4429-8685-83ebae76e2a4 tempest-QosSpecsTestJSON-2093251702 tempest-QosSpecsTestJSON-2093251702-project-admin] GET http://10.222.0.88/volume/v3/e96b26f0933e4bf086dee14b6ad86c69/qos-specs/945ced40-a093-4c79-a4fa-ea0a2b5972b4
May 20 09:01:04.801291 dv-cinder-790910-5-smb devstack@c-api.service[98494]: DEBUG cinder.api.openstack.wsgi [None req-866a6f69-0d0b-4429-8685-83ebae76e2a4 tempest-QosSpecsTestJSON-2093251702 tempest-QosSpecsTestJSON-2093251702-project-admin] Empty body provided in request {{(pid=98494) get_body /opt/stack/cinder/cinder/api/openstack/wsgi.py:713}}
May 20 09:01:04.801291 dv-cinder-790910-5-smb devstack@c-api.service[98494]: /usr/local/lib/python3.8/dist-packages/webob/acceptparse.py:1047: DeprecationWarning: The behavior of AcceptValidHeader.best_match is currently being maintained for backward compatibility, but it will be deprecated in the future, as it does not conform to the RFC.
May 20 09:01:04.801291 dv-cinder-790910-5-smb devstack@c-api.service[98494]: warnings.warn(
May 20 09:01:04.801291 dv-cinder-790910-5-smb devstack@c-api.service[98494]: DEBUG cinder.api.openstack.wsgi [None req-866a6f69-0d0b-4429-8685-83ebae76e2a4 tempest-QosSpecsTestJSON-2093251702 tempest-QosSpecsTestJSON-2093251702-project-admin] Calling method 'show' {{(pid=98494) _process_stack /opt/stack/cinder/cinder/api/openstack/wsgi.py:866}}
