May 20 04:23:02.944175 dv-cinder-790910-4-iscsi neutron-server[91687]: DEBUG neutron.plugins.ml2.db [req-db623adc-36f9-4ecb-b026-98604585aa3d req-b0e22059-8581-460a-836d-a318ac70481c service neutron] For port 9a903ca5-2762-405a-81bb-5c3dce3d256a, host hv-cinder-79091, cleared binding levels {{(pid=91687) clear_binding_levels /opt/stack/neutron/neutron/plugins/ml2/db.py:88}}
May 20 04:23:02.951384 dv-cinder-790910-4-iscsi neutron-server[91687]: DEBUG neutron.plugins.ml2.db [req-db623adc-36f9-4ecb-b026-98604585aa3d req-b0e22059-8581-460a-836d-a318ac70481c service neutron] For port 9a903ca5-2762-405a-81bb-5c3dce3d256a, host hv-cinder-79091, set binding levels [PortBindingLevel(driver='hyperv',host='hv-cinder-79091',level=0,port_id=9a903ca5-2762-405a-81bb-5c3dce3d256a,segment=NetworkSegment(0ad1d987-000a-4092-8d15-811f90922b00),segment_id=0ad1d987-000a-4092-8d15-811f90922b00)] {{(pid=91687) set_binding_levels /opt/stack/neutron/neutron/plugins/ml2/db.py:60}}
May 20 04:23:02.957733 dv-cinder-790910-4-iscsi neutron-server[91687]: DEBUG neutron_lib.callbacks.manager [req-db623adc-36f9-4ecb-b026-98604585aa3d req-b0e22059-8581-460a-836d-a318ac70481c service neutron] Notify callbacks ['neutron.plugins.ml2.plugin.SecurityGroupServerNotifierRpcMixin.notify_sg_on_port_change-577714', 'neutron.plugins.ml2.ovo_rpc._ObjectChangeHandler.handle_event-1874001', 'neutron.api.rpc.agentnotifiers.dhcp_rpc_agent_api.DhcpAgentNotifyAPI._native_event_send_dhcp_notification-1781377', 'neutron.db.l3_db.L3RpcNotifierMixin._notify_gateway_port_ip_changed-8782892522927', 'neutron.db.l3_dvrscheduler_db._notify_l3_agent_port_update-8782892108813', 'neutron.db.l3_hascheduler_db._notify_l3_agent_ha_port_update-8782892108858', 'neutron.services.segments.plugin.NovaSegmentNotifier._notify_port_updated-4162185'] for port, after_update {{(pid=91687) _notify_loop /usr/local/lib/python3.8/dist-packages/neutron_lib/callbacks/manager.py:192}}
May 20 04:23:02.971931 dv-cinder-790910-4-iscsi neutron-server[91687]: DEBUG oslo_concurrency.lockutils [-] Lock "event-dispatch" acquired by "neutron.plugins.ml2.ovo_rpc._ObjectChangeHandler.dispatch_events" :: waited 0.000s {{(pid=91687) inner /usr/local/lib/python3.8/dist-packages/oslo_concurrency/lockutils.py:355}}
May 20 04:23:03.102963 dv-cinder-790910-4-iscsi neutron-server[91687]: DEBUG neutron.pecan_wsgi.hooks.policy_enforcement [req-4410b5cb-521b-4e53-8d32-242da0818557 req-cd6775b0-ca71-4523-a50f-67e25e3f5e94 tempest-AttachVolumeNegativeTest-6194955 tempest-AttachVolumeNegativeTest-6194955-project] Attributes excluded by policy engine: ['standard_attr_id', 'binding:profile', 'binding:host_id', 'binding:vif_type', 'binding:vif_details'] {{(pid=91687) _exclude_attributes_by_policy /opt/stack/neutron/neutron/pecan_wsgi/hooks/policy_enforcement.py:255}}
May 20 04:23:03.104085 dv-cinder-790910-4-iscsi neutron-server[91687]: DEBUG neutron.quota.resource [req-4410b5cb-521b-4e53-8d32-242da0818557 req-cd6775b0-ca71-4523-a50f-67e25e3f5e94 tempest-AttachVolumeNegativeTest-6194955 tempest-AttachVolumeNegativeTest-6194955-project] Synchronizing usage tracker for tenant:6484c55ce8204dc3802efc929a51c4a5 on resource:port {{(pid=91687) resync /opt/stack/neutron/neutron/quota/resource.py:241}}
May 20 04:23:03.111563 dv-cinder-790910-4-iscsi neutron-server[91687]: DEBUG neutron.pecan_wsgi.hooks.policy_enforcement [req-db623adc-36f9-4ecb-b026-98604585aa3d req-b0e22059-8581-460a-836d-a318ac70481c service neutron] Attributes excluded by policy engine: ['standard_attr_id'] {{(pid=91687) _exclude_attributes_by_policy /opt/stack/neutron/neutron/pecan_wsgi/hooks/policy_enforcement.py:255}}
May 20 04:23:03.112542 dv-cinder-790910-4-iscsi neutron-server[91687]: DEBUG neutron_lib.callbacks.manager [req-db623adc-36f9-4ecb-b026-98604585aa3d req-b0e22059-8581-460a-836d-a318ac70481c service neutron] Notify callbacks ['neutron.notifiers.nova.Notifier._send_nova_notification-5087'] for port, before_response {{(pid=91687) _notify_loop /usr/local/lib/python3.8/dist-packages/neutron_lib/callbacks/manager.py:192}}
May 20 04:23:03.114819 dv-cinder-790910-4-iscsi neutron-server[91687]: INFO neutron.wsgi [req-db623adc-36f9-4ecb-b026-98604585aa3d req-b0e22059-8581-460a-836d-a318ac70481c service neutron] 10.222.0.82 "PUT /v2.0/ports/9a903ca5-2762-405a-81bb-5c3dce3d256a HTTP/1.1" status: 200 len: 1094 time: 1.5439773
May 20 04:23:03.119485 dv-cinder-790910-4-iscsi neutron-server[91687]: DEBUG neutron.notifiers.nova [-] Sending events: [{'name': 'network-changed', 'server_uuid': '67a5d1ca-6a84-4a8b-8aeb-83c49965926d', 'tag': '9a903ca5-2762-405a-81bb-5c3dce3d256a'}] {{(pid=91687) send_events /opt/stack/neutron/neutron/notifiers/nova.py:262}}
May 20 04:23:03.164032 dv-cinder-790910-4-iscsi neutron-server[91687]: DEBUG neutron.api.rpc.handlers.resources_rpc [None req-b0e22059-8581-460a-836d-a318ac70481c service neutron] Pushing event updated for resources: {'Port': ['ID=9a903ca5-2762-405a-81bb-5c3dce3d256a,revision_number=3']} {{(pid=91687) push /opt/stack/neutron/neutron/api/rpc/handlers/resources_rpc.py:237}}
May 20 04:23:03.169926 dv-cinder-790910-4-iscsi neutron-server[91687]: DEBUG oslo_concurrency.lockutils [None req-b0e22059-8581-460a-836d-a318ac70481c service neutron] Lock "event-dispatch" released by "neutron.plugins.ml2.ovo_rpc._ObjectChangeHandler.dispatch_events" :: held 0.198s {{(pid=91687) inner /usr/local/lib/python3.8/dist-packages/oslo_concurrency/lockutils.py:367}}
May 20 04:23:03.171182 dv-cinder-790910-4-iscsi neutron-server[91687]: DEBUG neutron.quota.resource [req-4410b5cb-521b-4e53-8d32-242da0818557 req-cd6775b0-ca71-4523-a50f-67e25e3f5e94 tempest-AttachVolumeNegativeTest-6194955 tempest-AttachVolumeNegativeTest-6194955-project] Unset dirty status for tenant:6484c55ce8204dc3802efc929a51c4a5 on resource:port {{(pid=91687) _resync /opt/stack/neutron/neutron/quota/resource.py:233}}
May 20 04:23:03.173613 dv-cinder-790910-4-iscsi neutron-server[91687]: INFO neutron.wsgi [req-4410b5cb-521b-4e53-8d32-242da0818557 req-cd6775b0-ca71-4523-a50f-67e25e3f5e94 tempest-AttachVolumeNegativeTest-6194955 tempest-AttachVolumeNegativeTest-6194955-project] 10.222.0.71 "GET /v2.0/ports?device_id=67a5d1ca-6a84-4a8b-8aeb-83c49965926d HTTP/1.1" status: 200 len: 944 time: 0.4163163
May 20 04:23:03.254750 dv-cinder-790910-4-iscsi neutron-server[91687]: INFO neutron.notifiers.nova [-] Nova event response: {'name': 'network-changed', 'server_uuid': '67a5d1ca-6a84-4a8b-8aeb-83c49965926d', 'tag': '9a903ca5-2762-405a-81bb-5c3dce3d256a', 'status': 'completed', 'code': 200}
May 20 04:23:03.321308 dv-cinder-790910-4-iscsi neutron-server[91688]: DEBUG neutron_lib.callbacks.manager [None req-ea4803bd-878f-47d5-9084-1ec41953c9db None None] Notify callbacks ['neutron.services.segments.db._update_segment_host_mapping_for_agent-8782892553692', 'neutron.plugins.ml2.plugin.Ml2Plugin._retry_binding_revived_agents-1491396'] for agent, after_update {{(pid=91688) _notify_loop /usr/local/lib/python3.8/dist-packages/neutron_lib/callbacks/manager.py:192}}
May 20 04:23:03.361042 dv-cinder-790910-4-iscsi neutron-server[91687]: DEBUG neutron.quota.resource [req-4410b5cb-521b-4e53-8d32-242da0818557 req-e1e6c4bf-99a4-4311-9f97-e466eb675781 tempest-AttachVolumeNegativeTest-6194955 tempest-AttachVolumeNegativeTest-6194955-project] Synchronizing usage tracker for tenant:6484c55ce8204dc3802efc929a51c4a5 on resource:security_group {{(pid=91687) resync /opt/stack/neutron/neutron/quota/resource.py:241}}
May 20 04:23:03.412319 dv-cinder-790910-4-iscsi neutron-server[91687]: DEBUG neutron.pecan_wsgi.hooks.policy_enforcement [req-db623adc-36f9-4ecb-b026-98604585aa3d req-f117756e-34a0-42d2-a22e-81067af6b655 service neutron] Attributes excluded by policy engine: ['standard_attr_id'] {{(pid=91687) _exclude_attributes_by_policy /opt/stack/neutron/neutron/pecan_wsgi/hooks/policy_enforcement.py:255}}
May 20 04:23:03.415535 dv-cinder-790910-4-iscsi neutron-server[91687]: INFO neutron.wsgi [req-db623adc-36f9-4ecb-b026-98604585aa3d req-f117756e-34a0-42d2-a22e-81067af6b655 service neutron] 10.222.0.82 "GET /v2.0/ports?tenant_id=6484c55ce8204dc3802efc929a51c4a5&device_id=67a5d1ca-6a84-4a8b-8aeb-83c49965926d HTTP/1.1" status: 200 len: 1097 time: 0.2320392
May 20 04:23:03.417639 dv-cinder-790910-4-iscsi neutron-server[91687]: DEBUG neutron.quota.resource [req-4410b5cb-521b-4e53-8d32-242da0818557 req-e1e6c4bf-99a4-4311-9f97-e466eb675781 tempest-AttachVolumeNegativeTest-6194955 tempest-AttachVolumeNegativeTest-6194955-project] Unset dirty status for tenant:6484c55ce8204dc3802efc929a51c4a5 on resource:security_group {{(pid=91687) _resync /opt/stack/neutron/neutron/quota/resource.py:233}}
May 20 04:23:03.419611 dv-cinder-790910-4-iscsi neutron-server[91687]: INFO neutron.wsgi [req-4410b5cb-521b-4e53-8d32-242da0818557 req-e1e6c4bf-99a4-4311-9f97-e466eb675781 tempest-AttachVolumeNegativeTest-6194955 tempest-AttachVolumeNegativeTest-6194955-project] 10.222.0.71 "GET /v2.0/security-groups?id=bfbed793-323e-4182-8252-80af79e38321&fields=id&fields=name HTTP/1.1" status: 200 len: 286 time: 0.2393315
May 20 04:23:03.554563 dv-cinder-790910-4-iscsi neutron-server[91687]: INFO neutron.wsgi [req-db623adc-36f9-4ecb-b026-98604585aa3d req-5df2d21f-e10b-4616-800a-dce25e7e9921 service neutron] 10.222.0.82 "GET /v2.0/floatingips?fixed_ip_address=172.20.0.11&port_id=9a903ca5-2762-405a-81bb-5c3dce3d256a HTTP/1.1" status: 200 len: 217 time: 0.1278243
May 20 04:23:03.565400 dv-cinder-790910-4-iscsi neutron-server[91686]: DEBUG neutron.pecan_wsgi.hooks.policy_enforcement [req-cf929994-a127-4260-8f02-655359020d78 req-df2a4160-b871-4a53-9587-833f555ffe46 tempest-ServerRescueNegativeTestJSON-969978466 tempest-ServerRescueNegativeTestJSON-969978466-project] Attributes excluded by policy engine: ['standard_attr_id', 'binding:profile', 'binding:host_id', 'binding:vif_type', 'binding:vif_details'] {{(pid=91686) _exclude_attributes_by_policy /opt/stack/neutron/neutron/pecan_wsgi/hooks/policy_enforcement.py:255}}
May 20 04:23:03.567534 dv-cinder-790910-4-iscsi neutron-server[91686]: INFO neutron.wsgi [req-cf929994-a127-4260-8f02-655359020d78 req-df2a4160-b871-4a53-9587-833f555ffe46 tempest-ServerRescueNegativeTestJSON-969978466 tempest-ServerRescueNegativeTestJSON-969978466-project] 10.222.0.71 "GET /v2.0/ports?device_id=2d35fcf1-2045-41ad-8d43-0b244e5b4d20 HTTP/1.1" status: 200 len: 945 time: 0.1920989
May 20 04:23:03.640161 dv-cinder-790910-4-iscsi neutron-server[91686]: INFO neutron.wsgi [req-cf929994-a127-4260-8f02-655359020d78 req-c46b19cf-3c32-4795-ab30-767eea74955f tempest-ServerRescueNegativeTestJSON-969978466 tempest-ServerRescueNegativeTestJSON-969978466-project] 10.222.0.71 "GET /v2.0/security-groups?id=8cbf810a-7c03-41fd-8b60-12a4f73202de&fields=id&fields=name HTTP/1.1" status: 200 len: 286 time: 0.0616271
May 20 04:23:03.657676 dv-cinder-790910-4-iscsi neutron-server[91688]: DEBUG neutron_lib.callbacks.manager [None req-1eedbfa7-e1e2-4eac-9d1d-97966fac4797 None None] Notify callbacks ['neutron.services.segments.db._update_segment_host_mapping_for_agent-8782892553692', 'neutron.plugins.ml2.plugin.Ml2Plugin._retry_binding_revived_agents-1491396'] for agent, after_update {{(pid=91688) _notify_loop /usr/local/lib/python3.8/dist-packages/neutron_lib/callbacks/manager.py:192}}
May 20 04:23:03.679813 dv-cinder-790910-4-iscsi neutron-server[91687]: DEBUG neutron.pecan_wsgi.hooks.policy_enforcement [req-db623adc-36f9-4ecb-b026-98604585aa3d req-2b4262f9-0756-4c6a-99db-760c74f6caf7 service neutron] Attributes excluded by policy engine: ['standard_attr_id', 'shared', 'segment_id'] {{(pid=91687) _exclude_attributes_by_policy /opt/stack/neutron/neutron/pecan_wsgi/hooks/policy_enforcement.py:255}}
May 20 04:23:03.681342 dv-cinder-790910-4-iscsi neutron-server[91687]: INFO neutron.wsgi [req-db623adc-36f9-4ecb-b026-98604585aa3d req-2b4262f9-0756-4c6a-99db-760c74f6caf7 service neutron] 10.222.0.82 "GET /v2.0/subnets?id=2a9c681d-a9be-4897-91bb-31aeb6432254 HTTP/1.1" status: 200 len: 855 time: 0.1191816
May 20 04:23:03.746402 dv-cinder-790910-4-iscsi neutron-server[91687]: INFO neutron.wsgi [req-db623adc-36f9-4ecb-b026-98604585aa3d req-b2189b68-6e51-4983-b774-0705cfd7f375 service neutron] 10.222.0.82 "GET /v2.0/ports?network_id=20ab5e30-591a-443a-9e34-f3a1b7563f5d&device_owner=network%3Adhcp HTTP/1.1" status: 200 len: 210 time: 0.0561450
May 20 04:23:03.825172 dv-cinder-790910-4-iscsi neutron-server[91686]: DEBUG neutron.wsgi [-] (91686) accepted ('10.222.0.71', 38174) {{(pid=91686) server /usr/local/lib/python3.8/dist-packages/eventlet/wsgi.py:992}}
May 20 04:23:03.929054 dv-cinder-790910-4-iscsi neutron-server[91687]: INFO neutron.wsgi [req-db623adc-36f9-4ecb-b026-98604585aa3d req-95b8b69c-adb7-4d91-9dda-7a4cf10377f2 service neutron] 10.222.0.82 "GET /v2.0/networks/20ab5e30-591a-443a-9e34-f3a1b7563f5d?fields=segments HTTP/1.1" status: 200 len: 212 time: 0.1744421
May 20 04:23:04.030133 dv-cinder-790910-4-iscsi neutron-server[91686]: DEBUG neutron_lib.callbacks.manager [None req-d556cdab-b038-476e-99eb-5881cb73663a admin admin] Notify callbacks [] for security_group, before_create {{(pid=91686) _notify_loop /usr/local/lib/python3.8/dist-packages/neutron_lib/callbacks/manager.py:192}}
May 20 04:23:04.075991 dv-cinder-790910-4-iscsi neutron-server[91686]: DEBUG neutron.db.quota.driver [None req-d556cdab-b038-476e-99eb-5881cb73663a admin admin] Resources subnetpool have unlimited quota limit. It is not required to calculate headroom {{(pid=91686) make_reservation /opt/stack/neutron/neutron/db/quota/driver.py:219}}
May 20 04:23:04.082550 dv-cinder-790910-4-iscsi neutron-server[91686]: DEBUG neutron.quota.resource [None req-d556cdab-b038-476e-99eb-5881cb73663a admin admin] Usage tracker for resource:security_group_rule and tenant:9288f538ff3e4bf4b6a2546e9b9c095b is out of sync, need to count used quota {{(pid=91686) count_used /opt/stack/neutron/neutron/quota/resource.py:270}}
May 20 04:23:04.088093 dv-cinder-790910-4-iscsi neutron-server[91686]: DEBUG neutron.quota.resource [None req-d556cdab-b038-476e-99eb-5881cb73663a admin admin] Quota usage for security_group_rule was recalculated. Used quota:0. {{(pid=91686) count_used /opt/stack/neutron/neutron/quota/resource.py:290}}
May 20 04:23:04.099052 dv-cinder-790910-4-iscsi neutron-server[91686]: DEBUG neutron.db.quota.driver [None req-d556cdab-b038-476e-99eb-5881cb73663a admin admin] Attempting to reserve 4 items for resource security_group_rule. Total usage: 0; quota limit: 100; headroom:100 {{(pid=91686) make_reservation /opt/stack/neutron/neutron/db/quota/driver.py:246}}
May 20 04:23:04.136518 dv-cinder-790910-4-iscsi neutron-server[91687]: INFO neutron.wsgi [req-db623adc-36f9-4ecb-b026-98604585aa3d req-85401a01-ded8-4e19-b3ce-da484bf6a369 service neutron] 10.222.0.82 "GET /v2.0/networks/20ab5e30-591a-443a-9e34-f3a1b7563f5d?fields=provider%3Aphysical_network&fields=provider%3Anetwork_type HTTP/1.1" status: 200 len: 281 time: 0.1995749
May 20 04:23:04.227298 dv-cinder-790910-4-iscsi neutron-server[91686]: DEBUG neutron_lib.callbacks.manager [None req-d556cdab-b038-476e-99eb-5881cb73663a admin admin] Notify callbacks [] for security_group, precommit_create {{(pid=91686) _notify_loop /usr/local/lib/python3.8/dist-packages/neutron_lib/callbacks/manager.py:192}}
May 20 04:23:04.233124 dv-cinder-790910-4-iscsi neutron-server[91686]: DEBUG neutron_lib.callbacks.manager [None req-d556cdab-b038-476e-99eb-5881cb73663a admin admin] Notify callbacks ['neutron.plugins.ml2.ovo_rpc._ObjectChangeHandler.handle_event-1590648'] for security_group, after_create {{(pid=91686) _notify_loop /usr/local/lib/python3.8/dist-packages/neutron_lib/callbacks/manager.py:192}}
May 20 04:23:04.242804 dv-cinder-790910-4-iscsi neutron-server[91686]: DEBUG oslo_concurrency.lockutils [None req-4468e8e9-6e6c-4ae6-8fe0-c59101f9e6fa admin admin] Lock "event-dispatch" acquired by "neutron.plugins.ml2.ovo_rpc._ObjectChangeHandler.dispatch_events" :: waited 0.000s {{(pid=91686) inner /usr/local/lib/python3.8/dist-packages/oslo_concurrency/lockutils.py:355}}
May 20 04:23:04.305316 dv-cinder-790910-4-iscsi neutron-server[91686]: INFO neutron.wsgi [None req-d556cdab-b038-476e-99eb-5881cb73663a admin admin] 10.222.0.71 "GET /v2.0/security-groups?tenant_id=9288f538ff3e4bf4b6a2546e9b9c095b&name=default HTTP/1.1" status: 200 len: 2979 time: 0.4782653
May 20 04:23:04.306642 dv-cinder-790910-4-iscsi neutron-server[91686]: DEBUG neutron.api.rpc.handlers.resources_rpc [None req-d556cdab-b038-476e-99eb-5881cb73663a admin admin] Pushing event updated for resources: {'SecurityGroup': ['ID=6f753b91-d130-45f3-8353-04b55b375db6,revision_number=1']} {{(pid=91686) push /opt/stack/neutron/neutron/api/rpc/handlers/resources_rpc.py:237}}
May 20 04:23:04.309459 dv-cinder-790910-4-iscsi neutron-server[91687]: DEBUG neutron.wsgi [-] (91687) accepted ('10.222.0.71', 38188) {{(pid=91687) server /usr/local/lib/python3.8/dist-packages/eventlet/wsgi.py:992}}
May 20 04:23:04.313309 dv-cinder-790910-4-iscsi neutron-server[91686]: DEBUG oslo_concurrency.lockutils [None req-d556cdab-b038-476e-99eb-5881cb73663a admin admin] Lock "event-dispatch" released by "neutron.plugins.ml2.ovo_rpc._ObjectChangeHandler.dispatch_events" :: held 0.070s {{(pid=91686) inner /usr/local/lib/python3.8/dist-packages/oslo_concurrency/lockutils.py:367}}
May 20 04:23:04.346114 dv-cinder-790910-4-iscsi neutron-server[91687]: DEBUG neutron.pecan_wsgi.hooks.policy_enforcement [req-d091e623-7dbf-4d7f-86d4-bcf18b47ffb4 req-f6453a40-be02-4ce5-931e-fc1356158bc7 service neutron] Attributes excluded by policy engine: ['standard_attr_id'] {{(pid=91687) _exclude_attributes_by_policy /opt/stack/neutron/neutron/pecan_wsgi/hooks/policy_enforcement.py:255}}
May 20 04:23:04.347684 dv-cinder-790910-4-iscsi neutron-server[91687]: INFO neutron.wsgi [req-d091e623-7dbf-4d7f-86d4-bcf18b47ffb4 req-f6453a40-be02-4ce5-931e-fc1356158bc7 service neutron] 10.222.0.82 "GET /v2.0/ports?tenant_id=6484c55ce8204dc3802efc929a51c4a5&device_id=67a5d1ca-6a84-4a8b-8aeb-83c49965926d HTTP/1.1" status: 200 len: 1097 time: 0.1456819
May 20 04:23:04.479372 dv-cinder-790910-4-iscsi neutron-server[91687]: DEBUG neutron_lib.callbacks.manager [None req-5fa9cd1f-8b93-4a24-87a6-14d8c73c8762 admin admin] Notify callbacks [] for security_group, before_delete {{(pid=91687) _notify_loop /usr/local/lib/python3.8/dist-packages/neutron_lib/callbacks/manager.py:192}}
May 20 04:23:04.534769 dv-cinder-790910-4-iscsi neutron-server[91687]: DEBUG neutron_lib.callbacks.manager [None req-5fa9cd1f-8b93-4a24-87a6-14d8c73c8762 admin admin] Notify callbacks [] for security_group, precommit_delete {{(pid=91687) _notify_loop /usr/local/lib/python3.8/dist-packages/neutron_lib/callbacks/manager.py:192}}
May 20 04:23:04.697120 dv-cinder-790910-4-iscsi neutron-server[91687]: DEBUG neutron.pecan_wsgi.hooks.policy_enforcement [req-d091e623-7dbf-4d7f-86d4-bcf18b47ffb4 req-1d1079df-b898-4b2d-a098-e2370d7fe033 service neutron] Attributes excluded by policy engine: ['standard_attr_id', 'vlan_transparent'] {{(pid=91687) _exclude_attributes_by_policy /opt/stack/neutron/neutron/pecan_wsgi/hooks/policy_enforcement.py:255}}
May 20 04:23:04.700805 dv-cinder-790910-4-iscsi neutron-server[91687]: INFO neutron.wsgi [req-d091e623-7dbf-4d7f-86d4-bcf18b47ffb4 req-1d1079df-b898-4b2d-a098-e2370d7fe033 service neutron] 10.222.0.82 "GET /v2.0/networks?id=20ab5e30-591a-443a-9e34-f3a1b7563f5d HTTP/1.1" status: 200 len: 916 time: 0.3381276
May 20 04:23:04.840693 dv-cinder-790910-4-iscsi neutron-server[91686]: DEBUG neutron.pecan_wsgi.hooks.policy_enforcement [req-1ad47820-cd02-4af9-9a89-1454e8246de5 req-c807ce4f-31a3-4d6b-bdb0-f93416471f12 tempest-AttachVolumeNegativeTest-6194955 tempest-AttachVolumeNegativeTest-6194955-project] Attributes excluded by policy engine: ['standard_attr_id', 'binding:profile', 'binding:host_id', 'binding:vif_type', 'binding:vif_details'] {{(pid=91686) _exclude_attributes_by_policy /opt/stack/neutron/neutron/pecan_wsgi/hooks/policy_enforcement.py:255}}
May 20 04:23:04.851907 dv-cinder-790910-4-iscsi neutron-server[91686]: INFO neutron.wsgi [req-1ad47820-cd02-4af9-9a89-1454e8246de5 req-c807ce4f-31a3-4d6b-bdb0-f93416471f12 tempest-AttachVolumeNegativeTest-6194955 tempest-AttachVolumeNegativeTest-6194955-project] 10.222.0.71 "GET /v2.0/ports?device_id=67a5d1ca-6a84-4a8b-8aeb-83c49965926d HTTP/1.1" status: 200 len: 944 time: 0.2092967
May 20 04:23:04.905874 dv-cinder-790910-4-iscsi neutron-server[91686]: INFO neutron.wsgi [req-1ad47820-cd02-4af9-9a89-1454e8246de5 req-e3641f1e-a623-4e41-8031-13cf6a303865 tempest-AttachVolumeNegativeTest-6194955 tempest-AttachVolumeNegativeTest-6194955-project] 10.222.0.71 "GET /v2.0/security-groups?id=bfbed793-323e-4182-8252-80af79e38321&fields=id&fields=name HTTP/1.1" status: 200 len: 286 time: 0.0528960
May 20 04:23:04.931688 dv-cinder-790910-4-iscsi neutron-server[91687]: INFO neutron.wsgi [req-d091e623-7dbf-4d7f-86d4-bcf18b47ffb4 req-6525c619-cfd5-4791-9b7e-6abf55cddbb9 service neutron] 10.222.0.82 "GET /v2.0/floatingips?fixed_ip_address=172.20.0.11&port_id=9a903ca5-2762-405a-81bb-5c3dce3d256a HTTP/1.1" status: 200 len: 217 time: 0.2230475
May 20 04:23:04.995976 dv-cinder-790910-4-iscsi neutron-server[91687]: DEBUG neutron_lib.callbacks.manager [None req-5fa9cd1f-8b93-4a24-87a6-14d8c73c8762 admin admin] Notify callbacks ['neutron.plugins.ml2.ovo_rpc._ObjectChangeHandler.handle_event-1590648'] for security_group, after_delete {{(pid=91687) _notify_loop /usr/local/lib/python3.8/dist-packages/neutron_lib/callbacks/manager.py:192}}
May 20 04:23:05.011830 dv-cinder-790910-4-iscsi neutron-server[91687]: DEBUG oslo_concurrency.lockutils [None req-7737d743-2a2c-4ab0-8aa7-95402f1856ef admin admin] Lock "event-dispatch" acquired by "neutron.plugins.ml2.ovo_rpc._ObjectChangeHandler.dispatch_events" :: waited 0.000s {{(pid=91687) inner /usr/local/lib/python3.8/dist-packages/oslo_concurrency/lockutils.py:355}}
May 20 04:23:05.056070 dv-cinder-790910-4-iscsi neutron-server[91687]: DEBUG neutron.api.rpc.handlers.resources_rpc [None req-5fa9cd1f-8b93-4a24-87a6-14d8c73c8762 admin admin] Pushing event deleted for resources: {'SecurityGroup': ['ID=6f753b91-d130-45f3-8353-04b55b375db6,revision_number=None']} {{(pid=91687) push /opt/stack/neutron/neutron/api/rpc/handlers/resources_rpc.py:237}}
May 20 04:23:05.074488 dv-cinder-790910-4-iscsi neutron-server[91687]: DEBUG oslo_concurrency.lockutils [None req-5fa9cd1f-8b93-4a24-87a6-14d8c73c8762 admin admin] Lock "event-dispatch" released by "neutron.plugins.ml2.ovo_rpc._ObjectChangeHandler.dispatch_events" :: held 0.063s {{(pid=91687) inner /usr/local/lib/python3.8/dist-packages/oslo_concurrency/lockutils.py:367}}
May 20 04:23:05.093649 dv-cinder-790910-4-iscsi neutron-server[91687]: DEBUG neutron_lib.callbacks.manager [None req-5fa9cd1f-8b93-4a24-87a6-14d8c73c8762 admin admin] Notify callbacks [] for security_group, before_response {{(pid=91687) _notify_loop /usr/local/lib/python3.8/dist-packages/neutron_lib/callbacks/manager.py:192}}
May 20 04:23:05.097790 dv-cinder-790910-4-iscsi neutron-server[91687]: INFO neutron.wsgi [None req-5fa9cd1f-8b93-4a24-87a6-14d8c73c8762 admin admin] 10.222.0.71 "DELETE /v2.0/security-groups/6f753b91-d130-45f3-8353-04b55b375db6 HTTP/1.1" status: 204 len: 168 time: 0.7870073
May 20 04:23:05.117759 dv-cinder-790910-4-iscsi neutron-server[91687]: DEBUG neutron.pecan_wsgi.hooks.policy_enforcement [req-d091e623-7dbf-4d7f-86d4-bcf18b47ffb4 req-ed51fff9-e674-4fe3-b447-7c0ad8d33172 service neutron] Attributes excluded by policy engine: ['standard_attr_id', 'shared', 'segment_id'] {{(pid=91687) _exclude_attributes_by_policy /opt/stack/neutron/neutron/pecan_wsgi/hooks/policy_enforcement.py:255}}
May 20 04:23:05.119249 dv-cinder-790910-4-iscsi neutron-server[91687]: INFO neutron.wsgi [req-d091e623-7dbf-4d7f-86d4-bcf18b47ffb4 req-ed51fff9-e674-4fe3-b447-7c0ad8d33172 service neutron] 10.222.0.82 "GET /v2.0/subnets?id=2a9c681d-a9be-4897-91bb-31aeb6432254 HTTP/1.1" status: 200 len: 855 time: 0.1793163
May 20 04:23:05.172547 dv-cinder-790910-4-iscsi neutron-server[91688]: DEBUG neutron_lib.callbacks.manager [None req-f21320cc-6a25-4ec1-8a32-8b119b35fd55 None None] Notify callbacks ['neutron.services.segments.db._update_segment_host_mapping_for_agent-8782892553692', 'neutron.plugins.ml2.plugin.Ml2Plugin._retry_binding_revived_agents-1491396'] for agent, after_update {{(pid=91688) _notify_loop /usr/local/lib/python3.8/dist-packages/neutron_lib/callbacks/manager.py:192}}
May 20 04:23:05.177300 dv-cinder-790910-4-iscsi neutron-server[91687]: DEBUG neutron.pecan_wsgi.hooks.policy_enforcement [req-c643e019-f1b3-4417-8e7d-30187aa30005 req-7e27c0b4-6e0d-41d2-a819-f20d44d46e80 tempest-ServerRescueNegativeTestJSON-969978466 tempest-ServerRescueNegativeTestJSON-969978466-project] Attributes excluded by policy engine: ['standard_attr_id', 'binding:profile', 'binding:host_id', 'binding:vif_type', 'binding:vif_details'] {{(pid=91687) _exclude_attributes_by_policy /opt/stack/neutron/neutron/pecan_wsgi/hooks/policy_enforcement.py:255}}
May 20 04:23:05.184893 dv-cinder-790910-4-iscsi neutron-server[91687]: INFO neutron.wsgi [req-c643e019-f1b3-4417-8e7d-30187aa30005 req-7e27c0b4-6e0d-41d2-a819-f20d44d46e80 tempest-ServerRescueNegativeTestJSON-969978466 tempest-ServerRescueNegativeTestJSON-969978466-project] 10.222.0.71 "GET /v2.0/ports?device_id=2d35fcf1-2045-41ad-8d43-0b244e5b4d20 HTTP/1.1" status: 200 len: 945 time: 0.3525445
May 20 04:23:05.206274 dv-cinder-790910-4-iscsi neutron-server[91687]: INFO neutron.wsgi [req-d091e623-7dbf-4d7f-86d4-bcf18b47ffb4 req-08c12d77-acfc-42a6-9e97-44d52259d7ee service neutron] 10.222.0.82 "GET /v2.0/ports?network_id=20ab5e30-591a-443a-9e34-f3a1b7563f5d&device_owner=network%3Adhcp HTTP/1.1" status: 200 len: 210 time: 0.0774019
May 20 04:23:05.395779 dv-cinder-790910-4-iscsi neutron-server[91687]: INFO neutron.wsgi [req-c643e019-f1b3-4417-8e7d-30187aa30005 req-7122c634-73e6-4207-89eb-756482f5bd76 tempest-ServerRescueNegativeTestJSON-969978466 tempest-ServerRescueNegativeTestJSON-969978466-project] 10.222.0.71 "GET /v2.0/security-groups?id=8cbf810a-7c03-41fd-8b60-12a4f73202de&fields=id&fields=name HTTP/1.1" status: 200 len: 286 time: 0.2099431
May 20 04:23:05.468288 dv-cinder-790910-4-iscsi neutron-server[91687]: INFO neutron.wsgi [req-d091e623-7dbf-4d7f-86d4-bcf18b47ffb4 req-3f29db9d-22e7-4012-8637-a44f38f1fc0b service neutron] 10.222.0.82 "GET /v2.0/networks/20ab5e30-591a-443a-9e34-f3a1b7563f5d?fields=segments HTTP/1.1" status: 200 len: 212 time: 0.2532687
May 20 04:23:05.535148 dv-cinder-790910-4-iscsi neutron-server[91686]: DEBUG neutron.wsgi [-] (91686) accepted ('10.222.0.71', 38214) {{(pid=91686) server /usr/local/lib/python3.8/dist-packages/eventlet/wsgi.py:992}}
May 20 04:23:05.555400 dv-cinder-790910-4-iscsi neutron-server[91686]: DEBUG neutron_lib.callbacks.manager [None req-026d6c72-f746-4595-9f3a-f4ce723e4105 admin admin] Notify callbacks [] for security_group, before_create {{(pid=91686) _notify_loop /usr/local/lib/python3.8/dist-packages/neutron_lib/callbacks/manager.py:192}}
May 20 04:23:05.571547 dv-cinder-790910-4-iscsi neutron-server[91686]: DEBUG neutron.db.quota.driver [None req-026d6c72-f746-4595-9f3a-f4ce723e4105 admin admin] Resources subnetpool have unlimited quota limit. It is not required to calculate headroom {{(pid=91686) make_reservation /opt/stack/neutron/neutron/db/quota/driver.py:219}}
May 20 04:23:05.578371 dv-cinder-790910-4-iscsi neutron-server[91686]: DEBUG neutron.quota.resource [None req-026d6c72-f746-4595-9f3a-f4ce723e4105 admin admin] Usage tracker for resource:security_group_rule and tenant:901e571cc08e4a7da9f72926b31d5eb7 is out of sync, need to count used quota {{(pid=91686) count_used /opt/stack/neutron/neutron/quota/resource.py:270}}
May 20 04:23:05.581965 dv-cinder-790910-4-iscsi neutron-server[91686]: DEBUG neutron.quota.resource [None req-026d6c72-f746-4595-9f3a-f4ce723e4105 admin admin] Quota usage for security_group_rule was recalculated. Used quota:0. {{(pid=91686) count_used /opt/stack/neutron/neutron/quota/resource.py:290}}
May 20 04:23:05.588919 dv-cinder-790910-4-iscsi neutron-server[91686]: DEBUG neutron.db.quota.driver [None req-026d6c72-f746-4595-9f3a-f4ce723e4105 admin admin] Attempting to reserve 4 items for resource security_group_rule. Total usage: 0; quota limit: 100; headroom:100 {{(pid=91686) make_reservation /opt/stack/neutron/neutron/db/quota/driver.py:246}}
May 20 04:23:05.627796 dv-cinder-790910-4-iscsi neutron-server[91687]: INFO neutron.wsgi [req-d091e623-7dbf-4d7f-86d4-bcf18b47ffb4 req-95118e3f-e0a5-4a2e-a6ce-7cb5b8109f6b service neutron] 10.222.0.82 "GET /v2.0/networks/20ab5e30-591a-443a-9e34-f3a1b7563f5d?fields=provider%3Aphysical_network&fields=provider%3Anetwork_type HTTP/1.1" status: 200 len: 281 time: 0.1520600
May 20 04:23:05.700364 dv-cinder-790910-4-iscsi neutron-server[91686]: DEBUG neutron_lib.callbacks.manager [None req-026d6c72-f746-4595-9f3a-f4ce723e4105 admin admin] Notify callbacks [] for security_group, precommit_create {{(pid=91686) _notify_loop /usr/local/lib/python3.8/dist-packages/neutron_lib/callbacks/manager.py:192}}
May 20 04:23:05.705822 dv-cinder-790910-4-iscsi neutron-server[91686]: DEBUG neutron_lib.callbacks.manager [None req-026d6c72-f746-4595-9f3a-f4ce723e4105 admin admin] Notify callbacks ['neutron.plugins.ml2.ovo_rpc._ObjectChangeHandler.handle_event-1590648'] for security_group, after_create {{(pid=91686) _notify_loop /usr/local/lib/python3.8/dist-packages/neutron_lib/callbacks/manager.py:192}}
May 20 04:23:05.725323 dv-cinder-790910-4-iscsi neutron-server[91686]: DEBUG oslo_concurrency.lockutils [None req-d38de1a8-4960-497e-8adb-06ebc558088b admin admin] Lock "event-dispatch" acquired by "neutron.plugins.ml2.ovo_rpc._ObjectChangeHandler.dispatch_events" :: waited 0.000s {{(pid=91686) inner /usr/local/lib/python3.8/dist-packages/oslo_concurrency/lockutils.py:355}}
May 20 04:23:05.767644 dv-cinder-790910-4-iscsi neutron-server[91686]: INFO neutron.wsgi [None req-026d6c72-f746-4595-9f3a-f4ce723e4105 admin admin] 10.222.0.71 "GET /v2.0/security-groups?tenant_id=901e571cc08e4a7da9f72926b31d5eb7&name=default HTTP/1.1" status: 200 len: 2979 time: 0.2309372
May 20 04:23:05.770845 dv-cinder-790910-4-iscsi neutron-server[91687]: DEBUG neutron.wsgi [-] (91687) accepted ('10.222.0.71', 38222) {{(pid=91687) server /usr/local/lib/python3.8/dist-packages/eventlet/wsgi.py:992}}
May 20 04:23:05.773336 dv-cinder-790910-4-iscsi neutron-server[91686]: DEBUG neutron.api.rpc.handlers.resources_rpc [None req-026d6c72-f746-4595-9f3a-f4ce723e4105 admin admin] Pushing event updated for resources: {'SecurityGroup': ['ID=688a9e32-3d69-42bf-81e0-917e1822fc9d,revision_number=1']} {{(pid=91686) push /opt/stack/neutron/neutron/api/rpc/handlers/resources_rpc.py:237}}
May 20 04:23:05.778366 dv-cinder-790910-4-iscsi neutron-server[91686]: DEBUG oslo_concurrency.lockutils [None req-026d6c72-f746-4595-9f3a-f4ce723e4105 admin admin] Lock "event-dispatch" released by "neutron.plugins.ml2.ovo_rpc._ObjectChangeHandler.dispatch_events" :: held 0.053s {{(pid=91686) inner /usr/local/lib/python3.8/dist-packages/oslo_concurrency/lockutils.py:367}}
May 20 04:23:05.851982 dv-cinder-790910-4-iscsi neutron-server[91687]: DEBUG neutron_lib.callbacks.manager [None req-dbf84c16-491c-4317-815d-6e562f756150 admin admin] Notify callbacks [] for security_group, before_delete {{(pid=91687) _notify_loop /usr/local/lib/python3.8/dist-packages/neutron_lib/callbacks/manager.py:192}}
May 20 04:23:05.885737 dv-cinder-790910-4-iscsi neutron-server[91687]: DEBUG neutron_lib.callbacks.manager [None req-dbf84c16-491c-4317-815d-6e562f756150 admin admin] Notify callbacks [] for security_group, precommit_delete {{(pid=91687) _notify_loop /usr/local/lib/python3.8/dist-packages/neutron_lib/callbacks/manager.py:192}}
May 20 04:23:05.954981 dv-cinder-790910-4-iscsi neutron-server[91687]: DEBUG neutron_lib.callbacks.manager [None req-dbf84c16-491c-4317-815d-6e562f756150 admin admin] Notify callbacks ['neutron.plugins.ml2.ovo_rpc._ObjectChangeHandler.handle_event-1590648'] for security_group, after_delete {{(pid=91687) _notify_loop /usr/local/lib/python3.8/dist-packages/neutron_lib/callbacks/manager.py:192}}
May 20 04:23:05.961393 dv-cinder-790910-4-iscsi neutron-server[91687]: DEBUG oslo_concurrency.lockutils [None req-5fa9cd1f-8b93-4a24-87a6-14d8c73c8762 admin admin] Lock "event-dispatch" acquired by "neutron.plugins.ml2.ovo_rpc._ObjectChangeHandler.dispatch_events" :: waited 0.000s {{(pid=91687) inner /usr/local/lib/python3.8/dist-packages/oslo_concurrency/lockutils.py:355}}
May 20 04:23:05.977092 dv-cinder-790910-4-iscsi neutron-server[91687]: DEBUG neutron.api.rpc.handlers.resources_rpc [None req-dbf84c16-491c-4317-815d-6e562f756150 admin admin] Pushing event deleted for resources: {'SecurityGroup': ['ID=688a9e32-3d69-42bf-81e0-917e1822fc9d,revision_number=None']} {{(pid=91687) push /opt/stack/neutron/neutron/api/rpc/handlers/resources_rpc.py:237}}
May 20 04:23:05.987430 dv-cinder-790910-4-iscsi neutron-server[91687]: DEBUG oslo_concurrency.lockutils [None req-dbf84c16-491c-4317-815d-6e562f756150 admin admin] Lock "event-dispatch" released by "neutron.plugins.ml2.ovo_rpc._ObjectChangeHandler.dispatch_events" :: held 0.026s {{(pid=91687) inner /usr/local/lib/python3.8/dist-packages/oslo_concurrency/lockutils.py:367}}
May 20 04:23:05.988761 dv-cinder-790910-4-iscsi neutron-server[91687]: DEBUG neutron_lib.callbacks.manager [None req-dbf84c16-491c-4317-815d-6e562f756150 admin admin] Notify callbacks [] for security_group, before_response {{(pid=91687) _notify_loop /usr/local/lib/python3.8/dist-packages/neutron_lib/callbacks/manager.py:192}}
May 20 04:23:05.990587 dv-cinder-790910-4-iscsi neutron-server[91687]: INFO neutron.wsgi [None req-dbf84c16-491c-4317-815d-6e562f756150 admin admin] 10.222.0.71 "DELETE /v2.0/security-groups/688a9e32-3d69-42bf-81e0-917e1822fc9d HTTP/1.1" status: 204 len: 168 time: 0.2181642
May 20 04:23:06.242457 dv-cinder-790910-4-iscsi neutron-server[91686]: DEBUG neutron.pecan_wsgi.hooks.policy_enforcement [req-a4dc8402-c25f-4f2e-a8f3-b561348d8c88 req-5b9b22d6-1fba-4e56-bad4-2d443a40de22 tempest-AttachVolumeNegativeTest-6194955 tempest-AttachVolumeNegativeTest-6194955-project] Attributes excluded by policy engine: ['standard_attr_id', 'binding:profile', 'binding:host_id', 'binding:vif_type', 'binding:vif_details'] {{(pid=91686) _exclude_attributes_by_policy /opt/stack/neutron/neutron/pecan_wsgi/hooks/policy_enforcement.py:255}}
May 20 04:23:06.249582 dv-cinder-790910-4-iscsi neutron-server[91686]: INFO neutron.wsgi [req-a4dc8402-c25f-4f2e-a8f3-b561348d8c88 req-5b9b22d6-1fba-4e56-bad4-2d443a40de22 tempest-AttachVolumeNegativeTest-6194955 tempest-AttachVolumeNegativeTest-6194955-project] 10.222.0.71 "GET /v2.0/ports?device_id=67a5d1ca-6a84-4a8b-8aeb-83c49965926d HTTP/1.1" status: 200 len: 944 time: 0.1263516
May 20 04:23:06.302828 dv-cinder-790910-4-iscsi neutron-server[91686]: INFO neutron.wsgi [req-a4dc8402-c25f-4f2e-a8f3-b561348d8c88 req-fe3809ff-8d42-4cfd-8d1a-fcff81291f21 tempest-AttachVolumeNegativeTest-6194955 tempest-AttachVolumeNegativeTest-6194955-project] 10.222.0.71 "GET /v2.0/security-groups?id=bfbed793-323e-4182-8252-80af79e38321&fields=id&fields=name HTTP/1.1" status: 200 len: 286 time: 0.0475943
May 20 04:23:06.683971 dv-cinder-790910-4-iscsi neutron-server[91686]: DEBUG neutron.pecan_wsgi.hooks.policy_enforcement [req-17c3428e-b321-42e0-845c-9a230282ebeb req-15815f1a-16db-40e9-a6da-b58b9775f43e tempest-ServerRescueNegativeTestJSON-969978466 tempest-ServerRescueNegativeTestJSON-969978466-project] Attributes excluded by policy engine: ['standard_attr_id', 'binding:profile', 'binding:host_id', 'binding:vif_type', 'binding:vif_details'] {{(pid=91686) _exclude_attributes_by_policy /opt/stack/neutron/neutron/pecan_wsgi/hooks/policy_enforcement.py:255}}
May 20 04:23:06.686093 dv-cinder-790910-4-iscsi neutron-server[91686]: INFO neutron.wsgi [req-17c3428e-b321-42e0-845c-9a230282ebeb req-15815f1a-16db-40e9-a6da-b58b9775f43e tempest-ServerRescueNegativeTestJSON-969978466 tempest-ServerRescueNegativeTestJSON-969978466-project] 10.222.0.71 "GET /v2.0/ports?device_id=2d35fcf1-2045-41ad-8d43-0b244e5b4d20 HTTP/1.1" status: 200 len: 945 time: 0.1026244
May 20 04:23:06.748561 dv-cinder-790910-4-iscsi neutron-server[91686]: INFO neutron.wsgi [req-17c3428e-b321-42e0-845c-9a230282ebeb req-d9efbf2e-f503-43ca-b9ca-96de9ea3529e tempest-ServerRescueNegativeTestJSON-969978466 tempest-ServerRescueNegativeTestJSON-969978466-project] 10.222.0.71 "GET /v2.0/security-groups?id=8cbf810a-7c03-41fd-8b60-12a4f73202de&fields=id&fields=name HTTP/1.1" status: 200 len: 286 time: 0.0513716
May 20 04:23:07.862368 dv-cinder-790910-4-iscsi neutron-server[91687]: DEBUG neutron.pecan_wsgi.hooks.policy_enforcement [req-45557e6f-582a-4775-8ffa-663012f6a543 req-6cacb0c7-e0bb-4cc7-b7bb-2684bea7747c tempest-AttachVolumeNegativeTest-6194955 tempest-AttachVolumeNegativeTest-6194955-project] Attributes excluded by policy engine: ['standard_attr_id', 'binding:profile', 'binding:host_id', 'binding:vif_type', 'binding:vif_details'] {{(pid=91687) _exclude_attributes_by_policy /opt/stack/neutron/neutron/pecan_wsgi/hooks/policy_enforcement.py:255}}
May 20 04:23:07.867438 dv-cinder-790910-4-iscsi neutron-server[91687]: INFO neutron.wsgi [req-45557e6f-582a-4775-8ffa-663012f6a543 req-6cacb0c7-e0bb-4cc7-b7bb-2684bea7747c tempest-AttachVolumeNegativeTest-6194955 tempest-AttachVolumeNegativeTest-6194955-project] 10.222.0.71 "GET /v2.0/ports?device_id=67a5d1ca-6a84-4a8b-8aeb-83c49965926d HTTP/1.1" status: 200 len: 944 time: 0.2513835
May 20 04:23:08.012144 dv-cinder-790910-4-iscsi neutron-server[91687]: INFO neutron.wsgi [req-45557e6f-582a-4775-8ffa-663012f6a543 req-78845eb1-fa2e-4faa-be59-2ad1d4f2bffb tempest-AttachVolumeNegativeTest-6194955 tempest-AttachVolumeNegativeTest-6194955-project] 10.222.0.71 "GET /v2.0/security-groups?id=bfbed793-323e-4182-8252-80af79e38321&fields=id&fields=name HTTP/1.1" status: 200 len: 286 time: 0.1320593
May 20 04:23:08.355050 dv-cinder-790910-4-iscsi neutron-server[91686]: DEBUG neutron.pecan_wsgi.hooks.policy_enforcement [req-1fe16d71-0f11-4f01-8419-677982dec179 req-0d5ce0e5-da29-4bbf-8db4-4d511535b657 tempest-ServerRescueNegativeTestJSON-969978466 tempest-ServerRescueNegativeTestJSON-969978466-project] Attributes excluded by policy engine: ['standard_attr_id', 'binding:profile', 'binding:host_id', 'binding:vif_type', 'binding:vif_details'] {{(pid=91686) _exclude_attributes_by_policy /opt/stack/neutron/neutron/pecan_wsgi/hooks/policy_enforcement.py:255}}
May 20 04:23:08.358119 dv-cinder-790910-4-iscsi neutron-server[91686]: INFO neutron.wsgi [req-1fe16d71-0f11-4f01-8419-677982dec179 req-0d5ce0e5-da29-4bbf-8db4-4d511535b657 tempest-ServerRescueNegativeTestJSON-969978466 tempest-ServerRescueNegativeTestJSON-969978466-project] 10.222.0.71 "GET /v2.0/ports?device_id=2d35fcf1-2045-41ad-8d43-0b244e5b4d20 HTTP/1.1" status: 200 len: 945 time: 0.2124484
May 20 04:23:08.464292 dv-cinder-790910-4-iscsi neutron-server[91688]: DEBUG neutron.plugins.ml2.rpc [None req-1eedbfa7-e1e2-4eac-9d1d-97966fac4797 None None] Device 9a903ca5-2762-405a-81bb-5c3dce3d256a details requested by agent hyperv_hv-cinder-79091 with host hv-cinder-79091 {{(pid=91688) get_device_details /opt/stack/neutron/neutron/plugins/ml2/rpc.py:88}}
May 20 04:23:08.475902 dv-cinder-790910-4-iscsi neutron-server[91686]: INFO neutron.wsgi [req-1fe16d71-0f11-4f01-8419-677982dec179 req-7cc203aa-a71b-444e-9f1c-cd06d3e46e59 tempest-ServerRescueNegativeTestJSON-969978466 tempest-ServerRescueNegativeTestJSON-969978466-project] 10.222.0.71 "GET /v2.0/security-groups?id=8cbf810a-7c03-41fd-8b60-12a4f73202de&fields=id&fields=name HTTP/1.1" status: 200 len: 286 time: 0.1112511
May 20 04:23:08.714510 dv-cinder-790910-4-iscsi neutron-server[91688]: DEBUG neutron.plugins.ml2.db [None req-1eedbfa7-e1e2-4eac-9d1d-97966fac4797 None None] For port 9a903ca5-2762-405a-81bb-5c3dce3d256a, host hv-cinder-79091, got binding levels [PortBindingLevel(driver='hyperv',host='hv-cinder-79091',level=0,port_id=9a903ca5-2762-405a-81bb-5c3dce3d256a,segment=NetworkSegment(0ad1d987-000a-4092-8d15-811f90922b00),segment_id=0ad1d987-000a-4092-8d15-811f90922b00)] {{(pid=91688) get_binding_level_objs /opt/stack/neutron/neutron/plugins/ml2/db.py:75}}
May 20 04:23:08.732461 dv-cinder-790910-4-iscsi neutron-server[91688]: DEBUG neutron.plugins.ml2.rpc [None req-1eedbfa7-e1e2-4eac-9d1d-97966fac4797 None None] Returning: {'device': '9a903ca5-2762-405a-81bb-5c3dce3d256a', 'network_id': '20ab5e30-591a-443a-9e34-f3a1b7563f5d', 'port_id': '9a903ca5-2762-405a-81bb-5c3dce3d256a', 'mac_address': 'fa:16:3e:90:23:e4', 'admin_state_up': True, 'network_type': 'vlan', 'segmentation_id': 876, 'physical_network': 'physnet1', 'mtu': 1500, 'fixed_ips': [{'subnet_id': '2a9c681d-a9be-4897-91bb-31aeb6432254', 'ip_address': '172.20.0.11'}], 'device_owner': 'compute:nova', 'allowed_address_pairs': [], 'port_security_enabled': True, 'qos_policy_id': None, 'network_qos_policy_id': None, 'profile': {}, 'propagate_uplink_status': False} {{(pid=91688) _get_device_details /opt/stack/neutron/neutron/plugins/ml2/rpc.py:168}}
May 20 04:23:08.811402 dv-cinder-790910-4-iscsi neutron-server[91688]: DEBUG neutron_lib.callbacks.manager [None req-1eedbfa7-e1e2-4eac-9d1d-97966fac4797 None None] Notify callbacks ['neutron.plugins.ml2.plugin.SecurityGroupDbMixin._ensure_default_security_group_handler_port-578121'] for port, before_update {{(pid=91688) _notify_loop /usr/local/lib/python3.8/dist-packages/neutron_lib/callbacks/manager.py:192}}
May 20 04:23:08.831153 dv-cinder-790910-4-iscsi neutron-server[91688]: DEBUG neutron.notifiers.nova [None req-1eedbfa7-e1e2-4eac-9d1d-97966fac4797 None None] Ignoring state change previous_port_status: DOWN current_port_status: BUILD port_id 9a903ca5-2762-405a-81bb-5c3dce3d256a {{(pid=91688) record_port_status_changed /opt/stack/neutron/neutron/notifiers/nova.py:224}}
May 20 04:23:08.855929 dv-cinder-790910-4-iscsi neutron-server[91688]: DEBUG neutron.plugins.ml2.db [None req-1eedbfa7-e1e2-4eac-9d1d-97966fac4797 None None] For port 9a903ca5-2762-405a-81bb-5c3dce3d256a, host hv-cinder-79091, got binding levels [PortBindingLevel(driver='hyperv',host='hv-cinder-79091',level=0,port_id=9a903ca5-2762-405a-81bb-5c3dce3d256a,segment=NetworkSegment(0ad1d987-000a-4092-8d15-811f90922b00),segment_id=0ad1d987-000a-4092-8d15-811f90922b00)] {{(pid=91688) get_binding_level_objs /opt/stack/neutron/neutron/plugins/ml2/db.py:75}}
May 20 04:23:08.861798 dv-cinder-790910-4-iscsi neutron-server[91688]: DEBUG neutron_lib.callbacks.manager [None req-1eedbfa7-e1e2-4eac-9d1d-97966fac4797 None None] Notify callbacks ['neutron.plugins.ml2.plugin.SecurityGroupServerNotifierRpcMixin.notify_sg_on_port_change-577714', 'neutron.plugins.ml2.ovo_rpc._ObjectChangeHandler.handle_event-1874001', 'neutron.api.rpc.agentnotifiers.dhcp_rpc_agent_api.DhcpAgentNotifyAPI._native_event_send_dhcp_notification-1781377', 'neutron.db.l3_db.L3RpcNotifierMixin._notify_gateway_port_ip_changed-8782892522927', 'neutron.db.l3_dvrscheduler_db._notify_l3_agent_port_update-8782892108813', 'neutron.db.l3_hascheduler_db._notify_l3_agent_ha_port_update-8782892108858'] for port, after_update {{(pid=91688) _notify_loop /usr/local/lib/python3.8/dist-packages/neutron_lib/callbacks/manager.py:192}}
May 20 04:23:08.863800 dv-cinder-790910-4-iscsi neutron-server[91688]: DEBUG oslo_concurrency.lockutils [-] Lock "event-dispatch" acquired by "neutron.plugins.ml2.ovo_rpc._ObjectChangeHandler.dispatch_events" :: waited 0.000s {{(pid=91688) inner /usr/local/lib/python3.8/dist-packages/oslo_concurrency/lockutils.py:355}}
May 20 04:23:08.992086 dv-cinder-790910-4-iscsi neutron-server[91688]: DEBUG neutron.api.rpc.handlers.resources_rpc [None req-1eedbfa7-e1e2-4eac-9d1d-97966fac4797 None None] Pushing event updated for resources: {'Port': ['ID=9a903ca5-2762-405a-81bb-5c3dce3d256a,revision_number=4']} {{(pid=91688) push /opt/stack/neutron/neutron/api/rpc/handlers/resources_rpc.py:237}}
May 20 04:23:08.995863 dv-cinder-790910-4-iscsi neutron-server[91688]: DEBUG oslo_concurrency.lockutils [None req-1eedbfa7-e1e2-4eac-9d1d-97966fac4797 None None] Lock "event-dispatch" released by "neutron.plugins.ml2.ovo_rpc._ObjectChangeHandler.dispatch_events" :: held 0.132s {{(pid=91688) inner /usr/local/lib/python3.8/dist-packages/oslo_concurrency/lockutils.py:367}}
May 20 04:23:09.363699 dv-cinder-790910-4-iscsi neutron-server[91688]: DEBUG neutron.plugins.ml2.db [None req-1eedbfa7-e1e2-4eac-9d1d-97966fac4797 None None] get_ports_and_sgs() called for port_ids ['9a903ca5-2762-405a-81bb-5c3dce3d256a'] {{(pid=91688) get_ports_and_sgs /opt/stack/neutron/neutron/plugins/ml2/db.py:164}}
May 20 04:23:09.450037 dv-cinder-790910-4-iscsi neutron-server[91687]: DEBUG neutron.wsgi [-] (91687) accepted ('10.222.0.71', 38362) {{(pid=91687) server /usr/local/lib/python3.8/dist-packages/eventlet/wsgi.py:992}}
May 20 04:23:09.479255 dv-cinder-790910-4-iscsi neutron-server[91686]: DEBUG neutron.pecan_wsgi.hooks.policy_enforcement [req-e461ee75-fc8a-4e3c-93e3-6f46734d2f28 req-e9b117dd-cbc0-41bd-9251-b2d29d6e405c tempest-AttachVolumeNegativeTest-6194955 tempest-AttachVolumeNegativeTest-6194955-project] Attributes excluded by policy engine: ['standard_attr_id', 'binding:profile', 'binding:host_id', 'binding:vif_type', 'binding:vif_details'] {{(pid=91686) _exclude_attributes_by_policy /opt/stack/neutron/neutron/pecan_wsgi/hooks/policy_enforcement.py:255}}
May 20 04:23:09.480841 dv-cinder-790910-4-iscsi neutron-server[91686]: INFO neutron.wsgi [req-e461ee75-fc8a-4e3c-93e3-6f46734d2f28 req-e9b117dd-cbc0-41bd-9251-b2d29d6e405c tempest-AttachVolumeNegativeTest-6194955 tempest-AttachVolumeNegativeTest-6194955-project] 10.222.0.71 "GET /v2.0/ports?device_id=67a5d1ca-6a84-4a8b-8aeb-83c49965926d HTTP/1.1" status: 200 len: 945 time: 0.2482347
May 20 04:23:09.576387 dv-cinder-790910-4-iscsi neutron-server[91686]: INFO neutron.wsgi [req-e461ee75-fc8a-4e3c-93e3-6f46734d2f28 req-b6762e98-45db-41e0-9e75-a8d1833c07ef tempest-AttachVolumeNegativeTest-6194955 tempest-AttachVolumeNegativeTest-6194955-project] 10.222.0.71 "GET /v2.0/security-groups?id=bfbed793-323e-4182-8252-80af79e38321&fields=id&fields=name HTTP/1.1" status: 200 len: 286 time: 0.0856199
May 20 04:23:09.665235 dv-cinder-790910-4-iscsi neutron-server[91687]: DEBUG neutron_lib.callbacks.manager [None req-128b92d1-8bc7-4f61-bd4e-39143077d2d4 admin admin] Notify callbacks [] for security_group, before_create {{(pid=91687) _notify_loop /usr/local/lib/python3.8/dist-packages/neutron_lib/callbacks/manager.py:192}}
May 20 04:23:09.687578 dv-cinder-790910-4-iscsi neutron-server[91687]: DEBUG neutron.db.quota.driver [None req-128b92d1-8bc7-4f61-bd4e-39143077d2d4 admin admin] Resources subnetpool have unlimited quota limit. It is not required to calculate headroom {{(pid=91687) make_reservation /opt/stack/neutron/neutron/db/quota/driver.py:219}}
May 20 04:23:09.695407 dv-cinder-790910-4-iscsi neutron-server[91687]: DEBUG neutron.quota.resource [None req-128b92d1-8bc7-4f61-bd4e-39143077d2d4 admin admin] Usage tracker for resource:security_group_rule and tenant:2156f486c8474ea9be7cbef5557a0e72 is out of sync, need to count used quota {{(pid=91687) count_used /opt/stack/neutron/neutron/quota/resource.py:270}}
May 20 04:23:09.700005 dv-cinder-790910-4-iscsi neutron-server[91687]: DEBUG neutron.quota.resource [None req-128b92d1-8bc7-4f61-bd4e-39143077d2d4 admin admin] Quota usage for security_group_rule was recalculated. Used quota:0. {{(pid=91687) count_used /opt/stack/neutron/neutron/quota/resource.py:290}}
May 20 04:23:09.710059 dv-cinder-790910-4-iscsi neutron-server[91687]: DEBUG neutron.db.quota.driver [None req-128b92d1-8bc7-4f61-bd4e-39143077d2d4 admin admin] Attempting to reserve 4 items for resource security_group_rule. Total usage: 0; quota limit: 100; headroom:100 {{(pid=91687) make_reservation /opt/stack/neutron/neutron/db/quota/driver.py:246}}
May 20 04:23:09.976557 dv-cinder-790910-4-iscsi neutron-server[91687]: DEBUG neutron.pecan_wsgi.hooks.policy_enforcement [req-6efd57ae-1ef5-4563-a451-cc98aa8c53eb req-d04996c0-7a4a-43d3-a034-596ae6699101 tempest-ServerRescueNegativeTestJSON-969978466 tempest-ServerRescueNegativeTestJSON-969978466-project] Attributes excluded by policy engine: ['standard_attr_id', 'binding:profile', 'binding:host_id', 'binding:vif_type', 'binding:vif_details'] {{(pid=91687) _exclude_attributes_by_policy /opt/stack/neutron/neutron/pecan_wsgi/hooks/policy_enforcement.py:255}}
May 20 04:23:09.979321 dv-cinder-790910-4-iscsi neutron-server[91687]: INFO neutron.wsgi [req-6efd57ae-1ef5-4563-a451-cc98aa8c53eb req-d04996c0-7a4a-43d3-a034-596ae6699101 tempest-ServerRescueNegativeTestJSON-969978466 tempest-ServerRescueNegativeTestJSON-969978466-project] 10.222.0.71 "GET /v2.0/ports?device_id=2d35fcf1-2045-41ad-8d43-0b244e5b4d20 HTTP/1.1" status: 200 len: 945 time: 0.2294374
May 20 04:23:10.029259 dv-cinder-790910-4-iscsi neutron-server[91687]: DEBUG neutron_lib.callbacks.manager [None req-128b92d1-8bc7-4f61-bd4e-39143077d2d4 admin admin] Notify callbacks [] for security_group, precommit_create {{(pid=91687) _notify_loop /usr/local/lib/python3.8/dist-packages/neutron_lib/callbacks/manager.py:192}}
May 20 04:23:10.054227 dv-cinder-790910-4-iscsi neutron-server[91687]: DEBUG neutron_lib.callbacks.manager [None req-128b92d1-8bc7-4f61-bd4e-39143077d2d4 admin admin] Notify callbacks ['neutron.plugins.ml2.ovo_rpc._ObjectChangeHandler.handle_event-1590648'] for security_group, after_create {{(pid=91687) _notify_loop /usr/local/lib/python3.8/dist-packages/neutron_lib/callbacks/manager.py:192}}
May 20 04:23:10.075060 dv-cinder-790910-4-iscsi neutron-server[91687]: DEBUG oslo_concurrency.lockutils [-] Lock "event-dispatch" acquired by "neutron.plugins.ml2.ovo_rpc._ObjectChangeHandler.dispatch_events" :: waited 0.000s {{(pid=91687) inner /usr/local/lib/python3.8/dist-packages/oslo_concurrency/lockutils.py:355}}
