Aug 23 20:17:31.529594 dv-cinder-790910-10-smb neutron-server[94389]: DEBUG neutron_lib.callbacks.manager [req-1b6fd269-e781-4f5a-8d1b-e1053034d88f req-49f70526-4b23-4d5d-9bcf-a6239eac8ae9 service neutron] Notify callbacks [] for port, precommit_update {{(pid=94389) _notify_loop /usr/local/lib/python3.8/dist-packages/neutron_lib/callbacks/manager.py:192}}
Aug 23 20:17:31.569268 dv-cinder-790910-10-smb neutron-server[94389]: DEBUG neutron.db.provisioning_blocks [req-1b6fd269-e781-4f5a-8d1b-e1053034d88f req-49f70526-4b23-4d5d-9bcf-a6239eac8ae9 service neutron] Transition to ACTIVE for port object fa209db8-3035-4de1-aa27-845c64384345 will not be triggered until provisioned by entity L2. {{(pid=94389) add_provisioning_component /opt/stack/neutron/neutron/db/provisioning_blocks.py:73}}
Aug 23 20:17:31.582605 dv-cinder-790910-10-smb neutron-server[94389]: DEBUG neutron_lib.callbacks.manager [req-1b6fd269-e781-4f5a-8d1b-e1053034d88f req-49f70526-4b23-4d5d-9bcf-a6239eac8ae9 service neutron] Notify callbacks ['neutron.plugins.ml2.plugin.SecurityGroupServerNotifierRpcMixin._notify_sg_on_port_change-66504718', 'neutron.plugins.ml2.ovo_rpc._ObjectChangeHandler.handle_event-78752', 'neutron.api.rpc.agentnotifiers.dhcp_rpc_agent_api.DhcpAgentNotifyAPI._native_event_send_dhcp_notification-564676', 'neutron.db.l3_db.L3RpcNotifierMixin._notify_gateway_port_ip_changed-8773913104716', 'neutron.db.l3_dvrscheduler_db._notify_l3_agent_port_update-8773912552439', 'neutron.db.l3_hascheduler_db._notify_l3_agent_ha_port_update-8773912549645', 'neutron.services.segments.plugin.NovaSegmentNotifier._notify_port_updated-9151355'] for port, after_update {{(pid=94389) _notify_loop /usr/local/lib/python3.8/dist-packages/neutron_lib/callbacks/manager.py:192}}
Aug 23 20:17:31.601791 dv-cinder-790910-10-smb neutron-server[94389]: DEBUG neutron.pecan_wsgi.hooks.policy_enforcement [req-3b927416-515e-4019-8669-33e830897904 req-81761cb4-9654-44bf-9695-455970016b3f tempest-ServerRescueNegativeTestJSON-1293114277 tempest-ServerRescueNegativeTestJSON-1293114277-project] Attributes excluded by policy engine: ['standard_attr_id', 'binding:profile', 'binding:host_id', 'binding:vif_type', 'binding:vif_details'] {{(pid=94389) _exclude_attributes_by_policy /opt/stack/neutron/neutron/pecan_wsgi/hooks/policy_enforcement.py:255}}
Aug 23 20:17:31.603296 dv-cinder-790910-10-smb neutron-server[94389]: INFO neutron.wsgi [req-3b927416-515e-4019-8669-33e830897904 req-81761cb4-9654-44bf-9695-455970016b3f tempest-ServerRescueNegativeTestJSON-1293114277 tempest-ServerRescueNegativeTestJSON-1293114277-project] 10.222.0.54 "GET /v2.0/ports?device_id=c87c5ae5-dcb0-4846-a9e2-4b24797453ad HTTP/1.1" status: 200 len: 932 time: 0.1184280
Aug 23 20:17:31.625035 dv-cinder-790910-10-smb neutron-server[94389]: INFO neutron.wsgi [req-6dfd4252-4222-40a1-87d9-2a31d8ec6b90 req-3aa7817a-1b25-416f-85a1-a49f43134ff5 service neutron] 10.222.0.58 "GET /v2.0/networks/08aea435-abc9-40e7-b8ab-cfd5139cb12c?fields=provider%3Aphysical_network&fields=provider%3Anetwork_type HTTP/1.1" status: 200 len: 281 time: 0.1926272
Aug 23 20:17:31.670449 dv-cinder-790910-10-smb neutron-server[94389]: DEBUG neutron.api.rpc.handlers.resources_rpc [None req-49f70526-4b23-4d5d-9bcf-a6239eac8ae9 service neutron] Pushing event updated for resources: {'Port': ['ID=fa209db8-3035-4de1-aa27-845c64384345,revision_number=2']} {{(pid=94389) push /opt/stack/neutron/neutron/api/rpc/handlers/resources_rpc.py:237}}
Aug 23 20:17:31.710896 dv-cinder-790910-10-smb neutron-server[94389]: INFO neutron.wsgi [req-3b927416-515e-4019-8669-33e830897904 req-9a772d1e-8371-44ee-bb66-4089602b0628 tempest-ServerRescueNegativeTestJSON-1293114277 tempest-ServerRescueNegativeTestJSON-1293114277-project] 10.222.0.54 "GET /v2.0/security-groups?id=45a71ba0-ee34-4672-b147-e29f3066d8b9&fields=id&fields=name HTTP/1.1" status: 200 len: 286 time: 0.0822802
Aug 23 20:17:31.761973 dv-cinder-790910-10-smb neutron-server[94389]: DEBUG neutron.plugins.ml2.managers [req-1b6fd269-e781-4f5a-8d1b-e1053034d88f req-49f70526-4b23-4d5d-9bcf-a6239eac8ae9 service neutron] Attempting to bind port fa209db8-3035-4de1-aa27-845c64384345 on host hv-cinder-79091 for vnic_type normal with profile {{(pid=94389) bind_port /opt/stack/neutron/neutron/plugins/ml2/managers.py:790}}
Aug 23 20:17:31.762216 dv-cinder-790910-10-smb neutron-server[94389]: DEBUG neutron.plugins.ml2.managers [req-1b6fd269-e781-4f5a-8d1b-e1053034d88f req-49f70526-4b23-4d5d-9bcf-a6239eac8ae9 service neutron] Attempting to bind port fa209db8-3035-4de1-aa27-845c64384345 by drivers openvswitch,hyperv on host hv-cinder-79091 at level 0 using segments [{'id': '636137c9-1ff7-4a9f-82a6-9cef34e30846', 'network_type': 'vlan', 'physical_network': 'physnet1', 'segmentation_id': 308, 'network_id': '20285a17-4b24-4d93-b286-fbe45ffe2624'}] {{(pid=94389) _bind_port_level /opt/stack/neutron/neutron/plugins/ml2/managers.py:815}}
Aug 23 20:17:31.762549 dv-cinder-790910-10-smb neutron-server[94389]: DEBUG neutron.plugins.ml2.drivers.mech_agent [req-1b6fd269-e781-4f5a-8d1b-e1053034d88f req-49f70526-4b23-4d5d-9bcf-a6239eac8ae9 service neutron] Attempting to bind port fa209db8-3035-4de1-aa27-845c64384345 on network 20285a17-4b24-4d93-b286-fbe45ffe2624 {{(pid=94389) bind_port /opt/stack/neutron/neutron/plugins/ml2/drivers/mech_agent.py:85}}
Aug 23 20:17:31.767151 dv-cinder-790910-10-smb neutron-server[94389]: DEBUG neutron.plugins.ml2.drivers.mech_agent [req-1b6fd269-e781-4f5a-8d1b-e1053034d88f req-49f70526-4b23-4d5d-9bcf-a6239eac8ae9 service neutron] Port fa209db8-3035-4de1-aa27-845c64384345 on network 20285a17-4b24-4d93-b286-fbe45ffe2624 not bound, no agent of type Open vSwitch agent registered on host hv-cinder-79091 {{(pid=94389) bind_port /opt/stack/neutron/neutron/plugins/ml2/drivers/mech_agent.py:97}}
Aug 23 20:17:31.767506 dv-cinder-790910-10-smb neutron-server[94389]: DEBUG neutron.plugins.ml2.drivers.mech_agent [req-1b6fd269-e781-4f5a-8d1b-e1053034d88f req-49f70526-4b23-4d5d-9bcf-a6239eac8ae9 service neutron] Attempting to bind port fa209db8-3035-4de1-aa27-845c64384345 on network 20285a17-4b24-4d93-b286-fbe45ffe2624 {{(pid=94389) bind_port /opt/stack/neutron/neutron/plugins/ml2/drivers/mech_agent.py:85}}
Aug 23 20:17:31.772681 dv-cinder-790910-10-smb neutron-server[94389]: DEBUG neutron.plugins.ml2.drivers.mech_agent [req-1b6fd269-e781-4f5a-8d1b-e1053034d88f req-49f70526-4b23-4d5d-9bcf-a6239eac8ae9 service neutron] Checking agent: {'id': '11f07d07-4cd4-4b93-81c9-842be4b4d9c3', 'agent_type': 'HyperV agent', 'binary': 'neutron-hyperv-agent', 'topic': 'N/A', 'host': 'hv-cinder-79091', 'admin_state_up': True, 'created_at': datetime.datetime(2021, 8, 23, 20, 14, 25), 'started_at': datetime.datetime(2021, 8, 23, 20, 14, 25), 'heartbeat_timestamp': datetime.datetime(2021, 8, 23, 20, 17, 25), 'description': None, 'resources_synced': None, 'availability_zone': None, 'alive': True, 'configurations': {'vswitch_mappings': {'physnet1$': 'br-data'}}, 'resource_versions': {}} {{(pid=94389) bind_port /opt/stack/neutron/neutron/plugins/ml2/drivers/mech_agent.py:104}}
Aug 23 20:17:31.773017 dv-cinder-790910-10-smb neutron-server[94389]: DEBUG neutron.plugins.ml2.drivers.mech_agent [req-1b6fd269-e781-4f5a-8d1b-e1053034d88f req-49f70526-4b23-4d5d-9bcf-a6239eac8ae9 service neutron] Checking segment: {'id': '636137c9-1ff7-4a9f-82a6-9cef34e30846', 'network_type': 'vlan', 'physical_network': 'physnet1', 'segmentation_id': 308, 'network_id': '20285a17-4b24-4d93-b286-fbe45ffe2624'} for mappings: {'physnet1$': 'br-data'} with network types: ['local', 'flat', 'vlan'] {{(pid=94389) check_segment_for_agent /opt/stack/neutron/neutron/plugins/ml2/drivers/mech_agent.py:352}}
Aug 23 20:17:31.773440 dv-cinder-790910-10-smb neutron-server[94389]: DEBUG neutron.plugins.ml2.drivers.mech_agent [req-1b6fd269-e781-4f5a-8d1b-e1053034d88f req-49f70526-4b23-4d5d-9bcf-a6239eac8ae9 service neutron] Bound using segment: {'id': '636137c9-1ff7-4a9f-82a6-9cef34e30846', 'network_type': 'vlan', 'physical_network': 'physnet1', 'segmentation_id': 308, 'network_id': '20285a17-4b24-4d93-b286-fbe45ffe2624'} {{(pid=94389) bind_port /opt/stack/neutron/neutron/plugins/ml2/drivers/mech_agent.py:114}}
Aug 23 20:17:31.773862 dv-cinder-790910-10-smb neutron-server[94389]: DEBUG neutron.plugins.ml2.managers [req-1b6fd269-e781-4f5a-8d1b-e1053034d88f req-49f70526-4b23-4d5d-9bcf-a6239eac8ae9 service neutron] Bound port: fa209db8-3035-4de1-aa27-845c64384345, host: hv-cinder-79091, vif_type: hyperv, vif_details: {"connectivity": "legacy", "port_filter": false}, binding_levels: [{'bound_driver': 'hyperv', 'bound_segment': {'id': '636137c9-1ff7-4a9f-82a6-9cef34e30846', 'network_type': 'vlan', 'physical_network': 'physnet1', 'segmentation_id': 308, 'network_id': '20285a17-4b24-4d93-b286-fbe45ffe2624'}}] {{(pid=94389) _bind_port_level /opt/stack/neutron/neutron/plugins/ml2/managers.py:928}}
Aug 23 20:17:31.774247 dv-cinder-790910-10-smb neutron-server[94389]: DEBUG neutron_lib.callbacks.manager [req-1b6fd269-e781-4f5a-8d1b-e1053034d88f req-49f70526-4b23-4d5d-9bcf-a6239eac8ae9 service neutron] Notify callbacks ['neutron.plugins.ml2.plugin.SecurityGroupDbMixin._ensure_default_security_group_handler-66504911'] for port, before_update {{(pid=94389) _notify_loop /usr/local/lib/python3.8/dist-packages/neutron_lib/callbacks/manager.py:192}}
Aug 23 20:17:31.859853 dv-cinder-790910-10-smb neutron-server[94389]: DEBUG neutron.plugins.ml2.db [req-1b6fd269-e781-4f5a-8d1b-e1053034d88f req-49f70526-4b23-4d5d-9bcf-a6239eac8ae9 service neutron] For port fa209db8-3035-4de1-aa27-845c64384345, host hv-cinder-79091, cleared binding levels {{(pid=94389) clear_binding_levels /opt/stack/neutron/neutron/plugins/ml2/db.py:87}}
Aug 23 20:17:31.865927 dv-cinder-790910-10-smb neutron-server[94389]: DEBUG neutron.plugins.ml2.db [req-1b6fd269-e781-4f5a-8d1b-e1053034d88f req-49f70526-4b23-4d5d-9bcf-a6239eac8ae9 service neutron] For port fa209db8-3035-4de1-aa27-845c64384345, host hv-cinder-79091, set binding levels [PortBindingLevel(driver='hyperv',host='hv-cinder-79091',level=0,port_id=fa209db8-3035-4de1-aa27-845c64384345,segment=NetworkSegment(636137c9-1ff7-4a9f-82a6-9cef34e30846),segment_id=636137c9-1ff7-4a9f-82a6-9cef34e30846)] {{(pid=94389) set_binding_levels /opt/stack/neutron/neutron/plugins/ml2/db.py:59}}
Aug 23 20:17:31.871791 dv-cinder-790910-10-smb neutron-server[94389]: DEBUG neutron_lib.callbacks.manager [req-1b6fd269-e781-4f5a-8d1b-e1053034d88f req-49f70526-4b23-4d5d-9bcf-a6239eac8ae9 service neutron] Notify callbacks ['neutron.plugins.ml2.plugin.SecurityGroupServerNotifierRpcMixin._notify_sg_on_port_change-66504718', 'neutron.plugins.ml2.ovo_rpc._ObjectChangeHandler.handle_event-78752', 'neutron.api.rpc.agentnotifiers.dhcp_rpc_agent_api.DhcpAgentNotifyAPI._native_event_send_dhcp_notification-564676', 'neutron.db.l3_db.L3RpcNotifierMixin._notify_gateway_port_ip_changed-8773913104716', 'neutron.db.l3_dvrscheduler_db._notify_l3_agent_port_update-8773912552439', 'neutron.db.l3_hascheduler_db._notify_l3_agent_ha_port_update-8773912549645', 'neutron.services.segments.plugin.NovaSegmentNotifier._notify_port_updated-9151355'] for port, after_update {{(pid=94389) _notify_loop /usr/local/lib/python3.8/dist-packages/neutron_lib/callbacks/manager.py:192}}
Aug 23 20:17:31.919298 dv-cinder-790910-10-smb neutron-server[94389]: DEBUG neutron.pecan_wsgi.hooks.policy_enforcement [req-1b6fd269-e781-4f5a-8d1b-e1053034d88f req-49f70526-4b23-4d5d-9bcf-a6239eac8ae9 service neutron] Attributes excluded by policy engine: ['standard_attr_id'] {{(pid=94389) _exclude_attributes_by_policy /opt/stack/neutron/neutron/pecan_wsgi/hooks/policy_enforcement.py:255}}
Aug 23 20:17:31.919770 dv-cinder-790910-10-smb neutron-server[94389]: DEBUG neutron_lib.callbacks.manager [req-1b6fd269-e781-4f5a-8d1b-e1053034d88f req-49f70526-4b23-4d5d-9bcf-a6239eac8ae9 service neutron] Notify callbacks ['neutron.notifiers.nova.Notifier._send_nova_notification-58285'] for port, before_response {{(pid=94389) _notify_loop /usr/local/lib/python3.8/dist-packages/neutron_lib/callbacks/manager.py:192}}
Aug 23 20:17:31.921168 dv-cinder-790910-10-smb neutron-server[94389]: INFO neutron.wsgi [req-1b6fd269-e781-4f5a-8d1b-e1053034d88f req-49f70526-4b23-4d5d-9bcf-a6239eac8ae9 service neutron] 10.222.0.58 "PUT /v2.0/ports/fa209db8-3035-4de1-aa27-845c64384345 HTTP/1.1" status: 200 len: 1094 time: 1.1648860
Aug 23 20:17:31.921603 dv-cinder-790910-10-smb neutron-server[94389]: DEBUG neutron.notifiers.nova [-] Sending events: [{'name': 'network-changed', 'server_uuid': 'c87c5ae5-dcb0-4846-a9e2-4b24797453ad', 'tag': 'fa209db8-3035-4de1-aa27-845c64384345'}] {{(pid=94389) send_events /opt/stack/neutron/neutron/notifiers/nova.py:262}}
Aug 23 20:17:31.923858 dv-cinder-790910-10-smb neutron-server[94389]: DEBUG novaclient.v2.client [-] REQ: curl -g -i --cacert "/opt/stack/data/ca-bundle.pem" -X POST http://10.222.0.54/compute/v2.1/os-server-external-events -H "Accept: application/json" -H "Content-Type: application/json" -H "User-Agent: python-novaclient" -H "X-Auth-Token: {SHA256}6dbfe1db3aa71a8558a4aef30af4b3a0ae0928936d185fd76aebe4d06b2c2e3a" -H "X-OpenStack-Nova-API-Version: 2.1" -H "X-OpenStack-Request-ID: req-61f8c849-e231-4195-94fe-2db0b2e23844" -d '{"events": [{"name": "network-changed", "server_uuid": "c87c5ae5-dcb0-4846-a9e2-4b24797453ad", "tag": "fa209db8-3035-4de1-aa27-845c64384345"}]}' {{(pid=94389) _http_log_request /usr/local/lib/python3.8/dist-packages/keystoneauth1/session.py:519}}
Aug 23 20:17:31.949765 dv-cinder-790910-10-smb neutron-server[94389]: DEBUG neutron.api.rpc.handlers.resources_rpc [None req-49f70526-4b23-4d5d-9bcf-a6239eac8ae9 service neutron] Pushing event updated for resources: {'Port': ['ID=fa209db8-3035-4de1-aa27-845c64384345,revision_number=3']} {{(pid=94389) push /opt/stack/neutron/neutron/api/rpc/handlers/resources_rpc.py:237}}
Aug 23 20:17:31.992489 dv-cinder-790910-10-smb neutron-server[94389]: DEBUG novaclient.v2.client [-] RESP: [200] Connection: close Content-Length: 179 Content-Type: application/json Date: Mon, 23 Aug 2021 20:17:31 GMT OpenStack-API-Version: compute 2.1 Server: Apache/2.4.41 (Ubuntu) Vary: OpenStack-API-Version,X-OpenStack-Nova-API-Version X-OpenStack-Nova-API-Version: 2.1 x-compute-request-id: req-c1fc17b1-57d5-4f0f-a0b6-11bb724303d1 x-openstack-request-id: req-c1fc17b1-57d5-4f0f-a0b6-11bb724303d1 {{(pid=94389) _http_log_response /usr/local/lib/python3.8/dist-packages/keystoneauth1/session.py:550}}
Aug 23 20:17:31.992784 dv-cinder-790910-10-smb neutron-server[94389]: DEBUG novaclient.v2.client [-] RESP BODY: {"events": [{"name": "network-changed", "server_uuid": "c87c5ae5-dcb0-4846-a9e2-4b24797453ad", "tag": "fa209db8-3035-4de1-aa27-845c64384345", "status": "completed", "code": 200}]} {{(pid=94389) _http_log_response /usr/local/lib/python3.8/dist-packages/keystoneauth1/session.py:582}}
Aug 23 20:17:31.993042 dv-cinder-790910-10-smb neutron-server[94389]: DEBUG novaclient.v2.client [-] POST call to compute for http://10.222.0.54/compute/v2.1/os-server-external-events used request id req-c1fc17b1-57d5-4f0f-a0b6-11bb724303d1 {{(pid=94389) request /usr/local/lib/python3.8/dist-packages/keystoneauth1/session.py:954}}
Aug 23 20:17:31.993503 dv-cinder-790910-10-smb neutron-server[94389]: INFO neutron.notifiers.nova [-] Nova event response: {'name': 'network-changed', 'server_uuid': 'c87c5ae5-dcb0-4846-a9e2-4b24797453ad', 'tag': 'fa209db8-3035-4de1-aa27-845c64384345', 'status': 'completed', 'code': 200}
Aug 23 20:17:32.044241 dv-cinder-790910-10-smb neutron-server[94389]: DEBUG neutron.pecan_wsgi.hooks.policy_enforcement [req-1b6fd269-e781-4f5a-8d1b-e1053034d88f req-6ead3d50-0b3e-4240-87a0-9203181f9147 service neutron] Attributes excluded by policy engine: ['standard_attr_id'] {{(pid=94389) _exclude_attributes_by_policy /opt/stack/neutron/neutron/pecan_wsgi/hooks/policy_enforcement.py:255}}
Aug 23 20:17:32.047027 dv-cinder-790910-10-smb neutron-server[94389]: INFO neutron.wsgi [req-1b6fd269-e781-4f5a-8d1b-e1053034d88f req-6ead3d50-0b3e-4240-87a0-9203181f9147 service neutron] 10.222.0.58 "GET /v2.0/ports?tenant_id=e8363df272204f8b903ceb45290528cf&device_id=c87c5ae5-dcb0-4846-a9e2-4b24797453ad HTTP/1.1" status: 200 len: 1097 time: 0.0677750
Aug 23 20:17:32.105304 dv-cinder-790910-10-smb neutron-server[94389]: INFO neutron.wsgi [req-1b6fd269-e781-4f5a-8d1b-e1053034d88f req-b77388ac-308b-48fe-835b-e5973338bb9f service neutron] 10.222.0.58 "GET /v2.0/floatingips?fixed_ip_address=172.20.0.14&port_id=fa209db8-3035-4de1-aa27-845c64384345 HTTP/1.1" status: 200 len: 217 time: 0.0455468
Aug 23 20:17:32.183114 dv-cinder-790910-10-smb neutron-server[94389]: DEBUG neutron.pecan_wsgi.hooks.policy_enforcement [req-1b6fd269-e781-4f5a-8d1b-e1053034d88f req-17a3cc43-f3ff-45ac-9de8-dd9efce93219 service neutron] Attributes excluded by policy engine: ['standard_attr_id', 'shared', 'segment_id'] {{(pid=94389) _exclude_attributes_by_policy /opt/stack/neutron/neutron/pecan_wsgi/hooks/policy_enforcement.py:255}}
Aug 23 20:17:32.184896 dv-cinder-790910-10-smb neutron-server[94389]: INFO neutron.wsgi [req-1b6fd269-e781-4f5a-8d1b-e1053034d88f req-17a3cc43-f3ff-45ac-9de8-dd9efce93219 service neutron] 10.222.0.58 "GET /v2.0/subnets?id=634ce80e-7657-4e6b-809d-baceb5f86810 HTTP/1.1" status: 200 len: 859 time: 0.0642419
Aug 23 20:17:32.193152 dv-cinder-790910-10-smb neutron-server[94389]: DEBUG neutron.pecan_wsgi.hooks.policy_enforcement [req-36529294-f95e-4820-aa93-e6eb9162e685 req-6d300bf1-e739-4fba-8e04-2d1ef81e5ed4 tempest-AttachVolumeNegativeTest-362228983 tempest-AttachVolumeNegativeTest-362228983-project] Attributes excluded by policy engine: ['standard_attr_id', 'binding:profile', 'binding:host_id', 'binding:vif_type', 'binding:vif_details'] {{(pid=94389) _exclude_attributes_by_policy /opt/stack/neutron/neutron/pecan_wsgi/hooks/policy_enforcement.py:255}}
Aug 23 20:17:32.194804 dv-cinder-790910-10-smb neutron-server[94389]: INFO neutron.wsgi [req-36529294-f95e-4820-aa93-e6eb9162e685 req-6d300bf1-e739-4fba-8e04-2d1ef81e5ed4 tempest-AttachVolumeNegativeTest-362228983 tempest-AttachVolumeNegativeTest-362228983-project] 10.222.0.54 "GET /v2.0/ports?device_id=38942ecf-bd7e-469c-b1d3-9a6e15795af3 HTTP/1.1" status: 200 len: 944 time: 0.1364250
Aug 23 20:17:32.227054 dv-cinder-790910-10-smb neutron-server[94389]: INFO neutron.wsgi [req-1b6fd269-e781-4f5a-8d1b-e1053034d88f req-78dab087-80e1-496b-959c-31040f452813 service neutron] 10.222.0.58 "GET /v2.0/ports?network_id=20285a17-4b24-4d93-b286-fbe45ffe2624&device_owner=network%3Adhcp HTTP/1.1" status: 200 len: 210 time: 0.0312121
Aug 23 20:17:32.317012 dv-cinder-790910-10-smb neutron-server[94389]: INFO neutron.wsgi [req-36529294-f95e-4820-aa93-e6eb9162e685 req-ae8be0a8-b27c-404e-a08f-c8e5e8af9b2f tempest-AttachVolumeNegativeTest-362228983 tempest-AttachVolumeNegativeTest-362228983-project] 10.222.0.54 "GET /v2.0/security-groups?id=3015c554-f405-4602-bf6c-8f462ec681b5&fields=id&fields=name HTTP/1.1" status: 200 len: 286 time: 0.0930691
Aug 23 20:17:32.359004 dv-cinder-790910-10-smb neutron-server[94389]: INFO neutron.wsgi [req-1b6fd269-e781-4f5a-8d1b-e1053034d88f req-42b088d1-100d-4bc0-af2c-339fa7c90e10 service neutron] 10.222.0.58 "GET /v2.0/networks/20285a17-4b24-4d93-b286-fbe45ffe2624?fields=segments HTTP/1.1" status: 200 len: 212 time: 0.1143341
Aug 23 20:17:32.388331 dv-cinder-790910-10-smb neutron-server[94389]: DEBUG neutron.wsgi [-] (94389) accepted ('10.222.0.54', 41776) {{(pid=94389) server /usr/local/lib/python3.8/dist-packages/eventlet/wsgi.py:982}}
Aug 23 20:17:32.483106 dv-cinder-790910-10-smb neutron-server[94389]: INFO neutron.wsgi [req-1b6fd269-e781-4f5a-8d1b-e1053034d88f req-e68db65c-690d-49f0-9cff-3cfc621cbc8e service neutron] 10.222.0.58 "GET /v2.0/networks/20285a17-4b24-4d93-b286-fbe45ffe2624?fields=provider%3Aphysical_network&fields=provider%3Anetwork_type HTTP/1.1" status: 200 len: 281 time: 0.1145337
Aug 23 20:17:32.547248 dv-cinder-790910-10-smb neutron-server[94389]: DEBUG neutron_lib.callbacks.manager [None req-f4de3c80-7556-468f-9d7c-812017620b8f admin admin] Notify callbacks [] for security_group, before_create {{(pid=94389) _notify_loop /usr/local/lib/python3.8/dist-packages/neutron_lib/callbacks/manager.py:192}}
Aug 23 20:17:32.655387 dv-cinder-790910-10-smb neutron-server[94389]: DEBUG neutron.pecan_wsgi.hooks.policy_enforcement [req-61f8c849-e231-4195-94fe-2db0b2e23844 req-805fda0d-7b65-433d-a6ca-e7cb551e5147 service neutron] Attributes excluded by policy engine: ['standard_attr_id'] {{(pid=94389) _exclude_attributes_by_policy /opt/stack/neutron/neutron/pecan_wsgi/hooks/policy_enforcement.py:255}}
Aug 23 20:17:32.656861 dv-cinder-790910-10-smb neutron-server[94389]: INFO neutron.wsgi [req-61f8c849-e231-4195-94fe-2db0b2e23844 req-805fda0d-7b65-433d-a6ca-e7cb551e5147 service neutron] 10.222.0.58 "GET /v2.0/ports?tenant_id=e8363df272204f8b903ceb45290528cf&device_id=c87c5ae5-dcb0-4846-a9e2-4b24797453ad HTTP/1.1" status: 200 len: 1097 time: 0.0651579
Aug 23 20:17:32.739354 dv-cinder-790910-10-smb neutron-server[94389]: DEBUG neutron_lib.callbacks.manager [None req-f4de3c80-7556-468f-9d7c-812017620b8f admin admin] Notify callbacks [] for security_group, precommit_create {{(pid=94389) _notify_loop /usr/local/lib/python3.8/dist-packages/neutron_lib/callbacks/manager.py:192}}
Aug 23 20:17:32.745553 dv-cinder-790910-10-smb neutron-server[94389]: DEBUG neutron_lib.callbacks.manager [None req-f4de3c80-7556-468f-9d7c-812017620b8f admin admin] Notify callbacks ['neutron.plugins.ml2.ovo_rpc._ObjectChangeHandler.handle_event-601179'] for security_group, after_create {{(pid=94389) _notify_loop /usr/local/lib/python3.8/dist-packages/neutron_lib/callbacks/manager.py:192}}
Aug 23 20:17:32.816349 dv-cinder-790910-10-smb neutron-server[94389]: DEBUG neutron.api.rpc.handlers.resources_rpc [None req-f4de3c80-7556-468f-9d7c-812017620b8f admin admin] Pushing event updated for resources: {'SecurityGroup': ['ID=2f506b42-c902-407b-91eb-b1e06f7985f7,revision_number=1']} {{(pid=94389) push /opt/stack/neutron/neutron/api/rpc/handlers/resources_rpc.py:237}}
Aug 23 20:17:32.840426 dv-cinder-790910-10-smb neutron-server[94389]: INFO neutron.wsgi [None req-f4de3c80-7556-468f-9d7c-812017620b8f admin admin] 10.222.0.54 "GET /v2.0/security-groups?tenant_id=435328003f6441ce8d493f1c976e3816&name=default HTTP/1.1" status: 200 len: 2979 time: 0.4510703
Aug 23 20:17:32.843225 dv-cinder-790910-10-smb neutron-server[94388]: DEBUG neutron.wsgi [-] (94388) accepted ('10.222.0.54', 41788) {{(pid=94388) server /usr/local/lib/python3.8/dist-packages/eventlet/wsgi.py:982}}
Aug 23 20:17:32.847687 dv-cinder-790910-10-smb neutron-server[94389]: DEBUG neutron.pecan_wsgi.hooks.policy_enforcement [req-61f8c849-e231-4195-94fe-2db0b2e23844 req-daa5c0cc-094f-4b6d-85f0-3daa9852f614 service neutron] Attributes excluded by policy engine: ['standard_attr_id', 'vlan_transparent'] {{(pid=94389) _exclude_attributes_by_policy /opt/stack/neutron/neutron/pecan_wsgi/hooks/policy_enforcement.py:255}}
Aug 23 20:17:32.849208 dv-cinder-790910-10-smb neutron-server[94389]: INFO neutron.wsgi [req-61f8c849-e231-4195-94fe-2db0b2e23844 req-daa5c0cc-094f-4b6d-85f0-3daa9852f614 service neutron] 10.222.0.58 "GET /v2.0/networks?id=20285a17-4b24-4d93-b286-fbe45ffe2624 HTTP/1.1" status: 200 len: 920 time: 0.1825163
Aug 23 20:17:32.872876 dv-cinder-790910-10-smb neutron-server[94390]: DEBUG neutron_lib.callbacks.manager [None req-87bb41d5-7fce-4cac-83de-736e7f78c45c None None] Notify callbacks ['neutron.services.segments.db._update_segment_host_mapping_for_agent-8773913026600', 'neutron.plugins.ml2.plugin.Ml2Plugin._retry_binding_revived_agents-66499608'] for agent, after_update {{(pid=94390) _notify_loop /usr/local/lib/python3.8/dist-packages/neutron_lib/callbacks/manager.py:192}}
Aug 23 20:17:32.878017 dv-cinder-790910-10-smb neutron-server[94389]: DEBUG neutron.pecan_wsgi.hooks.policy_enforcement [req-20df12dc-9ce2-4cae-92b6-e8a9f0583ae7 req-4873cb9e-a675-45eb-878f-52774796aa3f tempest-ServerRescueNegativeTestJSON-1293114277 tempest-ServerRescueNegativeTestJSON-1293114277-project] Attributes excluded by policy engine: ['standard_attr_id', 'binding:profile', 'binding:host_id', 'binding:vif_type', 'binding:vif_details'] {{(pid=94389) _exclude_attributes_by_policy /opt/stack/neutron/neutron/pecan_wsgi/hooks/policy_enforcement.py:255}}
Aug 23 20:17:32.879512 dv-cinder-790910-10-smb neutron-server[94389]: INFO neutron.wsgi [req-20df12dc-9ce2-4cae-92b6-e8a9f0583ae7 req-4873cb9e-a675-45eb-878f-52774796aa3f tempest-ServerRescueNegativeTestJSON-1293114277 tempest-ServerRescueNegativeTestJSON-1293114277-project] 10.222.0.54 "GET /v2.0/ports?device_id=c87c5ae5-dcb0-4846-a9e2-4b24797453ad HTTP/1.1" status: 200 len: 944 time: 0.0877604
Aug 23 20:17:32.909110 dv-cinder-790910-10-smb neutron-server[94388]: DEBUG neutron_lib.callbacks.manager [None req-2ba66474-949d-4336-b561-60d84c21de6c admin admin] Notify callbacks [] for security_group, before_delete {{(pid=94388) _notify_loop /usr/local/lib/python3.8/dist-packages/neutron_lib/callbacks/manager.py:192}}
Aug 23 20:17:32.921415 dv-cinder-790910-10-smb neutron-server[94389]: INFO neutron.wsgi [req-61f8c849-e231-4195-94fe-2db0b2e23844 req-3e7bf1b5-9746-4ca5-a900-f2f9fb5e4e8f service neutron] 10.222.0.58 "GET /v2.0/floatingips?fixed_ip_address=172.20.0.14&port_id=fa209db8-3035-4de1-aa27-845c64384345 HTTP/1.1" status: 200 len: 217 time: 0.0586746
Aug 23 20:17:32.937128 dv-cinder-790910-10-smb neutron-server[94388]: DEBUG neutron_lib.callbacks.manager [None req-2ba66474-949d-4336-b561-60d84c21de6c admin admin] Notify callbacks [] for security_group, precommit_delete {{(pid=94388) _notify_loop /usr/local/lib/python3.8/dist-packages/neutron_lib/callbacks/manager.py:192}}
Aug 23 20:17:32.997371 dv-cinder-790910-10-smb neutron-server[94388]: DEBUG neutron_lib.callbacks.manager [None req-2ba66474-949d-4336-b561-60d84c21de6c admin admin] Notify callbacks ['neutron.plugins.ml2.ovo_rpc._ObjectChangeHandler.handle_event-601179'] for security_group, after_delete {{(pid=94388) _notify_loop /usr/local/lib/python3.8/dist-packages/neutron_lib/callbacks/manager.py:192}}
Aug 23 20:17:33.000005 dv-cinder-790910-10-smb neutron-server[94388]: DEBUG neutron_lib.callbacks.manager [None req-2ba66474-949d-4336-b561-60d84c21de6c admin admin] Notify callbacks [] for security_group, before_response {{(pid=94388) _notify_loop /usr/local/lib/python3.8/dist-packages/neutron_lib/callbacks/manager.py:192}}
Aug 23 20:17:33.003861 dv-cinder-790910-10-smb neutron-server[94388]: INFO neutron.wsgi [None req-2ba66474-949d-4336-b561-60d84c21de6c admin admin] 10.222.0.54 "DELETE /v2.0/security-groups/2f506b42-c902-407b-91eb-b1e06f7985f7 HTTP/1.1" status: 204 len: 168 time: 0.1567059
Aug 23 20:17:33.010574 dv-cinder-790910-10-smb neutron-server[94388]: DEBUG neutron.api.rpc.handlers.resources_rpc [None req-2ba66474-949d-4336-b561-60d84c21de6c admin admin] Pushing event deleted for resources: {'SecurityGroup': ['ID=2f506b42-c902-407b-91eb-b1e06f7985f7,revision_number=None']} {{(pid=94388) push /opt/stack/neutron/neutron/api/rpc/handlers/resources_rpc.py:237}}
Aug 23 20:17:33.206614 dv-cinder-790910-10-smb neutron-server[94389]: INFO neutron.wsgi [req-20df12dc-9ce2-4cae-92b6-e8a9f0583ae7 req-d12b5a3c-0fa5-455f-be58-2b80138c59a3 tempest-ServerRescueNegativeTestJSON-1293114277 tempest-ServerRescueNegativeTestJSON-1293114277-project] 10.222.0.54 "GET /v2.0/security-groups?id=45a71ba0-ee34-4672-b147-e29f3066d8b9&fields=id&fields=name HTTP/1.1" status: 200 len: 286 time: 0.2927120
Aug 23 20:17:33.215728 dv-cinder-790910-10-smb neutron-server[94389]: DEBUG neutron.pecan_wsgi.hooks.policy_enforcement [req-61f8c849-e231-4195-94fe-2db0b2e23844 req-849b6f5c-41bb-4cc5-8130-2ca34b8b98da service neutron] Attributes excluded by policy engine: ['standard_attr_id', 'shared', 'segment_id'] {{(pid=94389) _exclude_attributes_by_policy /opt/stack/neutron/neutron/pecan_wsgi/hooks/policy_enforcement.py:255}}
Aug 23 20:17:33.217214 dv-cinder-790910-10-smb neutron-server[94389]: INFO neutron.wsgi [req-61f8c849-e231-4195-94fe-2db0b2e23844 req-849b6f5c-41bb-4cc5-8130-2ca34b8b98da service neutron] 10.222.0.58 "GET /v2.0/subnets?id=634ce80e-7657-4e6b-809d-baceb5f86810 HTTP/1.1" status: 200 len: 859 time: 0.0664470
Aug 23 20:17:33.262129 dv-cinder-790910-10-smb neutron-server[94389]: INFO neutron.wsgi [req-61f8c849-e231-4195-94fe-2db0b2e23844 req-b10ee467-13e4-4e56-830a-ef6b6f540dca service neutron] 10.222.0.58 "GET /v2.0/ports?network_id=20285a17-4b24-4d93-b286-fbe45ffe2624&device_owner=network%3Adhcp HTTP/1.1" status: 200 len: 210 time: 0.0266964
Aug 23 20:17:33.335563 dv-cinder-790910-10-smb neutron-server[94388]: DEBUG neutron.wsgi [-] (94388) accepted ('10.222.0.54', 41802) {{(pid=94388) server /usr/local/lib/python3.8/dist-packages/eventlet/wsgi.py:982}}
Aug 23 20:17:33.349661 dv-cinder-790910-10-smb neutron-server[94388]: DEBUG neutron_lib.callbacks.manager [None req-e6c63ea4-fc25-4085-8ab0-d7e9ad00b00a admin admin] Notify callbacks [] for security_group, before_create {{(pid=94388) _notify_loop /usr/local/lib/python3.8/dist-packages/neutron_lib/callbacks/manager.py:192}}
Aug 23 20:17:33.374242 dv-cinder-790910-10-smb neutron-server[94389]: INFO neutron.wsgi [req-61f8c849-e231-4195-94fe-2db0b2e23844 req-41eace50-4ad2-411e-a9ae-ab7aa487dbb6 service neutron] 10.222.0.58 "GET /v2.0/networks/20285a17-4b24-4d93-b286-fbe45ffe2624?fields=segments HTTP/1.1" status: 200 len: 212 time: 0.0992105
Aug 23 20:17:33.498837 dv-cinder-790910-10-smb neutron-server[94388]: DEBUG neutron_lib.callbacks.manager [None req-e6c63ea4-fc25-4085-8ab0-d7e9ad00b00a admin admin] Notify callbacks [] for security_group, precommit_create {{(pid=94388) _notify_loop /usr/local/lib/python3.8/dist-packages/neutron_lib/callbacks/manager.py:192}}
Aug 23 20:17:33.503629 dv-cinder-790910-10-smb neutron-server[94388]: DEBUG neutron_lib.callbacks.manager [None req-e6c63ea4-fc25-4085-8ab0-d7e9ad00b00a admin admin] Notify callbacks ['neutron.plugins.ml2.ovo_rpc._ObjectChangeHandler.handle_event-601179'] for security_group, after_create {{(pid=94388) _notify_loop /usr/local/lib/python3.8/dist-packages/neutron_lib/callbacks/manager.py:192}}
Aug 23 20:17:33.531940 dv-cinder-790910-10-smb neutron-server[94389]: INFO neutron.wsgi [req-61f8c849-e231-4195-94fe-2db0b2e23844 req-1b0eca6b-327c-4560-8866-f405e40aab70 service neutron] 10.222.0.58 "GET /v2.0/networks/20285a17-4b24-4d93-b286-fbe45ffe2624?fields=provider%3Aphysical_network&fields=provider%3Anetwork_type HTTP/1.1" status: 200 len: 281 time: 0.1455774
Aug 23 20:17:33.541140 dv-cinder-790910-10-smb neutron-server[94389]: DEBUG neutron.pecan_wsgi.hooks.policy_enforcement [req-bc557d2b-897b-4c80-b78c-e29bce7b5414 req-4b63ecb8-e04f-4ffc-a0e2-c83e11468e13 tempest-AttachVolumeNegativeTest-362228983 tempest-AttachVolumeNegativeTest-362228983-project] Attributes excluded by policy engine: ['standard_attr_id', 'binding:profile', 'binding:host_id', 'binding:vif_type', 'binding:vif_details'] {{(pid=94389) _exclude_attributes_by_policy /opt/stack/neutron/neutron/pecan_wsgi/hooks/policy_enforcement.py:255}}
Aug 23 20:17:33.549327 dv-cinder-790910-10-smb neutron-server[94389]: INFO neutron.wsgi [req-bc557d2b-897b-4c80-b78c-e29bce7b5414 req-4b63ecb8-e04f-4ffc-a0e2-c83e11468e13 tempest-AttachVolumeNegativeTest-362228983 tempest-AttachVolumeNegativeTest-362228983-project] 10.222.0.54 "GET /v2.0/ports?device_id=38942ecf-bd7e-469c-b1d3-9a6e15795af3 HTTP/1.1" status: 200 len: 944 time: 0.1084273
Aug 23 20:17:33.570556 dv-cinder-790910-10-smb neutron-server[94388]: INFO neutron.wsgi [None req-e6c63ea4-fc25-4085-8ab0-d7e9ad00b00a admin admin] 10.222.0.54 "GET /v2.0/security-groups?tenant_id=b4e478dc280047d38ecfe353d51be38a&name=default HTTP/1.1" status: 200 len: 2979 time: 0.2336810
Aug 23 20:17:33.571780 dv-cinder-790910-10-smb neutron-server[94388]: DEBUG neutron.api.rpc.handlers.resources_rpc [None req-e6c63ea4-fc25-4085-8ab0-d7e9ad00b00a admin admin] Pushing event updated for resources: {'SecurityGroup': ['ID=61d08b77-42e0-4154-a5ff-c90530768d93,revision_number=1']} {{(pid=94388) push /opt/stack/neutron/neutron/api/rpc/handlers/resources_rpc.py:237}}
Aug 23 20:17:33.572283 dv-cinder-790910-10-smb neutron-server[94389]: DEBUG neutron.wsgi [-] (94389) accepted ('10.222.0.54', 41812) {{(pid=94389) server /usr/local/lib/python3.8/dist-packages/eventlet/wsgi.py:982}}
Aug 23 20:17:33.618120 dv-cinder-790910-10-smb neutron-server[94389]: INFO neutron.wsgi [req-bc557d2b-897b-4c80-b78c-e29bce7b5414 req-17987721-4078-4f29-badd-59cecaf355c4 tempest-AttachVolumeNegativeTest-362228983 tempest-AttachVolumeNegativeTest-362228983-project] 10.222.0.54 "GET /v2.0/security-groups?id=3015c554-f405-4602-bf6c-8f462ec681b5&fields=id&fields=name HTTP/1.1" status: 200 len: 286 time: 0.0675542
Aug 23 20:17:33.659838 dv-cinder-790910-10-smb neutron-server[94389]: DEBUG neutron_lib.callbacks.manager [None req-4dfeaf61-c514-43ed-ae5d-7a2502457781 admin admin] Notify callbacks [] for security_group, before_delete {{(pid=94389) _notify_loop /usr/local/lib/python3.8/dist-packages/neutron_lib/callbacks/manager.py:192}}
Aug 23 20:17:33.684593 dv-cinder-790910-10-smb neutron-server[94389]: DEBUG neutron_lib.callbacks.manager [None req-4dfeaf61-c514-43ed-ae5d-7a2502457781 admin admin] Notify callbacks [] for security_group, precommit_delete {{(pid=94389) _notify_loop /usr/local/lib/python3.8/dist-packages/neutron_lib/callbacks/manager.py:192}}
Aug 23 20:17:33.733778 dv-cinder-790910-10-smb neutron-server[94389]: DEBUG neutron_lib.callbacks.manager [None req-4dfeaf61-c514-43ed-ae5d-7a2502457781 admin admin] Notify callbacks ['neutron.plugins.ml2.ovo_rpc._ObjectChangeHandler.handle_event-601179'] for security_group, after_delete {{(pid=94389) _notify_loop /usr/local/lib/python3.8/dist-packages/neutron_lib/callbacks/manager.py:192}}
Aug 23 20:17:33.736646 dv-cinder-790910-10-smb neutron-server[94389]: DEBUG neutron_lib.callbacks.manager [None req-4dfeaf61-c514-43ed-ae5d-7a2502457781 admin admin] Notify callbacks [] for security_group, before_response {{(pid=94389) _notify_loop /usr/local/lib/python3.8/dist-packages/neutron_lib/callbacks/manager.py:192}}
Aug 23 20:17:33.738151 dv-cinder-790910-10-smb neutron-server[94389]: INFO neutron.wsgi [None req-4dfeaf61-c514-43ed-ae5d-7a2502457781 admin admin] 10.222.0.54 "DELETE /v2.0/security-groups/61d08b77-42e0-4154-a5ff-c90530768d93 HTTP/1.1" status: 204 len: 168 time: 0.1647718
Aug 23 20:17:33.747357 dv-cinder-790910-10-smb neutron-server[94389]: DEBUG neutron.api.rpc.handlers.resources_rpc [None req-4dfeaf61-c514-43ed-ae5d-7a2502457781 admin admin] Pushing event deleted for resources: {'SecurityGroup': ['ID=61d08b77-42e0-4154-a5ff-c90530768d93,revision_number=None']} {{(pid=94389) push /opt/stack/neutron/neutron/api/rpc/handlers/resources_rpc.py:237}}
Aug 23 20:17:34.112584 dv-cinder-790910-10-smb neutron-server[94390]: DEBUG neutron.plugins.ml2.rpc [None req-784f42ad-36cf-4309-b29c-2ed4b61e4f72 None None] Device 28052748-ba58-4c46-ac06-95e3f5a03aea details requested by agent hyperv_hv-cinder-79091 with host hv-cinder-79091 {{(pid=94390) get_device_details /opt/stack/neutron/neutron/plugins/ml2/rpc.py:102}}
Aug 23 20:17:34.213653 dv-cinder-790910-10-smb neutron-server[94390]: DEBUG neutron.plugins.ml2.db [None req-784f42ad-36cf-4309-b29c-2ed4b61e4f72 None None] For port 28052748-ba58-4c46-ac06-95e3f5a03aea, host hv-cinder-79091, got binding levels [PortBindingLevel(driver='hyperv',host='hv-cinder-79091',level=0,port_id=28052748-ba58-4c46-ac06-95e3f5a03aea,segment=NetworkSegment(61d205fb-2331-4d6a-b448-dae0f6c7ced9),segment_id=61d205fb-2331-4d6a-b448-dae0f6c7ced9)] {{(pid=94390) get_binding_level_objs /opt/stack/neutron/neutron/plugins/ml2/db.py:74}}
Aug 23 20:17:34.224263 dv-cinder-790910-10-smb neutron-server[94390]: DEBUG neutron.plugins.ml2.rpc [None req-784f42ad-36cf-4309-b29c-2ed4b61e4f72 None None] Returning: {'device': '28052748-ba58-4c46-ac06-95e3f5a03aea', 'network_id': '08aea435-abc9-40e7-b8ab-cfd5139cb12c', 'port_id': '28052748-ba58-4c46-ac06-95e3f5a03aea', 'mac_address': 'fa:16:3e:df:b7:de', 'admin_state_up': True, 'network_type': 'vlan', 'segmentation_id': 307, 'physical_network': 'physnet1', 'mtu': 1500, 'fixed_ips': [{'subnet_id': 'ca784197-4c4d-415e-8b41-e97c9ef2e1f3', 'ip_address': '172.20.0.11'}], 'device_owner': 'compute:nova', 'allowed_address_pairs': [], 'port_security_enabled': True, 'qos_policy_id': None, 'network_qos_policy_id': None, 'profile': {}, 'propagate_uplink_status': False} {{(pid=94390) _get_device_details /opt/stack/neutron/neutron/plugins/ml2/rpc.py:184}}
Aug 23 20:17:34.279887 dv-cinder-790910-10-smb neutron-server[94390]: DEBUG neutron_lib.callbacks.manager [None req-784f42ad-36cf-4309-b29c-2ed4b61e4f72 None None] Notify callbacks ['neutron.plugins.ml2.plugin.SecurityGroupDbMixin._ensure_default_security_group_handler-66504911'] for port, before_update {{(pid=94390) _notify_loop /usr/local/lib/python3.8/dist-packages/neutron_lib/callbacks/manager.py:192}}
Aug 23 20:17:34.295224 dv-cinder-790910-10-smb neutron-server[94390]: DEBUG neutron.notifiers.nova [None req-784f42ad-36cf-4309-b29c-2ed4b61e4f72 None None] Ignoring state change previous_port_status: DOWN current_port_status: BUILD port_id 28052748-ba58-4c46-ac06-95e3f5a03aea {{(pid=94390) record_port_status_changed /opt/stack/neutron/neutron/notifiers/nova.py:224}}
Aug 23 20:17:34.327429 dv-cinder-790910-10-smb neutron-server[94390]: DEBUG neutron.plugins.ml2.db [None req-784f42ad-36cf-4309-b29c-2ed4b61e4f72 None None] For port 28052748-ba58-4c46-ac06-95e3f5a03aea, host hv-cinder-79091, got binding levels [PortBindingLevel(driver='hyperv',host='hv-cinder-79091',level=0,port_id=28052748-ba58-4c46-ac06-95e3f5a03aea,segment=NetworkSegment(61d205fb-2331-4d6a-b448-dae0f6c7ced9),segment_id=61d205fb-2331-4d6a-b448-dae0f6c7ced9)] {{(pid=94390) get_binding_level_objs /opt/stack/neutron/neutron/plugins/ml2/db.py:74}}
Aug 23 20:17:34.335757 dv-cinder-790910-10-smb neutron-server[94390]: DEBUG neutron_lib.callbacks.manager [None req-784f42ad-36cf-4309-b29c-2ed4b61e4f72 None None] Notify callbacks ['neutron.plugins.ml2.plugin.SecurityGroupServerNotifierRpcMixin._notify_sg_on_port_change-66504718', 'neutron.plugins.ml2.ovo_rpc._ObjectChangeHandler.handle_event-78752', 'neutron.api.rpc.agentnotifiers.dhcp_rpc_agent_api.DhcpAgentNotifyAPI._native_event_send_dhcp_notification-564676', 'neutron.db.l3_db.L3RpcNotifierMixin._notify_gateway_port_ip_changed-8773913104716', 'neutron.db.l3_dvrscheduler_db._notify_l3_agent_port_update-8773912552439', 'neutron.db.l3_hascheduler_db._notify_l3_agent_ha_port_update-8773912549645'] for port, after_update {{(pid=94390) _notify_loop /usr/local/lib/python3.8/dist-packages/neutron_lib/callbacks/manager.py:192}}
Aug 23 20:17:34.335904 dv-cinder-790910-10-smb neutron-server[94390]: DEBUG neutron.plugins.ml2.rpc [None req-784f42ad-36cf-4309-b29c-2ed4b61e4f72 None None] Device 1bd96a5b-9fe5-497e-a625-e6d5fe5e37c6 details requested by agent hyperv_hv-cinder-79091 with host hv-cinder-79091 {{(pid=94390) get_device_details /opt/stack/neutron/neutron/plugins/ml2/rpc.py:102}}
Aug 23 20:17:34.353043 dv-cinder-790910-10-smb neutron-server[94389]: DEBUG neutron.pecan_wsgi.hooks.policy_enforcement [req-c93df53a-86a7-46e5-9a74-36cca8f9a0f1 req-6fc3d120-5738-40a6-a8ae-b963f3143c20 tempest-ServerRescueNegativeTestJSON-1293114277 tempest-ServerRescueNegativeTestJSON-1293114277-project] Attributes excluded by policy engine: ['standard_attr_id', 'binding:profile', 'binding:host_id', 'binding:vif_type', 'binding:vif_details'] {{(pid=94389) _exclude_attributes_by_policy /opt/stack/neutron/neutron/pecan_wsgi/hooks/policy_enforcement.py:255}}
Aug 23 20:17:34.356934 dv-cinder-790910-10-smb neutron-server[94389]: INFO neutron.wsgi [req-c93df53a-86a7-46e5-9a74-36cca8f9a0f1 req-6fc3d120-5738-40a6-a8ae-b963f3143c20 tempest-ServerRescueNegativeTestJSON-1293114277 tempest-ServerRescueNegativeTestJSON-1293114277-project] 10.222.0.54 "GET /v2.0/ports?device_id=c87c5ae5-dcb0-4846-a9e2-4b24797453ad HTTP/1.1" status: 200 len: 944 time: 0.0596213
Aug 23 20:17:34.403395 dv-cinder-790910-10-smb neutron-server[94389]: INFO neutron.wsgi [req-c93df53a-86a7-46e5-9a74-36cca8f9a0f1 req-d12a1eff-a8b4-4457-9628-46a6ed4922f5 tempest-ServerRescueNegativeTestJSON-1293114277 tempest-ServerRescueNegativeTestJSON-1293114277-project] 10.222.0.54 "GET /v2.0/security-groups?id=45a71ba0-ee34-4672-b147-e29f3066d8b9&fields=id&fields=name HTTP/1.1" status: 200 len: 286 time: 0.0423293
Aug 23 20:17:34.454014 dv-cinder-790910-10-smb neutron-server[94390]: DEBUG neutron.api.rpc.handlers.resources_rpc [None req-784f42ad-36cf-4309-b29c-2ed4b61e4f72 None None] Pushing event updated for resources: {'Port': ['ID=28052748-ba58-4c46-ac06-95e3f5a03aea,revision_number=4']} {{(pid=94390) push /opt/stack/neutron/neutron/api/rpc/handlers/resources_rpc.py:237}}
Aug 23 20:17:34.494051 dv-cinder-790910-10-smb neutron-server[94390]: DEBUG neutron.plugins.ml2.db [None req-784f42ad-36cf-4309-b29c-2ed4b61e4f72 None None] For port 1bd96a5b-9fe5-497e-a625-e6d5fe5e37c6, host hv-cinder-79091, got binding levels [PortBindingLevel(driver='hyperv',host='hv-cinder-79091',level=0,port_id=1bd96a5b-9fe5-497e-a625-e6d5fe5e37c6,segment=NetworkSegment(636137c9-1ff7-4a9f-82a6-9cef34e30846),segment_id=636137c9-1ff7-4a9f-82a6-9cef34e30846)] {{(pid=94390) get_binding_level_objs /opt/stack/neutron/neutron/plugins/ml2/db.py:74}}
Aug 23 20:17:34.504947 dv-cinder-790910-10-smb neutron-server[94390]: DEBUG neutron.plugins.ml2.rpc [None req-784f42ad-36cf-4309-b29c-2ed4b61e4f72 None None] Returning: {'device': '1bd96a5b-9fe5-497e-a625-e6d5fe5e37c6', 'network_id': '20285a17-4b24-4d93-b286-fbe45ffe2624', 'port_id': '1bd96a5b-9fe5-497e-a625-e6d5fe5e37c6', 'mac_address': 'fa:16:3e:7c:a8:ef', 'admin_state_up': True, 'network_type': 'vlan', 'segmentation_id': 308, 'physical_network': 'physnet1', 'mtu': 1500, 'fixed_ips': [{'subnet_id': '634ce80e-7657-4e6b-809d-baceb5f86810', 'ip_address': '172.20.0.11'}], 'device_owner': 'compute:nova', 'allowed_address_pairs': [], 'port_security_enabled': True, 'qos_policy_id': None, 'network_qos_policy_id': None, 'profile': {}, 'propagate_uplink_status': False} {{(pid=94390) _get_device_details /opt/stack/neutron/neutron/plugins/ml2/rpc.py:184}}
Aug 23 20:17:34.554574 dv-cinder-790910-10-smb neutron-server[94390]: DEBUG neutron_lib.callbacks.manager [None req-784f42ad-36cf-4309-b29c-2ed4b61e4f72 None None] Notify callbacks ['neutron.plugins.ml2.plugin.SecurityGroupDbMixin._ensure_default_security_group_handler-66504911'] for port, before_update {{(pid=94390) _notify_loop /usr/local/lib/python3.8/dist-packages/neutron_lib/callbacks/manager.py:192}}
Aug 23 20:17:34.567270 dv-cinder-790910-10-smb neutron-server[94390]: DEBUG neutron.notifiers.nova [None req-784f42ad-36cf-4309-b29c-2ed4b61e4f72 None None] Ignoring state change previous_port_status: DOWN current_port_status: BUILD port_id 1bd96a5b-9fe5-497e-a625-e6d5fe5e37c6 {{(pid=94390) record_port_status_changed /opt/stack/neutron/neutron/notifiers/nova.py:224}}
Aug 23 20:17:34.588255 dv-cinder-790910-10-smb neutron-server[94390]: DEBUG neutron.plugins.ml2.db [None req-784f42ad-36cf-4309-b29c-2ed4b61e4f72 None None] For port 1bd96a5b-9fe5-497e-a625-e6d5fe5e37c6, host hv-cinder-79091, got binding levels [PortBindingLevel(driver='hyperv',host='hv-cinder-79091',level=0,port_id=1bd96a5b-9fe5-497e-a625-e6d5fe5e37c6,segment=NetworkSegment(636137c9-1ff7-4a9f-82a6-9cef34e30846),segment_id=636137c9-1ff7-4a9f-82a6-9cef34e30846)] {{(pid=94390) get_binding_level_objs /opt/stack/neutron/neutron/plugins/ml2/db.py:74}}
Aug 23 20:17:34.593093 dv-cinder-790910-10-smb neutron-server[94390]: DEBUG neutron_lib.callbacks.manager [None req-784f42ad-36cf-4309-b29c-2ed4b61e4f72 None None] Notify callbacks ['neutron.plugins.ml2.plugin.SecurityGroupServerNotifierRpcMixin._notify_sg_on_port_change-66504718', 'neutron.plugins.ml2.ovo_rpc._ObjectChangeHandler.handle_event-78752', 'neutron.api.rpc.agentnotifiers.dhcp_rpc_agent_api.DhcpAgentNotifyAPI._native_event_send_dhcp_notification-564676', 'neutron.db.l3_db.L3RpcNotifierMixin._notify_gateway_port_ip_changed-8773913104716', 'neutron.db.l3_dvrscheduler_db._notify_l3_agent_port_update-8773912552439', 'neutron.db.l3_hascheduler_db._notify_l3_agent_ha_port_update-8773912549645'] for port, after_update {{(pid=94390) _notify_loop /usr/local/lib/python3.8/dist-packages/neutron_lib/callbacks/manager.py:192}}
Aug 23 20:17:34.644118 dv-cinder-790910-10-smb neutron-server[94390]: DEBUG neutron.api.rpc.handlers.resources_rpc [None req-784f42ad-36cf-4309-b29c-2ed4b61e4f72 None None] Pushing event updated for resources: {'Port': ['ID=1bd96a5b-9fe5-497e-a625-e6d5fe5e37c6,revision_number=4']} {{(pid=94390) push /opt/stack/neutron/neutron/api/rpc/handlers/resources_rpc.py:237}}
Aug 23 20:17:34.762314 dv-cinder-790910-10-smb neutron-server[94388]: DEBUG neutron.pecan_wsgi.hooks.policy_enforcement [req-6fc79d23-8692-482c-b253-bf78722fdc2f req-6425bc0d-d67e-42b3-b86b-184ad01c29df tempest-AttachVolumeNegativeTest-362228983 tempest-AttachVolumeNegativeTest-362228983-project] Attributes excluded by policy engine: ['standard_attr_id', 'binding:profile', 'binding:host_id', 'binding:vif_type', 'binding:vif_details'] {{(pid=94388) _exclude_attributes_by_policy /opt/stack/neutron/neutron/pecan_wsgi/hooks/policy_enforcement.py:255}}
Aug 23 20:17:34.763850 dv-cinder-790910-10-smb neutron-server[94388]: INFO neutron.wsgi [req-6fc79d23-8692-482c-b253-bf78722fdc2f req-6425bc0d-d67e-42b3-b86b-184ad01c29df tempest-AttachVolumeNegativeTest-362228983 tempest-AttachVolumeNegativeTest-362228983-project] 10.222.0.54 "GET /v2.0/ports?device_id=38942ecf-bd7e-469c-b1d3-9a6e15795af3 HTTP/1.1" status: 200 len: 945 time: 0.0592346
Aug 23 20:17:34.824544 dv-cinder-790910-10-smb neutron-server[94388]: INFO neutron.wsgi [req-6fc79d23-8692-482c-b253-bf78722fdc2f req-00fb851f-49d1-471b-9885-812828cf15fe tempest-AttachVolumeNegativeTest-362228983 tempest-AttachVolumeNegativeTest-362228983-project] 10.222.0.54 "GET /v2.0/security-groups?id=3015c554-f405-4602-bf6c-8f462ec681b5&fields=id&fields=name HTTP/1.1" status: 200 len: 286 time: 0.0538564
Aug 23 20:17:34.930711 dv-cinder-790910-10-smb neutron-server[94390]: DEBUG neutron.plugins.ml2.db [None req-784f42ad-36cf-4309-b29c-2ed4b61e4f72 None None] get_ports_and_sgs() called for port_ids ['28052748-ba58-4c46-ac06-95e3f5a03aea'] {{(pid=94390) get_ports_and_sgs /opt/stack/neutron/neutron/plugins/ml2/db.py:156}}
Aug 23 20:17:34.974842 dv-cinder-790910-10-smb neutron-server[94390]: DEBUG neutron.plugins.ml2.db [None req-784f42ad-36cf-4309-b29c-2ed4b61e4f72 None None] get_ports_and_sgs() called for port_ids ['1bd96a5b-9fe5-497e-a625-e6d5fe5e37c6'] {{(pid=94390) get_ports_and_sgs /opt/stack/neutron/neutron/plugins/ml2/db.py:156}}
Aug 23 20:17:35.526606 dv-cinder-790910-10-smb neutron-server[94388]: DEBUG neutron.pecan_wsgi.hooks.policy_enforcement [req-4cab34a4-b73c-4b4d-86c5-e041514d7208 req-430b40dd-fe85-475f-a824-5d7710317375 tempest-ServerRescueNegativeTestJSON-1293114277 tempest-ServerRescueNegativeTestJSON-1293114277-project] Attributes excluded by policy engine: ['standard_attr_id', 'binding:profile', 'binding:host_id', 'binding:vif_type', 'binding:vif_details'] {{(pid=94388) _exclude_attributes_by_policy /opt/stack/neutron/neutron/pecan_wsgi/hooks/policy_enforcement.py:255}}
Aug 23 20:17:35.528213 dv-cinder-790910-10-smb neutron-server[94388]: INFO neutron.wsgi [req-4cab34a4-b73c-4b4d-86c5-e041514d7208 req-430b40dd-fe85-475f-a824-5d7710317375 tempest-ServerRescueNegativeTestJSON-1293114277 tempest-ServerRescueNegativeTestJSON-1293114277-project] 10.222.0.54 "GET /v2.0/ports?device_id=c87c5ae5-dcb0-4846-a9e2-4b24797453ad HTTP/1.1" status: 200 len: 944 time: 0.0522768
Aug 23 20:17:35.573619 dv-cinder-790910-10-smb neutron-server[94388]: INFO neutron.wsgi [req-4cab34a4-b73c-4b4d-86c5-e041514d7208 req-4f3840de-5b27-4618-a419-a61a46bc7563 tempest-ServerRescueNegativeTestJSON-1293114277 tempest-ServerRescueNegativeTestJSON-1293114277-project] 10.222.0.54 "GET /v2.0/security-groups?id=45a71ba0-ee34-4672-b147-e29f3066d8b9&fields=id&fields=name HTTP/1.1" status: 200 len: 286 time: 0.0392118
Aug 23 20:17:35.949391 dv-cinder-790910-10-smb neutron-server[94388]: DEBUG neutron.pecan_wsgi.hooks.policy_enforcement [req-928dabe1-42dd-46b6-800d-0ff54dcd2b62 req-427c3e50-a974-43f9-b56e-a8610851e322 tempest-AttachVolumeNegativeTest-362228983 tempest-AttachVolumeNegativeTest-362228983-project] Attributes excluded by policy engine: ['standard_attr_id', 'binding:profile', 'binding:host_id', 'binding:vif_type', 'binding:vif_details'] {{(pid=94388) _exclude_attributes_by_policy /opt/stack/neutron/neutron/pecan_wsgi/hooks/policy_enforcement.py:255}}
Aug 23 20:17:35.950838 dv-cinder-790910-10-smb neutron-server[94388]: INFO neutron.wsgi [req-928dabe1-42dd-46b6-800d-0ff54dcd2b62 req-427c3e50-a974-43f9-b56e-a8610851e322 tempest-AttachVolumeNegativeTest-362228983 tempest-AttachVolumeNegativeTest-362228983-project] 10.222.0.54 "GET /v2.0/ports?device_id=38942ecf-bd7e-469c-b1d3-9a6e15795af3 HTTP/1.1" status: 200 len: 945 time: 0.0518281
Aug 23 20:17:35.990744 dv-cinder-790910-10-smb neutron-server[94388]: INFO neutron.wsgi [req-928dabe1-42dd-46b6-800d-0ff54dcd2b62 req-4d2176ed-bf6b-44a1-8b61-02e619377039 tempest-AttachVolumeNegativeTest-362228983 tempest-AttachVolumeNegativeTest-362228983-project] 10.222.0.54 "GET /v2.0/security-groups?id=3015c554-f405-4602-bf6c-8f462ec681b5&fields=id&fields=name HTTP/1.1" status: 200 len: 286 time: 0.0338304
Aug 23 20:17:36.127677 dv-cinder-790910-10-smb neutron-server[94390]: DEBUG neutron.plugins.ml2.rpc [None req-784f42ad-36cf-4309-b29c-2ed4b61e4f72 None None] Device fa209db8-3035-4de1-aa27-845c64384345 details requested by agent hyperv_hv-cinder-79091 with host hv-cinder-79091 {{(pid=94390) get_device_details /opt/stack/neutron/neutron/plugins/ml2/rpc.py:102}}
