Aug 23 20:11:17.315017 dv-cinder-790910-10-iscsi neutron-server[94055]: DEBUG neutron.pecan_wsgi.hooks.policy_enforcement [req-81c1ce68-065b-4e22-9885-95da01e08603 req-2fca5b2f-345e-440e-b603-0989934a2934 tempest-AttachVolumeNegativeTest-1966875184 tempest-AttachVolumeNegativeTest-1966875184-project] Attributes excluded by policy engine: ['standard_attr_id', 'vlan_transparent', 'provider:network_type', 'provider:physical_network', 'provider:segmentation_id'] {{(pid=94055) _exclude_attributes_by_policy /opt/stack/neutron/neutron/pecan_wsgi/hooks/policy_enforcement.py:255}}
Aug 23 20:11:17.316499 dv-cinder-790910-10-iscsi neutron-server[94055]: INFO neutron.wsgi [req-81c1ce68-065b-4e22-9885-95da01e08603 req-2fca5b2f-345e-440e-b603-0989934a2934 tempest-AttachVolumeNegativeTest-1966875184 tempest-AttachVolumeNegativeTest-1966875184-project] 10.222.0.35 "GET /v2.0/networks?id=003902ac-f6e2-44e9-abb0-ece5c4eb7a67 HTTP/1.1" status: 200 len: 815 time: 0.3599229
Aug 23 20:11:17.345548 dv-cinder-790910-10-iscsi neutron-server[94055]: DEBUG neutron.api.v2.base [req-81c1ce68-065b-4e22-9885-95da01e08603 req-56784364-d26a-4f62-ac5c-7f8fb6aa4d9a tempest-AttachVolumeNegativeTest-1966875184 tempest-AttachVolumeNegativeTest-1966875184-project] Request body: {'port': {'device_id': '329719b3-0f25-45df-8c25-610d8fb9df6a', 'network_id': '003902ac-f6e2-44e9-abb0-ece5c4eb7a67', 'admin_state_up': True, 'tenant_id': 'f05624803a284f1290b52024d8685ca5'}} {{(pid=94055) prepare_request_body /opt/stack/neutron/neutron/api/v2/base.py:730}}
Aug 23 20:11:17.541049 dv-cinder-790910-10-iscsi neutron-server[94055]: DEBUG neutron.notifiers.nova [req-a5b813a1-30b4-49e1-8101-680e8915371e req-363fb927-3cdb-406f-960b-2245b26cc637 service neutron] Ignoring state change previous_port_status: DOWN current_port_status: DOWN port_id 998cb047-332f-46ab-aad3-b178191b5c00 {{(pid=94055) record_port_status_changed /opt/stack/neutron/neutron/notifiers/nova.py:224}}
Aug 23 20:11:17.550866 dv-cinder-790910-10-iscsi neutron-server[94055]: DEBUG neutron_lib.callbacks.manager [req-a5b813a1-30b4-49e1-8101-680e8915371e req-363fb927-3cdb-406f-960b-2245b26cc637 service neutron] Notify callbacks [] for port, precommit_update {{(pid=94055) _notify_loop /usr/local/lib/python3.8/dist-packages/neutron_lib/callbacks/manager.py:192}}
Aug 23 20:11:17.554734 dv-cinder-790910-10-iscsi neutron-server[94055]: DEBUG neutron.pecan_wsgi.hooks.quota_enforcement [req-81c1ce68-065b-4e22-9885-95da01e08603 req-56784364-d26a-4f62-ac5c-7f8fb6aa4d9a tempest-AttachVolumeNegativeTest-1966875184 tempest-AttachVolumeNegativeTest-1966875184-project] Made reservation on behalf of f05624803a284f1290b52024d8685ca5 for: {'port': 1} {{(pid=94055) before /opt/stack/neutron/neutron/pecan_wsgi/hooks/quota_enforcement.py:53}}
Aug 23 20:11:17.558509 dv-cinder-790910-10-iscsi neutron-server[94055]: DEBUG neutron_lib.callbacks.manager [req-81c1ce68-065b-4e22-9885-95da01e08603 req-56784364-d26a-4f62-ac5c-7f8fb6aa4d9a tempest-AttachVolumeNegativeTest-1966875184 tempest-AttachVolumeNegativeTest-1966875184-project] Notify callbacks ['neutron.plugins.ml2.plugin.SecurityGroupDbMixin._ensure_default_security_group_handler-940481'] for port, before_create {{(pid=94055) _notify_loop /usr/local/lib/python3.8/dist-packages/neutron_lib/callbacks/manager.py:192}}
Aug 23 20:11:17.590234 dv-cinder-790910-10-iscsi neutron-server[94055]: DEBUG neutron.db.provisioning_blocks [req-a5b813a1-30b4-49e1-8101-680e8915371e req-363fb927-3cdb-406f-960b-2245b26cc637 service neutron] Transition to ACTIVE for port object 998cb047-332f-46ab-aad3-b178191b5c00 will not be triggered until provisioned by entity L2. {{(pid=94055) add_provisioning_component /opt/stack/neutron/neutron/db/provisioning_blocks.py:73}}
Aug 23 20:11:17.623673 dv-cinder-790910-10-iscsi neutron-server[94055]: DEBUG neutron_lib.callbacks.manager [req-a5b813a1-30b4-49e1-8101-680e8915371e req-363fb927-3cdb-406f-960b-2245b26cc637 service neutron] Notify callbacks ['neutron.plugins.ml2.plugin.SecurityGroupServerNotifierRpcMixin._notify_sg_on_port_change-940288', 'neutron.plugins.ml2.ovo_rpc._ObjectChangeHandler.handle_event-446163', 'neutron.api.rpc.agentnotifiers.dhcp_rpc_agent_api.DhcpAgentNotifyAPI._native_event_send_dhcp_notification-1814010', 'neutron.db.l3_db.L3RpcNotifierMixin._notify_gateway_port_ip_changed-8740144527180', 'neutron.db.l3_dvrscheduler_db._notify_l3_agent_port_update-8740143971606', 'neutron.db.l3_hascheduler_db._notify_l3_agent_ha_port_update-8740143971624', 'neutron.services.segments.plugin.NovaSegmentNotifier._notify_port_updated-3000023'] for port, after_update {{(pid=94055) _notify_loop /usr/local/lib/python3.8/dist-packages/neutron_lib/callbacks/manager.py:192}}
Aug 23 20:11:17.738691 dv-cinder-790910-10-iscsi neutron-server[94055]: DEBUG neutron.api.rpc.handlers.resources_rpc [None req-363fb927-3cdb-406f-960b-2245b26cc637 service neutron] Pushing event updated for resources: {'Port': ['ID=998cb047-332f-46ab-aad3-b178191b5c00,revision_number=2']} {{(pid=94055) push /opt/stack/neutron/neutron/api/rpc/handlers/resources_rpc.py:237}}
Aug 23 20:11:17.754965 dv-cinder-790910-10-iscsi neutron-server[94055]: DEBUG neutron.pecan_wsgi.hooks.policy_enforcement [req-120c5327-e606-4f14-bd7b-5acd5218a2bc req-06c9619b-0207-449c-a6cb-457ef03b4ec3 tempest-VolumesActionsTest-279007858 tempest-VolumesActionsTest-279007858-project] Attributes excluded by policy engine: ['standard_attr_id', 'binding:profile', 'binding:host_id', 'binding:vif_type', 'binding:vif_details'] {{(pid=94055) _exclude_attributes_by_policy /opt/stack/neutron/neutron/pecan_wsgi/hooks/policy_enforcement.py:255}}
Aug 23 20:11:17.762914 dv-cinder-790910-10-iscsi neutron-server[94055]: INFO neutron.wsgi [req-120c5327-e606-4f14-bd7b-5acd5218a2bc req-06c9619b-0207-449c-a6cb-457ef03b4ec3 tempest-VolumesActionsTest-279007858 tempest-VolumesActionsTest-279007858-project] 10.222.0.26 "GET /v2.0/ports?device_id=ec3db0e0-87bd-45f7-9988-afe24500ebff HTTP/1.1" status: 200 len: 932 time: 0.1894946
Aug 23 20:11:17.880866 dv-cinder-790910-10-iscsi neutron-server[94055]: INFO neutron.wsgi [req-120c5327-e606-4f14-bd7b-5acd5218a2bc req-4427db38-c7b6-41c3-9c28-3e7d254d87a1 tempest-VolumesActionsTest-279007858 tempest-VolumesActionsTest-279007858-project] 10.222.0.26 "GET /v2.0/security-groups?id=44fa6844-91f4-48f6-85ae-f06a2357be25&fields=id&fields=name HTTP/1.1" status: 200 len: 286 time: 0.1171031
Aug 23 20:11:17.898671 dv-cinder-790910-10-iscsi neutron-server[94055]: DEBUG neutron.db.db_base_plugin_common [req-81c1ce68-065b-4e22-9885-95da01e08603 req-56784364-d26a-4f62-ac5c-7f8fb6aa4d9a tempest-AttachVolumeNegativeTest-1966875184 tempest-AttachVolumeNegativeTest-1966875184-project] Allocated IP 172.20.0.12 (003902ac-f6e2-44e9-abb0-ece5c4eb7a67/493af020-4639-4316-a68b-9f0978035b92/0b0857f6-4b1c-44d5-b15e-2bdf5c421f37) {{(pid=94055) _store_ip_allocation /opt/stack/neutron/neutron/db/db_base_plugin_common.py:131}}
Aug 23 20:11:17.910841 dv-cinder-790910-10-iscsi neutron-server[94055]: DEBUG neutron.plugins.ml2.managers [req-a5b813a1-30b4-49e1-8101-680e8915371e req-363fb927-3cdb-406f-960b-2245b26cc637 service neutron] Attempting to bind port 998cb047-332f-46ab-aad3-b178191b5c00 on host hv-cinder-79091 for vnic_type normal with profile {{(pid=94055) bind_port /opt/stack/neutron/neutron/plugins/ml2/managers.py:790}}
Aug 23 20:11:17.911206 dv-cinder-790910-10-iscsi neutron-server[94055]: DEBUG neutron.plugins.ml2.managers [req-a5b813a1-30b4-49e1-8101-680e8915371e req-363fb927-3cdb-406f-960b-2245b26cc637 service neutron] Attempting to bind port 998cb047-332f-46ab-aad3-b178191b5c00 by drivers openvswitch,hyperv on host hv-cinder-79091 at level 0 using segments [{'id': '173fc10a-d947-49de-b4fe-67d05811f0f5', 'network_type': 'vlan', 'physical_network': 'physnet1', 'segmentation_id': 208, 'network_id': 'feb29633-c4cf-4b58-80aa-7aa4e63c0b13'}] {{(pid=94055) _bind_port_level /opt/stack/neutron/neutron/plugins/ml2/managers.py:815}}
Aug 23 20:11:17.911662 dv-cinder-790910-10-iscsi neutron-server[94055]: DEBUG neutron.plugins.ml2.drivers.mech_agent [req-a5b813a1-30b4-49e1-8101-680e8915371e req-363fb927-3cdb-406f-960b-2245b26cc637 service neutron] Attempting to bind port 998cb047-332f-46ab-aad3-b178191b5c00 on network feb29633-c4cf-4b58-80aa-7aa4e63c0b13 {{(pid=94055) bind_port /opt/stack/neutron/neutron/plugins/ml2/drivers/mech_agent.py:85}}
Aug 23 20:11:17.925826 dv-cinder-790910-10-iscsi neutron-server[94055]: DEBUG neutron.plugins.ml2.drivers.mech_agent [req-a5b813a1-30b4-49e1-8101-680e8915371e req-363fb927-3cdb-406f-960b-2245b26cc637 service neutron] Port 998cb047-332f-46ab-aad3-b178191b5c00 on network feb29633-c4cf-4b58-80aa-7aa4e63c0b13 not bound, no agent of type Open vSwitch agent registered on host hv-cinder-79091 {{(pid=94055) bind_port /opt/stack/neutron/neutron/plugins/ml2/drivers/mech_agent.py:97}}
Aug 23 20:11:17.926290 dv-cinder-790910-10-iscsi neutron-server[94055]: DEBUG neutron.plugins.ml2.drivers.mech_agent [req-a5b813a1-30b4-49e1-8101-680e8915371e req-363fb927-3cdb-406f-960b-2245b26cc637 service neutron] Attempting to bind port 998cb047-332f-46ab-aad3-b178191b5c00 on network feb29633-c4cf-4b58-80aa-7aa4e63c0b13 {{(pid=94055) bind_port /opt/stack/neutron/neutron/plugins/ml2/drivers/mech_agent.py:85}}
Aug 23 20:11:17.933912 dv-cinder-790910-10-iscsi neutron-server[94055]: DEBUG neutron.plugins.ml2.drivers.mech_agent [req-a5b813a1-30b4-49e1-8101-680e8915371e req-363fb927-3cdb-406f-960b-2245b26cc637 service neutron] Checking agent: {'id': '4c9e9b72-c7d7-469b-bb8a-5f85dab5c59c', 'agent_type': 'HyperV agent', 'binary': 'neutron-hyperv-agent', 'topic': 'N/A', 'host': 'hv-cinder-79091', 'admin_state_up': True, 'created_at': datetime.datetime(2021, 8, 23, 20, 8, 27), 'started_at': datetime.datetime(2021, 8, 23, 20, 8, 27), 'heartbeat_timestamp': datetime.datetime(2021, 8, 23, 20, 10, 57), 'description': None, 'resources_synced': None, 'availability_zone': None, 'alive': True, 'configurations': {'vswitch_mappings': {'physnet1$': 'br-data'}}, 'resource_versions': {}} {{(pid=94055) bind_port /opt/stack/neutron/neutron/plugins/ml2/drivers/mech_agent.py:104}}
Aug 23 20:11:17.934333 dv-cinder-790910-10-iscsi neutron-server[94055]: DEBUG neutron.plugins.ml2.drivers.mech_agent [req-a5b813a1-30b4-49e1-8101-680e8915371e req-363fb927-3cdb-406f-960b-2245b26cc637 service neutron] Checking segment: {'id': '173fc10a-d947-49de-b4fe-67d05811f0f5', 'network_type': 'vlan', 'physical_network': 'physnet1', 'segmentation_id': 208, 'network_id': 'feb29633-c4cf-4b58-80aa-7aa4e63c0b13'} for mappings: {'physnet1$': 'br-data'} with network types: ['local', 'flat', 'vlan'] {{(pid=94055) check_segment_for_agent /opt/stack/neutron/neutron/plugins/ml2/drivers/mech_agent.py:352}}
Aug 23 20:11:17.934827 dv-cinder-790910-10-iscsi neutron-server[94055]: DEBUG neutron.plugins.ml2.drivers.mech_agent [req-a5b813a1-30b4-49e1-8101-680e8915371e req-363fb927-3cdb-406f-960b-2245b26cc637 service neutron] Bound using segment: {'id': '173fc10a-d947-49de-b4fe-67d05811f0f5', 'network_type': 'vlan', 'physical_network': 'physnet1', 'segmentation_id': 208, 'network_id': 'feb29633-c4cf-4b58-80aa-7aa4e63c0b13'} {{(pid=94055) bind_port /opt/stack/neutron/neutron/plugins/ml2/drivers/mech_agent.py:114}}
Aug 23 20:11:17.935249 dv-cinder-790910-10-iscsi neutron-server[94055]: DEBUG neutron.plugins.ml2.managers [req-a5b813a1-30b4-49e1-8101-680e8915371e req-363fb927-3cdb-406f-960b-2245b26cc637 service neutron] Bound port: 998cb047-332f-46ab-aad3-b178191b5c00, host: hv-cinder-79091, vif_type: hyperv, vif_details: {"connectivity": "legacy", "port_filter": false}, binding_levels: [{'bound_driver': 'hyperv', 'bound_segment': {'id': '173fc10a-d947-49de-b4fe-67d05811f0f5', 'network_type': 'vlan', 'physical_network': 'physnet1', 'segmentation_id': 208, 'network_id': 'feb29633-c4cf-4b58-80aa-7aa4e63c0b13'}}] {{(pid=94055) _bind_port_level /opt/stack/neutron/neutron/plugins/ml2/managers.py:928}}
Aug 23 20:11:17.935609 dv-cinder-790910-10-iscsi neutron-server[94055]: DEBUG neutron_lib.callbacks.manager [req-a5b813a1-30b4-49e1-8101-680e8915371e req-363fb927-3cdb-406f-960b-2245b26cc637 service neutron] Notify callbacks ['neutron.plugins.ml2.plugin.SecurityGroupDbMixin._ensure_default_security_group_handler-940481'] for port, before_update {{(pid=94055) _notify_loop /usr/local/lib/python3.8/dist-packages/neutron_lib/callbacks/manager.py:192}}
Aug 23 20:11:17.940332 dv-cinder-790910-10-iscsi neutron-server[94054]: INFO neutron.wsgi [req-d0ed1147-289d-4983-80de-aa1958bd527c req-d0df9a0d-9705-4b46-964d-0eb70bee48ff tempest-AttachVolumeNegativeTest-1966875184 tempest-AttachVolumeNegativeTest-1966875184-project] 10.222.0.26 "GET /v2.0/ports?device_id=329719b3-0f25-45df-8c25-610d8fb9df6a HTTP/1.1" status: 200 len: 210 time: 0.0293691
Aug 23 20:11:18.078506 dv-cinder-790910-10-iscsi neutron-server[94055]: DEBUG neutron.plugins.ml2.db [req-a5b813a1-30b4-49e1-8101-680e8915371e req-363fb927-3cdb-406f-960b-2245b26cc637 service neutron] For port 998cb047-332f-46ab-aad3-b178191b5c00, host hv-cinder-79091, cleared binding levels {{(pid=94055) clear_binding_levels /opt/stack/neutron/neutron/plugins/ml2/db.py:87}}
Aug 23 20:11:18.083806 dv-cinder-790910-10-iscsi neutron-server[94055]: DEBUG neutron.plugins.ml2.db [req-a5b813a1-30b4-49e1-8101-680e8915371e req-363fb927-3cdb-406f-960b-2245b26cc637 service neutron] For port 998cb047-332f-46ab-aad3-b178191b5c00, host hv-cinder-79091, set binding levels [PortBindingLevel(driver='hyperv',host='hv-cinder-79091',level=0,port_id=998cb047-332f-46ab-aad3-b178191b5c00,segment=NetworkSegment(173fc10a-d947-49de-b4fe-67d05811f0f5),segment_id=173fc10a-d947-49de-b4fe-67d05811f0f5)] {{(pid=94055) set_binding_levels /opt/stack/neutron/neutron/plugins/ml2/db.py:59}}
Aug 23 20:11:18.088513 dv-cinder-790910-10-iscsi neutron-server[94055]: DEBUG neutron_lib.callbacks.manager [req-a5b813a1-30b4-49e1-8101-680e8915371e req-363fb927-3cdb-406f-960b-2245b26cc637 service neutron] Notify callbacks ['neutron.plugins.ml2.plugin.SecurityGroupServerNotifierRpcMixin._notify_sg_on_port_change-940288', 'neutron.plugins.ml2.ovo_rpc._ObjectChangeHandler.handle_event-446163', 'neutron.api.rpc.agentnotifiers.dhcp_rpc_agent_api.DhcpAgentNotifyAPI._native_event_send_dhcp_notification-1814010', 'neutron.db.l3_db.L3RpcNotifierMixin._notify_gateway_port_ip_changed-8740144527180', 'neutron.db.l3_dvrscheduler_db._notify_l3_agent_port_update-8740143971606', 'neutron.db.l3_hascheduler_db._notify_l3_agent_ha_port_update-8740143971624', 'neutron.services.segments.plugin.NovaSegmentNotifier._notify_port_updated-3000023'] for port, after_update {{(pid=94055) _notify_loop /usr/local/lib/python3.8/dist-packages/neutron_lib/callbacks/manager.py:192}}
Aug 23 20:11:18.145526 dv-cinder-790910-10-iscsi neutron-server[94055]: DEBUG neutron.pecan_wsgi.hooks.policy_enforcement [req-a5b813a1-30b4-49e1-8101-680e8915371e req-363fb927-3cdb-406f-960b-2245b26cc637 service neutron] Attributes excluded by policy engine: ['standard_attr_id'] {{(pid=94055) _exclude_attributes_by_policy /opt/stack/neutron/neutron/pecan_wsgi/hooks/policy_enforcement.py:255}}
Aug 23 20:11:18.146130 dv-cinder-790910-10-iscsi neutron-server[94055]: DEBUG neutron_lib.callbacks.manager [req-a5b813a1-30b4-49e1-8101-680e8915371e req-363fb927-3cdb-406f-960b-2245b26cc637 service neutron] Notify callbacks ['neutron.notifiers.nova.Notifier._send_nova_notification-107900'] for port, before_response {{(pid=94055) _notify_loop /usr/local/lib/python3.8/dist-packages/neutron_lib/callbacks/manager.py:192}}
Aug 23 20:11:18.147788 dv-cinder-790910-10-iscsi neutron-server[94055]: INFO neutron.wsgi [req-a5b813a1-30b4-49e1-8101-680e8915371e req-363fb927-3cdb-406f-960b-2245b26cc637 service neutron] 10.222.0.35 "PUT /v2.0/ports/998cb047-332f-46ab-aad3-b178191b5c00 HTTP/1.1" status: 200 len: 1094 time: 1.2621994
Aug 23 20:11:18.152804 dv-cinder-790910-10-iscsi neutron-server[94055]: DEBUG neutron.notifiers.nova [-] Sending events: [{'name': 'network-changed', 'server_uuid': 'ec3db0e0-87bd-45f7-9988-afe24500ebff', 'tag': '998cb047-332f-46ab-aad3-b178191b5c00'}] {{(pid=94055) send_events /opt/stack/neutron/neutron/notifiers/nova.py:262}}
Aug 23 20:11:18.156065 dv-cinder-790910-10-iscsi neutron-server[94055]: DEBUG novaclient.v2.client [-] REQ: curl -g -i --cacert "/opt/stack/data/ca-bundle.pem" -X POST http://10.222.0.26/compute/v2.1/os-server-external-events -H "Accept: application/json" -H "Content-Type: application/json" -H "User-Agent: python-novaclient" -H "X-Auth-Token: {SHA256}a5800d9e8597769751f7197cfb7da26126a9cd094e9f2a5da5d0de810b75e88b" -H "X-OpenStack-Nova-API-Version: 2.1" -H "X-OpenStack-Request-ID: req-dea4d3a5-4af4-47ab-aca0-13d94e473af1" -d '{"events": [{"name": "network-changed", "server_uuid": "ec3db0e0-87bd-45f7-9988-afe24500ebff", "tag": "998cb047-332f-46ab-aad3-b178191b5c00"}]}' {{(pid=94055) _http_log_request /usr/local/lib/python3.8/dist-packages/keystoneauth1/session.py:519}}
Aug 23 20:11:18.199796 dv-cinder-790910-10-iscsi neutron-server[94055]: DEBUG novaclient.v2.client [-] RESP: [200] Connection: close Content-Length: 179 Content-Type: application/json Date: Mon, 23 Aug 2021 20:11:18 GMT OpenStack-API-Version: compute 2.1 Server: Apache/2.4.41 (Ubuntu) Vary: OpenStack-API-Version,X-OpenStack-Nova-API-Version X-OpenStack-Nova-API-Version: 2.1 x-compute-request-id: req-14145f27-0e93-4de3-82f3-c40a3d51800b x-openstack-request-id: req-14145f27-0e93-4de3-82f3-c40a3d51800b {{(pid=94055) _http_log_response /usr/local/lib/python3.8/dist-packages/keystoneauth1/session.py:550}}
Aug 23 20:11:18.200113 dv-cinder-790910-10-iscsi neutron-server[94055]: DEBUG novaclient.v2.client [-] RESP BODY: {"events": [{"name": "network-changed", "server_uuid": "ec3db0e0-87bd-45f7-9988-afe24500ebff", "tag": "998cb047-332f-46ab-aad3-b178191b5c00", "status": "completed", "code": 200}]} {{(pid=94055) _http_log_response /usr/local/lib/python3.8/dist-packages/keystoneauth1/session.py:582}}
Aug 23 20:11:18.200460 dv-cinder-790910-10-iscsi neutron-server[94055]: DEBUG novaclient.v2.client [-] POST call to compute for http://10.222.0.26/compute/v2.1/os-server-external-events used request id req-14145f27-0e93-4de3-82f3-c40a3d51800b {{(pid=94055) request /usr/local/lib/python3.8/dist-packages/keystoneauth1/session.py:954}}
Aug 23 20:11:18.200910 dv-cinder-790910-10-iscsi neutron-server[94055]: INFO neutron.notifiers.nova [-] Nova event response: {'name': 'network-changed', 'server_uuid': 'ec3db0e0-87bd-45f7-9988-afe24500ebff', 'tag': '998cb047-332f-46ab-aad3-b178191b5c00', 'status': 'completed', 'code': 200}
Aug 23 20:11:18.201587 dv-cinder-790910-10-iscsi neutron-server[94055]: DEBUG neutron.api.rpc.handlers.resources_rpc [None req-363fb927-3cdb-406f-960b-2245b26cc637 service neutron] Pushing event updated for resources: {'Port': ['ID=998cb047-332f-46ab-aad3-b178191b5c00,revision_number=3']} {{(pid=94055) push /opt/stack/neutron/neutron/api/rpc/handlers/resources_rpc.py:237}}
Aug 23 20:11:18.212219 dv-cinder-790910-10-iscsi neutron-server[94055]: DEBUG neutron_lib.callbacks.manager [req-81c1ce68-065b-4e22-9885-95da01e08603 req-56784364-d26a-4f62-ac5c-7f8fb6aa4d9a tempest-AttachVolumeNegativeTest-1966875184 tempest-AttachVolumeNegativeTest-1966875184-project] Notify callbacks [] for port, precommit_create {{(pid=94055) _notify_loop /usr/local/lib/python3.8/dist-packages/neutron_lib/callbacks/manager.py:192}}
Aug 23 20:11:18.272298 dv-cinder-790910-10-iscsi neutron-server[94055]: DEBUG neutron.pecan_wsgi.hooks.policy_enforcement [req-a5b813a1-30b4-49e1-8101-680e8915371e req-21dbb50a-8ef5-4542-9870-5b705ff1a78b service neutron] Attributes excluded by policy engine: ['standard_attr_id'] {{(pid=94055) _exclude_attributes_by_policy /opt/stack/neutron/neutron/pecan_wsgi/hooks/policy_enforcement.py:255}}
Aug 23 20:11:18.273823 dv-cinder-790910-10-iscsi neutron-server[94055]: INFO neutron.wsgi [req-a5b813a1-30b4-49e1-8101-680e8915371e req-21dbb50a-8ef5-4542-9870-5b705ff1a78b service neutron] 10.222.0.35 "GET /v2.0/ports?tenant_id=086a3c8c070546a693b0a0f6295ced86&device_id=ec3db0e0-87bd-45f7-9988-afe24500ebff HTTP/1.1" status: 200 len: 1097 time: 0.0592346
Aug 23 20:11:18.298627 dv-cinder-790910-10-iscsi neutron-server[94055]: DEBUG neutron_lib.callbacks.manager [req-81c1ce68-065b-4e22-9885-95da01e08603 req-56784364-d26a-4f62-ac5c-7f8fb6aa4d9a tempest-AttachVolumeNegativeTest-1966875184 tempest-AttachVolumeNegativeTest-1966875184-project] Notify callbacks ['neutron.plugins.ml2.plugin.SecurityGroupServerNotifierRpcMixin._notify_sg_on_port_change-940288', 'neutron.plugins.ml2.ovo_rpc._ObjectChangeHandler.handle_event-446163', 'neutron.api.rpc.agentnotifiers.dhcp_rpc_agent_api.DhcpAgentNotifyAPI._native_event_send_dhcp_notification-1814010', 'neutron.db.l3_dvrscheduler_db._notify_l3_agent_new_port-8740143971588', 'neutron.services.segments.plugin.NovaSegmentNotifier._notify_port_created_or_deleted-3000014'] for port, after_create {{(pid=94055) _notify_loop /usr/local/lib/python3.8/dist-packages/neutron_lib/callbacks/manager.py:192}}
Aug 23 20:11:18.314810 dv-cinder-790910-10-iscsi neutron-server[94056]: DEBUG neutron.plugins.ml2.db [None req-78b2d9d6-3169-4e31-b7c9-1e58404636ba None None] get_ports_and_sgs() called for port_ids ['18cfcdbe-f3bf-4f92-a11b-40825fc9cd86'] {{(pid=94056) get_ports_and_sgs /opt/stack/neutron/neutron/plugins/ml2/db.py:156}}
Aug 23 20:11:18.354321 dv-cinder-790910-10-iscsi neutron-server[94055]: INFO neutron.wsgi [req-a5b813a1-30b4-49e1-8101-680e8915371e req-b18da17d-908a-499d-8c85-7360defae241 service neutron] 10.222.0.35 "GET /v2.0/floatingips?fixed_ip_address=172.20.0.12&port_id=998cb047-332f-46ab-aad3-b178191b5c00 HTTP/1.1" status: 200 len: 217 time: 0.0633378
Aug 23 20:11:18.392855 dv-cinder-790910-10-iscsi neutron-server[94055]: DEBUG neutron.scheduler.dhcp_agent_scheduler [req-81c1ce68-065b-4e22-9885-95da01e08603 req-56784364-d26a-4f62-ac5c-7f8fb6aa4d9a tempest-AttachVolumeNegativeTest-1966875184 tempest-AttachVolumeNegativeTest-1966875184-project] Network 003902ac-f6e2-44e9-abb0-ece5c4eb7a67 is already hosted by enough agents. {{(pid=94055) _get_dhcp_agents_hosting_network /opt/stack/neutron/neutron/scheduler/dhcp_agent_scheduler.py:275}}
Aug 23 20:11:18.431870 dv-cinder-790910-10-iscsi neutron-server[94055]: DEBUG neutron.scheduler.base_scheduler [req-81c1ce68-065b-4e22-9885-95da01e08603 req-56784364-d26a-4f62-ac5c-7f8fb6aa4d9a tempest-AttachVolumeNegativeTest-1966875184 tempest-AttachVolumeNegativeTest-1966875184-project] Resources bound (agent type, host, resource id): {{(pid=94055) schedule /opt/stack/neutron/neutron/scheduler/base_scheduler.py:57}}
Aug 23 20:11:18.434722 dv-cinder-790910-10-iscsi neutron-server[94055]: DEBUG neutron.db.l3_dvrscheduler_db [req-81c1ce68-065b-4e22-9885-95da01e08603 req-56784364-d26a-4f62-ac5c-7f8fb6aa4d9a tempest-AttachVolumeNegativeTest-1966875184 tempest-AttachVolumeNegativeTest-1966875184-project] Received port after_create {{(pid=94055) _notify_l3_agent_new_port /opt/stack/neutron/neutron/db/l3_dvrscheduler_db.py:535}}
Aug 23 20:11:18.473024 dv-cinder-790910-10-iscsi neutron-server[94054]: DEBUG neutron.wsgi [-] (94054) accepted ('10.222.0.26', 34290) {{(pid=94054) server /usr/local/lib/python3.8/dist-packages/eventlet/wsgi.py:982}}
Aug 23 20:11:18.484663 dv-cinder-790910-10-iscsi neutron-server[94055]: DEBUG neutron.api.rpc.handlers.resources_rpc [None req-56784364-d26a-4f62-ac5c-7f8fb6aa4d9a tempest-AttachVolumeNegativeTest-1966875184 tempest-AttachVolumeNegativeTest-1966875184-project] Pushing event updated for resources: {'Port': ['ID=0b0857f6-4b1c-44d5-b15e-2bdf5c421f37,revision_number=1']} {{(pid=94055) push /opt/stack/neutron/neutron/api/rpc/handlers/resources_rpc.py:237}}
Aug 23 20:11:18.504159 dv-cinder-790910-10-iscsi neutron-server[94055]: DEBUG neutron.pecan_wsgi.hooks.policy_enforcement [req-a5b813a1-30b4-49e1-8101-680e8915371e req-064086d9-406c-49b1-a8c7-3bc09a8a2ba4 service neutron] Attributes excluded by policy engine: ['standard_attr_id', 'shared', 'segment_id'] {{(pid=94055) _exclude_attributes_by_policy /opt/stack/neutron/neutron/pecan_wsgi/hooks/policy_enforcement.py:255}}
Aug 23 20:11:18.505603 dv-cinder-790910-10-iscsi neutron-server[94055]: INFO neutron.wsgi [req-a5b813a1-30b4-49e1-8101-680e8915371e req-064086d9-406c-49b1-a8c7-3bc09a8a2ba4 service neutron] 10.222.0.35 "GET /v2.0/subnets?id=a8b8d342-5c23-46c5-bf1e-dce4dc335852 HTTP/1.1" status: 200 len: 848 time: 0.1297219
Aug 23 20:11:18.515937 dv-cinder-790910-10-iscsi neutron-server[94055]: DEBUG neutron.pecan_wsgi.hooks.policy_enforcement [req-81c1ce68-065b-4e22-9885-95da01e08603 req-56784364-d26a-4f62-ac5c-7f8fb6aa4d9a tempest-AttachVolumeNegativeTest-1966875184 tempest-AttachVolumeNegativeTest-1966875184-project] Attributes excluded by policy engine: ['standard_attr_id', 'binding:profile', 'binding:host_id', 'binding:vif_type', 'binding:vif_details', 'network'] {{(pid=94055) _exclude_attributes_by_policy /opt/stack/neutron/neutron/pecan_wsgi/hooks/policy_enforcement.py:255}}
Aug 23 20:11:18.516547 dv-cinder-790910-10-iscsi neutron-server[94055]: DEBUG neutron_lib.callbacks.manager [req-81c1ce68-065b-4e22-9885-95da01e08603 req-56784364-d26a-4f62-ac5c-7f8fb6aa4d9a tempest-AttachVolumeNegativeTest-1966875184 tempest-AttachVolumeNegativeTest-1966875184-project] Notify callbacks ['neutron.notifiers.nova.Notifier._send_nova_notification-107900'] for port, before_response {{(pid=94055) _notify_loop /usr/local/lib/python3.8/dist-packages/neutron_lib/callbacks/manager.py:192}}
Aug 23 20:11:18.524276 dv-cinder-790910-10-iscsi neutron-server[94054]: DEBUG neutron.db.db_base_plugin_v2 [None req-b5767c55-860c-4df6-80b0-9ca58e303964 admin admin] Deleting subnet e0e9cc58-6fbe-4cc8-9d1e-ce7f67902743 {{(pid=94054) delete_subnet /opt/stack/neutron/neutron/db/db_base_plugin_v2.py:1056}}
Aug 23 20:11:18.527162 dv-cinder-790910-10-iscsi neutron-server[94055]: DEBUG neutron.pecan_wsgi.hooks.policy_enforcement [req-c8033994-fc70-4c51-9c32-adb2b38f34d1 req-f4e6b624-7040-41ba-875f-d45f0bee82b9 tempest-ServerRescueNegativeTestJSON-768597711 tempest-ServerRescueNegativeTestJSON-768597711-project] Attributes excluded by policy engine: ['standard_attr_id', 'binding:profile', 'binding:host_id', 'binding:vif_type', 'binding:vif_details'] {{(pid=94055) _exclude_attributes_by_policy /opt/stack/neutron/neutron/pecan_wsgi/hooks/policy_enforcement.py:255}}
Aug 23 20:11:18.527300 dv-cinder-790910-10-iscsi neutron-server[94054]: DEBUG neutron_lib.callbacks.manager [None req-b5767c55-860c-4df6-80b0-9ca58e303964 admin admin] Notify callbacks [] for subnet, before_delete {{(pid=94054) _notify_loop /usr/local/lib/python3.8/dist-packages/neutron_lib/callbacks/manager.py:192}}
Aug 23 20:11:18.528607 dv-cinder-790910-10-iscsi neutron-server[94055]: INFO neutron.wsgi [req-c8033994-fc70-4c51-9c32-adb2b38f34d1 req-f4e6b624-7040-41ba-875f-d45f0bee82b9 tempest-ServerRescueNegativeTestJSON-768597711 tempest-ServerRescueNegativeTestJSON-768597711-project] 10.222.0.26 "GET /v2.0/ports?device_id=ae558570-91f2-403c-a27e-dc501fcfe929 HTTP/1.1" status: 200 len: 946 time: 0.1675220
Aug 23 20:11:18.563659 dv-cinder-790910-10-iscsi neutron-server[94054]: DEBUG neutron_lib.callbacks.manager [None req-b5767c55-860c-4df6-80b0-9ca58e303964 admin admin] Notify callbacks ['neutron.services.segments.plugin.Plugin._validate_auto_address_subnet_delete-3734583'] for subnet, precommit_delete_associations {{(pid=94054) _notify_loop /usr/local/lib/python3.8/dist-packages/neutron_lib/callbacks/manager.py:192}}
Aug 23 20:11:18.576071 dv-cinder-790910-10-iscsi neutron-server[94055]: INFO neutron.wsgi [req-a5b813a1-30b4-49e1-8101-680e8915371e req-120fe555-db8d-43bf-8d5d-7f4c8a9ebf2c service neutron] 10.222.0.35 "GET /v2.0/ports?network_id=feb29633-c4cf-4b58-80aa-7aa4e63c0b13&device_owner=network%3Adhcp HTTP/1.1" status: 200 len: 210 time: 0.0440207
Aug 23 20:11:18.577674 dv-cinder-790910-10-iscsi neutron-server[94055]: INFO neutron.wsgi [req-81c1ce68-065b-4e22-9885-95da01e08603 req-56784364-d26a-4f62-ac5c-7f8fb6aa4d9a tempest-AttachVolumeNegativeTest-1966875184 tempest-AttachVolumeNegativeTest-1966875184-project] 10.222.0.35 "POST /v2.0/ports HTTP/1.1" status: 201 len: 934 time: 1.2409704
Aug 23 20:11:18.597811 dv-cinder-790910-10-iscsi neutron-server[94055]: INFO neutron.wsgi [req-c8033994-fc70-4c51-9c32-adb2b38f34d1 req-c2f37542-17ac-4446-86db-c8318dbf458d tempest-ServerRescueNegativeTestJSON-768597711 tempest-ServerRescueNegativeTestJSON-768597711-project] 10.222.0.26 "GET /v2.0/security-groups?id=29d6ff43-d05d-4098-8139-4cd79ff3556b&fields=id&fields=name HTTP/1.1" status: 200 len: 286 time: 0.0564420
Aug 23 20:11:18.604339 dv-cinder-790910-10-iscsi neutron-server[94054]: DEBUG neutron_lib.callbacks.manager [None req-b5767c55-860c-4df6-80b0-9ca58e303964 admin admin] Notify callbacks ['neutron.plugins.ml2.plugin.Ml2Plugin._subnet_delete_precommit_handler-985047'] for subnet, precommit_delete {{(pid=94054) _notify_loop /usr/local/lib/python3.8/dist-packages/neutron_lib/callbacks/manager.py:192}}
Aug 23 20:11:18.605233 dv-cinder-790910-10-iscsi neutron-server[94055]: DEBUG neutron.api.v2.base [req-81c1ce68-065b-4e22-9885-95da01e08603 req-d5eccac3-f804-4ea1-ad90-4c48c1bdbe8e service neutron] Request body: {'port': {'device_id': '329719b3-0f25-45df-8c25-610d8fb9df6a', 'device_owner': 'compute:nova', 'binding:host_id': 'hv-cinder-79091'}} {{(pid=94055) prepare_request_body /opt/stack/neutron/neutron/api/v2/base.py:730}}
Aug 23 20:11:18.670191 dv-cinder-790910-10-iscsi neutron-server[94054]: DEBUG neutron_lib.callbacks.manager [None req-b5767c55-860c-4df6-80b0-9ca58e303964 admin admin] Notify callbacks ['neutron.plugins.ml2.plugin.Ml2Plugin._subnet_delete_after_delete_handler-985048', 'neutron.plugins.ml2.ovo_rpc._ObjectChangeHandler.handle_event-1607847', 'neutron.api.rpc.agentnotifiers.dhcp_rpc_agent_api.DhcpAgentNotifyAPI._native_event_send_dhcp_notification-1814010', 'neutron.services.segments.plugin.NovaSegmentNotifier._notify_subnet_deleted-2361440', 'neutron.services.segments.plugin.SegmentHostRoutes.host_routes_after_delete-25764849'] for subnet, after_delete {{(pid=94054) _notify_loop /usr/local/lib/python3.8/dist-packages/neutron_lib/callbacks/manager.py:192}}
Aug 23 20:11:18.699099 dv-cinder-790910-10-iscsi neutron-server[94054]: DEBUG neutron.api.rpc.handlers.resources_rpc [None req-b5767c55-860c-4df6-80b0-9ca58e303964 admin admin] Pushing event deleted for resources: {'Subnet': ['ID=e0e9cc58-6fbe-4cc8-9d1e-ce7f67902743,revision_number=None']} {{(pid=94054) push /opt/stack/neutron/neutron/api/rpc/handlers/resources_rpc.py:237}}
Aug 23 20:11:18.702583 dv-cinder-790910-10-iscsi neutron-server[94054]: DEBUG neutron_lib.callbacks.manager [None req-b5767c55-860c-4df6-80b0-9ca58e303964 admin admin] Notify callbacks [] for subnet, before_response {{(pid=94054) _notify_loop /usr/local/lib/python3.8/dist-packages/neutron_lib/callbacks/manager.py:192}}
Aug 23 20:11:18.707266 dv-cinder-790910-10-iscsi neutron-server[94054]: INFO neutron.wsgi [None req-b5767c55-860c-4df6-80b0-9ca58e303964 admin admin] 10.222.0.26 "DELETE /v2.0/subnets/e0e9cc58-6fbe-4cc8-9d1e-ce7f67902743 HTTP/1.1" status: 204 len: 168 time: 0.2331343
Aug 23 20:11:18.708282 dv-cinder-790910-10-iscsi neutron-server[94054]: DEBUG neutron.wsgi [-] (94054) accepted ('10.222.0.26', 34298) {{(pid=94054) server /usr/local/lib/python3.8/dist-packages/eventlet/wsgi.py:982}}
Aug 23 20:11:18.715457 dv-cinder-790910-10-iscsi neutron-server[94055]: DEBUG neutron_lib.callbacks.manager [req-81c1ce68-065b-4e22-9885-95da01e08603 req-d5eccac3-f804-4ea1-ad90-4c48c1bdbe8e service neutron] Notify callbacks ['neutron.plugins.ml2.plugin.SecurityGroupDbMixin._ensure_default_security_group_handler-940481'] for port, before_update {{(pid=94055) _notify_loop /usr/local/lib/python3.8/dist-packages/neutron_lib/callbacks/manager.py:192}}
Aug 23 20:11:18.780552 dv-cinder-790910-10-iscsi neutron-server[94055]: INFO neutron.wsgi [req-a5b813a1-30b4-49e1-8101-680e8915371e req-6791bad8-b78b-472c-b6a8-a195b16bc0d0 service neutron] 10.222.0.35 "GET /v2.0/networks/feb29633-c4cf-4b58-80aa-7aa4e63c0b13?fields=segments HTTP/1.1" status: 200 len: 212 time: 0.1788995
Aug 23 20:11:18.791133 dv-cinder-790910-10-iscsi neutron-server[94054]: DEBUG neutron_lib.callbacks.manager [None req-e6aadf23-375f-4253-833b-a8ea4a3e7134 admin admin] Notify callbacks ['neutron.plugins.ml2.plugin.External_net_db_mixin._before_network_delete_handler-595515'] for network, before_delete {{(pid=94054) _notify_loop /usr/local/lib/python3.8/dist-packages/neutron_lib/callbacks/manager.py:192}}
Aug 23 20:11:18.892014 dv-cinder-790910-10-iscsi neutron-server[94054]: DEBUG neutron_lib.callbacks.manager [None req-e6aadf23-375f-4253-833b-a8ea4a3e7134 admin admin] Notify callbacks ['neutron.plugins.ml2.plugin.Ml2Plugin._network_delete_precommit_handler-652076', 'neutron.services.segments.db._delete_segments_for_network-8740144459448'] for network, precommit_delete {{(pid=94054) _notify_loop /usr/local/lib/python3.8/dist-packages/neutron_lib/callbacks/manager.py:192}}
Aug 23 20:11:18.909037 dv-cinder-790910-10-iscsi neutron-server[94054]: DEBUG neutron.services.segments.db [None req-e6aadf23-375f-4253-833b-a8ea4a3e7134 admin admin] neutron.services.segments.plugin.Plugin method get_segments called with arguments (,) {'filters': {'network_id': ['51381ced-b571-492d-a1d4-fc67e9b9224f']}} {{(pid=94054) wrapper /usr/local/lib/python3.8/dist-packages/oslo_log/helpers.py:65}}
Aug 23 20:11:18.926829 dv-cinder-790910-10-iscsi neutron-server[94054]: DEBUG neutron.services.segments.db [None req-e6aadf23-375f-4253-833b-a8ea4a3e7134 admin admin] neutron.services.segments.plugin.Plugin method delete_segment called with arguments (, '214cd6c1-1de4-4851-b284-604f237617b1') {'for_net_delete': True} {{(pid=94054) wrapper /usr/local/lib/python3.8/dist-packages/oslo_log/helpers.py:65}}
Aug 23 20:11:18.927331 dv-cinder-790910-10-iscsi neutron-server[94054]: DEBUG neutron.services.segments.db [None req-e6aadf23-375f-4253-833b-a8ea4a3e7134 admin admin] neutron.services.segments.plugin.Plugin method get_segment called with arguments (, '214cd6c1-1de4-4851-b284-604f237617b1') {} {{(pid=94054) wrapper /usr/local/lib/python3.8/dist-packages/oslo_log/helpers.py:65}}
Aug 23 20:11:18.939761 dv-cinder-790910-10-iscsi neutron-server[94054]: DEBUG neutron_lib.callbacks.manager [None req-e6aadf23-375f-4253-833b-a8ea4a3e7134 admin admin] Notify callbacks ['neutron.plugins.ml2.db._prevent_segment_delete_with_port_bound-8740144440257', 'neutron.services.segments.plugin.Plugin._prevent_segment_delete_with_subnet_associated-3734568'] for segment, before_delete {{(pid=94054) _notify_loop /usr/local/lib/python3.8/dist-packages/neutron_lib/callbacks/manager.py:192}}
Aug 23 20:11:18.965559 dv-cinder-790910-10-iscsi neutron-server[94054]: DEBUG neutron_lib.callbacks.manager [None req-e6aadf23-375f-4253-833b-a8ea4a3e7134 admin admin] Notify callbacks ['neutron.plugins.ml2.plugin.Ml2Plugin._handle_segment_change-991120'] for segment, precommit_delete {{(pid=94054) _notify_loop /usr/local/lib/python3.8/dist-packages/neutron_lib/callbacks/manager.py:192}}
Aug 23 20:11:18.975705 dv-cinder-790910-10-iscsi neutron-server[94054]: DEBUG neutron.plugins.ml2.drivers.type_vlan [None req-e6aadf23-375f-4253-833b-a8ea4a3e7134 admin admin] Releasing vlan 244 on physical network physnet1 to pool {{(pid=94054) release_segment /opt/stack/neutron/neutron/plugins/ml2/drivers/type_vlan.py:304}}
Aug 23 20:11:18.976227 dv-cinder-790910-10-iscsi neutron-server[94054]: DEBUG neutron_lib.callbacks.manager [None req-e6aadf23-375f-4253-833b-a8ea4a3e7134 admin admin] Notify callbacks ['neutron.plugins.ml2.plugin.Ml2Plugin._handle_segment_change-991120', 'neutron.services.segments.plugin.NovaSegmentNotifier._notify_segment_deleted-2361350'] for segment, after_delete {{(pid=94054) _notify_loop /usr/local/lib/python3.8/dist-packages/neutron_lib/callbacks/manager.py:192}}
Aug 23 20:11:18.991251 dv-cinder-790910-10-iscsi neutron-server[94054]: Traceback (most recent call last):
Aug 23 20:11:18.991251 dv-cinder-790910-10-iscsi neutron-server[94054]: File "/usr/local/lib/python3.8/dist-packages/eventlet/hubs/hub.py", line 476, in fire_timers
Aug 23 20:11:18.991251 dv-cinder-790910-10-iscsi neutron-server[94054]: timer()
Aug 23 20:11:18.991251 dv-cinder-790910-10-iscsi neutron-server[94054]: File "/usr/local/lib/python3.8/dist-packages/eventlet/hubs/timer.py", line 59, in __call__
Aug 23 20:11:18.991251 dv-cinder-790910-10-iscsi neutron-server[94054]: cb(*args, **kw)
Aug 23 20:11:18.991251 dv-cinder-790910-10-iscsi neutron-server[94054]: File "/opt/stack/neutron/neutron/common/utils.py", line 906, in wrapper
Aug 23 20:11:18.991251 dv-cinder-790910-10-iscsi neutron-server[94054]: return func(*args, **kwargs)
Aug 23 20:11:18.991251 dv-cinder-790910-10-iscsi neutron-server[94054]: File "/opt/stack/neutron/neutron/notifiers/batch_notifier.py", line 58, in synced_send
Aug 23 20:11:18.991251 dv-cinder-790910-10-iscsi neutron-server[94054]: self._notify()
Aug 23 20:11:18.991251 dv-cinder-790910-10-iscsi neutron-server[94054]: File "/opt/stack/neutron/neutron/notifiers/batch_notifier.py", line 69, in _notify
Aug 23 20:11:18.991251 dv-cinder-790910-10-iscsi neutron-server[94054]: self.callback(batched_events)
Aug 23 20:11:18.991251 dv-cinder-790910-10-iscsi neutron-server[94054]: File "/opt/stack/neutron/neutron/services/segments/plugin.py", line 211, in _send_notifications
Aug 23 20:11:18.991251 dv-cinder-790910-10-iscsi neutron-server[94054]: event.method(event)
Aug 23 20:11:18.991251 dv-cinder-790910-10-iscsi neutron-server[94054]: File "/opt/stack/neutron/neutron/services/segments/plugin.py", line 383, in _delete_nova_inventory
Aug 23 20:11:18.991251 dv-cinder-790910-10-iscsi neutron-server[94054]: aggregate_id = self._get_aggregate_id(event.segment_id)
Aug 23 20:11:18.991251 dv-cinder-790910-10-iscsi neutron-server[94054]: File "/opt/stack/neutron/neutron/services/segments/plugin.py", line 370, in _get_aggregate_id
Aug 23 20:11:18.991251 dv-cinder-790910-10-iscsi neutron-server[94054]: aggregate_uuid = self.p_client.list_aggregates(
Aug 23 20:11:18.991251 dv-cinder-790910-10-iscsi neutron-server[94054]: File "/usr/local/lib/python3.8/dist-packages/neutron_lib/placement/client.py", line 57, in wrapper
Aug 23 20:11:18.991251 dv-cinder-790910-10-iscsi neutron-server[94054]: return f(self, *a, **k)
Aug 23 20:11:18.991251 dv-cinder-790910-10-iscsi neutron-server[94054]: File "/usr/local/lib/python3.8/dist-packages/neutron_lib/placement/client.py", line 553, in list_aggregates
Aug 23 20:11:18.991251 dv-cinder-790910-10-iscsi neutron-server[94054]: return self._get(url).json()
Aug 23 20:11:18.991251 dv-cinder-790910-10-iscsi neutron-server[94054]: File "/usr/local/lib/python3.8/dist-packages/neutron_lib/placement/client.py", line 189, in _get
Aug 23 20:11:18.991251 dv-cinder-790910-10-iscsi neutron-server[94054]: return self._client.get(url, endpoint_filter=self._ks_filter,
Aug 23 20:11:18.991251 dv-cinder-790910-10-iscsi neutron-server[94054]: File "/usr/local/lib/python3.8/dist-packages/keystoneauth1/session.py", line 1141, in get
Aug 23 20:11:18.991251 dv-cinder-790910-10-iscsi neutron-server[94054]: return self.request(url, 'GET', **kwargs)
Aug 23 20:11:18.991251 dv-cinder-790910-10-iscsi neutron-server[94054]: File "/usr/local/lib/python3.8/dist-packages/keystoneauth1/session.py", line 811, in request
Aug 23 20:11:18.991251 dv-cinder-790910-10-iscsi neutron-server[94054]: base_url = self.get_endpoint(auth, allow=allow,
Aug 23 20:11:18.991251 dv-cinder-790910-10-iscsi neutron-server[94054]: File "/usr/local/lib/python3.8/dist-packages/keystoneauth1/session.py", line 1241, in get_endpoint
Aug 23 20:11:18.991251 dv-cinder-790910-10-iscsi neutron-server[94054]: auth = self._auth_required(auth, 'determine endpoint URL')
Aug 23 20:11:18.991251 dv-cinder-790910-10-iscsi neutron-server[94054]: File "/usr/local/lib/python3.8/dist-packages/keystoneauth1/session.py", line 1181, in _auth_required
Aug 23 20:11:18.991251 dv-cinder-790910-10-iscsi neutron-server[94054]: raise exceptions.MissingAuthPlugin(msg_fmt % msg)
Aug 23 20:11:18.991251 dv-cinder-790910-10-iscsi neutron-server[94054]: keystoneauth1.exceptions.auth_plugins.MissingAuthPlugin: An auth plugin is required to determine endpoint URL
Aug 23 20:11:19.007247 dv-cinder-790910-10-iscsi neutron-server[94055]: INFO neutron.wsgi [req-cca12637-d248-418c-917c-a0d33d383952 req-ded0eac5-a667-4fa2-a00c-a00d20550230 tempest-VolumesNegativeTest-1334276524 tempest-VolumesNegativeTest-1334276524-project] 10.222.0.26 "GET /v2.0/networks?tenant_id=ee2c0243aa4a415e9ddaf358d115a033&shared=False HTTP/1.1" status: 200 len: 213 time: 0.0597372
Aug 23 20:11:19.048453 dv-cinder-790910-10-iscsi neutron-server[94054]: DEBUG neutron_lib.callbacks.manager [None req-e6aadf23-375f-4253-833b-a8ea4a3e7134 admin admin] Notify callbacks ['neutron.plugins.ml2.plugin.Ml2Plugin._network_delete_after_delete_handler-652117', 'neutron.plugins.ml2.ovo_rpc._ObjectChangeHandler.handle_event-1632765', 'neutron.api.rpc.agentnotifiers.dhcp_rpc_agent_api.DhcpAgentNotifyAPI._native_event_send_dhcp_notification-1814010', 'neutron.services.l3_router.l3_router_plugin.DVRResourceOperationHandler.delete_fip_namespaces_for_ext_net-1603385'] for network, after_delete {{(pid=94054) _notify_loop /usr/local/lib/python3.8/dist-packages/neutron_lib/callbacks/manager.py:192}}
Aug 23 20:11:19.057456 dv-cinder-790910-10-iscsi neutron-server[94054]: DEBUG neutron_lib.callbacks.manager [None req-e6aadf23-375f-4253-833b-a8ea4a3e7134 admin admin] Notify callbacks ['neutron.api.rpc.agentnotifiers.dhcp_rpc_agent_api.DhcpAgentNotifyAPI._send_dhcp_notification-1813988'] for network, before_response {{(pid=94054) _notify_loop /usr/local/lib/python3.8/dist-packages/neutron_lib/callbacks/manager.py:192}}
Aug 23 20:11:19.060061 dv-cinder-790910-10-iscsi neutron-server[94054]: INFO neutron.wsgi [None req-e6aadf23-375f-4253-833b-a8ea4a3e7134 admin admin] 10.222.0.26 "DELETE /v2.0/networks/51381ced-b571-492d-a1d4-fc67e9b9224f HTTP/1.1" status: 204 len: 168 time: 0.3508182
Aug 23 20:11:19.074910 dv-cinder-790910-10-iscsi neutron-server[94054]: DEBUG neutron.api.rpc.handlers.resources_rpc [None req-e6aadf23-375f-4253-833b-a8ea4a3e7134 admin admin] Pushing event deleted for resources: {'Network': ['ID=51381ced-b571-492d-a1d4-fc67e9b9224f,revision_number=None']} {{(pid=94054) push /opt/stack/neutron/neutron/api/rpc/handlers/resources_rpc.py:237}}
Aug 23 20:11:19.083133 dv-cinder-790910-10-iscsi neutron-server[94054]: DEBUG neutron.wsgi [-] (94054) accepted ('10.222.0.26', 34328) {{(pid=94054) server /usr/local/lib/python3.8/dist-packages/eventlet/wsgi.py:982}}
Aug 23 20:11:19.150352 dv-cinder-790910-10-iscsi neutron-server[94054]: DEBUG neutron.pecan_wsgi.hooks.policy_enforcement [req-250e86d0-b65a-45c3-8a55-3002402e4e4c req-360f62f4-7045-4c5c-97f4-1fd4aa59280c tempest-VolumesActionsTest-279007858 tempest-VolumesActionsTest-279007858-project] Attributes excluded by policy engine: ['standard_attr_id', 'binding:profile', 'binding:host_id', 'binding:vif_type', 'binding:vif_details'] {{(pid=94054) _exclude_attributes_by_policy /opt/stack/neutron/neutron/pecan_wsgi/hooks/policy_enforcement.py:255}}
Aug 23 20:11:19.152053 dv-cinder-790910-10-iscsi neutron-server[94054]: INFO neutron.wsgi [req-250e86d0-b65a-45c3-8a55-3002402e4e4c req-360f62f4-7045-4c5c-97f4-1fd4aa59280c tempest-VolumesActionsTest-279007858 tempest-VolumesActionsTest-279007858-project] 10.222.0.26 "GET /v2.0/ports?device_id=ec3db0e0-87bd-45f7-9988-afe24500ebff HTTP/1.1" status: 200 len: 944 time: 0.0623491
Aug 23 20:11:19.203829 dv-cinder-790910-10-iscsi neutron-server[94054]: INFO neutron.wsgi [req-250e86d0-b65a-45c3-8a55-3002402e4e4c req-bccbca51-900e-452b-99ad-7289503e5056 tempest-VolumesActionsTest-279007858 tempest-VolumesActionsTest-279007858-project] 10.222.0.26 "GET /v2.0/security-groups?id=44fa6844-91f4-48f6-85ae-f06a2357be25&fields=id&fields=name HTTP/1.1" status: 200 len: 286 time: 0.0423777
Aug 23 20:11:19.222345 dv-cinder-790910-10-iscsi neutron-server[94055]: INFO neutron.wsgi [req-a5b813a1-30b4-49e1-8101-680e8915371e req-ad180069-4159-4699-8213-54ec900f4936 service neutron] 10.222.0.35 "GET /v2.0/networks/feb29633-c4cf-4b58-80aa-7aa4e63c0b13?fields=provider%3Aphysical_network&fields=provider%3Anetwork_type HTTP/1.1" status: 200 len: 281 time: 0.3811824
Aug 23 20:11:19.255601 dv-cinder-790910-10-iscsi neutron-server[94054]: DEBUG neutron_lib.callbacks.manager [None req-8d220419-e1eb-47fe-a599-75b88d62d7e6 admin admin] Notify callbacks [] for security_group, before_create {{(pid=94054) _notify_loop /usr/local/lib/python3.8/dist-packages/neutron_lib/callbacks/manager.py:192}}
Aug 23 20:11:19.296636 dv-cinder-790910-10-iscsi neutron-server[94054]: DEBUG neutron.wsgi [-] (94054) accepted ('10.222.0.26', 34332) {{(pid=94054) server /usr/local/lib/python3.8/dist-packages/eventlet/wsgi.py:982}}
Aug 23 20:11:19.296805 dv-cinder-790910-10-iscsi neutron-server[94055]: DEBUG neutron.pecan_wsgi.hooks.policy_enforcement [req-cca12637-d248-418c-917c-a0d33d383952 req-f992191a-f7a8-4837-908e-ad5cac14ae84 tempest-VolumesNegativeTest-1334276524 tempest-VolumesNegativeTest-1334276524-project] Attributes excluded by policy engine: ['standard_attr_id', 'vlan_transparent', 'provider:network_type', 'provider:physical_network', 'provider:segmentation_id'] {{(pid=94055) _exclude_attributes_by_policy /opt/stack/neutron/neutron/pecan_wsgi/hooks/policy_enforcement.py:255}}
Aug 23 20:11:19.298255 dv-cinder-790910-10-iscsi neutron-server[94055]: INFO neutron.wsgi [req-cca12637-d248-418c-917c-a0d33d383952 req-f992191a-f7a8-4837-908e-ad5cac14ae84 tempest-VolumesNegativeTest-1334276524 tempest-VolumesNegativeTest-1334276524-project] 10.222.0.26 "GET /v2.0/networks?shared=True HTTP/1.1" status: 200 len: 769 time: 0.2902641
Aug 23 20:11:19.410706 dv-cinder-790910-10-iscsi neutron-server[94054]: INFO neutron.wsgi [None req-6c0d93f0-0135-4295-a907-812474e2d0ba admin admin] 10.222.0.26 "GET /v2.0/security-groups?tenant_id=559c8802e37046e8bfab7956f8270c58&name=default HTTP/1.1" status: 200 len: 2975 time: 0.1116223
Aug 23 20:11:19.416407 dv-cinder-790910-10-iscsi neutron-server[94054]: DEBUG neutron.wsgi [-] (94054) accepted ('10.222.0.26', 34334) {{(pid=94054) server /usr/local/lib/python3.8/dist-packages/eventlet/wsgi.py:982}}
Aug 23 20:11:19.437399 dv-cinder-790910-10-iscsi neutron-server[94054]: DEBUG neutron.pecan_wsgi.hooks.policy_enforcement [req-626b12a6-3b00-4daa-aa3c-04bd2def23d4 req-5f247cdc-55e8-4de4-9241-9edfe815343b tempest-AttachVolumeNegativeTest-1966875184 tempest-AttachVolumeNegativeTest-1966875184-project] Attributes excluded by policy engine: ['standard_attr_id', 'binding:profile', 'binding:host_id', 'binding:vif_type', 'binding:vif_details'] {{(pid=94054) _exclude_attributes_by_policy /opt/stack/neutron/neutron/pecan_wsgi/hooks/policy_enforcement.py:255}}
Aug 23 20:11:19.438910 dv-cinder-790910-10-iscsi neutron-server[94054]: INFO neutron.wsgi [req-626b12a6-3b00-4daa-aa3c-04bd2def23d4 req-5f247cdc-55e8-4de4-9241-9edfe815343b tempest-AttachVolumeNegativeTest-1966875184 tempest-AttachVolumeNegativeTest-1966875184-project] 10.222.0.26 "GET /v2.0/ports?device_id=329719b3-0f25-45df-8c25-610d8fb9df6a HTTP/1.1" status: 200 len: 932 time: 0.1337826
Aug 23 20:11:19.492200 dv-cinder-790910-10-iscsi neutron-server[94054]: DEBUG neutron_lib.callbacks.manager [None req-8d220419-e1eb-47fe-a599-75b88d62d7e6 admin admin] Notify callbacks [] for security_group, precommit_create {{(pid=94054) _notify_loop /usr/local/lib/python3.8/dist-packages/neutron_lib/callbacks/manager.py:192}}
Aug 23 20:11:19.504992 dv-cinder-790910-10-iscsi neutron-server[94054]: DEBUG neutron_lib.callbacks.manager [None req-8d220419-e1eb-47fe-a599-75b88d62d7e6 admin admin] Notify callbacks ['neutron.plugins.ml2.ovo_rpc._ObjectChangeHandler.handle_event-1632577'] for security_group, after_create {{(pid=94054) _notify_loop /usr/local/lib/python3.8/dist-packages/neutron_lib/callbacks/manager.py:192}}
Aug 23 20:11:19.540215 dv-cinder-790910-10-iscsi neutron-server[94055]: INFO neutron.wsgi [req-cca12637-d248-418c-917c-a0d33d383952 req-d366c192-c294-4253-b35e-1f245a71a2c8 tempest-VolumesNegativeTest-1334276524 tempest-VolumesNegativeTest-1334276524-project] 10.222.0.26 "GET /v2.0/quotas/ee2c0243aa4a415e9ddaf358d115a033 HTTP/1.1" status: 200 len: 375 time: 0.2345431
Aug 23 20:11:19.559133 dv-cinder-790910-10-iscsi neutron-server[94054]: INFO neutron.wsgi [req-626b12a6-3b00-4daa-aa3c-04bd2def23d4 req-c3b1cd3f-b9d6-44ab-a1c3-ad5a1dbd0784 tempest-AttachVolumeNegativeTest-1966875184 tempest-AttachVolumeNegativeTest-1966875184-project] 10.222.0.26 "GET /v2.0/security-groups?id=5debe348-af7a-45d4-bb25-c999eb80e303&fields=id&fields=name HTTP/1.1" status: 200 len: 286 time: 0.1066353
Aug 23 20:11:19.571349 dv-cinder-790910-10-iscsi neutron-server[94054]: INFO neutron.wsgi [None req-8d220419-e1eb-47fe-a599-75b88d62d7e6 admin admin] 10.222.0.26 "GET /v2.0/security-groups?tenant_id=d9dadda6a65444d785facbf0863c1869&name=default HTTP/1.1" status: 200 len: 2979 time: 0.4843495
Aug 23 20:11:19.572462 dv-cinder-790910-10-iscsi neutron-server[94054]: DEBUG neutron.wsgi [-] (94054) accepted ('10.222.0.26', 34336) {{(pid=94054) server /usr/local/lib/python3.8/dist-packages/eventlet/wsgi.py:982}}
Aug 23 20:11:19.584496 dv-cinder-790910-10-iscsi neutron-server[94054]: DEBUG neutron.api.rpc.handlers.resources_rpc [None req-8d220419-e1eb-47fe-a599-75b88d62d7e6 admin admin] Pushing event updated for resources: {'SecurityGroup': ['ID=427f7687-e61f-47c1-baf8-388313c97e3a,revision_number=1']} {{(pid=94054) push /opt/stack/neutron/neutron/api/rpc/handlers/resources_rpc.py:237}}
