Aug 23 20:10:18.523645 dv-cinder-790910-10-iscsi neutron-server[94055]: DEBUG neutron.pecan_wsgi.hooks.policy_enforcement [None req-89af5a44-f340-47e1-b104-057dab0f8b6a admin admin] Attributes excluded by policy engine: ['standard_attr_id', 'shared', 'network'] {{(pid=94055) _exclude_attributes_by_policy /opt/stack/neutron/neutron/pecan_wsgi/hooks/policy_enforcement.py:255}}
Aug 23 20:10:18.524327 dv-cinder-790910-10-iscsi neutron-server[94055]: DEBUG neutron_lib.callbacks.manager [None req-89af5a44-f340-47e1-b104-057dab0f8b6a admin admin] Notify callbacks ['neutron.api.rpc.agentnotifiers.dhcp_rpc_agent_api.DhcpAgentNotifyAPI._send_dhcp_notification-1813988'] for subnet, before_response {{(pid=94055) _notify_loop /usr/local/lib/python3.8/dist-packages/neutron_lib/callbacks/manager.py:192}}
Aug 23 20:10:18.527226 dv-cinder-790910-10-iscsi neutron-server[94056]: DEBUG neutron.api.rpc.handlers.dhcp_rpc [None req-238dbf11-f15f-459e-b541-0a1b39d2fac0 None None] Network 96d6468b-e52d-4ddc-8584-508958cd9e5c requested from dv-cinder-790910-10-iscsi {{(pid=94056) get_network_info /opt/stack/neutron/neutron/api/rpc/handlers/dhcp_rpc.py:218}}
Aug 23 20:10:18.547927 dv-cinder-790910-10-iscsi neutron-server[94055]: INFO neutron.wsgi [None req-89af5a44-f340-47e1-b104-057dab0f8b6a admin admin] 10.222.0.26 "POST /v2.0/subnets HTTP/1.1" status: 201 len: 847 time: 1.8921423
Aug 23 20:10:18.549987 dv-cinder-790910-10-iscsi neutron-server[94055]: DEBUG neutron.wsgi [-] (94055) accepted ('10.222.0.26', 60368) {{(pid=94055) server /usr/local/lib/python3.8/dist-packages/eventlet/wsgi.py:982}}
Aug 23 20:10:18.555805 dv-cinder-790910-10-iscsi neutron-server[94055]: DEBUG neutron.api.v2.base [None req-85666fed-144e-471a-ade7-4cfe1c96bbe7 admin admin] Request body: {'router': {'name': 'tempest-AttachVolumeTestJSON-1382333571-router', 'tenant_id': 'e4c50c6b1b9d4a5a9d1cf007bde94087', 'external_gateway_info': {'network_id': '478dd64a-094d-4067-8861-fb5e19bfcfdf'}}} {{(pid=94055) prepare_request_body /opt/stack/neutron/neutron/api/v2/base.py:730}}
Aug 23 20:10:18.630536 dv-cinder-790910-10-iscsi neutron-server[94054]: INFO neutron.wsgi [req-aca08f28-7b48-4721-8708-c85a47168d1c req-da03dc70-470c-4479-b687-a1757fe80d1b tempest-DeleteServersTestJSON-1759665143 tempest-DeleteServersTestJSON-1759665143-project] 10.222.0.26 "GET /v2.0/ports?device_id=77307701-9d17-4726-afd1-87c2696c6603 HTTP/1.1" status: 200 len: 210 time: 0.0684326
Aug 23 20:10:18.678966 dv-cinder-790910-10-iscsi neutron-server[94054]: DEBUG neutron_lib.callbacks.manager [None req-1548e5a1-dcd1-424e-a0e0-43dee2387738 admin admin] Notify callbacks [] for security_group, before_delete {{(pid=94054) _notify_loop /usr/local/lib/python3.8/dist-packages/neutron_lib/callbacks/manager.py:192}}
Aug 23 20:10:18.715237 dv-cinder-790910-10-iscsi neutron-server[94055]: DEBUG neutron_lib.callbacks.manager [None req-2a94bb20-e7f5-409d-b53e-ae9ef2c188fd admin admin] Notify callbacks [] for router_gateway, before_create {{(pid=94055) _notify_loop /usr/local/lib/python3.8/dist-packages/neutron_lib/callbacks/manager.py:192}}
Aug 23 20:10:18.750897 dv-cinder-790910-10-iscsi neutron-server[94055]: DEBUG neutron_lib.callbacks.manager [None req-85666fed-144e-471a-ade7-4cfe1c96bbe7 admin admin] Notify callbacks ['neutron.services.l3_router.l3_router_plugin.L3_HA_NAT_db_mixin._before_router_create_handler-1575655', 'neutron.services.l3_router.service_providers.driver_controller.DriverController._check_router_request-113060'] for router, before_create {{(pid=94055) _notify_loop /usr/local/lib/python3.8/dist-packages/neutron_lib/callbacks/manager.py:192}}
Aug 23 20:10:18.752193 dv-cinder-790910-10-iscsi neutron-server[94055]: DEBUG neutron_lib.callbacks.manager [None req-85666fed-144e-471a-ade7-4cfe1c96bbe7 admin admin] Notify callbacks ['neutron.services.l3_router.l3_router_plugin.L3_HA_NAT_db_mixin._precommit_router_create-1575539', 'neutron.services.l3_router.l3_router_plugin.DVRResourceOperationHandler._set_distributed_flag-1603492', 'neutron.services.l3_router.l3_router_plugin.RouterAvailabilityZoneMixin._process_az_request-2025864', 'neutron.services.l3_router.service_providers.driver_controller.DriverController._set_router_provider-113071'] for router, precommit_create {{(pid=94055) _notify_loop /usr/local/lib/python3.8/dist-packages/neutron_lib/callbacks/manager.py:192}}
Aug 23 20:10:18.759979 dv-cinder-790910-10-iscsi neutron-server[94055]: DEBUG neutron_lib.callbacks.manager [None req-2a94bb20-e7f5-409d-b53e-ae9ef2c188fd admin admin] Notify callbacks ['neutron.plugins.ml2.plugin.SecurityGroupDbMixin._ensure_default_security_group_handler-940481'] for port, before_create {{(pid=94055) _notify_loop /usr/local/lib/python3.8/dist-packages/neutron_lib/callbacks/manager.py:192}}
Aug 23 20:10:18.807194 dv-cinder-790910-10-iscsi neutron-server[94056]: DEBUG neutron.api.rpc.handlers.dhcp_rpc [None req-e6571180-0ca4-4fa1-9135-e9736765a45d None None] Create dhcp port {'port': {'name': '', 'admin_state_up': True, 'device_id': 'dhcp7e24184a-22ba-5e1e-9b5d-f03d51c2f0f6-96d6468b-e52d-4ddc-8584-508958cd9e5c', 'network_id': '96d6468b-e52d-4ddc-8584-508958cd9e5c', 'tenant_id': 'e4c50c6b1b9d4a5a9d1cf007bde94087', 'fixed_ips': [{'subnet_id': '3fe92dca-38b1-41af-9832-d74dfdce9797'}]}} from dv-cinder-790910-10-iscsi. {{(pid=94056) create_dhcp_port /opt/stack/neutron/neutron/api/rpc/handlers/dhcp_rpc.py:285}}
Aug 23 20:10:18.808091 dv-cinder-790910-10-iscsi neutron-server[94056]: DEBUG neutron_lib.callbacks.manager [None req-e6571180-0ca4-4fa1-9135-e9736765a45d None None] Notify callbacks ['neutron.plugins.ml2.plugin.SecurityGroupDbMixin._ensure_default_security_group_handler-940481'] for port, before_create {{(pid=94056) _notify_loop /usr/local/lib/python3.8/dist-packages/neutron_lib/callbacks/manager.py:192}}
Aug 23 20:10:18.825817 dv-cinder-790910-10-iscsi neutron-server[94054]: DEBUG neutron_lib.callbacks.manager [None req-1548e5a1-dcd1-424e-a0e0-43dee2387738 admin admin] Notify callbacks [] for security_group, precommit_delete {{(pid=94054) _notify_loop /usr/local/lib/python3.8/dist-packages/neutron_lib/callbacks/manager.py:192}}
Aug 23 20:10:18.853867 dv-cinder-790910-10-iscsi neutron-server[94056]: DEBUG neutron.plugins.ml2.managers [None req-8cc7b6a0-5761-44e4-9087-5b1cb697b555 None None] Attempting to bind port 4757ffbc-1294-4a18-a40a-08d8972c8d5b on host dv-cinder-790910-10-iscsi for vnic_type normal with profile {{(pid=94056) bind_port /opt/stack/neutron/neutron/plugins/ml2/managers.py:790}}
Aug 23 20:10:18.854521 dv-cinder-790910-10-iscsi neutron-server[94056]: DEBUG neutron.plugins.ml2.managers [None req-8cc7b6a0-5761-44e4-9087-5b1cb697b555 None None] Attempting to bind port 4757ffbc-1294-4a18-a40a-08d8972c8d5b by drivers openvswitch,hyperv on host dv-cinder-790910-10-iscsi at level 0 using segments [{'id': '49a54212-cc36-490a-97a3-c696e4e5daa4', 'network_type': 'vlan', 'physical_network': 'physnet1', 'segmentation_id': 224, 'network_id': '4f87fe24-83a6-483e-8263-58919ebec496'}] {{(pid=94056) _bind_port_level /opt/stack/neutron/neutron/plugins/ml2/managers.py:815}}
Aug 23 20:10:18.855571 dv-cinder-790910-10-iscsi neutron-server[94056]: DEBUG neutron.plugins.ml2.drivers.mech_agent [None req-8cc7b6a0-5761-44e4-9087-5b1cb697b555 None None] Attempting to bind port 4757ffbc-1294-4a18-a40a-08d8972c8d5b on network 4f87fe24-83a6-483e-8263-58919ebec496 {{(pid=94056) bind_port /opt/stack/neutron/neutron/plugins/ml2/drivers/mech_agent.py:85}}
Aug 23 20:10:18.877272 dv-cinder-790910-10-iscsi neutron-server[94054]: DEBUG neutron_lib.callbacks.manager [None req-67b2abf1-16b0-4cde-afd5-2febaca41983 admin admin] Notify callbacks ['neutron.plugins.ml2.plugin.Ml2Plugin._subnet_delete_after_delete_handler-985048', 'neutron.plugins.ml2.ovo_rpc._ObjectChangeHandler.handle_event-1607847', 'neutron.api.rpc.agentnotifiers.dhcp_rpc_agent_api.DhcpAgentNotifyAPI._native_event_send_dhcp_notification-1814010'] for subnet, after_delete {{(pid=94054) _notify_loop /usr/local/lib/python3.8/dist-packages/neutron_lib/callbacks/manager.py:192}}
Aug 23 20:10:18.879157 dv-cinder-790910-10-iscsi neutron-server[94056]: DEBUG neutron.plugins.ml2.drivers.mech_agent [None req-8cc7b6a0-5761-44e4-9087-5b1cb697b555 None None] Checking agent: {'id': '0a75f8c9-94b5-480c-96cd-c29416924a1a', 'agent_type': 'Open vSwitch agent', 'binary': 'neutron-openvswitch-agent', 'topic': 'N/A', 'host': 'dv-cinder-790910-10-iscsi', 'admin_state_up': True, 'created_at': datetime.datetime(2021, 8, 23, 20, 2, 23), 'started_at': datetime.datetime(2021, 8, 23, 20, 2, 53), 'heartbeat_timestamp': datetime.datetime(2021, 8, 23, 20, 9, 53), 'description': None, 'resources_synced': None, 'availability_zone': None, 'alive': True, 'configurations': {'arp_responder_enabled': False, 'baremetal_smartnic': False, 'bridge_mappings': {'physnet1': 'br-data'}, 'datapath_type': 'system', 'devices': 0, 'enable_distributed_routing': False, 'extensions': [], 'in_distributed_mode': False, 'integration_bridge': 'br-int', 'l2_population': False, 'log_agent_heartbeats': False, 'ovs_capabilities': {'datapath_types': ['netdev', 'system'], 'iface_types': ['erspan', 'geneve', 'gre', 'internal', 'ip6erspan', 'ip6gre', 'lisp', 'patch', 'stt', 'system', 'tap', 'vxlan']}, 'ovs_hybrid_plug': False, 'resource_provider_bandwidths': {}, 'resource_provider_hypervisors': {'br-data': 'dv-cinder-790910-10-iscsi'}, 'resource_provider_inventory_defaults': {'allocation_ratio': 1.0, 'min_unit': 1, 'step_size': 1, 'reserved': 0}, 'tunnel_types': [], 'tunneling_ip': None, 'vhostuser_socket_dir': '/var/run/openvswitch'}, 'resource_versions': {'AddressGroup': '1.2', 'ConntrackHelper': '1.0', 'Log': '1.0', 'Network': '1.1', 'Port': '1.7', 'PortForwarding': '1.2', 'QosPolicy': '1.9', 'SecurityGroup': '1.4', 'SecurityGroupRule': '1.2', 'SubPort': '1.0', 'Subnet': '1.1', 'Trunk': '1.1'}} {{(pid=94056) bind_port /opt/stack/neutron/neutron/plugins/ml2/drivers/mech_agent.py:104}}
Aug 23 20:10:18.879737 dv-cinder-790910-10-iscsi neutron-server[94055]: DEBUG neutron.db.db_base_plugin_common [None req-2a94bb20-e7f5-409d-b53e-ae9ef2c188fd admin admin] Allocated IP 172.27.0.32 (478dd64a-094d-4067-8861-fb5e19bfcfdf/f80bdace-1803-472e-86a4-5a7dfeb2ac6f/90305130-4598-46c9-9dfc-6027a9d70e6b) {{(pid=94055) _store_ip_allocation /opt/stack/neutron/neutron/db/db_base_plugin_common.py:131}}
Aug 23 20:10:18.880225 dv-cinder-790910-10-iscsi neutron-server[94056]: DEBUG neutron.plugins.ml2.drivers.mech_agent [None req-8cc7b6a0-5761-44e4-9087-5b1cb697b555 None None] Checking segment: {'id': '49a54212-cc36-490a-97a3-c696e4e5daa4', 'network_type': 'vlan', 'physical_network': 'physnet1', 'segmentation_id': 224, 'network_id': '4f87fe24-83a6-483e-8263-58919ebec496'} for mappings: {'physnet1': 'br-data'} with network types: ['local', 'flat', 'vlan'] {{(pid=94056) check_segment_for_agent /opt/stack/neutron/neutron/plugins/ml2/drivers/mech_agent.py:352}}
Aug 23 20:10:18.880889 dv-cinder-790910-10-iscsi neutron-server[94056]: DEBUG neutron_lib.callbacks.manager [None req-8cc7b6a0-5761-44e4-9087-5b1cb697b555 None None] Notify callbacks [] for ovs_bridge_name, before_read {{(pid=94056) _notify_loop /usr/local/lib/python3.8/dist-packages/neutron_lib/callbacks/manager.py:192}}
Aug 23 20:10:18.882331 dv-cinder-790910-10-iscsi neutron-server[94056]: DEBUG neutron.plugins.ml2.drivers.mech_agent [None req-8cc7b6a0-5761-44e4-9087-5b1cb697b555 None None] Bound using segment: {'id': '49a54212-cc36-490a-97a3-c696e4e5daa4', 'network_type': 'vlan', 'physical_network': 'physnet1', 'segmentation_id': 224, 'network_id': '4f87fe24-83a6-483e-8263-58919ebec496'} {{(pid=94056) bind_port /opt/stack/neutron/neutron/plugins/ml2/drivers/mech_agent.py:114}}
Aug 23 20:10:18.883005 dv-cinder-790910-10-iscsi neutron-server[94056]: DEBUG neutron.plugins.ml2.managers [None req-8cc7b6a0-5761-44e4-9087-5b1cb697b555 None None] Bound port: 4757ffbc-1294-4a18-a40a-08d8972c8d5b, host: dv-cinder-790910-10-iscsi, vif_type: ovs, vif_details: {"connectivity": "l2", "port_filter": true, "ovs_hybrid_plug": false, "datapath_type": "system", "bridge_name": "br-int"}, binding_levels: [{'bound_driver': 'openvswitch', 'bound_segment': {'id': '49a54212-cc36-490a-97a3-c696e4e5daa4', 'network_type': 'vlan', 'physical_network': 'physnet1', 'segmentation_id': 224, 'network_id': '4f87fe24-83a6-483e-8263-58919ebec496'}}] {{(pid=94056) _bind_port_level /opt/stack/neutron/neutron/plugins/ml2/managers.py:928}}
Aug 23 20:10:18.883716 dv-cinder-790910-10-iscsi neutron-server[94056]: DEBUG neutron_lib.callbacks.manager [None req-8cc7b6a0-5761-44e4-9087-5b1cb697b555 None None] Notify callbacks ['neutron.plugins.ml2.plugin.SecurityGroupDbMixin._ensure_default_security_group_handler-940481'] for port, before_update {{(pid=94056) _notify_loop /usr/local/lib/python3.8/dist-packages/neutron_lib/callbacks/manager.py:192}}
Aug 23 20:10:19.023764 dv-cinder-790910-10-iscsi neutron-server[94054]: DEBUG neutron_lib.callbacks.manager [None req-67b2abf1-16b0-4cde-afd5-2febaca41983 admin admin] Notify callbacks [] for subnet, before_response {{(pid=94054) _notify_loop /usr/local/lib/python3.8/dist-packages/neutron_lib/callbacks/manager.py:192}}
Aug 23 20:10:19.030870 dv-cinder-790910-10-iscsi neutron-server[94054]: INFO neutron.wsgi [None req-67b2abf1-16b0-4cde-afd5-2febaca41983 admin admin] 10.222.0.26 "DELETE /v2.0/subnets/55fb73a4-2468-49b0-9cc7-7e820105a75c HTTP/1.1" status: 204 len: 168 time: 1.3673313
Aug 23 20:10:19.033107 dv-cinder-790910-10-iscsi neutron-server[94054]: DEBUG neutron.api.rpc.handlers.resources_rpc [None req-67b2abf1-16b0-4cde-afd5-2febaca41983 admin admin] Pushing event deleted for resources: {'Subnet': ['ID=55fb73a4-2468-49b0-9cc7-7e820105a75c,revision_number=None']} {{(pid=94054) push /opt/stack/neutron/neutron/api/rpc/handlers/resources_rpc.py:237}}
Aug 23 20:10:19.036788 dv-cinder-790910-10-iscsi neutron-server[94054]: DEBUG neutron_lib.callbacks.manager [None req-2e3ee018-d7a4-44db-b65b-230ff3efc878 admin admin] Notify callbacks [] for router_gateway, before_create {{(pid=94054) _notify_loop /usr/local/lib/python3.8/dist-packages/neutron_lib/callbacks/manager.py:192}}
Aug 23 20:10:19.054273 dv-cinder-790910-10-iscsi neutron-server[94055]: DEBUG neutron_lib.callbacks.manager [None req-2a94bb20-e7f5-409d-b53e-ae9ef2c188fd admin admin] Notify callbacks [] for port, precommit_create {{(pid=94055) _notify_loop /usr/local/lib/python3.8/dist-packages/neutron_lib/callbacks/manager.py:192}}
Aug 23 20:10:19.087853 dv-cinder-790910-10-iscsi neutron-server[94054]: DEBUG neutron.wsgi [-] (94054) accepted ('10.222.0.26', 60382) {{(pid=94054) server /usr/local/lib/python3.8/dist-packages/eventlet/wsgi.py:982}}
Aug 23 20:10:19.088299 dv-cinder-790910-10-iscsi neutron-server[94054]: DEBUG neutron_lib.callbacks.manager [None req-2e3ee018-d7a4-44db-b65b-230ff3efc878 admin admin] Notify callbacks ['neutron.plugins.ml2.plugin.SecurityGroupDbMixin._ensure_default_security_group_handler-940481'] for port, before_create {{(pid=94054) _notify_loop /usr/local/lib/python3.8/dist-packages/neutron_lib/callbacks/manager.py:192}}
Aug 23 20:10:19.171507 dv-cinder-790910-10-iscsi neutron-server[94055]: DEBUG neutron_lib.callbacks.manager [None req-2a94bb20-e7f5-409d-b53e-ae9ef2c188fd admin admin] Notify callbacks ['neutron.plugins.ml2.plugin.SecurityGroupServerNotifierRpcMixin._notify_sg_on_port_change-940288', 'neutron.plugins.ml2.ovo_rpc._ObjectChangeHandler.handle_event-446163', 'neutron.api.rpc.agentnotifiers.dhcp_rpc_agent_api.DhcpAgentNotifyAPI._native_event_send_dhcp_notification-1814010', 'neutron.db.l3_dvrscheduler_db._notify_l3_agent_new_port-8740143971588'] for port, after_create {{(pid=94055) _notify_loop /usr/local/lib/python3.8/dist-packages/neutron_lib/callbacks/manager.py:192}}
Aug 23 20:10:19.196924 dv-cinder-790910-10-iscsi neutron-server[94056]: DEBUG neutron.db.db_base_plugin_common [None req-e6571180-0ca4-4fa1-9135-e9736765a45d None None] Allocated IP 172.20.0.2 (96d6468b-e52d-4ddc-8584-508958cd9e5c/3fe92dca-38b1-41af-9832-d74dfdce9797/e438040b-112d-4968-9c29-6f3c5edef4ff) {{(pid=94056) _store_ip_allocation /opt/stack/neutron/neutron/db/db_base_plugin_common.py:131}}
Aug 23 20:10:19.211678 dv-cinder-790910-10-iscsi neutron-server[94055]: DEBUG neutron.scheduler.dhcp_agent_scheduler [None req-2a94bb20-e7f5-409d-b53e-ae9ef2c188fd admin admin] Network 478dd64a-094d-4067-8861-fb5e19bfcfdf is already hosted by enough agents. {{(pid=94055) _get_dhcp_agents_hosting_network /opt/stack/neutron/neutron/scheduler/dhcp_agent_scheduler.py:275}}
Aug 23 20:10:19.214652 dv-cinder-790910-10-iscsi neutron-server[94055]: DEBUG neutron.scheduler.base_scheduler [None req-2a94bb20-e7f5-409d-b53e-ae9ef2c188fd admin admin] Resources bound (agent type, host, resource id): {{(pid=94055) schedule /opt/stack/neutron/neutron/scheduler/base_scheduler.py:57}}
Aug 23 20:10:19.236156 dv-cinder-790910-10-iscsi neutron-server[94055]: DEBUG neutron.db.l3_dvrscheduler_db [None req-2a94bb20-e7f5-409d-b53e-ae9ef2c188fd admin admin] Received port after_create {{(pid=94055) _notify_l3_agent_new_port /opt/stack/neutron/neutron/db/l3_dvrscheduler_db.py:535}}
Aug 23 20:10:19.322999 dv-cinder-790910-10-iscsi neutron-server[94055]: DEBUG neutron.api.rpc.handlers.resources_rpc [None req-2a94bb20-e7f5-409d-b53e-ae9ef2c188fd admin admin] Pushing event updated for resources: {'Port': ['ID=90305130-4598-46c9-9dfc-6027a9d70e6b,revision_number=1']} {{(pid=94055) push /opt/stack/neutron/neutron/api/rpc/handlers/resources_rpc.py:237}}
Aug 23 20:10:19.386148 dv-cinder-790910-10-iscsi neutron-server[94054]: DEBUG neutron_lib.callbacks.manager [None req-1548e5a1-dcd1-424e-a0e0-43dee2387738 admin admin] Notify callbacks ['neutron.plugins.ml2.ovo_rpc._ObjectChangeHandler.handle_event-1632577'] for security_group, after_delete {{(pid=94054) _notify_loop /usr/local/lib/python3.8/dist-packages/neutron_lib/callbacks/manager.py:192}}
Aug 23 20:10:19.390946 dv-cinder-790910-10-iscsi neutron-server[94054]: DEBUG neutron_lib.callbacks.manager [None req-1548e5a1-dcd1-424e-a0e0-43dee2387738 admin admin] Notify callbacks [] for security_group, before_response {{(pid=94054) _notify_loop /usr/local/lib/python3.8/dist-packages/neutron_lib/callbacks/manager.py:192}}
Aug 23 20:10:19.392963 dv-cinder-790910-10-iscsi neutron-server[94054]: INFO neutron.wsgi [None req-1548e5a1-dcd1-424e-a0e0-43dee2387738 admin admin] 10.222.0.26 "DELETE /v2.0/security-groups/3b7a880e-9513-4dc9-8375-967b23289303 HTTP/1.1" status: 204 len: 168 time: 0.9531481
Aug 23 20:10:19.417934 dv-cinder-790910-10-iscsi neutron-server[94054]: DEBUG neutron.db.db_base_plugin_common [None req-2e3ee018-d7a4-44db-b65b-230ff3efc878 admin admin] Allocated IP 172.27.0.122 (478dd64a-094d-4067-8861-fb5e19bfcfdf/f80bdace-1803-472e-86a4-5a7dfeb2ac6f/eba288e5-c310-401a-bc9d-a2020d53d54a) {{(pid=94054) _store_ip_allocation /opt/stack/neutron/neutron/db/db_base_plugin_common.py:131}}
Aug 23 20:10:19.423482 dv-cinder-790910-10-iscsi neutron-server[94054]: DEBUG neutron.api.rpc.handlers.resources_rpc [None req-1548e5a1-dcd1-424e-a0e0-43dee2387738 admin admin] Pushing event deleted for resources: {'SecurityGroup': ['ID=3b7a880e-9513-4dc9-8375-967b23289303,revision_number=None']} {{(pid=94054) push /opt/stack/neutron/neutron/api/rpc/handlers/resources_rpc.py:237}}
Aug 23 20:10:19.451660 dv-cinder-790910-10-iscsi neutron-server[94056]: DEBUG neutron.plugins.ml2.db [None req-8cc7b6a0-5761-44e4-9087-5b1cb697b555 None None] For port 4757ffbc-1294-4a18-a40a-08d8972c8d5b, host dv-cinder-790910-10-iscsi, cleared binding levels {{(pid=94056) clear_binding_levels /opt/stack/neutron/neutron/plugins/ml2/db.py:87}}
Aug 23 20:10:19.465197 dv-cinder-790910-10-iscsi neutron-server[94056]: DEBUG neutron.plugins.ml2.db [None req-8cc7b6a0-5761-44e4-9087-5b1cb697b555 None None] For port 4757ffbc-1294-4a18-a40a-08d8972c8d5b, host dv-cinder-790910-10-iscsi, set binding levels [PortBindingLevel(driver='openvswitch',host='dv-cinder-790910-10-iscsi',level=0,port_id=4757ffbc-1294-4a18-a40a-08d8972c8d5b,segment=NetworkSegment(49a54212-cc36-490a-97a3-c696e4e5daa4),segment_id=49a54212-cc36-490a-97a3-c696e4e5daa4)] {{(pid=94056) set_binding_levels /opt/stack/neutron/neutron/plugins/ml2/db.py:59}}
Aug 23 20:10:19.467089 dv-cinder-790910-10-iscsi neutron-server[94056]: DEBUG neutron_lib.callbacks.manager [None req-e6571180-0ca4-4fa1-9135-e9736765a45d None None] Notify callbacks [] for port, precommit_create {{(pid=94056) _notify_loop /usr/local/lib/python3.8/dist-packages/neutron_lib/callbacks/manager.py:192}}
Aug 23 20:10:19.495584 dv-cinder-790910-10-iscsi neutron-server[94056]: DEBUG neutron_lib.callbacks.manager [None req-8cc7b6a0-5761-44e4-9087-5b1cb697b555 None None] Notify callbacks ['neutron.plugins.ml2.plugin.SecurityGroupServerNotifierRpcMixin._notify_sg_on_port_change-940288', 'neutron.plugins.ml2.ovo_rpc._ObjectChangeHandler.handle_event-446163', 'neutron.api.rpc.agentnotifiers.dhcp_rpc_agent_api.DhcpAgentNotifyAPI._native_event_send_dhcp_notification-1814010', 'neutron.db.l3_db.L3RpcNotifierMixin._notify_gateway_port_ip_changed-8740144527180', 'neutron.db.l3_dvrscheduler_db._notify_l3_agent_port_update-8740143971606', 'neutron.db.l3_hascheduler_db._notify_l3_agent_ha_port_update-8740143971624'] for port, after_update {{(pid=94056) _notify_loop /usr/local/lib/python3.8/dist-packages/neutron_lib/callbacks/manager.py:192}}
Aug 23 20:10:19.505254 dv-cinder-790910-10-iscsi neutron-server[94056]: DEBUG neutron.db.provisioning_blocks [None req-e6571180-0ca4-4fa1-9135-e9736765a45d None None] Transition to ACTIVE for port object e438040b-112d-4968-9c29-6f3c5edef4ff will not be triggered until provisioned by entity L2. {{(pid=94056) add_provisioning_component /opt/stack/neutron/neutron/db/provisioning_blocks.py:73}}
Aug 23 20:10:19.521565 dv-cinder-790910-10-iscsi neutron-server[94054]: DEBUG neutron_lib.callbacks.manager [None req-6dd33cb9-26de-4581-8ee8-98cc3f5afac3 admin admin] Notify callbacks ['neutron.plugins.ml2.plugin.External_net_db_mixin._before_network_delete_handler-595515'] for network, before_delete {{(pid=94054) _notify_loop /usr/local/lib/python3.8/dist-packages/neutron_lib/callbacks/manager.py:192}}
Aug 23 20:10:19.533210 dv-cinder-790910-10-iscsi neutron-server[94055]: DEBUG neutron_lib.callbacks.manager [None req-85666fed-144e-471a-ade7-4cfe1c96bbe7 admin admin] Notify callbacks [] for router_controller, precommit_add_association {{(pid=94055) _notify_loop /usr/local/lib/python3.8/dist-packages/neutron_lib/callbacks/manager.py:192}}
Aug 23 20:10:19.638535 dv-cinder-790910-10-iscsi neutron-server[94056]: DEBUG neutron.db.provisioning_blocks [None req-e6571180-0ca4-4fa1-9135-e9736765a45d None None] Transition to ACTIVE for port object e438040b-112d-4968-9c29-6f3c5edef4ff will not be triggered until provisioned by entity DHCP. {{(pid=94056) add_provisioning_component /opt/stack/neutron/neutron/db/provisioning_blocks.py:73}}
Aug 23 20:10:19.669590 dv-cinder-790910-10-iscsi neutron-server[94056]: DEBUG neutron_lib.callbacks.manager [None req-e6571180-0ca4-4fa1-9135-e9736765a45d None None] Notify callbacks ['neutron.plugins.ml2.plugin.SecurityGroupServerNotifierRpcMixin._notify_sg_on_port_change-940288', 'neutron.plugins.ml2.ovo_rpc._ObjectChangeHandler.handle_event-446163', 'neutron.api.rpc.agentnotifiers.dhcp_rpc_agent_api.DhcpAgentNotifyAPI._native_event_send_dhcp_notification-1814010', 'neutron.db.l3_dvrscheduler_db._notify_l3_agent_new_port-8740143971588'] for port, after_create {{(pid=94056) _notify_loop /usr/local/lib/python3.8/dist-packages/neutron_lib/callbacks/manager.py:192}}
Aug 23 20:10:19.685358 dv-cinder-790910-10-iscsi neutron-server[94056]: DEBUG neutron.api.rpc.handlers.resources_rpc [None req-8cc7b6a0-5761-44e4-9087-5b1cb697b555 None None] Pushing event updated for resources: {'Port': ['ID=4757ffbc-1294-4a18-a40a-08d8972c8d5b,revision_number=2']} {{(pid=94056) push /opt/stack/neutron/neutron/api/rpc/handlers/resources_rpc.py:237}}
Aug 23 20:10:19.785870 dv-cinder-790910-10-iscsi neutron-server[94056]: DEBUG neutron.scheduler.dhcp_agent_scheduler [None req-e6571180-0ca4-4fa1-9135-e9736765a45d None None] Network 96d6468b-e52d-4ddc-8584-508958cd9e5c is already hosted by enough agents. {{(pid=94056) _get_dhcp_agents_hosting_network /opt/stack/neutron/neutron/scheduler/dhcp_agent_scheduler.py:275}}
Aug 23 20:10:19.789718 dv-cinder-790910-10-iscsi neutron-server[94056]: DEBUG neutron.scheduler.base_scheduler [None req-e6571180-0ca4-4fa1-9135-e9736765a45d None None] Resources bound (agent type, host, resource id): {{(pid=94056) schedule /opt/stack/neutron/neutron/scheduler/base_scheduler.py:57}}
Aug 23 20:10:19.802165 dv-cinder-790910-10-iscsi neutron-server[94056]: DEBUG neutron.db.l3_dvrscheduler_db [None req-e6571180-0ca4-4fa1-9135-e9736765a45d None None] Received port after_create {{(pid=94056) _notify_l3_agent_new_port /opt/stack/neutron/neutron/db/l3_dvrscheduler_db.py:535}}
Aug 23 20:10:19.883233 dv-cinder-790910-10-iscsi neutron-server[94056]: DEBUG neutron.api.rpc.handlers.resources_rpc [None req-e6571180-0ca4-4fa1-9135-e9736765a45d None None] Pushing event updated for resources: {'Port': ['ID=e438040b-112d-4968-9c29-6f3c5edef4ff,revision_number=1']} {{(pid=94056) push /opt/stack/neutron/neutron/api/rpc/handlers/resources_rpc.py:237}}
Aug 23 20:10:19.960254 dv-cinder-790910-10-iscsi neutron-server[94054]: DEBUG neutron_lib.callbacks.manager [None req-6dd33cb9-26de-4581-8ee8-98cc3f5afac3 admin admin] Notify callbacks ['neutron.plugins.ml2.plugin.Ml2Plugin._network_delete_precommit_handler-652076', 'neutron.services.segments.db._delete_segments_for_network-8740144459448'] for network, precommit_delete {{(pid=94054) _notify_loop /usr/local/lib/python3.8/dist-packages/neutron_lib/callbacks/manager.py:192}}
Aug 23 20:10:20.005483 dv-cinder-790910-10-iscsi neutron-server[94054]: DEBUG neutron_lib.callbacks.manager [None req-6dd33cb9-26de-4581-8ee8-98cc3f5afac3 admin admin] Subscribe: > segment before_delete 55550000 {{(pid=94054) subscribe /usr/local/lib/python3.8/dist-packages/neutron_lib/callbacks/manager.py:45}}
Aug 23 20:10:20.005876 dv-cinder-790910-10-iscsi neutron-server[94054]: DEBUG neutron_lib.callbacks.manager [None req-6dd33cb9-26de-4581-8ee8-98cc3f5afac3 admin admin] Subscribe: > subnet precommit_delete_associations 55550000 {{(pid=94054) subscribe /usr/local/lib/python3.8/dist-packages/neutron_lib/callbacks/manager.py:45}}
Aug 23 20:10:20.006767 dv-cinder-790910-10-iscsi neutron-server[94054]: DEBUG neutron_lib.callbacks.manager [None req-6dd33cb9-26de-4581-8ee8-98cc3f5afac3 admin admin] Subscribe: > segment_host_mapping after_create 55550000 {{(pid=94054) subscribe /usr/local/lib/python3.8/dist-packages/neutron_lib/callbacks/manager.py:45}}
Aug 23 20:10:20.007162 dv-cinder-790910-10-iscsi neutron-server[94054]: DEBUG neutron_lib.callbacks.manager [None req-6dd33cb9-26de-4581-8ee8-98cc3f5afac3 admin admin] Subscribe: > port after_create 55550000 {{(pid=94054) subscribe /usr/local/lib/python3.8/dist-packages/neutron_lib/callbacks/manager.py:45}}
Aug 23 20:10:20.007701 dv-cinder-790910-10-iscsi neutron-server[94054]: DEBUG neutron_lib.callbacks.manager [None req-6dd33cb9-26de-4581-8ee8-98cc3f5afac3 admin admin] Subscribe: > port after_delete 55550000 {{(pid=94054) subscribe /usr/local/lib/python3.8/dist-packages/neutron_lib/callbacks/manager.py:45}}
Aug 23 20:10:20.008249 dv-cinder-790910-10-iscsi neutron-server[94054]: DEBUG neutron_lib.callbacks.manager [None req-6dd33cb9-26de-4581-8ee8-98cc3f5afac3 admin admin] Subscribe: > port after_update 55550000 {{(pid=94054) subscribe /usr/local/lib/python3.8/dist-packages/neutron_lib/callbacks/manager.py:45}}
Aug 23 20:10:20.008789 dv-cinder-790910-10-iscsi neutron-server[94054]: DEBUG neutron_lib.callbacks.manager [None req-6dd33cb9-26de-4581-8ee8-98cc3f5afac3 admin admin] Subscribe: > segment after_delete 55550000 {{(pid=94054) subscribe /usr/local/lib/python3.8/dist-packages/neutron_lib/callbacks/manager.py:45}}
Aug 23 20:10:20.009151 dv-cinder-790910-10-iscsi neutron-server[94054]: DEBUG neutron_lib.callbacks.manager [None req-6dd33cb9-26de-4581-8ee8-98cc3f5afac3 admin admin] Subscribe: > subnet after_create 55550000 {{(pid=94054) subscribe /usr/local/lib/python3.8/dist-packages/neutron_lib/callbacks/manager.py:45}}
Aug 23 20:10:20.009481 dv-cinder-790910-10-iscsi neutron-server[94054]: DEBUG neutron_lib.callbacks.manager [None req-6dd33cb9-26de-4581-8ee8-98cc3f5afac3 admin admin] Subscribe: > subnet after_delete 55550000 {{(pid=94054) subscribe /usr/local/lib/python3.8/dist-packages/neutron_lib/callbacks/manager.py:45}}
Aug 23 20:10:20.009885 dv-cinder-790910-10-iscsi neutron-server[94054]: DEBUG neutron_lib.callbacks.manager [None req-6dd33cb9-26de-4581-8ee8-98cc3f5afac3 admin admin] Subscribe: > subnet after_update 55550000 {{(pid=94054) subscribe /usr/local/lib/python3.8/dist-packages/neutron_lib/callbacks/manager.py:45}}
Aug 23 20:10:20.016270 dv-cinder-790910-10-iscsi neutron-server[94056]: DEBUG neutron.plugins.ml2.managers [None req-e6571180-0ca4-4fa1-9135-e9736765a45d None None] Attempting to bind port e438040b-112d-4968-9c29-6f3c5edef4ff on host dv-cinder-790910-10-iscsi for vnic_type normal with profile {{(pid=94056) bind_port /opt/stack/neutron/neutron/plugins/ml2/managers.py:790}}
Aug 23 20:10:20.016990 dv-cinder-790910-10-iscsi neutron-server[94056]: DEBUG neutron.plugins.ml2.managers [None req-e6571180-0ca4-4fa1-9135-e9736765a45d None None] Attempting to bind port e438040b-112d-4968-9c29-6f3c5edef4ff by drivers openvswitch,hyperv on host dv-cinder-790910-10-iscsi at level 0 using segments [{'id': 'abe9ad4f-4bb4-4ad6-98c6-efbe52d41901', 'network_type': 'vlan', 'physical_network': 'physnet1', 'segmentation_id': 218, 'network_id': '96d6468b-e52d-4ddc-8584-508958cd9e5c'}] {{(pid=94056) _bind_port_level /opt/stack/neutron/neutron/plugins/ml2/managers.py:815}}
Aug 23 20:10:20.020539 dv-cinder-790910-10-iscsi neutron-server[94056]: DEBUG neutron.plugins.ml2.drivers.mech_agent [None req-e6571180-0ca4-4fa1-9135-e9736765a45d None None] Attempting to bind port e438040b-112d-4968-9c29-6f3c5edef4ff on network 96d6468b-e52d-4ddc-8584-508958cd9e5c {{(pid=94056) bind_port /opt/stack/neutron/neutron/plugins/ml2/drivers/mech_agent.py:85}}
Aug 23 20:10:20.037725 dv-cinder-790910-10-iscsi neutron-server[94056]: DEBUG neutron.plugins.ml2.drivers.mech_agent [None req-e6571180-0ca4-4fa1-9135-e9736765a45d None None] Checking agent: {'id': '0a75f8c9-94b5-480c-96cd-c29416924a1a', 'agent_type': 'Open vSwitch agent', 'binary': 'neutron-openvswitch-agent', 'topic': 'N/A', 'host': 'dv-cinder-790910-10-iscsi', 'admin_state_up': True, 'created_at': datetime.datetime(2021, 8, 23, 20, 2, 23), 'started_at': datetime.datetime(2021, 8, 23, 20, 2, 53), 'heartbeat_timestamp': datetime.datetime(2021, 8, 23, 20, 9, 53), 'description': None, 'resources_synced': None, 'availability_zone': None, 'alive': True, 'configurations': {'arp_responder_enabled': False, 'baremetal_smartnic': False, 'bridge_mappings': {'physnet1': 'br-data'}, 'datapath_type': 'system', 'devices': 0, 'enable_distributed_routing': False, 'extensions': [], 'in_distributed_mode': False, 'integration_bridge': 'br-int', 'l2_population': False, 'log_agent_heartbeats': False, 'ovs_capabilities': {'datapath_types': ['netdev', 'system'], 'iface_types': ['erspan', 'geneve', 'gre', 'internal', 'ip6erspan', 'ip6gre', 'lisp', 'patch', 'stt', 'system', 'tap', 'vxlan']}, 'ovs_hybrid_plug': False, 'resource_provider_bandwidths': {}, 'resource_provider_hypervisors': {'br-data': 'dv-cinder-790910-10-iscsi'}, 'resource_provider_inventory_defaults': {'allocation_ratio': 1.0, 'min_unit': 1, 'step_size': 1, 'reserved': 0}, 'tunnel_types': [], 'tunneling_ip': None, 'vhostuser_socket_dir': '/var/run/openvswitch'}, 'resource_versions': {'AddressGroup': '1.2', 'ConntrackHelper': '1.0', 'Log': '1.0', 'Network': '1.1', 'Port': '1.7', 'PortForwarding': '1.2', 'QosPolicy': '1.9', 'SecurityGroup': '1.4', 'SecurityGroupRule': '1.2', 'SubPort': '1.0', 'Subnet': '1.1', 'Trunk': '1.1'}} {{(pid=94056) bind_port /opt/stack/neutron/neutron/plugins/ml2/drivers/mech_agent.py:104}}
Aug 23 20:10:20.038710 dv-cinder-790910-10-iscsi neutron-server[94056]: DEBUG neutron.plugins.ml2.drivers.mech_agent [None req-e6571180-0ca4-4fa1-9135-e9736765a45d None None] Checking segment: {'id': 'abe9ad4f-4bb4-4ad6-98c6-efbe52d41901', 'network_type': 'vlan', 'physical_network': 'physnet1', 'segmentation_id': 218, 'network_id': '96d6468b-e52d-4ddc-8584-508958cd9e5c'} for mappings: {'physnet1': 'br-data'} with network types: ['local', 'flat', 'vlan'] {{(pid=94056) check_segment_for_agent /opt/stack/neutron/neutron/plugins/ml2/drivers/mech_agent.py:352}}
Aug 23 20:10:20.038950 dv-cinder-790910-10-iscsi neutron-server[94056]: DEBUG neutron_lib.callbacks.manager [None req-e6571180-0ca4-4fa1-9135-e9736765a45d None None] Notify callbacks [] for ovs_bridge_name, before_read {{(pid=94056) _notify_loop /usr/local/lib/python3.8/dist-packages/neutron_lib/callbacks/manager.py:192}}
Aug 23 20:10:20.041145 dv-cinder-790910-10-iscsi neutron-server[94056]: DEBUG neutron.plugins.ml2.drivers.mech_agent [None req-e6571180-0ca4-4fa1-9135-e9736765a45d None None] Bound using segment: {'id': 'abe9ad4f-4bb4-4ad6-98c6-efbe52d41901', 'network_type': 'vlan', 'physical_network': 'physnet1', 'segmentation_id': 218, 'network_id': '96d6468b-e52d-4ddc-8584-508958cd9e5c'} {{(pid=94056) bind_port /opt/stack/neutron/neutron/plugins/ml2/drivers/mech_agent.py:114}}
Aug 23 20:10:20.044350 dv-cinder-790910-10-iscsi neutron-server[94056]: DEBUG neutron.plugins.ml2.managers [None req-e6571180-0ca4-4fa1-9135-e9736765a45d None None] Bound port: e438040b-112d-4968-9c29-6f3c5edef4ff, host: dv-cinder-790910-10-iscsi, vif_type: ovs, vif_details: {"connectivity": "l2", "port_filter": true, "ovs_hybrid_plug": false, "datapath_type": "system", "bridge_name": "br-int"}, binding_levels: [{'bound_driver': 'openvswitch', 'bound_segment': {'id': 'abe9ad4f-4bb4-4ad6-98c6-efbe52d41901', 'network_type': 'vlan', 'physical_network': 'physnet1', 'segmentation_id': 218, 'network_id': '96d6468b-e52d-4ddc-8584-508958cd9e5c'}}] {{(pid=94056) _bind_port_level /opt/stack/neutron/neutron/plugins/ml2/managers.py:928}}
Aug 23 20:10:20.045587 dv-cinder-790910-10-iscsi neutron-server[94055]: DEBUG neutron_lib.callbacks.manager [None req-85666fed-144e-471a-ade7-4cfe1c96bbe7 admin admin] Notify callbacks [] for router_gateway, precommit_update {{(pid=94055) _notify_loop /usr/local/lib/python3.8/dist-packages/neutron_lib/callbacks/manager.py:192}}
Aug 23 20:10:20.046339 dv-cinder-790910-10-iscsi neutron-server[94056]: DEBUG neutron_lib.callbacks.manager [None req-e6571180-0ca4-4fa1-9135-e9736765a45d None None] Notify callbacks ['neutron.plugins.ml2.plugin.SecurityGroupDbMixin._ensure_default_security_group_handler-940481'] for port, before_update {{(pid=94056) _notify_loop /usr/local/lib/python3.8/dist-packages/neutron_lib/callbacks/manager.py:192}}
Aug 23 20:10:20.175713 dv-cinder-790910-10-iscsi neutron-server[94056]: DEBUG neutron_lib.callbacks.manager [None req-36f15c84-cdc4-4948-bd5f-3a6fa78a583d None None] Notify callbacks ['neutron.services.segments.db._update_segment_host_mapping_for_agent-8740144464680', 'neutron.plugins.ml2.plugin.Ml2Plugin._retry_binding_revived_agents-652822'] for agent, after_update {{(pid=94056) _notify_loop /usr/local/lib/python3.8/dist-packages/neutron_lib/callbacks/manager.py:192}}
Aug 23 20:10:20.241974 dv-cinder-790910-10-iscsi neutron-server[94055]: INFO neutron.wsgi [req-2f0c02eb-2250-439e-a38c-b05e4bd14607 req-72557e76-8c9a-4e1f-869e-63eb05aa71d5 tempest-AttachVolumeNegativeTest-1966875184 tempest-AttachVolumeNegativeTest-1966875184-project] 10.222.0.26 "GET /v2.0/ports?device_id=a7bb0782-4391-4d79-a6a8-12df62b48e9e HTTP/1.1" status: 200 len: 210 time: 0.4342358
Aug 23 20:10:20.286368 dv-cinder-790910-10-iscsi neutron-server[94056]: DEBUG neutron.plugins.ml2.db [None req-e6571180-0ca4-4fa1-9135-e9736765a45d None None] For port e438040b-112d-4968-9c29-6f3c5edef4ff, host dv-cinder-790910-10-iscsi, cleared binding levels {{(pid=94056) clear_binding_levels /opt/stack/neutron/neutron/plugins/ml2/db.py:87}}
Aug 23 20:10:20.289839 dv-cinder-790910-10-iscsi neutron-server[94056]: DEBUG neutron.plugins.ml2.db [None req-e6571180-0ca4-4fa1-9135-e9736765a45d None None] For port e438040b-112d-4968-9c29-6f3c5edef4ff, host dv-cinder-790910-10-iscsi, set binding levels [PortBindingLevel(driver='openvswitch',host='dv-cinder-790910-10-iscsi',level=0,port_id=e438040b-112d-4968-9c29-6f3c5edef4ff,segment=NetworkSegment(abe9ad4f-4bb4-4ad6-98c6-efbe52d41901),segment_id=abe9ad4f-4bb4-4ad6-98c6-efbe52d41901)] {{(pid=94056) set_binding_levels /opt/stack/neutron/neutron/plugins/ml2/db.py:59}}
Aug 23 20:10:20.300907 dv-cinder-790910-10-iscsi neutron-server[94056]: DEBUG neutron_lib.callbacks.manager [None req-e6571180-0ca4-4fa1-9135-e9736765a45d None None] Notify callbacks ['neutron.plugins.ml2.plugin.SecurityGroupServerNotifierRpcMixin._notify_sg_on_port_change-940288', 'neutron.plugins.ml2.ovo_rpc._ObjectChangeHandler.handle_event-446163', 'neutron.api.rpc.agentnotifiers.dhcp_rpc_agent_api.DhcpAgentNotifyAPI._native_event_send_dhcp_notification-1814010', 'neutron.db.l3_db.L3RpcNotifierMixin._notify_gateway_port_ip_changed-8740144527180', 'neutron.db.l3_dvrscheduler_db._notify_l3_agent_port_update-8740143971606', 'neutron.db.l3_hascheduler_db._notify_l3_agent_ha_port_update-8740143971624'] for port, after_update {{(pid=94056) _notify_loop /usr/local/lib/python3.8/dist-packages/neutron_lib/callbacks/manager.py:192}}
Aug 23 20:10:20.398446 dv-cinder-790910-10-iscsi neutron-server[94055]: DEBUG neutron_lib.callbacks.manager [None req-2a94bb20-e7f5-409d-b53e-ae9ef2c188fd admin admin] Notify callbacks [] for router_gateway, after_create {{(pid=94055) _notify_loop /usr/local/lib/python3.8/dist-packages/neutron_lib/callbacks/manager.py:192}}
Aug 23 20:10:20.405364 dv-cinder-790910-10-iscsi neutron-server[94054]: DEBUG neutron_lib.callbacks.manager [None req-6dd33cb9-26de-4581-8ee8-98cc3f5afac3 admin admin] Subscribe: > subnet after_create 55550000 {{(pid=94054) subscribe /usr/local/lib/python3.8/dist-packages/neutron_lib/callbacks/manager.py:45}}
Aug 23 20:10:20.405733 dv-cinder-790910-10-iscsi neutron-server[94054]: DEBUG neutron_lib.callbacks.manager [None req-6dd33cb9-26de-4581-8ee8-98cc3f5afac3 admin admin] Subscribe: > subnet after_delete 55550000 {{(pid=94054) subscribe /usr/local/lib/python3.8/dist-packages/neutron_lib/callbacks/manager.py:45}}
Aug 23 20:10:20.406215 dv-cinder-790910-10-iscsi neutron-server[94054]: DEBUG neutron_lib.callbacks.manager [None req-6dd33cb9-26de-4581-8ee8-98cc3f5afac3 admin admin] Subscribe: > subnet before_create 55550000 {{(pid=94054) subscribe /usr/local/lib/python3.8/dist-packages/neutron_lib/callbacks/manager.py:45}}
Aug 23 20:10:20.407490 dv-cinder-790910-10-iscsi neutron-server[94054]: DEBUG neutron_lib.callbacks.manager [None req-6dd33cb9-26de-4581-8ee8-98cc3f5afac3 admin admin] Subscribe: > subnet before_update 55550000 {{(pid=94054) subscribe /usr/local/lib/python3.8/dist-packages/neutron_lib/callbacks/manager.py:45}}
Aug 23 20:10:20.408155 dv-cinder-790910-10-iscsi neutron-server[94054]: DEBUG neutron.services.segments.db [None req-6dd33cb9-26de-4581-8ee8-98cc3f5afac3 admin admin] neutron.services.segments.plugin.Plugin method get_segments called with arguments (,) {'filters': {'network_id': ['0364648b-e57a-46f1-a28a-8925a9fbb572']}} {{(pid=94054) wrapper /usr/local/lib/python3.8/dist-packages/oslo_log/helpers.py:65}}
Aug 23 20:10:20.428383 dv-cinder-790910-10-iscsi neutron-server[94056]: DEBUG neutron.api.rpc.handlers.resources_rpc [None req-e6571180-0ca4-4fa1-9135-e9736765a45d None None] Pushing event updated for resources: {'Port': ['ID=e438040b-112d-4968-9c29-6f3c5edef4ff,revision_number=2']} {{(pid=94056) push /opt/stack/neutron/neutron/api/rpc/handlers/resources_rpc.py:237}}
Aug 23 20:10:20.440077 dv-cinder-790910-10-iscsi neutron-server[94054]: INFO neutron.wsgi [req-aeca284f-5512-419d-b3de-b4a7629ec3ee req-cc12db23-3946-4f95-8370-a837cb9ca2d4 tempest-DeleteServersTestJSON-1759665143 tempest-DeleteServersTestJSON-1759665143-project] 10.222.0.26 "GET /v2.0/ports?device_id=77307701-9d17-4726-afd1-87c2696c6603 HTTP/1.1" status: 200 len: 210 time: 0.6647043
Aug 23 20:10:20.463077 dv-cinder-790910-10-iscsi neutron-server[94054]: DEBUG neutron.services.segments.db [None req-6dd33cb9-26de-4581-8ee8-98cc3f5afac3 admin admin] neutron.services.segments.plugin.Plugin method delete_segment called with arguments (, 'e61a2b76-1be9-4677-896a-02891652fdb7') {'for_net_delete': True} {{(pid=94054) wrapper /usr/local/lib/python3.8/dist-packages/oslo_log/helpers.py:65}}
Aug 23 20:10:20.463365 dv-cinder-790910-10-iscsi neutron-server[94054]: DEBUG neutron.services.segments.db [None req-6dd33cb9-26de-4581-8ee8-98cc3f5afac3 admin admin] neutron.services.segments.plugin.Plugin method get_segment called with arguments (, 'e61a2b76-1be9-4677-896a-02891652fdb7') {} {{(pid=94054) wrapper /usr/local/lib/python3.8/dist-packages/oslo_log/helpers.py:65}}
Aug 23 20:10:20.483184 dv-cinder-790910-10-iscsi neutron-server[94054]: DEBUG neutron_lib.callbacks.manager [None req-2e3ee018-d7a4-44db-b65b-230ff3efc878 admin admin] Notify callbacks [] for port, precommit_create {{(pid=94054) _notify_loop /usr/local/lib/python3.8/dist-packages/neutron_lib/callbacks/manager.py:192}}
Aug 23 20:10:20.496696 dv-cinder-790910-10-iscsi neutron-server[94054]: DEBUG neutron_lib.callbacks.manager [None req-6dd33cb9-26de-4581-8ee8-98cc3f5afac3 admin admin] Notify callbacks ['neutron.plugins.ml2.db._prevent_segment_delete_with_port_bound-8740144440257', 'neutron.services.segments.plugin.Plugin._prevent_segment_delete_with_subnet_associated-3734568'] for segment, before_delete {{(pid=94054) _notify_loop /usr/local/lib/python3.8/dist-packages/neutron_lib/callbacks/manager.py:192}}
Aug 23 20:10:20.539921 dv-cinder-790910-10-iscsi neutron-server[94054]: DEBUG neutron_lib.callbacks.manager [None req-6dd33cb9-26de-4581-8ee8-98cc3f5afac3 admin admin] Notify callbacks ['neutron.plugins.ml2.plugin.Ml2Plugin._handle_segment_change-991120'] for segment, precommit_delete {{(pid=94054) _notify_loop /usr/local/lib/python3.8/dist-packages/neutron_lib/callbacks/manager.py:192}}
Aug 23 20:10:20.559965 dv-cinder-790910-10-iscsi neutron-server[94054]: DEBUG neutron.plugins.ml2.drivers.type_vlan [None req-6dd33cb9-26de-4581-8ee8-98cc3f5afac3 admin admin] Releasing vlan 243 on physical network physnet1 to pool {{(pid=94054) release_segment /opt/stack/neutron/neutron/plugins/ml2/drivers/type_vlan.py:304}}
Aug 23 20:10:20.560400 dv-cinder-790910-10-iscsi neutron-server[94054]: DEBUG neutron_lib.callbacks.manager [None req-6dd33cb9-26de-4581-8ee8-98cc3f5afac3 admin admin] Notify callbacks ['neutron.plugins.ml2.plugin.Ml2Plugin._handle_segment_change-991120', 'neutron.services.segments.plugin.NovaSegmentNotifier._notify_segment_deleted-2361350'] for segment, after_delete {{(pid=94054) _notify_loop /usr/local/lib/python3.8/dist-packages/neutron_lib/callbacks/manager.py:192}}
Aug 23 20:10:20.566201 dv-cinder-790910-10-iscsi neutron-server[94054]: /usr/lib/python3/dist-packages/secretstorage/dhcrypto.py:15: CryptographyDeprecationWarning: int_from_bytes is deprecated, use int.from_bytes instead
Aug 23 20:10:20.566201 dv-cinder-790910-10-iscsi neutron-server[94054]: from cryptography.utils import int_from_bytes
Aug 23 20:10:20.566201 dv-cinder-790910-10-iscsi neutron-server[94054]: /usr/lib/python3/dist-packages/secretstorage/util.py:19: CryptographyDeprecationWarning: int_from_bytes is deprecated, use int.from_bytes instead
Aug 23 20:10:20.566201 dv-cinder-790910-10-iscsi neutron-server[94054]: from cryptography.utils import int_from_bytes
Aug 23 20:10:20.566201 dv-cinder-790910-10-iscsi neutron-server[94054]: Traceback (most recent call last):
Aug 23 20:10:20.566201 dv-cinder-790910-10-iscsi neutron-server[94054]: File "/usr/local/lib/python3.8/dist-packages/eventlet/hubs/hub.py", line 476, in fire_timers
Aug 23 20:10:20.566201 dv-cinder-790910-10-iscsi neutron-server[94054]: timer()
Aug 23 20:10:20.566201 dv-cinder-790910-10-iscsi neutron-server[94054]: File "/usr/local/lib/python3.8/dist-packages/eventlet/hubs/timer.py", line 59, in __call__
Aug 23 20:10:20.566201 dv-cinder-790910-10-iscsi neutron-server[94054]: cb(*args, **kw)
Aug 23 20:10:20.566201 dv-cinder-790910-10-iscsi neutron-server[94054]: File "/opt/stack/neutron/neutron/common/utils.py", line 906, in wrapper
Aug 23 20:10:20.566201 dv-cinder-790910-10-iscsi neutron-server[94054]: return func(*args, **kwargs)
Aug 23 20:10:20.566201 dv-cinder-790910-10-iscsi neutron-server[94054]: File "/opt/stack/neutron/neutron/notifiers/batch_notifier.py", line 58, in synced_send
Aug 23 20:10:20.566201 dv-cinder-790910-10-iscsi neutron-server[94054]: self._notify()
Aug 23 20:10:20.566201 dv-cinder-790910-10-iscsi neutron-server[94054]: File "/opt/stack/neutron/neutron/notifiers/batch_notifier.py", line 69, in _notify
Aug 23 20:10:20.566201 dv-cinder-790910-10-iscsi neutron-server[94054]: self.callback(batched_events)
Aug 23 20:10:20.566201 dv-cinder-790910-10-iscsi neutron-server[94054]: File "/opt/stack/neutron/neutron/services/segments/plugin.py", line 211, in _send_notifications
Aug 23 20:10:20.566201 dv-cinder-790910-10-iscsi neutron-server[94054]: event.method(event)
Aug 23 20:10:20.566201 dv-cinder-790910-10-iscsi neutron-server[94054]: File "/opt/stack/neutron/neutron/services/segments/plugin.py", line 383, in _delete_nova_inventory
Aug 23 20:10:20.566201 dv-cinder-790910-10-iscsi neutron-server[94054]: aggregate_id = self._get_aggregate_id(event.segment_id)
Aug 23 20:10:20.566201 dv-cinder-790910-10-iscsi neutron-server[94054]: File "/opt/stack/neutron/neutron/services/segments/plugin.py", line 370, in _get_aggregate_id
Aug 23 20:10:20.566201 dv-cinder-790910-10-iscsi neutron-server[94054]: aggregate_uuid = self.p_client.list_aggregates(
Aug 23 20:10:20.566201 dv-cinder-790910-10-iscsi neutron-server[94054]: File "/usr/local/lib/python3.8/dist-packages/neutron_lib/placement/client.py", line 57, in wrapper
Aug 23 20:10:20.566201 dv-cinder-790910-10-iscsi neutron-server[94054]: return f(self, *a, **k)
Aug 23 20:10:20.566201 dv-cinder-790910-10-iscsi neutron-server[94054]: File "/usr/local/lib/python3.8/dist-packages/neutron_lib/placement/client.py", line 553, in list_aggregates
Aug 23 20:10:20.566201 dv-cinder-790910-10-iscsi neutron-server[94054]: return self._get(url).json()
Aug 23 20:10:20.566201 dv-cinder-790910-10-iscsi neutron-server[94054]: File "/usr/local/lib/python3.8/dist-packages/neutron_lib/placement/client.py", line 189, in _get
Aug 23 20:10:20.566201 dv-cinder-790910-10-iscsi neutron-server[94054]: return self._client.get(url, endpoint_filter=self._ks_filter,
Aug 23 20:10:20.566201 dv-cinder-790910-10-iscsi neutron-server[94054]: File "/usr/local/lib/python3.8/dist-packages/keystoneauth1/session.py", line 1141, in get
Aug 23 20:10:20.566201 dv-cinder-790910-10-iscsi neutron-server[94054]: return self.request(url, 'GET', **kwargs)
Aug 23 20:10:20.566201 dv-cinder-790910-10-iscsi neutron-server[94054]: File "/usr/local/lib/python3.8/dist-packages/keystoneauth1/session.py", line 811, in request
Aug 23 20:10:20.566201 dv-cinder-790910-10-iscsi neutron-server[94054]: base_url = self.get_endpoint(auth, allow=allow,
Aug 23 20:10:20.566201 dv-cinder-790910-10-iscsi neutron-server[94054]: File "/usr/local/lib/python3.8/dist-packages/keystoneauth1/session.py", line 1241, in get_endpoint
Aug 23 20:10:20.566201 dv-cinder-790910-10-iscsi neutron-server[94054]: auth = self._auth_required(auth, 'determine endpoint URL')
Aug 23 20:10:20.566201 dv-cinder-790910-10-iscsi neutron-server[94054]: File "/usr/local/lib/python3.8/dist-packages/keystoneauth1/session.py", line 1181, in _auth_required
Aug 23 20:10:20.566201 dv-cinder-790910-10-iscsi neutron-server[94054]: raise exceptions.MissingAuthPlugin(msg_fmt % msg)
Aug 23 20:10:20.566201 dv-cinder-790910-10-iscsi neutron-server[94054]: keystoneauth1.exceptions.auth_plugins.MissingAuthPlugin: An auth plugin is required to determine endpoint URL
Aug 23 20:10:20.680865 dv-cinder-790910-10-iscsi neutron-server[94054]: DEBUG neutron_lib.callbacks.manager [None req-6dd33cb9-26de-4581-8ee8-98cc3f5afac3 admin admin] Notify callbacks ['neutron.plugins.ml2.plugin.Ml2Plugin._network_delete_after_delete_handler-652117', 'neutron.plugins.ml2.ovo_rpc._ObjectChangeHandler.handle_event-1632765', 'neutron.api.rpc.agentnotifiers.dhcp_rpc_agent_api.DhcpAgentNotifyAPI._native_event_send_dhcp_notification-1814010', 'neutron.services.l3_router.l3_router_plugin.DVRResourceOperationHandler.delete_fip_namespaces_for_ext_net-1603385'] for network, after_delete {{(pid=94054) _notify_loop /usr/local/lib/python3.8/dist-packages/neutron_lib/callbacks/manager.py:192}}
Aug 23 20:10:20.687750 dv-cinder-790910-10-iscsi neutron-server[94054]: DEBUG neutron_lib.callbacks.manager [None req-6dd33cb9-26de-4581-8ee8-98cc3f5afac3 admin admin] Notify callbacks ['neutron.api.rpc.agentnotifiers.dhcp_rpc_agent_api.DhcpAgentNotifyAPI._send_dhcp_notification-1813988'] for network, before_response {{(pid=94054) _notify_loop /usr/local/lib/python3.8/dist-packages/neutron_lib/callbacks/manager.py:192}}
Aug 23 20:10:20.692670 dv-cinder-790910-10-iscsi neutron-server[94054]: INFO neutron.wsgi [None req-6dd33cb9-26de-4581-8ee8-98cc3f5afac3 admin admin] 10.222.0.26 "DELETE /v2.0/networks/0364648b-e57a-46f1-a28a-8925a9fbb572 HTTP/1.1" status: 204 len: 168 time: 1.4513619
Aug 23 20:10:20.701944 dv-cinder-790910-10-iscsi neutron-server[94055]: DEBUG neutron.wsgi [-] (94055) accepted ('10.222.0.26', 60452) {{(pid=94055) server /usr/local/lib/python3.8/dist-packages/eventlet/wsgi.py:982}}
