Aug 23 20:10:55.505263 dv-cinder-790910-10-iscsi devstack@c-api.service[100882]: DEBUG cinder.volume.api [None req-50c967bc-5b76-48cf-90fc-856e443548bb tempest-AttachVolumeNegativeTest-1966875184 tempest-AttachVolumeNegativeTest-1966875184-project] Task 'cinder.volume.flows.api.create_volume.QuotaReserveTask;volume:create' (99a75251-ce09-4f49-b064-a61873561e27) transitioned into state 'RUNNING' from state 'PENDING' {{(pid=100882) _task_receiver /usr/local/lib/python3.8/dist-packages/taskflow/listeners/logging.py:190}}
Aug 23 20:10:55.556813 dv-cinder-790910-10-iscsi devstack@c-api.service[100881]: INFO cinder.api.openstack.wsgi [None req-5d63c9a8-5244-43fd-b4e4-02cab47a3287 tempest-VolumeTypesTest-139334103 tempest-VolumeTypesTest-139334103-project-admin] http://10.222.0.26/volume/v3/0d3a1fd78e0a4a33ac1fc7a748ffaf05/types/c5f2af4e-22e7-430b-8726-f6d204e8856e returned with HTTP 200
Aug 23 20:10:55.557611 dv-cinder-790910-10-iscsi devstack@c-api.service[100881]: [pid: 100881|app: 0|req: 78/165] 10.222.0.26 () {60 vars in 1340 bytes} [Mon Aug 23 20:10:55 2021] PUT /volume/v3/0d3a1fd78e0a4a33ac1fc7a748ffaf05/types/c5f2af4e-22e7-430b-8726-f6d204e8856e => generated 204 bytes in 69 msecs (HTTP/1.1 200) 7 headers in 285 bytes (1 switches on core 0)
Aug 23 20:10:55.567759 dv-cinder-790910-10-iscsi devstack@c-api.service[100881]: INFO cinder.api.openstack.wsgi [None req-2c8efb1c-c537-4f9c-b65d-f67112a61bfa tempest-VolumeTypesTest-139334103 tempest-VolumeTypesTest-139334103-project-admin] GET http://10.222.0.26/volume/v3/0d3a1fd78e0a4a33ac1fc7a748ffaf05/types/c5f2af4e-22e7-430b-8726-f6d204e8856e
Aug 23 20:10:55.568161 dv-cinder-790910-10-iscsi devstack@c-api.service[100881]: DEBUG cinder.api.openstack.wsgi [None req-2c8efb1c-c537-4f9c-b65d-f67112a61bfa tempest-VolumeTypesTest-139334103 tempest-VolumeTypesTest-139334103-project-admin] Empty body provided in request {{(pid=100881) get_body /opt/stack/cinder/cinder/api/openstack/wsgi.py:703}}
Aug 23 20:10:55.568582 dv-cinder-790910-10-iscsi devstack@c-api.service[100881]: DEBUG cinder.api.openstack.wsgi [None req-2c8efb1c-c537-4f9c-b65d-f67112a61bfa tempest-VolumeTypesTest-139334103 tempest-VolumeTypesTest-139334103-project-admin] Calling method 'show' {{(pid=100881) _process_stack /opt/stack/cinder/cinder/api/openstack/wsgi.py:856}}
Aug 23 20:10:55.579119 dv-cinder-790910-10-iscsi devstack@c-api.service[100881]: INFO cinder.api.openstack.wsgi [None req-2c8efb1c-c537-4f9c-b65d-f67112a61bfa tempest-VolumeTypesTest-139334103 tempest-VolumeTypesTest-139334103-project-admin] http://10.222.0.26/volume/v3/0d3a1fd78e0a4a33ac1fc7a748ffaf05/types/c5f2af4e-22e7-430b-8726-f6d204e8856e returned with HTTP 200
Aug 23 20:10:55.580115 dv-cinder-790910-10-iscsi devstack@c-api.service[100881]: [pid: 100881|app: 0|req: 79/166] 10.222.0.26 () {58 vars in 1319 bytes} [Mon Aug 23 20:10:55 2021] GET /volume/v3/0d3a1fd78e0a4a33ac1fc7a748ffaf05/types/c5f2af4e-22e7-430b-8726-f6d204e8856e => generated 268 bytes in 16 msecs (HTTP/1.1 200) 7 headers in 285 bytes (2 switches on core 0)
Aug 23 20:10:55.590813 dv-cinder-790910-10-iscsi devstack@c-api.service[100881]: INFO cinder.api.openstack.wsgi [None req-07a1e18f-89a0-4795-ab46-576fda6fe0eb tempest-VolumeTypesTest-139334103 tempest-VolumeTypesTest-139334103-project-admin] DELETE http://10.222.0.26/volume/v3/0d3a1fd78e0a4a33ac1fc7a748ffaf05/types/c5f2af4e-22e7-430b-8726-f6d204e8856e
Aug 23 20:10:55.591295 dv-cinder-790910-10-iscsi devstack@c-api.service[100881]: DEBUG cinder.api.openstack.wsgi [None req-07a1e18f-89a0-4795-ab46-576fda6fe0eb tempest-VolumeTypesTest-139334103 tempest-VolumeTypesTest-139334103-project-admin] Empty body provided in request {{(pid=100881) get_body /opt/stack/cinder/cinder/api/openstack/wsgi.py:703}}
Aug 23 20:10:55.591850 dv-cinder-790910-10-iscsi devstack@c-api.service[100881]: DEBUG cinder.api.openstack.wsgi [None req-07a1e18f-89a0-4795-ab46-576fda6fe0eb tempest-VolumeTypesTest-139334103 tempest-VolumeTypesTest-139334103-project-admin] Calling method '_delete' {{(pid=100881) _process_stack /opt/stack/cinder/cinder/api/openstack/wsgi.py:856}}
Aug 23 20:10:55.601319 dv-cinder-790910-10-iscsi devstack@c-api.service[100882]: DEBUG cinder.quota [None req-50c967bc-5b76-48cf-90fc-856e443548bb tempest-AttachVolumeNegativeTest-1966875184 tempest-AttachVolumeNegativeTest-1966875184-project] Created reservations ['4930cbd7-18fe-4748-a541-0c973681258d', 'c20662ba-25ff-4f01-8ab3-a0bc91b048e8', 'eb7a5bd8-baca-4cc3-84c6-fbc6373d03f1', 'a44ee6b4-85fd-4670-9320-3b17fd81ef23'] {{(pid=100882) reserve /opt/stack/cinder/cinder/quota.py:755}}
Aug 23 20:10:55.603177 dv-cinder-790910-10-iscsi devstack@c-api.service[100882]: DEBUG cinder.volume.api [None req-50c967bc-5b76-48cf-90fc-856e443548bb tempest-AttachVolumeNegativeTest-1966875184 tempest-AttachVolumeNegativeTest-1966875184-project] Task 'cinder.volume.flows.api.create_volume.QuotaReserveTask;volume:create' (99a75251-ce09-4f49-b064-a61873561e27) transitioned into state 'SUCCESS' from state 'RUNNING' with result '{'reservations': ['4930cbd7-18fe-4748-a541-0c973681258d', 'c20662ba-25ff-4f01-8ab3-a0bc91b048e8', 'eb7a5bd8-baca-4cc3-84c6-fbc6373d03f1', 'a44ee6b4-85fd-4670-9320-3b17fd81ef23']}' {{(pid=100882) _task_receiver /usr/local/lib/python3.8/dist-packages/taskflow/listeners/logging.py:178}}
Aug 23 20:10:55.605067 dv-cinder-790910-10-iscsi devstack@c-api.service[100882]: DEBUG cinder.volume.api [None req-50c967bc-5b76-48cf-90fc-856e443548bb tempest-AttachVolumeNegativeTest-1966875184 tempest-AttachVolumeNegativeTest-1966875184-project] Task 'cinder.volume.flows.api.create_volume.EntryCreateTask;volume:create' (83fe800d-4938-467f-93df-5c5112209b71) transitioned into state 'RUNNING' from state 'PENDING' {{(pid=100882) _task_receiver /usr/local/lib/python3.8/dist-packages/taskflow/listeners/logging.py:190}}
Aug 23 20:10:55.633559 dv-cinder-790910-10-iscsi devstack@c-api.service[100882]: DEBUG cinder.volume.api [None req-50c967bc-5b76-48cf-90fc-856e443548bb tempest-AttachVolumeNegativeTest-1966875184 tempest-AttachVolumeNegativeTest-1966875184-project] Task 'cinder.volume.flows.api.create_volume.EntryCreateTask;volume:create' (83fe800d-4938-467f-93df-5c5112209b71) transitioned into state 'SUCCESS' from state 'RUNNING' with result '{'volume_id': '814e5a39-85ab-430c-a805-6fc027711d9c', 'volume_properties': VolumeProperties(attach_status='detached',availability_zone='nova',cgsnapshot_id=None,consistencygroup_id=None,display_description=None,display_name='tempest-AttachVolumeNegativeTest-volume-782946979',encryption_key_id=None,group_id=None,group_type_id=,metadata={},multiattach=False,project_id='f05624803a284f1290b52024d8685ca5',qos_specs=None,replication_status=,reservations=['4930cbd7-18fe-4748-a541-0c973681258d','c20662ba-25ff-4f01-8ab3-a0bc91b048e8','eb7a5bd8-baca-4cc3-84c6-fbc6373d03f1','a44ee6b4-85fd-4670-9320-3b17fd81ef23'],size=1,snapshot_id=None,source_replicaid=,source_volid=None,status='creating',user_id='7746beaf741a41e986f3e950b84382bb',volume_type_id=fe63057d-2e8f-4d52-800d-e45323b0e484), 'volume': Volume(_name_id=None,admin_metadata=,attach_status='detached',availability_zone='nova',bootable=False,cluster=,cluster_name=None,consistencygroup=,consistencygroup_id=None,created_at=2021-08-23T20:10:55Z,deleted=False,deleted_at=None,display_description=None,display_name='tempest-AttachVolumeNegativeTest-volume-782946979',ec2_id=None,encryption_key_id=None,glance_metadata=,group=,group_id=None,host=None,id=814e5a39-85ab-430c-a805-6fc027711d9c,launched_at=None,metadata={},migration_status=None,multiattach=False,previous_status=None,project_id='f05624803a284f1290b52024d8685ca5',provider_auth=None,provider_geometry=None,provider_id=None,provider_location=None,replication_driver_data=None,replication_extended_status=None,replication_status=None,scheduled_at=None,service_uuid=None,shared_targets=True,size=1,snapshot_id=None,snapshots=,source_volid=None,status='creating',terminated_at=None,updated_at=None,user_id='7746beaf741a41e986f3e950b84382bb',volume_attachment=,volume_type=VolumeType(fe63057d-2e8f-4d52-800d-e45323b0e484),volume_type_id=fe63057d-2e8f-4d52-800d-e45323b0e484)}' {{(pid=100882) _task_receiver /usr/local/lib/python3.8/dist-packages/taskflow/listeners/logging.py:178}}
Aug 23 20:10:55.635612 dv-cinder-790910-10-iscsi devstack@c-api.service[100882]: DEBUG cinder.volume.api [None req-50c967bc-5b76-48cf-90fc-856e443548bb tempest-AttachVolumeNegativeTest-1966875184 tempest-AttachVolumeNegativeTest-1966875184-project] Task 'cinder.volume.flows.api.create_volume.QuotaCommitTask;volume:create' (d88a9ef1-da7c-4b59-ace2-3b27fa014bf9) transitioned into state 'RUNNING' from state 'PENDING' {{(pid=100882) _task_receiver /usr/local/lib/python3.8/dist-packages/taskflow/listeners/logging.py:190}}
Aug 23 20:10:55.655168 dv-cinder-790910-10-iscsi devstack@c-api.service[100881]: INFO cinder.api.openstack.wsgi [None req-07a1e18f-89a0-4795-ab46-576fda6fe0eb tempest-VolumeTypesTest-139334103 tempest-VolumeTypesTest-139334103-project-admin] http://10.222.0.26/volume/v3/0d3a1fd78e0a4a33ac1fc7a748ffaf05/types/c5f2af4e-22e7-430b-8726-f6d204e8856e returned with HTTP 202
Aug 23 20:10:55.656552 dv-cinder-790910-10-iscsi devstack@c-api.service[100881]: [pid: 100881|app: 0|req: 80/167] 10.222.0.26 () {58 vars in 1322 bytes} [Mon Aug 23 20:10:55 2021] DELETE /volume/v3/0d3a1fd78e0a4a33ac1fc7a748ffaf05/types/c5f2af4e-22e7-430b-8726-f6d204e8856e => generated 0 bytes in 70 msecs (HTTP/1.1 202) 6 headers in 233 bytes (1 switches on core 0)
Aug 23 20:10:55.663535 dv-cinder-790910-10-iscsi devstack@c-api.service[100881]: INFO cinder.api.openstack.wsgi [None req-90dfcc7a-ccc8-4d9c-99c8-bc2a6635862b tempest-VolumeTypesTest-139334103 tempest-VolumeTypesTest-139334103-project-admin] GET http://10.222.0.26/volume/v3/0d3a1fd78e0a4a33ac1fc7a748ffaf05/types/c5f2af4e-22e7-430b-8726-f6d204e8856e
Aug 23 20:10:55.664085 dv-cinder-790910-10-iscsi devstack@c-api.service[100881]: DEBUG cinder.api.openstack.wsgi [None req-90dfcc7a-ccc8-4d9c-99c8-bc2a6635862b tempest-VolumeTypesTest-139334103 tempest-VolumeTypesTest-139334103-project-admin] Empty body provided in request {{(pid=100881) get_body /opt/stack/cinder/cinder/api/openstack/wsgi.py:703}}
Aug 23 20:10:55.664498 dv-cinder-790910-10-iscsi devstack@c-api.service[100881]: DEBUG cinder.api.openstack.wsgi [None req-90dfcc7a-ccc8-4d9c-99c8-bc2a6635862b tempest-VolumeTypesTest-139334103 tempest-VolumeTypesTest-139334103-project-admin] Calling method 'show' {{(pid=100881) _process_stack /opt/stack/cinder/cinder/api/openstack/wsgi.py:856}}
Aug 23 20:10:55.669603 dv-cinder-790910-10-iscsi devstack@c-api.service[100881]: INFO cinder.api.openstack.wsgi [None req-90dfcc7a-ccc8-4d9c-99c8-bc2a6635862b tempest-VolumeTypesTest-139334103 tempest-VolumeTypesTest-139334103-project-admin] http://10.222.0.26/volume/v3/0d3a1fd78e0a4a33ac1fc7a748ffaf05/types/c5f2af4e-22e7-430b-8726-f6d204e8856e returned with HTTP 404
Aug 23 20:10:55.670749 dv-cinder-790910-10-iscsi devstack@c-api.service[100881]: [pid: 100881|app: 0|req: 81/168] 10.222.0.26 () {58 vars in 1319 bytes} [Mon Aug 23 20:10:55 2021] GET /volume/v3/0d3a1fd78e0a4a33ac1fc7a748ffaf05/types/c5f2af4e-22e7-430b-8726-f6d204e8856e => generated 114 bytes in 11 msecs (HTTP/1.1 404) 7 headers in 292 bytes (2 switches on core 0)
Aug 23 20:10:55.678377 dv-cinder-790910-10-iscsi devstack@c-api.service[100881]: INFO cinder.api.openstack.wsgi [None req-e1f123c2-8cc2-439f-8352-f5e3aa9708b7 tempest-VolumeTypesTest-139334103 tempest-VolumeTypesTest-139334103-project-admin] DELETE http://10.222.0.26/volume/v3/0d3a1fd78e0a4a33ac1fc7a748ffaf05/types/de817980-3579-4b1c-be4b-cd9f5fd09e09
Aug 23 20:10:55.679003 dv-cinder-790910-10-iscsi devstack@c-api.service[100881]: DEBUG cinder.api.openstack.wsgi [None req-e1f123c2-8cc2-439f-8352-f5e3aa9708b7 tempest-VolumeTypesTest-139334103 tempest-VolumeTypesTest-139334103-project-admin] Empty body provided in request {{(pid=100881) get_body /opt/stack/cinder/cinder/api/openstack/wsgi.py:703}}
Aug 23 20:10:55.679641 dv-cinder-790910-10-iscsi devstack@c-api.service[100881]: DEBUG cinder.api.openstack.wsgi [None req-e1f123c2-8cc2-439f-8352-f5e3aa9708b7 tempest-VolumeTypesTest-139334103 tempest-VolumeTypesTest-139334103-project-admin] Calling method '_delete' {{(pid=100881) _process_stack /opt/stack/cinder/cinder/api/openstack/wsgi.py:856}}
Aug 23 20:10:55.686163 dv-cinder-790910-10-iscsi devstack@c-api.service[100882]: DEBUG cinder.volume.api [None req-50c967bc-5b76-48cf-90fc-856e443548bb tempest-AttachVolumeNegativeTest-1966875184 tempest-AttachVolumeNegativeTest-1966875184-project] Task 'cinder.volume.flows.api.create_volume.QuotaCommitTask;volume:create' (d88a9ef1-da7c-4b59-ace2-3b27fa014bf9) transitioned into state 'SUCCESS' from state 'RUNNING' with result '{'volume_properties': VolumeProperties(attach_status='detached',availability_zone='nova',cgsnapshot_id=None,consistencygroup_id=None,display_description=None,display_name='tempest-AttachVolumeNegativeTest-volume-782946979',encryption_key_id=None,group_id=None,group_type_id=,metadata={},multiattach=False,project_id='f05624803a284f1290b52024d8685ca5',qos_specs=None,replication_status=,reservations=['4930cbd7-18fe-4748-a541-0c973681258d','c20662ba-25ff-4f01-8ab3-a0bc91b048e8','eb7a5bd8-baca-4cc3-84c6-fbc6373d03f1','a44ee6b4-85fd-4670-9320-3b17fd81ef23'],size=1,snapshot_id=None,source_replicaid=,source_volid=None,status='creating',user_id='7746beaf741a41e986f3e950b84382bb',volume_type_id=fe63057d-2e8f-4d52-800d-e45323b0e484)}' {{(pid=100882) _task_receiver /usr/local/lib/python3.8/dist-packages/taskflow/listeners/logging.py:178}}
Aug 23 20:10:55.689761 dv-cinder-790910-10-iscsi devstack@c-api.service[100882]: DEBUG cinder.volume.api [None req-50c967bc-5b76-48cf-90fc-856e443548bb tempest-AttachVolumeNegativeTest-1966875184 tempest-AttachVolumeNegativeTest-1966875184-project] Task 'cinder.volume.flows.api.create_volume.VolumeCastTask;volume:create' (1090a22c-0140-47b2-b68e-5c2099a2380b) transitioned into state 'RUNNING' from state 'PENDING' {{(pid=100882) _task_receiver /usr/local/lib/python3.8/dist-packages/taskflow/listeners/logging.py:190}}
Aug 23 20:10:55.707718 dv-cinder-790910-10-iscsi devstack@c-api.service[100882]: DEBUG cinder.volume.api [None req-50c967bc-5b76-48cf-90fc-856e443548bb tempest-AttachVolumeNegativeTest-1966875184 tempest-AttachVolumeNegativeTest-1966875184-project] Task 'cinder.volume.flows.api.create_volume.VolumeCastTask;volume:create' (1090a22c-0140-47b2-b68e-5c2099a2380b) transitioned into state 'SUCCESS' from state 'RUNNING' with result 'None' {{(pid=100882) _task_receiver /usr/local/lib/python3.8/dist-packages/taskflow/listeners/logging.py:178}}
Aug 23 20:10:55.710149 dv-cinder-790910-10-iscsi devstack@c-api.service[100882]: DEBUG cinder.volume.api [None req-50c967bc-5b76-48cf-90fc-856e443548bb tempest-AttachVolumeNegativeTest-1966875184 tempest-AttachVolumeNegativeTest-1966875184-project] Flow 'volume_create_api' (e4540407-70cf-4686-bdf0-5561b4f4533d) transitioned into state 'SUCCESS' from state 'RUNNING' {{(pid=100882) _flow_receiver /usr/local/lib/python3.8/dist-packages/taskflow/listeners/logging.py:141}}
Aug 23 20:10:55.710824 dv-cinder-790910-10-iscsi devstack@c-api.service[100882]: INFO cinder.volume.api [None req-50c967bc-5b76-48cf-90fc-856e443548bb tempest-AttachVolumeNegativeTest-1966875184 tempest-AttachVolumeNegativeTest-1966875184-project] Create volume request issued successfully.
Aug 23 20:10:55.719830 dv-cinder-790910-10-iscsi devstack@c-api.service[100882]: INFO cinder.api.openstack.wsgi [None req-50c967bc-5b76-48cf-90fc-856e443548bb tempest-AttachVolumeNegativeTest-1966875184 tempest-AttachVolumeNegativeTest-1966875184-project] http://10.222.0.26/volume/v3/f05624803a284f1290b52024d8685ca5/volumes returned with HTTP 202
Aug 23 20:10:55.720966 dv-cinder-790910-10-iscsi devstack@c-api.service[100882]: [pid: 100882|app: 0|req: 88/169] 10.222.0.26 () {60 vars in 1235 bytes} [Mon Aug 23 20:10:55 2021] POST /volume/v3/f05624803a284f1290b52024d8685ca5/volumes => generated 823 bytes in 301 msecs (HTTP/1.1 202) 7 headers in 291 bytes (1 switches on core 0)
Aug 23 20:10:55.735601 dv-cinder-790910-10-iscsi devstack@c-api.service[100882]: INFO cinder.api.openstack.wsgi [None req-b5d5243e-ddd3-4f2d-86b0-558a7bd907fe tempest-AttachVolumeNegativeTest-1966875184 tempest-AttachVolumeNegativeTest-1966875184-project] GET http://10.222.0.26/volume/v3/f05624803a284f1290b52024d8685ca5/volumes/814e5a39-85ab-430c-a805-6fc027711d9c
Aug 23 20:10:55.736026 dv-cinder-790910-10-iscsi devstack@c-api.service[100881]: INFO cinder.api.openstack.wsgi [None req-e1f123c2-8cc2-439f-8352-f5e3aa9708b7 tempest-VolumeTypesTest-139334103 tempest-VolumeTypesTest-139334103-project-admin] http://10.222.0.26/volume/v3/0d3a1fd78e0a4a33ac1fc7a748ffaf05/types/de817980-3579-4b1c-be4b-cd9f5fd09e09 returned with HTTP 202
Aug 23 20:10:55.736777 dv-cinder-790910-10-iscsi devstack@c-api.service[100882]: DEBUG cinder.api.openstack.wsgi [None req-b5d5243e-ddd3-4f2d-86b0-558a7bd907fe tempest-AttachVolumeNegativeTest-1966875184 tempest-AttachVolumeNegativeTest-1966875184-project] Empty body provided in request {{(pid=100882) get_body /opt/stack/cinder/cinder/api/openstack/wsgi.py:703}}
Aug 23 20:10:55.737045 dv-cinder-790910-10-iscsi devstack@c-api.service[100882]: /usr/local/lib/python3.8/dist-packages/webob/acceptparse.py:1047: DeprecationWarning: The behavior of AcceptValidHeader.best_match is currently being maintained for backward compatibility, but it will be deprecated in the future, as it does not conform to the RFC.
Aug 23 20:10:55.737045 dv-cinder-790910-10-iscsi devstack@c-api.service[100882]: warnings.warn(
Aug 23 20:10:55.737564 dv-cinder-790910-10-iscsi devstack@c-api.service[100882]: DEBUG cinder.api.openstack.wsgi [None req-b5d5243e-ddd3-4f2d-86b0-558a7bd907fe tempest-AttachVolumeNegativeTest-1966875184 tempest-AttachVolumeNegativeTest-1966875184-project] Calling method 'show' {{(pid=100882) _process_stack /opt/stack/cinder/cinder/api/openstack/wsgi.py:856}}
Aug 23 20:10:55.740682 dv-cinder-790910-10-iscsi devstack@c-api.service[100881]: [pid: 100881|app: 0|req: 82/170] 10.222.0.26 () {58 vars in 1322 bytes} [Mon Aug 23 20:10:55 2021] DELETE /volume/v3/0d3a1fd78e0a4a33ac1fc7a748ffaf05/types/de817980-3579-4b1c-be4b-cd9f5fd09e09 => generated 0 bytes in 64 msecs (HTTP/1.1 202) 6 headers in 233 bytes (1 switches on core 0)
Aug 23 20:10:55.744984 dv-cinder-790910-10-iscsi devstack@c-api.service[100881]: INFO cinder.api.openstack.wsgi [None req-8bf3ed86-7f66-41e8-b3d1-b083c879842b tempest-VolumeTypesTest-139334103 tempest-VolumeTypesTest-139334103-project-admin] GET http://10.222.0.26/volume/v3/0d3a1fd78e0a4a33ac1fc7a748ffaf05/types/de817980-3579-4b1c-be4b-cd9f5fd09e09
Aug 23 20:10:55.745922 dv-cinder-790910-10-iscsi devstack@c-api.service[100881]: DEBUG cinder.api.openstack.wsgi [None req-8bf3ed86-7f66-41e8-b3d1-b083c879842b tempest-VolumeTypesTest-139334103 tempest-VolumeTypesTest-139334103-project-admin] Empty body provided in request {{(pid=100881) get_body /opt/stack/cinder/cinder/api/openstack/wsgi.py:703}}
Aug 23 20:10:55.746343 dv-cinder-790910-10-iscsi devstack@c-api.service[100881]: DEBUG cinder.api.openstack.wsgi [None req-8bf3ed86-7f66-41e8-b3d1-b083c879842b tempest-VolumeTypesTest-139334103 tempest-VolumeTypesTest-139334103-project-admin] Calling method 'show' {{(pid=100881) _process_stack /opt/stack/cinder/cinder/api/openstack/wsgi.py:856}}
Aug 23 20:10:55.753609 dv-cinder-790910-10-iscsi devstack@c-api.service[100881]: INFO cinder.api.openstack.wsgi [None req-8bf3ed86-7f66-41e8-b3d1-b083c879842b tempest-VolumeTypesTest-139334103 tempest-VolumeTypesTest-139334103-project-admin] http://10.222.0.26/volume/v3/0d3a1fd78e0a4a33ac1fc7a748ffaf05/types/de817980-3579-4b1c-be4b-cd9f5fd09e09 returned with HTTP 404
Aug 23 20:10:55.754645 dv-cinder-790910-10-iscsi devstack@c-api.service[100881]: [pid: 100881|app: 0|req: 83/171] 10.222.0.26 () {58 vars in 1319 bytes} [Mon Aug 23 20:10:55 2021] GET /volume/v3/0d3a1fd78e0a4a33ac1fc7a748ffaf05/types/de817980-3579-4b1c-be4b-cd9f5fd09e09 => generated 114 bytes in 14 msecs (HTTP/1.1 404) 7 headers in 292 bytes (2 switches on core 0)
Aug 23 20:10:55.760660 dv-cinder-790910-10-iscsi devstack@c-api.service[100882]: /usr/local/lib/python3.8/dist-packages/oslo_context/context.py:105: DeprecationWarning: Policy enforcement is depending on the value of is_admin. This key is deprecated. Please update your policy file to use the standard policy values.
Aug 23 20:10:55.760660 dv-cinder-790910-10-iscsi devstack@c-api.service[100882]: warnings.warn('Policy enforcement is depending on the value of '
Aug 23 20:10:55.763968 dv-cinder-790910-10-iscsi devstack@c-api.service[100881]: INFO cinder.api.openstack.wsgi [None req-33a4e120-ae46-4d91-962e-3dd14f3449f5 tempest-UserMessagesTest-1473644976 tempest-UserMessagesTest-1473644976-project] GET http://10.222.0.26/volume/v3/670a5c21790e429b9500fcb5f59a98f7/volumes/fa250d0f-0c80-492c-a8f8-c93b547a3508
Aug 23 20:10:55.765084 dv-cinder-790910-10-iscsi devstack@c-api.service[100881]: DEBUG cinder.api.openstack.wsgi [None req-33a4e120-ae46-4d91-962e-3dd14f3449f5 tempest-UserMessagesTest-1473644976 tempest-UserMessagesTest-1473644976-project] Empty body provided in request {{(pid=100881) get_body /opt/stack/cinder/cinder/api/openstack/wsgi.py:703}}
Aug 23 20:10:55.766071 dv-cinder-790910-10-iscsi devstack@c-api.service[100881]: DEBUG cinder.api.openstack.wsgi [None req-33a4e120-ae46-4d91-962e-3dd14f3449f5 tempest-UserMessagesTest-1473644976 tempest-UserMessagesTest-1473644976-project] Calling method 'show' {{(pid=100881) _process_stack /opt/stack/cinder/cinder/api/openstack/wsgi.py:856}}
Aug 23 20:10:55.773234 dv-cinder-790910-10-iscsi devstack@c-api.service[100882]: INFO cinder.volume.api [None req-b5d5243e-ddd3-4f2d-86b0-558a7bd907fe tempest-AttachVolumeNegativeTest-1966875184 tempest-AttachVolumeNegativeTest-1966875184-project] Volume info retrieved successfully.
Aug 23 20:10:55.782249 dv-cinder-790910-10-iscsi devstack@c-api.service[100881]: /usr/local/lib/python3.8/dist-packages/oslo_context/context.py:105: DeprecationWarning: Policy enforcement is depending on the value of is_admin. This key is deprecated. Please update your policy file to use the standard policy values.
Aug 23 20:10:55.782249 dv-cinder-790910-10-iscsi devstack@c-api.service[100881]: warnings.warn('Policy enforcement is depending on the value of '
Aug 23 20:10:55.790914 dv-cinder-790910-10-iscsi devstack@c-api.service[100881]: INFO cinder.volume.api [None req-33a4e120-ae46-4d91-962e-3dd14f3449f5 tempest-UserMessagesTest-1473644976 tempest-UserMessagesTest-1473644976-project] Volume info retrieved successfully.
Aug 23 20:10:55.800899 dv-cinder-790910-10-iscsi devstack@c-api.service[100882]: INFO cinder.api.openstack.wsgi [None req-b5d5243e-ddd3-4f2d-86b0-558a7bd907fe tempest-AttachVolumeNegativeTest-1966875184 tempest-AttachVolumeNegativeTest-1966875184-project] http://10.222.0.26/volume/v3/f05624803a284f1290b52024d8685ca5/volumes/814e5a39-85ab-430c-a805-6fc027711d9c returned with HTTP 200
Aug 23 20:10:55.802115 dv-cinder-790910-10-iscsi devstack@c-api.service[100882]: [pid: 100882|app: 0|req: 89/172] 10.222.0.26 () {58 vars in 1325 bytes} [Mon Aug 23 20:10:55 2021] GET /volume/v3/f05624803a284f1290b52024d8685ca5/volumes/814e5a39-85ab-430c-a805-6fc027711d9c => generated 891 bytes in 71 msecs (HTTP/1.1 200) 7 headers in 285 bytes (2 switches on core 0)
Aug 23 20:10:55.806397 dv-cinder-790910-10-iscsi devstack@c-api.service[100882]: INFO cinder.api.openstack.wsgi [None req-e4d32428-71d5-4936-8ea7-064188fe464c tempest-VolumeTypesTest-139334103 tempest-VolumeTypesTest-139334103-project-admin] DELETE http://10.222.0.26/volume/v3/0d3a1fd78e0a4a33ac1fc7a748ffaf05/types/50a4fb15-90e6-4469-a26b-a4ab3984c4df
Aug 23 20:10:55.806561 dv-cinder-790910-10-iscsi devstack@c-api.service[100881]: INFO cinder.api.openstack.wsgi [None req-33a4e120-ae46-4d91-962e-3dd14f3449f5 tempest-UserMessagesTest-1473644976 tempest-UserMessagesTest-1473644976-project] http://10.222.0.26/volume/v3/670a5c21790e429b9500fcb5f59a98f7/volumes/fa250d0f-0c80-492c-a8f8-c93b547a3508 returned with HTTP 200
Aug 23 20:10:55.806840 dv-cinder-790910-10-iscsi devstack@c-api.service[100882]: DEBUG cinder.api.openstack.wsgi [None req-e4d32428-71d5-4936-8ea7-064188fe464c tempest-VolumeTypesTest-139334103 tempest-VolumeTypesTest-139334103-project-admin] Empty body provided in request {{(pid=100882) get_body /opt/stack/cinder/cinder/api/openstack/wsgi.py:703}}
Aug 23 20:10:55.807217 dv-cinder-790910-10-iscsi devstack@c-api.service[100882]: /usr/local/lib/python3.8/dist-packages/webob/acceptparse.py:1047: DeprecationWarning: The behavior of AcceptValidHeader.best_match is currently being maintained for backward compatibility, but it will be deprecated in the future, as it does not conform to the RFC.
Aug 23 20:10:55.807217 dv-cinder-790910-10-iscsi devstack@c-api.service[100882]: warnings.warn(
Aug 23 20:10:55.809933 dv-cinder-790910-10-iscsi devstack@c-api.service[100881]: [pid: 100881|app: 0|req: 84/173] 10.222.0.26 () {60 vars in 1365 bytes} [Mon Aug 23 20:10:55 2021] GET /volume/v3/670a5c21790e429b9500fcb5f59a98f7/volumes/fa250d0f-0c80-492c-a8f8-c93b547a3508 => generated 941 bytes in 49 msecs (HTTP/1.1 200) 7 headers in 285 bytes (1 switches on core 0)
Aug 23 20:10:55.810028 dv-cinder-790910-10-iscsi devstack@c-api.service[100882]: DEBUG cinder.api.openstack.wsgi [None req-e4d32428-71d5-4936-8ea7-064188fe464c tempest-VolumeTypesTest-139334103 tempest-VolumeTypesTest-139334103-project-admin] Calling method '_delete' {{(pid=100882) _process_stack /opt/stack/cinder/cinder/api/openstack/wsgi.py:856}}
Aug 23 20:10:55.812808 dv-cinder-790910-10-iscsi devstack@c-api.service[100881]: INFO cinder.api.openstack.wsgi [None req-55b7de68-0b78-4418-8866-ef81fef6fc43 tempest-DeleteServersTestJSON-1759665143 tempest-DeleteServersTestJSON-1759665143-project] GET http://10.222.0.26/volume/v3/559c8802e37046e8bfab7956f8270c58/volumes/67b558d4-ab47-4d46-b06b-a46755670d0c
Aug 23 20:10:55.813239 dv-cinder-790910-10-iscsi devstack@c-api.service[100881]: DEBUG cinder.api.openstack.wsgi [None req-55b7de68-0b78-4418-8866-ef81fef6fc43 tempest-DeleteServersTestJSON-1759665143 tempest-DeleteServersTestJSON-1759665143-project] Empty body provided in request {{(pid=100881) get_body /opt/stack/cinder/cinder/api/openstack/wsgi.py:703}}
Aug 23 20:10:55.813402 dv-cinder-790910-10-iscsi devstack@c-api.service[100881]: /usr/local/lib/python3.8/dist-packages/webob/acceptparse.py:1047: DeprecationWarning: The behavior of AcceptValidHeader.best_match is currently being maintained for backward compatibility, but it will be deprecated in the future, as it does not conform to the RFC.
Aug 23 20:10:55.813402 dv-cinder-790910-10-iscsi devstack@c-api.service[100881]: warnings.warn(
Aug 23 20:10:55.813733 dv-cinder-790910-10-iscsi devstack@c-api.service[100881]: DEBUG cinder.api.openstack.wsgi [None req-55b7de68-0b78-4418-8866-ef81fef6fc43 tempest-DeleteServersTestJSON-1759665143 tempest-DeleteServersTestJSON-1759665143-project] Calling method 'show' {{(pid=100881) _process_stack /opt/stack/cinder/cinder/api/openstack/wsgi.py:856}}
Aug 23 20:10:55.827116 dv-cinder-790910-10-iscsi devstack@c-api.service[100881]: /usr/local/lib/python3.8/dist-packages/oslo_context/context.py:105: DeprecationWarning: Policy enforcement is depending on the value of is_admin. This key is deprecated. Please update your policy file to use the standard policy values.
Aug 23 20:10:55.827116 dv-cinder-790910-10-iscsi devstack@c-api.service[100881]: warnings.warn('Policy enforcement is depending on the value of '
Aug 23 20:10:55.834719 dv-cinder-790910-10-iscsi devstack@c-api.service[100881]: INFO cinder.volume.api [None req-55b7de68-0b78-4418-8866-ef81fef6fc43 tempest-DeleteServersTestJSON-1759665143 tempest-DeleteServersTestJSON-1759665143-project] Volume info retrieved successfully.
Aug 23 20:10:55.852516 dv-cinder-790910-10-iscsi devstack@c-api.service[100882]: INFO cinder.api.openstack.wsgi [None req-e4d32428-71d5-4936-8ea7-064188fe464c tempest-VolumeTypesTest-139334103 tempest-VolumeTypesTest-139334103-project-admin] http://10.222.0.26/volume/v3/0d3a1fd78e0a4a33ac1fc7a748ffaf05/types/50a4fb15-90e6-4469-a26b-a4ab3984c4df returned with HTTP 202
Aug 23 20:10:55.853355 dv-cinder-790910-10-iscsi devstack@c-api.service[100882]: [pid: 100882|app: 0|req: 90/174] 10.222.0.26 () {58 vars in 1322 bytes} [Mon Aug 23 20:10:55 2021] DELETE /volume/v3/0d3a1fd78e0a4a33ac1fc7a748ffaf05/types/50a4fb15-90e6-4469-a26b-a4ab3984c4df => generated 0 bytes in 51 msecs (HTTP/1.1 202) 6 headers in 233 bytes (1 switches on core 0)
Aug 23 20:10:55.856694 dv-cinder-790910-10-iscsi devstack@c-api.service[100881]: INFO cinder.api.openstack.wsgi [None req-55b7de68-0b78-4418-8866-ef81fef6fc43 tempest-DeleteServersTestJSON-1759665143 tempest-DeleteServersTestJSON-1759665143-project] http://10.222.0.26/volume/v3/559c8802e37046e8bfab7956f8270c58/volumes/67b558d4-ab47-4d46-b06b-a46755670d0c returned with HTTP 200
Aug 23 20:10:55.857270 dv-cinder-790910-10-iscsi devstack@c-api.service[100881]: [pid: 100881|app: 0|req: 85/175] 10.222.0.26 () {58 vars in 1325 bytes} [Mon Aug 23 20:10:55 2021] GET /volume/v3/559c8802e37046e8bfab7956f8270c58/volumes/67b558d4-ab47-4d46-b06b-a46755670d0c => generated 913 bytes in 49 msecs (HTTP/1.1 200) 7 headers in 285 bytes (1 switches on core 0)
Aug 23 20:10:55.861802 dv-cinder-790910-10-iscsi devstack@c-api.service[100882]: INFO cinder.api.openstack.wsgi [None req-734a6657-fae7-4e83-836d-86aabc2fa702 tempest-UserMessagesTest-1473644976 tempest-UserMessagesTest-1473644976-project] GET http://10.222.0.26/volume/v3/670a5c21790e429b9500fcb5f59a98f7/messages
Aug 23 20:10:55.862470 dv-cinder-790910-10-iscsi devstack@c-api.service[100882]: DEBUG cinder.api.openstack.wsgi [None req-734a6657-fae7-4e83-836d-86aabc2fa702 tempest-UserMessagesTest-1473644976 tempest-UserMessagesTest-1473644976-project] Empty body provided in request {{(pid=100882) get_body /opt/stack/cinder/cinder/api/openstack/wsgi.py:703}}
Aug 23 20:10:55.863029 dv-cinder-790910-10-iscsi devstack@c-api.service[100882]: DEBUG cinder.api.openstack.wsgi [None req-734a6657-fae7-4e83-836d-86aabc2fa702 tempest-UserMessagesTest-1473644976 tempest-UserMessagesTest-1473644976-project] Calling method 'version_select' {{(pid=100882) _process_stack /opt/stack/cinder/cinder/api/openstack/wsgi.py:856}}
Aug 23 20:10:55.863222 dv-cinder-790910-10-iscsi devstack@c-api.service[100881]: INFO cinder.api.openstack.wsgi [None req-0bdfcea2-6a6c-458d-9bba-4436aa852b22 tempest-VolumeTypesTest-139334103 tempest-VolumeTypesTest-139334103-project-admin] GET http://10.222.0.26/volume/v3/0d3a1fd78e0a4a33ac1fc7a748ffaf05/types/50a4fb15-90e6-4469-a26b-a4ab3984c4df
Aug 23 20:10:55.863669 dv-cinder-790910-10-iscsi devstack@c-api.service[100881]: DEBUG cinder.api.openstack.wsgi [None req-0bdfcea2-6a6c-458d-9bba-4436aa852b22 tempest-VolumeTypesTest-139334103 tempest-VolumeTypesTest-139334103-project-admin] Empty body provided in request {{(pid=100881) get_body /opt/stack/cinder/cinder/api/openstack/wsgi.py:703}}
Aug 23 20:10:55.863835 dv-cinder-790910-10-iscsi devstack@c-api.service[100881]: /usr/local/lib/python3.8/dist-packages/webob/acceptparse.py:1047: DeprecationWarning: The behavior of AcceptValidHeader.best_match is currently being maintained for backward compatibility, but it will be deprecated in the future, as it does not conform to the RFC.
Aug 23 20:10:55.863835 dv-cinder-790910-10-iscsi devstack@c-api.service[100881]: warnings.warn(
Aug 23 20:10:55.864354 dv-cinder-790910-10-iscsi devstack@c-api.service[100881]: DEBUG cinder.api.openstack.wsgi [None req-0bdfcea2-6a6c-458d-9bba-4436aa852b22 tempest-VolumeTypesTest-139334103 tempest-VolumeTypesTest-139334103-project-admin] Calling method 'show' {{(pid=100881) _process_stack /opt/stack/cinder/cinder/api/openstack/wsgi.py:856}}
Aug 23 20:10:55.870640 dv-cinder-790910-10-iscsi devstack@c-api.service[100881]: INFO cinder.api.openstack.wsgi [None req-0bdfcea2-6a6c-458d-9bba-4436aa852b22 tempest-VolumeTypesTest-139334103 tempest-VolumeTypesTest-139334103-project-admin] http://10.222.0.26/volume/v3/0d3a1fd78e0a4a33ac1fc7a748ffaf05/types/50a4fb15-90e6-4469-a26b-a4ab3984c4df returned with HTTP 404
Aug 23 20:10:55.874475 dv-cinder-790910-10-iscsi devstack@c-api.service[100881]: [pid: 100881|app: 0|req: 86/176] 10.222.0.26 () {58 vars in 1319 bytes} [Mon Aug 23 20:10:55 2021] GET /volume/v3/0d3a1fd78e0a4a33ac1fc7a748ffaf05/types/50a4fb15-90e6-4469-a26b-a4ab3984c4df => generated 114 bytes in 14 msecs (HTTP/1.1 404) 7 headers in 292 bytes (1 switches on core 0)
Aug 23 20:10:55.879599 dv-cinder-790910-10-iscsi devstack@c-api.service[100881]: INFO cinder.api.openstack.wsgi [None req-6d27479b-03fe-4e76-a7d9-677a6f9c6d8a tempest-VolumeTypesTest-556229041 tempest-VolumeTypesTest-556229041-project] DELETE http://10.222.0.26/volume/v3/bce1246829c847f7973f4171b4579727/volumes/cbd356bb-7dd8-43e9-8b0c-568805204a43
Aug 23 20:10:55.879924 dv-cinder-790910-10-iscsi devstack@c-api.service[100882]: INFO cinder.api.openstack.wsgi [None req-734a6657-fae7-4e83-836d-86aabc2fa702 tempest-UserMessagesTest-1473644976 tempest-UserMessagesTest-1473644976-project] http://10.222.0.26/volume/v3/670a5c21790e429b9500fcb5f59a98f7/messages returned with HTTP 200
Aug 23 20:10:55.880041 dv-cinder-790910-10-iscsi devstack@c-api.service[100881]: DEBUG cinder.api.openstack.wsgi [None req-6d27479b-03fe-4e76-a7d9-677a6f9c6d8a tempest-VolumeTypesTest-556229041 tempest-VolumeTypesTest-556229041-project] Empty body provided in request {{(pid=100881) get_body /opt/stack/cinder/cinder/api/openstack/wsgi.py:703}}
Aug 23 20:10:55.880499 dv-cinder-790910-10-iscsi devstack@c-api.service[100881]: DEBUG cinder.api.openstack.wsgi [None req-6d27479b-03fe-4e76-a7d9-677a6f9c6d8a tempest-VolumeTypesTest-556229041 tempest-VolumeTypesTest-556229041-project] Calling method 'delete' {{(pid=100881) _process_stack /opt/stack/cinder/cinder/api/openstack/wsgi.py:856}}
Aug 23 20:10:55.881636 dv-cinder-790910-10-iscsi devstack@c-api.service[100882]: [pid: 100882|app: 0|req: 91/177] 10.222.0.26 () {60 vars in 1257 bytes} [Mon Aug 23 20:10:55 2021] GET /volume/v3/670a5c21790e429b9500fcb5f59a98f7/messages => generated 736 bytes in 24 msecs (HTTP/1.1 200) 7 headers in 285 bytes (1 switches on core 0)
Aug 23 20:10:55.891378 dv-cinder-790910-10-iscsi devstack@c-api.service[100881]: INFO cinder.api.v3.volumes [None req-6d27479b-03fe-4e76-a7d9-677a6f9c6d8a tempest-VolumeTypesTest-556229041 tempest-VolumeTypesTest-556229041-project] Delete volume with id: cbd356bb-7dd8-43e9-8b0c-568805204a43
Aug 23 20:10:55.893107 dv-cinder-790910-10-iscsi devstack@c-api.service[100882]: INFO cinder.api.openstack.wsgi [None req-16714a3e-56bc-4a91-9134-665bf10fe9a2 tempest-UserMessagesTest-1473644976 tempest-UserMessagesTest-1473644976-project] DELETE http://10.222.0.26/volume/v3/670a5c21790e429b9500fcb5f59a98f7/messages/65cf5ff9-4f35-4ff8-975f-cfb07750b1cb
Aug 23 20:10:55.893602 dv-cinder-790910-10-iscsi devstack@c-api.service[100882]: DEBUG cinder.api.openstack.wsgi [None req-16714a3e-56bc-4a91-9134-665bf10fe9a2 tempest-UserMessagesTest-1473644976 tempest-UserMessagesTest-1473644976-project] Empty body provided in request {{(pid=100882) get_body /opt/stack/cinder/cinder/api/openstack/wsgi.py:703}}
Aug 23 20:10:55.894130 dv-cinder-790910-10-iscsi devstack@c-api.service[100882]: DEBUG cinder.api.openstack.wsgi [None req-16714a3e-56bc-4a91-9134-665bf10fe9a2 tempest-UserMessagesTest-1473644976 tempest-UserMessagesTest-1473644976-project] Calling method 'version_select' {{(pid=100882) _process_stack /opt/stack/cinder/cinder/api/openstack/wsgi.py:856}}
Aug 23 20:10:55.910750 dv-cinder-790910-10-iscsi devstack@c-api.service[100882]: INFO cinder.api.openstack.wsgi [None req-16714a3e-56bc-4a91-9134-665bf10fe9a2 tempest-UserMessagesTest-1473644976 tempest-UserMessagesTest-1473644976-project] http://10.222.0.26/volume/v3/670a5c21790e429b9500fcb5f59a98f7/messages/65cf5ff9-4f35-4ff8-975f-cfb07750b1cb returned with HTTP 204
Aug 23 20:10:55.911628 dv-cinder-790910-10-iscsi devstack@c-api.service[100882]: [pid: 100882|app: 0|req: 92/178] 10.222.0.26 () {60 vars in 1371 bytes} [Mon Aug 23 20:10:55 2021] DELETE /volume/v3/670a5c21790e429b9500fcb5f59a98f7/messages/65cf5ff9-4f35-4ff8-975f-cfb07750b1cb => generated 0 bytes in 24 msecs (HTTP/1.1 204) 6 headers in 235 bytes (1 switches on core 0)
Aug 23 20:10:55.912624 dv-cinder-790910-10-iscsi devstack@c-api.service[100881]: /usr/local/lib/python3.8/dist-packages/oslo_context/context.py:105: DeprecationWarning: Policy enforcement is depending on the value of is_admin. This key is deprecated. Please update your policy file to use the standard policy values.
Aug 23 20:10:55.912624 dv-cinder-790910-10-iscsi devstack@c-api.service[100881]: warnings.warn('Policy enforcement is depending on the value of '
Aug 23 20:10:55.913784 dv-cinder-790910-10-iscsi devstack@c-api.service[100881]: INFO cinder.volume.api [None req-6d27479b-03fe-4e76-a7d9-677a6f9c6d8a tempest-VolumeTypesTest-556229041 tempest-VolumeTypesTest-556229041-project] Volume info retrieved successfully.
Aug 23 20:10:55.919710 dv-cinder-790910-10-iscsi devstack@c-api.service[100882]: INFO cinder.api.openstack.wsgi [None req-61efa31e-8c28-428c-ac83-d7fdb5750154 tempest-UserMessagesTest-1473644976 tempest-UserMessagesTest-1473644976-project] GET http://10.222.0.26/volume/v3/670a5c21790e429b9500fcb5f59a98f7/messages/65cf5ff9-4f35-4ff8-975f-cfb07750b1cb
Aug 23 20:10:55.920190 dv-cinder-790910-10-iscsi devstack@c-api.service[100882]: DEBUG cinder.api.openstack.wsgi [None req-61efa31e-8c28-428c-ac83-d7fdb5750154 tempest-UserMessagesTest-1473644976 tempest-UserMessagesTest-1473644976-project] Empty body provided in request {{(pid=100882) get_body /opt/stack/cinder/cinder/api/openstack/wsgi.py:703}}
Aug 23 20:10:55.920593 dv-cinder-790910-10-iscsi devstack@c-api.service[100882]: DEBUG cinder.api.openstack.wsgi [None req-61efa31e-8c28-428c-ac83-d7fdb5750154 tempest-UserMessagesTest-1473644976 tempest-UserMessagesTest-1473644976-project] Calling method 'version_select' {{(pid=100882) _process_stack /opt/stack/cinder/cinder/api/openstack/wsgi.py:856}}
Aug 23 20:10:55.929152 dv-cinder-790910-10-iscsi devstack@c-api.service[100882]: INFO cinder.api.openstack.wsgi [None req-61efa31e-8c28-428c-ac83-d7fdb5750154 tempest-UserMessagesTest-1473644976 tempest-UserMessagesTest-1473644976-project] http://10.222.0.26/volume/v3/670a5c21790e429b9500fcb5f59a98f7/messages/65cf5ff9-4f35-4ff8-975f-cfb07750b1cb returned with HTTP 404
Aug 23 20:10:55.930669 dv-cinder-790910-10-iscsi devstack@c-api.service[100882]: [pid: 100882|app: 0|req: 93/179] 10.222.0.26 () {60 vars in 1368 bytes} [Mon Aug 23 20:10:55 2021] GET /volume/v3/670a5c21790e429b9500fcb5f59a98f7/messages/65cf5ff9-4f35-4ff8-975f-cfb07750b1cb => generated 110 bytes in 15 msecs (HTTP/1.1 404) 7 headers in 292 bytes (2 switches on core 0)
Aug 23 20:10:55.941131 dv-cinder-790910-10-iscsi devstack@c-api.service[100882]: INFO cinder.api.openstack.wsgi [None req-c2ed883c-ae7e-4b3b-980a-265f32996588 tempest-UserMessagesTest-1822137112 tempest-UserMessagesTest-1822137112-project-admin] POST http://10.222.0.26/volume/v3/1e06f66405594c5a93f099b49d4c1fa7/types
Aug 23 20:10:55.941944 dv-cinder-790910-10-iscsi devstack@c-api.service[100882]: DEBUG cinder.api.openstack.wsgi [None req-c2ed883c-ae7e-4b3b-980a-265f32996588 tempest-UserMessagesTest-1822137112 tempest-UserMessagesTest-1822137112-project-admin] Action: 'create', calling method: _create, body: {"volume_type": {"name": "tempest-UserMessagesTest-volume-type-1985775457", "extra_specs": {"storage_protocol": "tempest-storage_protocol-722121040", "vendor_name": "tempest-vendor_name-930858997"}}} {{(pid=100882) _process_stack /opt/stack/cinder/cinder/api/openstack/wsgi.py:854}}
Aug 23 20:10:55.951168 dv-cinder-790910-10-iscsi devstack@c-api.service[100881]: INFO cinder.volume.api [None req-6d27479b-03fe-4e76-a7d9-677a6f9c6d8a tempest-VolumeTypesTest-556229041 tempest-VolumeTypesTest-556229041-project] Delete volume request issued successfully.
Aug 23 20:10:55.951527 dv-cinder-790910-10-iscsi devstack@c-api.service[100881]: INFO cinder.api.openstack.wsgi [None req-6d27479b-03fe-4e76-a7d9-677a6f9c6d8a tempest-VolumeTypesTest-556229041 tempest-VolumeTypesTest-556229041-project] http://10.222.0.26/volume/v3/bce1246829c847f7973f4171b4579727/volumes/cbd356bb-7dd8-43e9-8b0c-568805204a43 returned with HTTP 202
Aug 23 20:10:55.952516 dv-cinder-790910-10-iscsi devstack@c-api.service[100881]: [pid: 100881|app: 0|req: 87/180] 10.222.0.26 () {58 vars in 1328 bytes} [Mon Aug 23 20:10:55 2021] DELETE /volume/v3/bce1246829c847f7973f4171b4579727/volumes/cbd356bb-7dd8-43e9-8b0c-568805204a43 => generated 0 bytes in 77 msecs (HTTP/1.1 202) 6 headers in 233 bytes (1 switches on core 0)
Aug 23 20:10:55.960287 dv-cinder-790910-10-iscsi devstack@c-api.service[100881]: INFO cinder.api.openstack.wsgi [None req-0fc8a7fd-18cf-4e1b-8e83-3e5e166a1612 tempest-VolumeTypesTest-556229041 tempest-VolumeTypesTest-556229041-project] GET http://10.222.0.26/volume/v3/bce1246829c847f7973f4171b4579727/volumes/cbd356bb-7dd8-43e9-8b0c-568805204a43
Aug 23 20:10:55.960704 dv-cinder-790910-10-iscsi devstack@c-api.service[100881]: DEBUG cinder.api.openstack.wsgi [None req-0fc8a7fd-18cf-4e1b-8e83-3e5e166a1612 tempest-VolumeTypesTest-556229041 tempest-VolumeTypesTest-556229041-project] Empty body provided in request {{(pid=100881) get_body /opt/stack/cinder/cinder/api/openstack/wsgi.py:703}}
Aug 23 20:10:55.960872 dv-cinder-790910-10-iscsi devstack@c-api.service[100881]: /usr/local/lib/python3.8/dist-packages/webob/acceptparse.py:1047: DeprecationWarning: The behavior of AcceptValidHeader.best_match is currently being maintained for backward compatibility, but it will be deprecated in the future, as it does not conform to the RFC.
Aug 23 20:10:55.960872 dv-cinder-790910-10-iscsi devstack@c-api.service[100881]: warnings.warn(
Aug 23 20:10:55.961260 dv-cinder-790910-10-iscsi devstack@c-api.service[100881]: DEBUG cinder.api.openstack.wsgi [None req-0fc8a7fd-18cf-4e1b-8e83-3e5e166a1612 tempest-VolumeTypesTest-556229041 tempest-VolumeTypesTest-556229041-project] Calling method 'show' {{(pid=100881) _process_stack /opt/stack/cinder/cinder/api/openstack/wsgi.py:856}}
Aug 23 20:10:55.976056 dv-cinder-790910-10-iscsi devstack@c-api.service[100882]: INFO cinder.api.openstack.wsgi [None req-c2ed883c-ae7e-4b3b-980a-265f32996588 tempest-UserMessagesTest-1822137112 tempest-UserMessagesTest-1822137112-project-admin] http://10.222.0.26/volume/v3/1e06f66405594c5a93f099b49d4c1fa7/types returned with HTTP 200
Aug 23 20:10:55.977027 dv-cinder-790910-10-iscsi devstack@c-api.service[100881]: /usr/local/lib/python3.8/dist-packages/oslo_context/context.py:105: DeprecationWarning: Policy enforcement is depending on the value of is_admin. This key is deprecated. Please update your policy file to use the standard policy values.
Aug 23 20:10:55.977027 dv-cinder-790910-10-iscsi devstack@c-api.service[100881]: warnings.warn('Policy enforcement is depending on the value of '
Aug 23 20:10:55.977192 dv-cinder-790910-10-iscsi devstack@c-api.service[100882]: [pid: 100882|app: 0|req: 94/181] 10.222.0.26 () {60 vars in 1230 bytes} [Mon Aug 23 20:10:55 2021] POST /volume/v3/1e06f66405594c5a93f099b49d4c1fa7/types => generated 326 bytes in 42 msecs (HTTP/1.1 200) 7 headers in 285 bytes (2 switches on core 0)
Aug 23 20:10:55.980823 dv-cinder-790910-10-iscsi devstack@c-api.service[100882]: INFO cinder.api.openstack.wsgi [req-423ce761-658b-4c90-9389-075d3b03a3e8 req-2f1c461c-6458-4e6f-95a8-0f2d88554c63 tempest-DeleteServersTestJSON-1759665143 tempest-DeleteServersTestJSON-1759665143-project] GET http://10.222.0.26/volume/v3/559c8802e37046e8bfab7956f8270c58/volumes/67b558d4-ab47-4d46-b06b-a46755670d0c
Aug 23 20:10:55.981257 dv-cinder-790910-10-iscsi devstack@c-api.service[100882]: DEBUG cinder.api.openstack.wsgi [req-423ce761-658b-4c90-9389-075d3b03a3e8 req-2f1c461c-6458-4e6f-95a8-0f2d88554c63 tempest-DeleteServersTestJSON-1759665143 tempest-DeleteServersTestJSON-1759665143-project] Empty body provided in request {{(pid=100882) get_body /opt/stack/cinder/cinder/api/openstack/wsgi.py:703}}
Aug 23 20:10:55.981657 dv-cinder-790910-10-iscsi devstack@c-api.service[100882]: DEBUG cinder.api.openstack.wsgi [req-423ce761-658b-4c90-9389-075d3b03a3e8 req-2f1c461c-6458-4e6f-95a8-0f2d88554c63 tempest-DeleteServersTestJSON-1759665143 tempest-DeleteServersTestJSON-1759665143-project] Calling method 'show' {{(pid=100882) _process_stack /opt/stack/cinder/cinder/api/openstack/wsgi.py:856}}
Aug 23 20:10:55.985080 dv-cinder-790910-10-iscsi devstack@c-api.service[100881]: INFO cinder.volume.api [None req-0fc8a7fd-18cf-4e1b-8e83-3e5e166a1612 tempest-VolumeTypesTest-556229041 tempest-VolumeTypesTest-556229041-project] Volume info retrieved successfully.
Aug 23 20:10:55.996205 dv-cinder-790910-10-iscsi devstack@c-api.service[100882]: /usr/local/lib/python3.8/dist-packages/oslo_context/context.py:105: DeprecationWarning: Policy enforcement is depending on the value of is_admin. This key is deprecated. Please update your policy file to use the standard policy values.
Aug 23 20:10:55.996205 dv-cinder-790910-10-iscsi devstack@c-api.service[100882]: warnings.warn('Policy enforcement is depending on the value of '
Aug 23 20:10:56.001168 dv-cinder-790910-10-iscsi devstack@c-api.service[100881]: INFO cinder.api.openstack.wsgi [None req-0fc8a7fd-18cf-4e1b-8e83-3e5e166a1612 tempest-VolumeTypesTest-556229041 tempest-VolumeTypesTest-556229041-project] http://10.222.0.26/volume/v3/bce1246829c847f7973f4171b4579727/volumes/cbd356bb-7dd8-43e9-8b0c-568805204a43 returned with HTTP 200
Aug 23 20:10:56.002281 dv-cinder-790910-10-iscsi devstack@c-api.service[100881]: [pid: 100881|app: 0|req: 88/182] 10.222.0.26 () {58 vars in 1325 bytes} [Mon Aug 23 20:10:55 2021] GET /volume/v3/bce1246829c847f7973f4171b4579727/volumes/cbd356bb-7dd8-43e9-8b0c-568805204a43 => generated 941 bytes in 46 msecs (HTTP/1.1 200) 7 headers in 285 bytes (2 switches on core 0)
Aug 23 20:10:56.005615 dv-cinder-790910-10-iscsi devstack@c-api.service[100882]: INFO cinder.volume.api [req-423ce761-658b-4c90-9389-075d3b03a3e8 req-2f1c461c-6458-4e6f-95a8-0f2d88554c63 tempest-DeleteServersTestJSON-1759665143 tempest-DeleteServersTestJSON-1759665143-project] Volume info retrieved successfully.
Aug 23 20:10:56.005948 dv-cinder-790910-10-iscsi devstack@c-api.service[100881]: INFO cinder.api.openstack.wsgi [None req-0293580f-4c20-4567-bcbe-014a950e368d tempest-UserMessagesTest-1473644976 tempest-UserMessagesTest-1473644976-project] POST http://10.222.0.26/volume/v3/670a5c21790e429b9500fcb5f59a98f7/volumes
Aug 23 20:10:56.006369 dv-cinder-790910-10-iscsi devstack@c-api.service[100881]: /usr/local/lib/python3.8/dist-packages/webob/acceptparse.py:1047: DeprecationWarning: The behavior of AcceptValidHeader.best_match is currently being maintained for backward compatibility, but it will be deprecated in the future, as it does not conform to the RFC.
Aug 23 20:10:56.006369 dv-cinder-790910-10-iscsi devstack@c-api.service[100881]: warnings.warn(
Aug 23 20:10:56.006723 dv-cinder-790910-10-iscsi devstack@c-api.service[100881]: DEBUG cinder.api.openstack.wsgi [None req-0293580f-4c20-4567-bcbe-014a950e368d tempest-UserMessagesTest-1473644976 tempest-UserMessagesTest-1473644976-project] Action: 'create', calling method: create, body: {"volume": {"volume_type": "d8f61c55-c0c2-4ca4-b324-266d1e6c08b6", "size": 1, "name": "tempest-UserMessagesTest-Volume-104997659"}} {{(pid=100881) _process_stack /opt/stack/cinder/cinder/api/openstack/wsgi.py:854}}
Aug 23 20:10:56.007669 dv-cinder-790910-10-iscsi devstack@c-api.service[100881]: DEBUG cinder.api.v3.volumes [None req-0293580f-4c20-4567-bcbe-014a950e368d tempest-UserMessagesTest-1473644976 tempest-UserMessagesTest-1473644976-project] Create volume request body: {'volume': {'volume_type': 'd8f61c55-c0c2-4ca4-b324-266d1e6c08b6', 'size': 1, 'name': 'tempest-UserMessagesTest-Volume-104997659'}} {{(pid=100881) create /opt/stack/cinder/cinder/api/v3/volumes.py:290}}
Aug 23 20:10:56.014617 dv-cinder-790910-10-iscsi devstack@c-api.service[100881]: INFO cinder.api.v3.volumes [None req-0293580f-4c20-4567-bcbe-014a950e368d tempest-UserMessagesTest-1473644976 tempest-UserMessagesTest-1473644976-project] Create volume of 1 GB
Aug 23 20:10:56.015351 dv-cinder-790910-10-iscsi devstack@c-api.service[100881]: /usr/local/lib/python3.8/dist-packages/oslo_context/context.py:105: DeprecationWarning: Policy enforcement is depending on the value of is_admin. This key is deprecated. Please update your policy file to use the standard policy values.
Aug 23 20:10:56.015351 dv-cinder-790910-10-iscsi devstack@c-api.service[100881]: warnings.warn('Policy enforcement is depending on the value of '
Aug 23 20:10:56.016152 dv-cinder-790910-10-iscsi devstack@c-api.service[100881]: INFO cinder.volume.api [None req-0293580f-4c20-4567-bcbe-014a950e368d tempest-UserMessagesTest-1473644976 tempest-UserMessagesTest-1473644976-project] Availability Zones retrieved successfully.
Aug 23 20:10:56.023984 dv-cinder-790910-10-iscsi devstack@c-api.service[100882]: INFO cinder.api.openstack.wsgi [req-423ce761-658b-4c90-9389-075d3b03a3e8 req-2f1c461c-6458-4e6f-95a8-0f2d88554c63 tempest-DeleteServersTestJSON-1759665143 tempest-DeleteServersTestJSON-1759665143-project] http://10.222.0.26/volume/v3/559c8802e37046e8bfab7956f8270c58/volumes/67b558d4-ab47-4d46-b06b-a46755670d0c returned with HTTP 200
