Aug 17 22:11:43.420261 dv-cinder-790535-8-smb neutron-server[94012]: DEBUG neutron_lib.callbacks.manager [None req-fc951498-d76e-43bf-9804-af3426fd8d63 admin admin] Notify callbacks [] for security_group, before_create {{(pid=94012) _notify_loop /usr/local/lib/python3.8/dist-packages/neutron_lib/callbacks/manager.py:192}}
Aug 17 22:11:43.536567 dv-cinder-790535-8-smb neutron-server[94012]: DEBUG neutron_lib.callbacks.manager [None req-fc951498-d76e-43bf-9804-af3426fd8d63 admin admin] Notify callbacks [] for security_group, precommit_create {{(pid=94012) _notify_loop /usr/local/lib/python3.8/dist-packages/neutron_lib/callbacks/manager.py:192}}
Aug 17 22:11:43.541642 dv-cinder-790535-8-smb neutron-server[94012]: DEBUG neutron_lib.callbacks.manager [None req-fc951498-d76e-43bf-9804-af3426fd8d63 admin admin] Notify callbacks ['neutron.plugins.ml2.ovo_rpc._ObjectChangeHandler.handle_event-1829602'] for security_group, after_create {{(pid=94012) _notify_loop /usr/local/lib/python3.8/dist-packages/neutron_lib/callbacks/manager.py:192}}
Aug 17 22:11:43.570265 dv-cinder-790535-8-smb neutron-server[94012]: DEBUG neutron.api.rpc.handlers.resources_rpc [None req-fc951498-d76e-43bf-9804-af3426fd8d63 admin admin] Pushing event updated for resources: {'SecurityGroup': ['ID=355db49a-39bf-442f-b2e9-45729e258f6d,revision_number=1']} {{(pid=94012) push /opt/stack/neutron/neutron/api/rpc/handlers/resources_rpc.py:237}}
Aug 17 22:11:43.573275 dv-cinder-790535-8-smb neutron-server[94013]: DEBUG neutron.plugins.ml2.rpc [None req-e578d8ff-7ce2-4ba0-9812-1a5fbf933a36 None None] Device b7c95ac6-659d-48d7-aa06-3188a4703c52 details requested by agent hyperv_hv-cinder-79053 with host hv-cinder-79053 {{(pid=94013) get_device_details /opt/stack/neutron/neutron/plugins/ml2/rpc.py:102}}
Aug 17 22:11:43.597482 dv-cinder-790535-8-smb neutron-server[94012]: INFO neutron.wsgi [None req-fc951498-d76e-43bf-9804-af3426fd8d63 admin admin] 10.222.0.38 "GET /v2.0/security-groups?tenant_id=af981ae49c584b2d9489e8099e5298e5&name=default HTTP/1.1" status: 200 len: 2979 time: 0.1898792
Aug 17 22:11:43.600390 dv-cinder-790535-8-smb neutron-server[94012]: DEBUG neutron.wsgi [-] (94012) accepted ('10.222.0.38', 48478) {{(pid=94012) server /usr/local/lib/python3.8/dist-packages/eventlet/wsgi.py:982}}
Aug 17 22:11:43.685397 dv-cinder-790535-8-smb neutron-server[94012]: DEBUG neutron_lib.callbacks.manager [None req-7b883fc8-9bbb-409f-94ed-5d6519e8f82e admin admin] Notify callbacks [] for security_group, before_delete {{(pid=94012) _notify_loop /usr/local/lib/python3.8/dist-packages/neutron_lib/callbacks/manager.py:192}}
Aug 17 22:11:43.690910 dv-cinder-790535-8-smb neutron-server[94013]: DEBUG neutron.plugins.ml2.db [None req-e578d8ff-7ce2-4ba0-9812-1a5fbf933a36 None None] For port b7c95ac6-659d-48d7-aa06-3188a4703c52, host hv-cinder-79053, got binding levels [PortBindingLevel(driver='hyperv',host='hv-cinder-79053',level=0,port_id=b7c95ac6-659d-48d7-aa06-3188a4703c52,segment=NetworkSegment(a8b79cf4-7730-4de3-a3bd-a7626bf7cbba),segment_id=a8b79cf4-7730-4de3-a3bd-a7626bf7cbba)] {{(pid=94013) get_binding_level_objs /opt/stack/neutron/neutron/plugins/ml2/db.py:74}}
Aug 17 22:11:43.702690 dv-cinder-790535-8-smb neutron-server[94013]: DEBUG neutron.plugins.ml2.rpc [None req-e578d8ff-7ce2-4ba0-9812-1a5fbf933a36 None None] Returning: {'device': 'b7c95ac6-659d-48d7-aa06-3188a4703c52', 'network_id': '4e7bd946-82d1-418a-92f2-4141b008b8ca', 'port_id': 'b7c95ac6-659d-48d7-aa06-3188a4703c52', 'mac_address': 'fa:16:3e:3d:b7:b9', 'admin_state_up': True, 'network_type': 'vlan', 'segmentation_id': 405, 'physical_network': 'physnet1', 'mtu': 1500, 'fixed_ips': [{'subnet_id': '8ef21fbf-bd0a-4533-b49b-12ac07c9079f', 'ip_address': '172.20.0.14'}], 'device_owner': 'compute:nova', 'allowed_address_pairs': [], 'port_security_enabled': True, 'qos_policy_id': None, 'network_qos_policy_id': None, 'profile': {}, 'propagate_uplink_status': False} {{(pid=94013) _get_device_details /opt/stack/neutron/neutron/plugins/ml2/rpc.py:184}}
Aug 17 22:11:43.713540 dv-cinder-790535-8-smb neutron-server[94012]: DEBUG neutron_lib.callbacks.manager [None req-7b883fc8-9bbb-409f-94ed-5d6519e8f82e admin admin] Notify callbacks [] for security_group, precommit_delete {{(pid=94012) _notify_loop /usr/local/lib/python3.8/dist-packages/neutron_lib/callbacks/manager.py:192}}
Aug 17 22:11:43.769789 dv-cinder-790535-8-smb neutron-server[94012]: DEBUG neutron_lib.callbacks.manager [None req-7b883fc8-9bbb-409f-94ed-5d6519e8f82e admin admin] Notify callbacks ['neutron.plugins.ml2.ovo_rpc._ObjectChangeHandler.handle_event-1829602'] for security_group, after_delete {{(pid=94012) _notify_loop /usr/local/lib/python3.8/dist-packages/neutron_lib/callbacks/manager.py:192}}
Aug 17 22:11:43.772407 dv-cinder-790535-8-smb neutron-server[94012]: DEBUG neutron_lib.callbacks.manager [None req-7b883fc8-9bbb-409f-94ed-5d6519e8f82e admin admin] Notify callbacks [] for security_group, before_response {{(pid=94012) _notify_loop /usr/local/lib/python3.8/dist-packages/neutron_lib/callbacks/manager.py:192}}
Aug 17 22:11:43.775995 dv-cinder-790535-8-smb neutron-server[94013]: DEBUG neutron_lib.callbacks.manager [None req-e578d8ff-7ce2-4ba0-9812-1a5fbf933a36 None None] Notify callbacks ['neutron.plugins.ml2.plugin.SecurityGroupDbMixin._ensure_default_security_group_handler-675963'] for port, before_update {{(pid=94013) _notify_loop /usr/local/lib/python3.8/dist-packages/neutron_lib/callbacks/manager.py:192}}
Aug 17 22:11:43.776151 dv-cinder-790535-8-smb neutron-server[94012]: INFO neutron.wsgi [None req-7b883fc8-9bbb-409f-94ed-5d6519e8f82e admin admin] 10.222.0.38 "DELETE /v2.0/security-groups/355db49a-39bf-442f-b2e9-45729e258f6d HTTP/1.1" status: 204 len: 168 time: 0.1722400
Aug 17 22:11:43.787483 dv-cinder-790535-8-smb neutron-server[94012]: DEBUG neutron.api.rpc.handlers.resources_rpc [None req-7b883fc8-9bbb-409f-94ed-5d6519e8f82e admin admin] Pushing event deleted for resources: {'SecurityGroup': ['ID=355db49a-39bf-442f-b2e9-45729e258f6d,revision_number=None']} {{(pid=94012) push /opt/stack/neutron/neutron/api/rpc/handlers/resources_rpc.py:237}}
Aug 17 22:11:43.797504 dv-cinder-790535-8-smb neutron-server[94013]: DEBUG neutron.notifiers.nova [None req-e578d8ff-7ce2-4ba0-9812-1a5fbf933a36 None None] Ignoring state change previous_port_status: DOWN current_port_status: BUILD port_id b7c95ac6-659d-48d7-aa06-3188a4703c52 {{(pid=94013) record_port_status_changed /opt/stack/neutron/neutron/notifiers/nova.py:224}}
Aug 17 22:11:43.827091 dv-cinder-790535-8-smb neutron-server[94013]: DEBUG neutron.plugins.ml2.db [None req-e578d8ff-7ce2-4ba0-9812-1a5fbf933a36 None None] For port b7c95ac6-659d-48d7-aa06-3188a4703c52, host hv-cinder-79053, got binding levels [PortBindingLevel(driver='hyperv',host='hv-cinder-79053',level=0,port_id=b7c95ac6-659d-48d7-aa06-3188a4703c52,segment=NetworkSegment(a8b79cf4-7730-4de3-a3bd-a7626bf7cbba),segment_id=a8b79cf4-7730-4de3-a3bd-a7626bf7cbba)] {{(pid=94013) get_binding_level_objs /opt/stack/neutron/neutron/plugins/ml2/db.py:74}}
Aug 17 22:11:43.835290 dv-cinder-790535-8-smb neutron-server[94013]: DEBUG neutron_lib.callbacks.manager [None req-e578d8ff-7ce2-4ba0-9812-1a5fbf933a36 None None] Notify callbacks ['neutron.plugins.ml2.plugin.SecurityGroupServerNotifierRpcMixin._notify_sg_on_port_change-675898', 'neutron.plugins.ml2.ovo_rpc._ObjectChangeHandler.handle_event-99581', 'neutron.api.rpc.agentnotifiers.dhcp_rpc_agent_api.DhcpAgentNotifyAPI._native_event_send_dhcp_notification-1585884', 'neutron.db.l3_db.L3RpcNotifierMixin._notify_gateway_port_ip_changed-8744202274928', 'neutron.db.l3_dvrscheduler_db._notify_l3_agent_port_update-8744201752423', 'neutron.db.l3_hascheduler_db._notify_l3_agent_ha_port_update-8744201752441'] for port, after_update {{(pid=94013) _notify_loop /usr/local/lib/python3.8/dist-packages/neutron_lib/callbacks/manager.py:192}}
Aug 17 22:11:43.836241 dv-cinder-790535-8-smb neutron-server[94013]: DEBUG neutron.plugins.ml2.rpc [None req-e578d8ff-7ce2-4ba0-9812-1a5fbf933a36 None None] Device cb6105fb-96a9-4286-851b-713e0f965ca7 details requested by agent hyperv_hv-cinder-79053 with host hv-cinder-79053 {{(pid=94013) get_device_details /opt/stack/neutron/neutron/plugins/ml2/rpc.py:102}}
Aug 17 22:11:43.914721 dv-cinder-790535-8-smb neutron-server[94013]: DEBUG neutron.api.rpc.handlers.resources_rpc [None req-e578d8ff-7ce2-4ba0-9812-1a5fbf933a36 None None] Pushing event updated for resources: {'Port': ['ID=b7c95ac6-659d-48d7-aa06-3188a4703c52,revision_number=4']} {{(pid=94013) push /opt/stack/neutron/neutron/api/rpc/handlers/resources_rpc.py:237}}
Aug 17 22:11:43.918537 dv-cinder-790535-8-smb neutron-server[94013]: DEBUG neutron.plugins.ml2.db [None req-e578d8ff-7ce2-4ba0-9812-1a5fbf933a36 None None] For port cb6105fb-96a9-4286-851b-713e0f965ca7, host hv-cinder-79053, got binding levels [PortBindingLevel(driver='hyperv',host='hv-cinder-79053',level=0,port_id=cb6105fb-96a9-4286-851b-713e0f965ca7,segment=NetworkSegment(a8b79cf4-7730-4de3-a3bd-a7626bf7cbba),segment_id=a8b79cf4-7730-4de3-a3bd-a7626bf7cbba)] {{(pid=94013) get_binding_level_objs /opt/stack/neutron/neutron/plugins/ml2/db.py:74}}
Aug 17 22:11:43.932449 dv-cinder-790535-8-smb neutron-server[94013]: DEBUG neutron.plugins.ml2.rpc [None req-e578d8ff-7ce2-4ba0-9812-1a5fbf933a36 None None] Returning: {'device': 'cb6105fb-96a9-4286-851b-713e0f965ca7', 'network_id': '4e7bd946-82d1-418a-92f2-4141b008b8ca', 'port_id': 'cb6105fb-96a9-4286-851b-713e0f965ca7', 'mac_address': 'fa:16:3e:03:31:93', 'admin_state_up': True, 'network_type': 'vlan', 'segmentation_id': 405, 'physical_network': 'physnet1', 'mtu': 1500, 'fixed_ips': [{'subnet_id': '8ef21fbf-bd0a-4533-b49b-12ac07c9079f', 'ip_address': '172.20.0.6'}], 'device_owner': 'compute:nova', 'allowed_address_pairs': [], 'port_security_enabled': True, 'qos_policy_id': None, 'network_qos_policy_id': None, 'profile': {}, 'propagate_uplink_status': False} {{(pid=94013) _get_device_details /opt/stack/neutron/neutron/plugins/ml2/rpc.py:184}}
Aug 17 22:11:43.991882 dv-cinder-790535-8-smb neutron-server[94013]: DEBUG neutron_lib.callbacks.manager [None req-e578d8ff-7ce2-4ba0-9812-1a5fbf933a36 None None] Notify callbacks ['neutron.plugins.ml2.plugin.SecurityGroupDbMixin._ensure_default_security_group_handler-675963'] for port, before_update {{(pid=94013) _notify_loop /usr/local/lib/python3.8/dist-packages/neutron_lib/callbacks/manager.py:192}}
Aug 17 22:11:44.001593 dv-cinder-790535-8-smb neutron-server[94012]: DEBUG neutron.pecan_wsgi.hooks.policy_enforcement [req-0b18e517-76d6-4881-bb1c-d3076981398d req-9c5ee5b0-748c-41e9-a900-74bcdf09bd81 tempest-AttachVolumeShelveTestJSON-211619456 tempest-AttachVolumeShelveTestJSON-211619456-project] Attributes excluded by policy engine: ['standard_attr_id', 'binding:profile', 'binding:host_id', 'binding:vif_type', 'binding:vif_details'] {{(pid=94012) _exclude_attributes_by_policy /opt/stack/neutron/neutron/pecan_wsgi/hooks/policy_enforcement.py:255}}
Aug 17 22:11:44.009909 dv-cinder-790535-8-smb neutron-server[94012]: INFO neutron.wsgi [req-0b18e517-76d6-4881-bb1c-d3076981398d req-9c5ee5b0-748c-41e9-a900-74bcdf09bd81 tempest-AttachVolumeShelveTestJSON-211619456 tempest-AttachVolumeShelveTestJSON-211619456-project] 10.222.0.38 "GET /v2.0/ports?device_id=0f98e76a-0dcd-4af9-b305-ad896134b476 HTTP/1.1" status: 200 len: 944 time: 0.0725152
Aug 17 22:11:44.019088 dv-cinder-790535-8-smb neutron-server[94013]: DEBUG neutron.notifiers.nova [None req-e578d8ff-7ce2-4ba0-9812-1a5fbf933a36 None None] Ignoring state change previous_port_status: DOWN current_port_status: BUILD port_id cb6105fb-96a9-4286-851b-713e0f965ca7 {{(pid=94013) record_port_status_changed /opt/stack/neutron/neutron/notifiers/nova.py:224}}
Aug 17 22:11:44.069360 dv-cinder-790535-8-smb neutron-server[94012]: INFO neutron.wsgi [req-0b18e517-76d6-4881-bb1c-d3076981398d req-3f163421-9ebd-4cbc-80f9-7030b1f8fce5 tempest-AttachVolumeShelveTestJSON-211619456 tempest-AttachVolumeShelveTestJSON-211619456-project] 10.222.0.38 "GET /v2.0/security-groups?id=84b92925-09a7-4eb9-a8a6-a6e76f49ee2f&fields=id&fields=name HTTP/1.1" status: 200 len: 312 time: 0.0540051
Aug 17 22:11:44.073267 dv-cinder-790535-8-smb neutron-server[94013]: DEBUG neutron.plugins.ml2.db [None req-e578d8ff-7ce2-4ba0-9812-1a5fbf933a36 None None] For port cb6105fb-96a9-4286-851b-713e0f965ca7, host hv-cinder-79053, got binding levels [PortBindingLevel(driver='hyperv',host='hv-cinder-79053',level=0,port_id=cb6105fb-96a9-4286-851b-713e0f965ca7,segment=NetworkSegment(a8b79cf4-7730-4de3-a3bd-a7626bf7cbba),segment_id=a8b79cf4-7730-4de3-a3bd-a7626bf7cbba)] {{(pid=94013) get_binding_level_objs /opt/stack/neutron/neutron/plugins/ml2/db.py:74}}
Aug 17 22:11:44.088400 dv-cinder-790535-8-smb neutron-server[94013]: DEBUG neutron_lib.callbacks.manager [None req-e578d8ff-7ce2-4ba0-9812-1a5fbf933a36 None None] Notify callbacks ['neutron.plugins.ml2.plugin.SecurityGroupServerNotifierRpcMixin._notify_sg_on_port_change-675898', 'neutron.plugins.ml2.ovo_rpc._ObjectChangeHandler.handle_event-99581', 'neutron.api.rpc.agentnotifiers.dhcp_rpc_agent_api.DhcpAgentNotifyAPI._native_event_send_dhcp_notification-1585884', 'neutron.db.l3_db.L3RpcNotifierMixin._notify_gateway_port_ip_changed-8744202274928', 'neutron.db.l3_dvrscheduler_db._notify_l3_agent_port_update-8744201752423', 'neutron.db.l3_hascheduler_db._notify_l3_agent_ha_port_update-8744201752441'] for port, after_update {{(pid=94013) _notify_loop /usr/local/lib/python3.8/dist-packages/neutron_lib/callbacks/manager.py:192}}
Aug 17 22:11:44.162635 dv-cinder-790535-8-smb neutron-server[94012]: DEBUG neutron.pecan_wsgi.hooks.policy_enforcement [req-96e62884-a259-49b4-8088-ec56f9dcd537 req-854d63b4-2dd8-4869-8b62-69aa263751d8 tempest-DeleteServersTestJSON-1940933714 tempest-DeleteServersTestJSON-1940933714-project] Attributes excluded by policy engine: ['standard_attr_id', 'binding:profile', 'binding:host_id', 'binding:vif_type', 'binding:vif_details'] {{(pid=94012) _exclude_attributes_by_policy /opt/stack/neutron/neutron/pecan_wsgi/hooks/policy_enforcement.py:255}}
Aug 17 22:11:44.166111 dv-cinder-790535-8-smb neutron-server[94012]: INFO neutron.wsgi [req-96e62884-a259-49b4-8088-ec56f9dcd537 req-854d63b4-2dd8-4869-8b62-69aa263751d8 tempest-DeleteServersTestJSON-1940933714 tempest-DeleteServersTestJSON-1940933714-project] 10.222.0.38 "GET /v2.0/ports?device_id=ec3d4093-a7e6-4cbd-8c59-2c7cc0f767dc HTTP/1.1" status: 200 len: 945 time: 0.0721297
Aug 17 22:11:44.167536 dv-cinder-790535-8-smb neutron-server[94013]: DEBUG neutron.api.rpc.handlers.resources_rpc [None req-e578d8ff-7ce2-4ba0-9812-1a5fbf933a36 None None] Pushing event updated for resources: {'Port': ['ID=cb6105fb-96a9-4286-851b-713e0f965ca7,revision_number=4']} {{(pid=94013) push /opt/stack/neutron/neutron/api/rpc/handlers/resources_rpc.py:237}}
Aug 17 22:11:44.213448 dv-cinder-790535-8-smb neutron-server[94013]: DEBUG neutron_lib.callbacks.manager [None req-d1c9cecc-85b5-492d-9457-d96e8e7a8908 None None] Notify callbacks ['neutron.services.segments.db._update_segment_host_mapping_for_agent-8744202254547', 'neutron.plugins.ml2.plugin.Ml2Plugin._retry_binding_revived_agents-783721'] for agent, after_update {{(pid=94013) _notify_loop /usr/local/lib/python3.8/dist-packages/neutron_lib/callbacks/manager.py:192}}
Aug 17 22:11:44.230116 dv-cinder-790535-8-smb neutron-server[94012]: INFO neutron.wsgi [req-96e62884-a259-49b4-8088-ec56f9dcd537 req-1fe5294b-b590-4982-bb09-78c04c2c15b6 tempest-DeleteServersTestJSON-1940933714 tempest-DeleteServersTestJSON-1940933714-project] 10.222.0.38 "GET /v2.0/security-groups?id=a6cfcc27-6675-469b-a2d6-a36e73447537&fields=id&fields=name HTTP/1.1" status: 200 len: 286 time: 0.0580714
Aug 17 22:11:44.411240 dv-cinder-790535-8-smb neutron-server[94012]: DEBUG neutron.pecan_wsgi.hooks.policy_enforcement [req-c119f36f-feaf-4f06-ad4f-f9ebf6e26e17 req-61996d82-586b-45ea-83ca-4869dc252538 tempest-ServerRescueNegativeTestJSON-158644222 tempest-ServerRescueNegativeTestJSON-158644222-project] Attributes excluded by policy engine: ['standard_attr_id', 'binding:profile', 'binding:host_id', 'binding:vif_type', 'binding:vif_details'] {{(pid=94012) _exclude_attributes_by_policy /opt/stack/neutron/neutron/pecan_wsgi/hooks/policy_enforcement.py:255}}
Aug 17 22:11:44.413194 dv-cinder-790535-8-smb neutron-server[94012]: INFO neutron.wsgi [req-c119f36f-feaf-4f06-ad4f-f9ebf6e26e17 req-61996d82-586b-45ea-83ca-4869dc252538 tempest-ServerRescueNegativeTestJSON-158644222 tempest-ServerRescueNegativeTestJSON-158644222-project] 10.222.0.38 "GET /v2.0/ports?device_id=f13fe092-99be-4b7f-b0a9-62565409da4b HTTP/1.1" status: 200 len: 944 time: 0.0736363
Aug 17 22:11:44.471779 dv-cinder-790535-8-smb neutron-server[94012]: INFO neutron.wsgi [req-c119f36f-feaf-4f06-ad4f-f9ebf6e26e17 req-3423fa3e-0a03-433b-aac9-b92dea7700fd tempest-ServerRescueNegativeTestJSON-158644222 tempest-ServerRescueNegativeTestJSON-158644222-project] 10.222.0.38 "GET /v2.0/security-groups?id=98f1e9c9-349f-43ee-bb37-6fbff1549816&fields=id&fields=name HTTP/1.1" status: 200 len: 286 time: 0.0507002
Aug 17 22:11:44.601701 dv-cinder-790535-8-smb neutron-server[94013]: DEBUG neutron.plugins.ml2.db [None req-e578d8ff-7ce2-4ba0-9812-1a5fbf933a36 None None] get_ports_and_sgs() called for port_ids ['b7c95ac6-659d-48d7-aa06-3188a4703c52'] {{(pid=94013) get_ports_and_sgs /opt/stack/neutron/neutron/plugins/ml2/db.py:156}}
Aug 17 22:11:44.656448 dv-cinder-790535-8-smb neutron-server[94013]: DEBUG neutron.plugins.ml2.db [None req-e578d8ff-7ce2-4ba0-9812-1a5fbf933a36 None None] get_ports_and_sgs() called for port_ids ['cb6105fb-96a9-4286-851b-713e0f965ca7'] {{(pid=94013) get_ports_and_sgs /opt/stack/neutron/neutron/plugins/ml2/db.py:156}}
Aug 17 22:11:45.097319 dv-cinder-790535-8-smb neutron-server[94013]: DEBUG neutron_lib.callbacks.manager [None req-e578d8ff-7ce2-4ba0-9812-1a5fbf933a36 None None] Notify callbacks ['neutron.services.segments.db._update_segment_host_mapping_for_agent-8744202254547', 'neutron.plugins.ml2.plugin.Ml2Plugin._retry_binding_revived_agents-783721'] for agent, after_update {{(pid=94013) _notify_loop /usr/local/lib/python3.8/dist-packages/neutron_lib/callbacks/manager.py:192}}
Aug 17 22:11:45.191879 dv-cinder-790535-8-smb neutron-server[94012]: DEBUG neutron.pecan_wsgi.hooks.policy_enforcement [req-8f03a3f8-7528-477a-94f0-d9920be18bd7 req-5a642eb8-ebc2-44a3-b7ee-e76db541a110 tempest-AttachVolumeShelveTestJSON-211619456 tempest-AttachVolumeShelveTestJSON-211619456-project] Attributes excluded by policy engine: ['standard_attr_id', 'binding:profile', 'binding:host_id', 'binding:vif_type', 'binding:vif_details'] {{(pid=94012) _exclude_attributes_by_policy /opt/stack/neutron/neutron/pecan_wsgi/hooks/policy_enforcement.py:255}}
Aug 17 22:11:45.193441 dv-cinder-790535-8-smb neutron-server[94012]: INFO neutron.wsgi [req-8f03a3f8-7528-477a-94f0-d9920be18bd7 req-5a642eb8-ebc2-44a3-b7ee-e76db541a110 tempest-AttachVolumeShelveTestJSON-211619456 tempest-AttachVolumeShelveTestJSON-211619456-project] 10.222.0.38 "GET /v2.0/ports?device_id=0f98e76a-0dcd-4af9-b305-ad896134b476 HTTP/1.1" status: 200 len: 944 time: 0.0513525
Aug 17 22:11:45.231798 dv-cinder-790535-8-smb neutron-server[94012]: INFO neutron.wsgi [req-8f03a3f8-7528-477a-94f0-d9920be18bd7 req-84effc07-a38b-4120-82fd-e5b302aa1bc6 tempest-AttachVolumeShelveTestJSON-211619456 tempest-AttachVolumeShelveTestJSON-211619456-project] 10.222.0.38 "GET /v2.0/security-groups?id=84b92925-09a7-4eb9-a8a6-a6e76f49ee2f&fields=id&fields=name HTTP/1.1" status: 200 len: 312 time: 0.0323627
Aug 17 22:11:45.347742 dv-cinder-790535-8-smb neutron-server[94012]: DEBUG neutron.pecan_wsgi.hooks.policy_enforcement [req-655c1bfa-8cea-4510-88c1-732f043d329c req-568a5178-7489-4c50-a6b4-389c9f7f6870 tempest-DeleteServersTestJSON-1940933714 tempest-DeleteServersTestJSON-1940933714-project] Attributes excluded by policy engine: ['standard_attr_id', 'binding:profile', 'binding:host_id', 'binding:vif_type', 'binding:vif_details'] {{(pid=94012) _exclude_attributes_by_policy /opt/stack/neutron/neutron/pecan_wsgi/hooks/policy_enforcement.py:255}}
Aug 17 22:11:45.349408 dv-cinder-790535-8-smb neutron-server[94012]: INFO neutron.wsgi [req-655c1bfa-8cea-4510-88c1-732f043d329c req-568a5178-7489-4c50-a6b4-389c9f7f6870 tempest-DeleteServersTestJSON-1940933714 tempest-DeleteServersTestJSON-1940933714-project] 10.222.0.38 "GET /v2.0/ports?device_id=ec3d4093-a7e6-4cbd-8c59-2c7cc0f767dc HTTP/1.1" status: 200 len: 945 time: 0.0514934
Aug 17 22:11:45.404891 dv-cinder-790535-8-smb neutron-server[94012]: INFO neutron.wsgi [req-655c1bfa-8cea-4510-88c1-732f043d329c req-f700fb29-b11f-4122-bd14-1bbbbb0c3a44 tempest-DeleteServersTestJSON-1940933714 tempest-DeleteServersTestJSON-1940933714-project] 10.222.0.38 "GET /v2.0/security-groups?id=a6cfcc27-6675-469b-a2d6-a36e73447537&fields=id&fields=name HTTP/1.1" status: 200 len: 286 time: 0.0491424
Aug 17 22:11:45.583762 dv-cinder-790535-8-smb neutron-server[94013]: DEBUG neutron.plugins.ml2.rpc [None req-e578d8ff-7ce2-4ba0-9812-1a5fbf933a36 None None] Device 05e0ec3b-4fd3-47a4-8e65-979921d64e86 details requested by agent hyperv_hv-cinder-79053 with host hv-cinder-79053 {{(pid=94013) get_device_details /opt/stack/neutron/neutron/plugins/ml2/rpc.py:102}}
Aug 17 22:11:45.600762 dv-cinder-790535-8-smb neutron-server[94013]: DEBUG neutron.plugins.ml2.rpc [None req-e578d8ff-7ce2-4ba0-9812-1a5fbf933a36 None None] Device cfa74a02-c59c-403f-99dd-5455fea79eca up at agent hyperv_hv-cinder-79053 {{(pid=94013) update_device_up /opt/stack/neutron/neutron/plugins/ml2/rpc.py:296}}
Aug 17 22:11:45.609872 dv-cinder-790535-8-smb neutron-server[94012]: DEBUG neutron.pecan_wsgi.hooks.policy_enforcement [req-16cf6718-32a5-4fdc-b1bc-c9f95cfcecc9 req-1ef44b94-1c20-472d-98cc-2db782844ebd tempest-ServerRescueNegativeTestJSON-158644222 tempest-ServerRescueNegativeTestJSON-158644222-project] Attributes excluded by policy engine: ['standard_attr_id', 'binding:profile', 'binding:host_id', 'binding:vif_type', 'binding:vif_details'] {{(pid=94012) _exclude_attributes_by_policy /opt/stack/neutron/neutron/pecan_wsgi/hooks/policy_enforcement.py:255}}
Aug 17 22:11:45.611785 dv-cinder-790535-8-smb neutron-server[94012]: INFO neutron.wsgi [req-16cf6718-32a5-4fdc-b1bc-c9f95cfcecc9 req-1ef44b94-1c20-472d-98cc-2db782844ebd tempest-ServerRescueNegativeTestJSON-158644222 tempest-ServerRescueNegativeTestJSON-158644222-project] 10.222.0.38 "GET /v2.0/ports?device_id=f13fe092-99be-4b7f-b0a9-62565409da4b HTTP/1.1" status: 200 len: 944 time: 0.0698602
Aug 17 22:11:45.667948 dv-cinder-790535-8-smb neutron-server[94012]: INFO neutron.wsgi [req-16cf6718-32a5-4fdc-b1bc-c9f95cfcecc9 req-d56e76c2-8b68-4167-b6b4-643ad33aba73 tempest-ServerRescueNegativeTestJSON-158644222 tempest-ServerRescueNegativeTestJSON-158644222-project] 10.222.0.38 "GET /v2.0/security-groups?id=98f1e9c9-349f-43ee-bb37-6fbff1549816&fields=id&fields=name HTTP/1.1" status: 200 len: 286 time: 0.0487137
Aug 17 22:11:45.700105 dv-cinder-790535-8-smb neutron-server[94013]: DEBUG neutron.db.provisioning_blocks [None req-e578d8ff-7ce2-4ba0-9812-1a5fbf933a36 None None] Provisioning for port cfa74a02-c59c-403f-99dd-5455fea79eca completed by entity L2. {{(pid=94013) provisioning_complete /opt/stack/neutron/neutron/db/provisioning_blocks.py:133}}
Aug 17 22:11:45.734872 dv-cinder-790535-8-smb neutron-server[94013]: DEBUG neutron.db.provisioning_blocks [None req-e578d8ff-7ce2-4ba0-9812-1a5fbf933a36 None None] Provisioning complete for port cfa74a02-c59c-403f-99dd-5455fea79eca triggered by entity L2. {{(pid=94013) provisioning_complete /opt/stack/neutron/neutron/db/provisioning_blocks.py:139}}
Aug 17 22:11:45.735246 dv-cinder-790535-8-smb neutron-server[94013]: DEBUG neutron_lib.callbacks.manager [None req-e578d8ff-7ce2-4ba0-9812-1a5fbf933a36 None None] Notify callbacks ['neutron.plugins.ml2.plugin.Ml2Plugin._port_provisioned-782556'] for port, provisioning_complete {{(pid=94013) _notify_loop /usr/local/lib/python3.8/dist-packages/neutron_lib/callbacks/manager.py:192}}
Aug 17 22:11:45.816063 dv-cinder-790535-8-smb neutron-server[94013]: DEBUG neutron.plugins.ml2.db [None req-e578d8ff-7ce2-4ba0-9812-1a5fbf933a36 None None] For port 05e0ec3b-4fd3-47a4-8e65-979921d64e86, host hv-cinder-79053, got binding levels [PortBindingLevel(driver='hyperv',host='hv-cinder-79053',level=0,port_id=05e0ec3b-4fd3-47a4-8e65-979921d64e86,segment=NetworkSegment(2ddf9087-acdc-4527-a7c3-06179b1aa23e),segment_id=2ddf9087-acdc-4527-a7c3-06179b1aa23e)] {{(pid=94013) get_binding_level_objs /opt/stack/neutron/neutron/plugins/ml2/db.py:74}}
Aug 17 22:11:45.847746 dv-cinder-790535-8-smb neutron-server[94013]: DEBUG neutron.plugins.ml2.rpc [None req-e578d8ff-7ce2-4ba0-9812-1a5fbf933a36 None None] Returning: {'device': '05e0ec3b-4fd3-47a4-8e65-979921d64e86', 'network_id': 'd1f2cf55-e7b0-4168-8221-bdc910432b8a', 'port_id': '05e0ec3b-4fd3-47a4-8e65-979921d64e86', 'mac_address': 'fa:16:3e:c6:85:9f', 'admin_state_up': True, 'network_type': 'vlan', 'segmentation_id': 429, 'physical_network': 'physnet1', 'mtu': 1500, 'fixed_ips': [{'subnet_id': '5fbdf3ea-3ee6-46f5-aafe-8f6f17ce6338', 'ip_address': '172.20.0.10'}], 'device_owner': 'compute:nova', 'allowed_address_pairs': [], 'port_security_enabled': True, 'qos_policy_id': None, 'network_qos_policy_id': None, 'profile': {}, 'propagate_uplink_status': False} {{(pid=94013) _get_device_details /opt/stack/neutron/neutron/plugins/ml2/rpc.py:184}}
Aug 17 22:11:45.894501 dv-cinder-790535-8-smb neutron-server[94013]: DEBUG neutron_lib.callbacks.manager [None req-e578d8ff-7ce2-4ba0-9812-1a5fbf933a36 None None] Notify callbacks ['neutron.plugins.ml2.plugin.SecurityGroupDbMixin._ensure_default_security_group_handler-675963'] for port, before_update {{(pid=94013) _notify_loop /usr/local/lib/python3.8/dist-packages/neutron_lib/callbacks/manager.py:192}}
Aug 17 22:11:45.921706 dv-cinder-790535-8-smb neutron-server[94013]: DEBUG neutron_lib.callbacks.manager [None req-e578d8ff-7ce2-4ba0-9812-1a5fbf933a36 None None] Notify callbacks ['neutron.plugins.ml2.plugin.SecurityGroupDbMixin._ensure_default_security_group_handler-675963'] for port, before_update {{(pid=94013) _notify_loop /usr/local/lib/python3.8/dist-packages/neutron_lib/callbacks/manager.py:192}}
Aug 17 22:11:45.928612 dv-cinder-790535-8-smb neutron-server[94013]: DEBUG neutron.notifiers.nova [-] Sending events: [{'server_uuid': 'ec3d4093-a7e6-4cbd-8c59-2c7cc0f767dc', 'name': 'network-vif-plugged', 'status': 'completed', 'tag': 'cfa74a02-c59c-403f-99dd-5455fea79eca'}] {{(pid=94013) send_events /opt/stack/neutron/neutron/notifiers/nova.py:262}}
Aug 17 22:11:46.030285 dv-cinder-790535-8-smb neutron-server[94013]: DEBUG neutron.plugins.ml2.db [None req-e578d8ff-7ce2-4ba0-9812-1a5fbf933a36 None None] For port cfa74a02-c59c-403f-99dd-5455fea79eca, host hv-cinder-79053, got binding levels [PortBindingLevel(driver='hyperv',host='hv-cinder-79053',level=0,port_id=cfa74a02-c59c-403f-99dd-5455fea79eca,segment=NetworkSegment(1acff559-7c42-4448-abbf-02667c859a55),segment_id=1acff559-7c42-4448-abbf-02667c859a55)] {{(pid=94013) get_binding_level_objs /opt/stack/neutron/neutron/plugins/ml2/db.py:74}}
Aug 17 22:11:46.037208 dv-cinder-790535-8-smb neutron-server[94013]: DEBUG neutron.notifiers.nova [None req-e578d8ff-7ce2-4ba0-9812-1a5fbf933a36 None None] Ignoring state change previous_port_status: DOWN current_port_status: BUILD port_id 05e0ec3b-4fd3-47a4-8e65-979921d64e86 {{(pid=94013) record_port_status_changed /opt/stack/neutron/neutron/notifiers/nova.py:224}}
Aug 17 22:11:46.066787 dv-cinder-790535-8-smb neutron-server[94013]: DEBUG neutron.plugins.ml2.db [None req-e578d8ff-7ce2-4ba0-9812-1a5fbf933a36 None None] For port 05e0ec3b-4fd3-47a4-8e65-979921d64e86, host hv-cinder-79053, got binding levels [PortBindingLevel(driver='hyperv',host='hv-cinder-79053',level=0,port_id=05e0ec3b-4fd3-47a4-8e65-979921d64e86,segment=NetworkSegment(2ddf9087-acdc-4527-a7c3-06179b1aa23e),segment_id=2ddf9087-acdc-4527-a7c3-06179b1aa23e)] {{(pid=94013) get_binding_level_objs /opt/stack/neutron/neutron/plugins/ml2/db.py:74}}
Aug 17 22:11:46.069570 dv-cinder-790535-8-smb neutron-server[94013]: DEBUG neutron_lib.callbacks.manager [None req-e578d8ff-7ce2-4ba0-9812-1a5fbf933a36 None None] Notify callbacks ['neutron.plugins.ml2.plugin.SecurityGroupServerNotifierRpcMixin._notify_sg_on_port_change-675898', 'neutron.plugins.ml2.ovo_rpc._ObjectChangeHandler.handle_event-99581', 'neutron.api.rpc.agentnotifiers.dhcp_rpc_agent_api.DhcpAgentNotifyAPI._native_event_send_dhcp_notification-1585884', 'neutron.db.l3_db.L3RpcNotifierMixin._notify_gateway_port_ip_changed-8744202274928', 'neutron.db.l3_dvrscheduler_db._notify_l3_agent_port_update-8744201752423', 'neutron.db.l3_hascheduler_db._notify_l3_agent_ha_port_update-8744201752441'] for port, after_update {{(pid=94013) _notify_loop /usr/local/lib/python3.8/dist-packages/neutron_lib/callbacks/manager.py:192}}
Aug 17 22:11:46.076561 dv-cinder-790535-8-smb neutron-server[94013]: DEBUG neutron_lib.callbacks.manager [None req-e578d8ff-7ce2-4ba0-9812-1a5fbf933a36 None None] Notify callbacks ['neutron.plugins.ml2.plugin.SecurityGroupServerNotifierRpcMixin._notify_sg_on_port_change-675898', 'neutron.plugins.ml2.ovo_rpc._ObjectChangeHandler.handle_event-99581', 'neutron.api.rpc.agentnotifiers.dhcp_rpc_agent_api.DhcpAgentNotifyAPI._native_event_send_dhcp_notification-1585884', 'neutron.db.l3_db.L3RpcNotifierMixin._notify_gateway_port_ip_changed-8744202274928', 'neutron.db.l3_dvrscheduler_db._notify_l3_agent_port_update-8744201752423', 'neutron.db.l3_hascheduler_db._notify_l3_agent_ha_port_update-8744201752441'] for port, after_update {{(pid=94013) _notify_loop /usr/local/lib/python3.8/dist-packages/neutron_lib/callbacks/manager.py:192}}
Aug 17 22:11:46.127148 dv-cinder-790535-8-smb neutron-server[94013]: DEBUG neutron.api.rpc.handlers.resources_rpc [None req-e578d8ff-7ce2-4ba0-9812-1a5fbf933a36 None None] Pushing event updated for resources: {'Port': ['ID=cfa74a02-c59c-403f-99dd-5455fea79eca,revision_number=5']} {{(pid=94013) push /opt/stack/neutron/neutron/api/rpc/handlers/resources_rpc.py:237}}
Aug 17 22:11:46.204530 dv-cinder-790535-8-smb neutron-server[94013]: DEBUG neutron.api.rpc.handlers.resources_rpc [None req-e578d8ff-7ce2-4ba0-9812-1a5fbf933a36 None None] Pushing event updated for resources: {'Port': ['ID=05e0ec3b-4fd3-47a4-8e65-979921d64e86,revision_number=4']} {{(pid=94013) push /opt/stack/neutron/neutron/api/rpc/handlers/resources_rpc.py:237}}
Aug 17 22:11:46.237410 dv-cinder-790535-8-smb neutron-server[94013]: DEBUG novaclient.v2.client [-] REQ: curl -g -i --cacert "/opt/stack/data/ca-bundle.pem" -X POST http://10.222.0.38/compute/v2.1/os-server-external-events -H "Accept: application/json" -H "Content-Type: application/json" -H "User-Agent: python-novaclient" -H "X-Auth-Token: {SHA256}367dfdded990afc0105b202b009cc4076d393e688981aa86415edf13fb4006ce" -H "X-OpenStack-Nova-API-Version: 2.1" -H "X-OpenStack-Request-ID: req-f8003371-0615-438c-8465-442abec04ae4" -d '{"events": [{"server_uuid": "ec3d4093-a7e6-4cbd-8c59-2c7cc0f767dc", "name": "network-vif-plugged", "status": "completed", "tag": "cfa74a02-c59c-403f-99dd-5455fea79eca"}]}' {{(pid=94013) _http_log_request /usr/local/lib/python3.8/dist-packages/keystoneauth1/session.py:519}}
Aug 17 22:11:46.399843 dv-cinder-790535-8-smb neutron-server[94012]: DEBUG neutron.pecan_wsgi.hooks.policy_enforcement [req-abcae8d6-1693-4845-a5d1-cc55dd8b554e req-2b110099-b5de-41aa-963c-ec5a243970c3 tempest-AttachVolumeShelveTestJSON-211619456 tempest-AttachVolumeShelveTestJSON-211619456-project] Attributes excluded by policy engine: ['standard_attr_id', 'binding:profile', 'binding:host_id', 'binding:vif_type', 'binding:vif_details'] {{(pid=94012) _exclude_attributes_by_policy /opt/stack/neutron/neutron/pecan_wsgi/hooks/policy_enforcement.py:255}}
Aug 17 22:11:46.401445 dv-cinder-790535-8-smb neutron-server[94012]: INFO neutron.wsgi [req-abcae8d6-1693-4845-a5d1-cc55dd8b554e req-2b110099-b5de-41aa-963c-ec5a243970c3 tempest-AttachVolumeShelveTestJSON-211619456 tempest-AttachVolumeShelveTestJSON-211619456-project] 10.222.0.38 "GET /v2.0/ports?device_id=0f98e76a-0dcd-4af9-b305-ad896134b476 HTTP/1.1" status: 200 len: 945 time: 0.0607090
Aug 17 22:11:46.427649 dv-cinder-790535-8-smb neutron-server[94011]: DEBUG neutron.wsgi [-] (94011) accepted ('10.222.0.38', 48648) {{(pid=94011) server /usr/local/lib/python3.8/dist-packages/eventlet/wsgi.py:982}}
Aug 17 22:11:46.434695 dv-cinder-790535-8-smb neutron-server[94013]: DEBUG novaclient.v2.client [-] RESP: [200] Connection: close Content-Length: 183 Content-Type: application/json Date: Tue, 17 Aug 2021 22:11:46 GMT OpenStack-API-Version: compute 2.1 Server: Apache/2.4.41 (Ubuntu) Vary: OpenStack-API-Version,X-OpenStack-Nova-API-Version X-OpenStack-Nova-API-Version: 2.1 x-compute-request-id: req-e26fe8ae-1294-4e22-864d-c4a04dc4696e x-openstack-request-id: req-e26fe8ae-1294-4e22-864d-c4a04dc4696e {{(pid=94013) _http_log_response /usr/local/lib/python3.8/dist-packages/keystoneauth1/session.py:550}}
Aug 17 22:11:46.435121 dv-cinder-790535-8-smb neutron-server[94013]: DEBUG novaclient.v2.client [-] RESP BODY: {"events": [{"server_uuid": "ec3d4093-a7e6-4cbd-8c59-2c7cc0f767dc", "name": "network-vif-plugged", "status": "completed", "tag": "cfa74a02-c59c-403f-99dd-5455fea79eca", "code": 200}]} {{(pid=94013) _http_log_response /usr/local/lib/python3.8/dist-packages/keystoneauth1/session.py:582}}
Aug 17 22:11:46.435458 dv-cinder-790535-8-smb neutron-server[94013]: DEBUG novaclient.v2.client [-] POST call to compute for http://10.222.0.38/compute/v2.1/os-server-external-events used request id req-e26fe8ae-1294-4e22-864d-c4a04dc4696e {{(pid=94013) request /usr/local/lib/python3.8/dist-packages/keystoneauth1/session.py:954}}
Aug 17 22:11:46.436067 dv-cinder-790535-8-smb neutron-server[94013]: INFO neutron.notifiers.nova [-] Nova event response: {'server_uuid': 'ec3d4093-a7e6-4cbd-8c59-2c7cc0f767dc', 'name': 'network-vif-plugged', 'status': 'completed', 'tag': 'cfa74a02-c59c-403f-99dd-5455fea79eca', 'code': 200}
Aug 17 22:11:46.454125 dv-cinder-790535-8-smb neutron-server[94012]: INFO neutron.wsgi [req-abcae8d6-1693-4845-a5d1-cc55dd8b554e req-df7f26c1-994d-4438-a80b-20dd756aeb1c tempest-AttachVolumeShelveTestJSON-211619456 tempest-AttachVolumeShelveTestJSON-211619456-project] 10.222.0.38 "GET /v2.0/security-groups?id=84b92925-09a7-4eb9-a8a6-a6e76f49ee2f&fields=id&fields=name HTTP/1.1" status: 200 len: 312 time: 0.0439980
Aug 17 22:11:46.542106 dv-cinder-790535-8-smb neutron-server[94011]: DEBUG neutron_lib.callbacks.manager [None req-824b5f2f-56b7-42af-8008-6307673db94a admin admin] Notify callbacks [] for security_group, before_create {{(pid=94011) _notify_loop /usr/local/lib/python3.8/dist-packages/neutron_lib/callbacks/manager.py:192}}
Aug 17 22:11:46.549911 dv-cinder-790535-8-smb neutron-server[94012]: DEBUG neutron.pecan_wsgi.hooks.policy_enforcement [req-21a88824-b331-4e28-b768-0d4fa7965b33 req-f249b0a7-101c-4c90-bb9c-df5334605594 tempest-DeleteServersTestJSON-1940933714 tempest-DeleteServersTestJSON-1940933714-project] Attributes excluded by policy engine: ['standard_attr_id', 'binding:profile', 'binding:host_id', 'binding:vif_type', 'binding:vif_details'] {{(pid=94012) _exclude_attributes_by_policy /opt/stack/neutron/neutron/pecan_wsgi/hooks/policy_enforcement.py:255}}
Aug 17 22:11:46.552096 dv-cinder-790535-8-smb neutron-server[94012]: INFO neutron.wsgi [req-21a88824-b331-4e28-b768-0d4fa7965b33 req-f249b0a7-101c-4c90-bb9c-df5334605594 tempest-DeleteServersTestJSON-1940933714 tempest-DeleteServersTestJSON-1940933714-project] 10.222.0.38 "GET /v2.0/ports?device_id=ec3d4093-a7e6-4cbd-8c59-2c7cc0f767dc HTTP/1.1" status: 200 len: 946 time: 0.0543914
Aug 17 22:11:46.552411 dv-cinder-790535-8-smb neutron-server[94013]: DEBUG neutron.plugins.ml2.db [None req-e578d8ff-7ce2-4ba0-9812-1a5fbf933a36 None None] get_ports_and_sgs() called for port_ids ['05e0ec3b-4fd3-47a4-8e65-979921d64e86'] {{(pid=94013) get_ports_and_sgs /opt/stack/neutron/neutron/plugins/ml2/db.py:156}}
Aug 17 22:11:46.611269 dv-cinder-790535-8-smb neutron-server[94012]: INFO neutron.wsgi [req-21a88824-b331-4e28-b768-0d4fa7965b33 req-86e6ecf3-e338-4992-9006-e89c9ce2cfb7 tempest-DeleteServersTestJSON-1940933714 tempest-DeleteServersTestJSON-1940933714-project] 10.222.0.38 "GET /v2.0/security-groups?id=a6cfcc27-6675-469b-a2d6-a36e73447537&fields=id&fields=name HTTP/1.1" status: 200 len: 286 time: 0.0515645
Aug 17 22:11:46.722450 dv-cinder-790535-8-smb neutron-server[94011]: DEBUG neutron_lib.callbacks.manager [None req-824b5f2f-56b7-42af-8008-6307673db94a admin admin] Notify callbacks [] for security_group, precommit_create {{(pid=94011) _notify_loop /usr/local/lib/python3.8/dist-packages/neutron_lib/callbacks/manager.py:192}}
Aug 17 22:11:46.724953 dv-cinder-790535-8-smb neutron-server[94011]: DEBUG neutron.pecan_wsgi.hooks.policy_enforcement [req-0c099c88-4f8b-4e51-8b1a-0ec574f71b50 req-7e830c19-5676-4c71-86b1-70e1f0170a25 service neutron] Attributes excluded by policy engine: ['standard_attr_id'] {{(pid=94011) _exclude_attributes_by_policy /opt/stack/neutron/neutron/pecan_wsgi/hooks/policy_enforcement.py:255}}
Aug 17 22:11:46.726632 dv-cinder-790535-8-smb neutron-server[94011]: INFO neutron.wsgi [req-0c099c88-4f8b-4e51-8b1a-0ec574f71b50 req-7e830c19-5676-4c71-86b1-70e1f0170a25 service neutron] 10.222.0.30 "GET /v2.0/ports?device_id=ec3d4093-a7e6-4cbd-8c59-2c7cc0f767dc HTTP/1.1" status: 200 len: 1099 time: 0.0999413
Aug 17 22:11:46.727740 dv-cinder-790535-8-smb neutron-server[94011]: DEBUG neutron_lib.callbacks.manager [None req-824b5f2f-56b7-42af-8008-6307673db94a admin admin] Notify callbacks ['neutron.plugins.ml2.ovo_rpc._ObjectChangeHandler.handle_event-1829602'] for security_group, after_create {{(pid=94011) _notify_loop /usr/local/lib/python3.8/dist-packages/neutron_lib/callbacks/manager.py:192}}
Aug 17 22:11:46.772677 dv-cinder-790535-8-smb neutron-server[94011]: DEBUG neutron_lib.callbacks.manager [req-0c099c88-4f8b-4e51-8b1a-0ec574f71b50 req-1fe4c0ca-0e39-4caf-b79f-0f3b05c07216 service neutron] Notify callbacks [] for security_group, before_create {{(pid=94011) _notify_loop /usr/local/lib/python3.8/dist-packages/neutron_lib/callbacks/manager.py:192}}
Aug 17 22:11:46.782133 dv-cinder-790535-8-smb neutron-server[94012]: DEBUG neutron.pecan_wsgi.hooks.policy_enforcement [req-02231c0d-3472-4a9d-8ab4-a37feeee9ed3 req-f891d6d1-6d55-42a8-bdcb-c653076e93e4 tempest-ServerRescueNegativeTestJSON-158644222 tempest-ServerRescueNegativeTestJSON-158644222-project] Attributes excluded by policy engine: ['standard_attr_id', 'binding:profile', 'binding:host_id', 'binding:vif_type', 'binding:vif_details'] {{(pid=94012) _exclude_attributes_by_policy /opt/stack/neutron/neutron/pecan_wsgi/hooks/policy_enforcement.py:255}}
Aug 17 22:11:46.783639 dv-cinder-790535-8-smb neutron-server[94012]: INFO neutron.wsgi [req-02231c0d-3472-4a9d-8ab4-a37feeee9ed3 req-f891d6d1-6d55-42a8-bdcb-c653076e93e4 tempest-ServerRescueNegativeTestJSON-158644222 tempest-ServerRescueNegativeTestJSON-158644222-project] 10.222.0.38 "GET /v2.0/ports?device_id=f13fe092-99be-4b7f-b0a9-62565409da4b HTTP/1.1" status: 200 len: 944 time: 0.0482440
Aug 17 22:11:46.785717 dv-cinder-790535-8-smb neutron-server[94011]: INFO neutron.wsgi [None req-824b5f2f-56b7-42af-8008-6307673db94a admin admin] 10.222.0.38 "GET /v2.0/security-groups?tenant_id=b16392dbb013493c86bd0ddabacf1455&name=default HTTP/1.1" status: 200 len: 2979 time: 0.3569562
Aug 17 22:11:46.788754 dv-cinder-790535-8-smb neutron-server[94012]: DEBUG neutron.wsgi [-] (94012) accepted ('10.222.0.38', 48654) {{(pid=94012) server /usr/local/lib/python3.8/dist-packages/eventlet/wsgi.py:982}}
Aug 17 22:11:46.789511 dv-cinder-790535-8-smb neutron-server[94011]: DEBUG neutron.api.rpc.handlers.resources_rpc [None req-824b5f2f-56b7-42af-8008-6307673db94a admin admin] Pushing event updated for resources: {'SecurityGroup': ['ID=e383acab-642b-4c37-803a-fa1768e0c14a,revision_number=1']} {{(pid=94011) push /opt/stack/neutron/neutron/api/rpc/handlers/resources_rpc.py:237}}
Aug 17 22:11:46.854223 dv-cinder-790535-8-smb neutron-server[94012]: INFO neutron.wsgi [req-02231c0d-3472-4a9d-8ab4-a37feeee9ed3 req-84027215-8a36-434e-aa3e-9e619ec5c194 tempest-ServerRescueNegativeTestJSON-158644222 tempest-ServerRescueNegativeTestJSON-158644222-project] 10.222.0.38 "GET /v2.0/security-groups?id=98f1e9c9-349f-43ee-bb37-6fbff1549816&fields=id&fields=name HTTP/1.1" status: 200 len: 286 time: 0.0628948
Aug 17 22:11:46.869887 dv-cinder-790535-8-smb neutron-server[94012]: DEBUG neutron_lib.callbacks.manager [None req-df8804fe-24df-4543-b3e5-facca5348dd6 admin admin] Notify callbacks [] for security_group, before_delete {{(pid=94012) _notify_loop /usr/local/lib/python3.8/dist-packages/neutron_lib/callbacks/manager.py:192}}
Aug 17 22:11:46.884602 dv-cinder-790535-8-smb neutron-server[94011]: DEBUG neutron_lib.callbacks.manager [req-0c099c88-4f8b-4e51-8b1a-0ec574f71b50 req-1fe4c0ca-0e39-4caf-b79f-0f3b05c07216 service neutron] Notify callbacks [] for security_group, precommit_create {{(pid=94011) _notify_loop /usr/local/lib/python3.8/dist-packages/neutron_lib/callbacks/manager.py:192}}
Aug 17 22:11:46.889451 dv-cinder-790535-8-smb neutron-server[94011]: DEBUG neutron_lib.callbacks.manager [req-0c099c88-4f8b-4e51-8b1a-0ec574f71b50 req-1fe4c0ca-0e39-4caf-b79f-0f3b05c07216 service neutron] Notify callbacks ['neutron.plugins.ml2.ovo_rpc._ObjectChangeHandler.handle_event-1829602'] for security_group, after_create {{(pid=94011) _notify_loop /usr/local/lib/python3.8/dist-packages/neutron_lib/callbacks/manager.py:192}}
Aug 17 22:11:46.891549 dv-cinder-790535-8-smb neutron-server[94012]: DEBUG neutron_lib.callbacks.manager [None req-df8804fe-24df-4543-b3e5-facca5348dd6 admin admin] Notify callbacks [] for security_group, precommit_delete {{(pid=94012) _notify_loop /usr/local/lib/python3.8/dist-packages/neutron_lib/callbacks/manager.py:192}}
Aug 17 22:11:46.923412 dv-cinder-790535-8-smb neutron-server[94011]: INFO neutron.wsgi [req-0c099c88-4f8b-4e51-8b1a-0ec574f71b50 req-1fe4c0ca-0e39-4caf-b79f-0f3b05c07216 service neutron] 10.222.0.30 "GET /v2.0/security-groups?id=a6cfcc27-6675-469b-a2d6-a36e73447537&fields=id&fields=name HTTP/1.1" status: 200 len: 286 time: 0.1796975
Aug 17 22:11:46.931881 dv-cinder-790535-8-smb neutron-server[94011]: DEBUG neutron.api.rpc.handlers.resources_rpc [None req-1fe4c0ca-0e39-4caf-b79f-0f3b05c07216 service neutron] Pushing event updated for resources: {'SecurityGroup': ['ID=10523ceb-19c5-4a64-b26d-e452e370729f,revision_number=1']} {{(pid=94011) push /opt/stack/neutron/neutron/api/rpc/handlers/resources_rpc.py:237}}
Aug 17 22:11:46.938952 dv-cinder-790535-8-smb neutron-server[94012]: DEBUG neutron_lib.callbacks.manager [None req-df8804fe-24df-4543-b3e5-facca5348dd6 admin admin] Notify callbacks ['neutron.plugins.ml2.ovo_rpc._ObjectChangeHandler.handle_event-1829602'] for security_group, after_delete {{(pid=94012) _notify_loop /usr/local/lib/python3.8/dist-packages/neutron_lib/callbacks/manager.py:192}}
Aug 17 22:11:46.941459 dv-cinder-790535-8-smb neutron-server[94012]: DEBUG neutron_lib.callbacks.manager [None req-df8804fe-24df-4543-b3e5-facca5348dd6 admin admin] Notify callbacks [] for security_group, before_response {{(pid=94012) _notify_loop /usr/local/lib/python3.8/dist-packages/neutron_lib/callbacks/manager.py:192}}
Aug 17 22:11:46.944888 dv-cinder-790535-8-smb neutron-server[94012]: INFO neutron.wsgi [None req-df8804fe-24df-4543-b3e5-facca5348dd6 admin admin] 10.222.0.38 "DELETE /v2.0/security-groups/e383acab-642b-4c37-803a-fa1768e0c14a HTTP/1.1" status: 204 len: 168 time: 0.1546910
Aug 17 22:11:46.952963 dv-cinder-790535-8-smb neutron-server[94012]: DEBUG neutron.api.rpc.handlers.resources_rpc [None req-df8804fe-24df-4543-b3e5-facca5348dd6 admin admin] Pushing event deleted for resources: {'SecurityGroup': ['ID=e383acab-642b-4c37-803a-fa1768e0c14a,revision_number=None']} {{(pid=94012) push /opt/stack/neutron/neutron/api/rpc/handlers/resources_rpc.py:237}}
Aug 17 22:11:47.243179 dv-cinder-790535-8-smb neutron-server[94012]: DEBUG neutron.wsgi [-] (94012) accepted ('10.222.0.38', 48672) {{(pid=94012) server /usr/local/lib/python3.8/dist-packages/eventlet/wsgi.py:982}}
Aug 17 22:11:47.258017 dv-cinder-790535-8-smb neutron-server[94012]: DEBUG neutron_lib.callbacks.manager [None req-2858c282-273b-4ec6-9103-fddc314ec640 admin admin] Notify callbacks [] for security_group, before_create {{(pid=94012) _notify_loop /usr/local/lib/python3.8/dist-packages/neutron_lib/callbacks/manager.py:192}}
Aug 17 22:11:47.402945 dv-cinder-790535-8-smb neutron-server[94012]: DEBUG neutron_lib.callbacks.manager [None req-2858c282-273b-4ec6-9103-fddc314ec640 admin admin] Notify callbacks [] for security_group, precommit_create {{(pid=94012) _notify_loop /usr/local/lib/python3.8/dist-packages/neutron_lib/callbacks/manager.py:192}}
Aug 17 22:11:47.409331 dv-cinder-790535-8-smb neutron-server[94012]: DEBUG neutron_lib.callbacks.manager [None req-2858c282-273b-4ec6-9103-fddc314ec640 admin admin] Notify callbacks ['neutron.plugins.ml2.ovo_rpc._ObjectChangeHandler.handle_event-1829602'] for security_group, after_create {{(pid=94012) _notify_loop /usr/local/lib/python3.8/dist-packages/neutron_lib/callbacks/manager.py:192}}
Aug 17 22:11:47.453830 dv-cinder-790535-8-smb neutron-server[94012]: INFO neutron.wsgi [None req-2858c282-273b-4ec6-9103-fddc314ec640 admin admin] 10.222.0.38 "GET /v2.0/security-groups?tenant_id=1ca6bb2ca877433e9e8c1a224800cba6&name=default HTTP/1.1" status: 200 len: 2979 time: 0.2094798
Aug 17 22:11:47.455757 dv-cinder-790535-8-smb neutron-server[94012]: DEBUG neutron.api.rpc.handlers.resources_rpc [None req-2858c282-273b-4ec6-9103-fddc314ec640 admin admin] Pushing event updated for resources: {'SecurityGroup': ['ID=10dae054-f8ad-427c-ba4d-946c3125730e,revision_number=1']} {{(pid=94012) push /opt/stack/neutron/neutron/api/rpc/handlers/resources_rpc.py:237}}
Aug 17 22:11:47.456893 dv-cinder-790535-8-smb neutron-server[94011]: DEBUG neutron.wsgi [-] (94011) accepted ('10.222.0.38', 48692) {{(pid=94011) server /usr/local/lib/python3.8/dist-packages/eventlet/wsgi.py:982}}
Aug 17 22:11:47.517036 dv-cinder-790535-8-smb neutron-server[94011]: DEBUG neutron_lib.callbacks.manager [None req-41ca259e-99f8-442a-a0f3-806f1b2146a7 admin admin] Notify callbacks [] for security_group, before_delete {{(pid=94011) _notify_loop /usr/local/lib/python3.8/dist-packages/neutron_lib/callbacks/manager.py:192}}
Aug 17 22:11:47.551679 dv-cinder-790535-8-smb neutron-server[94011]: DEBUG neutron_lib.callbacks.manager [None req-41ca259e-99f8-442a-a0f3-806f1b2146a7 admin admin] Notify callbacks [] for security_group, precommit_delete {{(pid=94011) _notify_loop /usr/local/lib/python3.8/dist-packages/neutron_lib/callbacks/manager.py:192}}
Aug 17 22:11:47.590291 dv-cinder-790535-8-smb neutron-server[94013]: DEBUG neutron.plugins.ml2.rpc [None req-e578d8ff-7ce2-4ba0-9812-1a5fbf933a36 None None] Device b7c95ac6-659d-48d7-aa06-3188a4703c52 up at agent hyperv_hv-cinder-79053 {{(pid=94013) update_device_up /opt/stack/neutron/neutron/plugins/ml2/rpc.py:296}}
Aug 17 22:11:47.595203 dv-cinder-790535-8-smb neutron-server[94012]: DEBUG neutron.pecan_wsgi.hooks.policy_enforcement [req-c1a5002a-a0fc-496a-bc1e-822b4fd1c6dc req-9fa5e799-212d-4413-b971-5b1fa106d6b4 tempest-AttachVolumeShelveTestJSON-211619456 tempest-AttachVolumeShelveTestJSON-211619456-project] Attributes excluded by policy engine: ['standard_attr_id', 'binding:profile', 'binding:host_id', 'binding:vif_type', 'binding:vif_details'] {{(pid=94012) _exclude_attributes_by_policy /opt/stack/neutron/neutron/pecan_wsgi/hooks/policy_enforcement.py:255}}
Aug 17 22:11:47.597647 dv-cinder-790535-8-smb neutron-server[94012]: INFO neutron.wsgi [req-c1a5002a-a0fc-496a-bc1e-822b4fd1c6dc req-9fa5e799-212d-4413-b971-5b1fa106d6b4 tempest-AttachVolumeShelveTestJSON-211619456 tempest-AttachVolumeShelveTestJSON-211619456-project] 10.222.0.38 "GET /v2.0/ports?device_id=0f98e76a-0dcd-4af9-b305-ad896134b476 HTTP/1.1" status: 200 len: 945 time: 0.0541430
Aug 17 22:11:47.611766 dv-cinder-790535-8-smb neutron-server[94011]: DEBUG neutron_lib.callbacks.manager [None req-41ca259e-99f8-442a-a0f3-806f1b2146a7 admin admin] Notify callbacks ['neutron.plugins.ml2.ovo_rpc._ObjectChangeHandler.handle_event-1829602'] for security_group, after_delete {{(pid=94011) _notify_loop /usr/local/lib/python3.8/dist-packages/neutron_lib/callbacks/manager.py:192}}
Aug 17 22:11:47.617477 dv-cinder-790535-8-smb neutron-server[94011]: DEBUG neutron_lib.callbacks.manager [None req-41ca259e-99f8-442a-a0f3-806f1b2146a7 admin admin] Notify callbacks [] for security_group, before_response {{(pid=94011) _notify_loop /usr/local/lib/python3.8/dist-packages/neutron_lib/callbacks/manager.py:192}}
Aug 17 22:11:47.619528 dv-cinder-790535-8-smb neutron-server[94011]: INFO neutron.wsgi [None req-41ca259e-99f8-442a-a0f3-806f1b2146a7 admin admin] 10.222.0.38 "DELETE /v2.0/security-groups/10dae054-f8ad-427c-ba4d-946c3125730e HTTP/1.1" status: 204 len: 168 time: 0.1615691
Aug 17 22:11:47.645458 dv-cinder-790535-8-smb neutron-server[94011]: DEBUG neutron.api.rpc.handlers.resources_rpc [None req-41ca259e-99f8-442a-a0f3-806f1b2146a7 admin admin] Pushing event deleted for resources: {'SecurityGroup': ['ID=10dae054-f8ad-427c-ba4d-946c3125730e,revision_number=None']} {{(pid=94011) push /opt/stack/neutron/neutron/api/rpc/handlers/resources_rpc.py:237}}
Aug 17 22:11:47.676956 dv-cinder-790535-8-smb neutron-server[94012]: INFO neutron.wsgi [req-c1a5002a-a0fc-496a-bc1e-822b4fd1c6dc req-d9026b73-369a-48b7-ba6f-d1cfaed9c901 tempest-AttachVolumeShelveTestJSON-211619456 tempest-AttachVolumeShelveTestJSON-211619456-project] 10.222.0.38 "GET /v2.0/security-groups?id=84b92925-09a7-4eb9-a8a6-a6e76f49ee2f&fields=id&fields=name HTTP/1.1" status: 200 len: 312 time: 0.0645936
