Aug 17 22:11:24.044966 dv-cinder-790535-8-smb devstack@n-api.service[108257]: INFO nova.api.openstack.requestlog [None req-84a2e5f7-ab3b-4a9c-a756-7ec14c16980f tempest-DeleteServersTestJSON-1940933714 tempest-DeleteServersTestJSON-1940933714-project] 10.222.0.38 "GET /compute/v2.1/servers/ec3d4093-a7e6-4cbd-8c59-2c7cc0f767dc" status: 200 len: 1272 microversion: 2.1 time: 0.335303
Aug 17 22:11:24.087580 dv-cinder-790535-8-smb devstack@n-api.service[108257]: [pid: 108257|app: 0|req: 24/35] 10.222.0.38 () {58 vars in 1236 bytes} [Tue Aug 17 22:11:23 2021] GET /compute/v2.1/servers/ec3d4093-a7e6-4cbd-8c59-2c7cc0f767dc => generated 1272 bytes in 378 msecs (HTTP/1.1 200) 9 headers in 358 bytes (2 switches on core 0)
Aug 17 22:11:24.348548 dv-cinder-790535-8-smb devstack@n-api.service[108256]: DEBUG nova.policy [None req-b5ce912b-f16e-4548-97f9-2ff7e0fb4d43 tempest-ServerRescueNegativeTestJSON-158644222 tempest-ServerRescueNegativeTestJSON-158644222-project] Policy check for os_compute_api:os-extended-server-attributes failed with credentials {'is_admin': False, 'user_id': '2c89f91f87f94995969806990acbaae9', 'user_domain_id': 'default', 'system_scope': None, 'domain_id': None, 'project_id': '395d4362fe9e45098db6c4a2939b33e3', 'project_domain_id': 'default', 'roles': ['member', 'reader'], 'is_admin_project': True, 'service_user_id': None, 'service_user_domain_id': None, 'service_project_id': None, 'service_project_domain_id': None, 'service_roles': []} {{(pid=108256) authorize /opt/stack/nova/nova/policy.py:199}}
Aug 17 22:11:24.356574 dv-cinder-790535-8-smb devstack@n-api.service[108256]: INFO nova.api.openstack.requestlog [None req-b5ce912b-f16e-4548-97f9-2ff7e0fb4d43 tempest-ServerRescueNegativeTestJSON-158644222 tempest-ServerRescueNegativeTestJSON-158644222-project] 10.222.0.38 "GET /compute/v2.1/servers/9109504e-6ecd-4937-90d5-b620160dcca0" status: 200 len: 1222 microversion: 2.1 time: 0.424624
Aug 17 22:11:24.369379 dv-cinder-790535-8-smb devstack@n-api.service[108256]: [pid: 108256|app: 0|req: 12/36] 10.222.0.38 () {58 vars in 1236 bytes} [Tue Aug 17 22:11:23 2021] GET /compute/v2.1/servers/9109504e-6ecd-4937-90d5-b620160dcca0 => generated 1222 bytes in 438 msecs (HTTP/1.1 200) 9 headers in 358 bytes (1 switches on core 0)
Aug 17 22:11:25.116497 dv-cinder-790535-8-smb devstack@n-api.service[108256]: DEBUG nova.api.openstack.wsgi [None req-15baec1e-c7d0-4e7c-a821-e0866108bd51 tempest-ServerRescueNegativeTestJSON-158644222 tempest-ServerRescueNegativeTestJSON-158644222-project] Action: 'create', calling method: >, body: {"server": {"name": "tempest-ServerRescueNegativeTestJSON-server-2022108919", "imageRef": "fa2aaa9d-48a1-4293-b36b-d86bdc25b4a2", "flavorRef": "452", "adminPass": "***", "networks": [{"uuid": "4e7bd946-82d1-418a-92f2-4141b008b8ca"}]}} {{(pid=108256) _process_stack /opt/stack/nova/nova/api/openstack/wsgi.py:511}}
Aug 17 22:11:25.117561 dv-cinder-790535-8-smb devstack@n-api.service[108257]: DEBUG nova.api.openstack.wsgi [None req-c52e1ef9-b737-42a7-af0f-9c3555842404 tempest-DeleteServersTestJSON-1940933714 tempest-DeleteServersTestJSON-1940933714-project] Calling method '>' {{(pid=108257) _process_stack /opt/stack/nova/nova/api/openstack/wsgi.py:513}}
Aug 17 22:11:25.118823 dv-cinder-790535-8-smb devstack@n-api.service[108257]: DEBUG nova.compute.api [None req-c52e1ef9-b737-42a7-af0f-9c3555842404 tempest-DeleteServersTestJSON-1940933714 tempest-DeleteServersTestJSON-1940933714-project] [instance: ec3d4093-a7e6-4cbd-8c59-2c7cc0f767dc] Fetching instance by UUID {{(pid=108257) get /opt/stack/nova/nova/compute/api.py:2791}}
Aug 17 22:11:25.143748 dv-cinder-790535-8-smb devstack@n-api.service[108257]: DEBUG oslo_concurrency.lockutils [None req-c52e1ef9-b737-42a7-af0f-9c3555842404 tempest-DeleteServersTestJSON-1940933714 tempest-DeleteServersTestJSON-1940933714-project] Lock "2bebad8f-98c5-4f60-b342-fc4173f2ba3f" acquired by "nova.context.set_target_cell..get_or_set_cached_cell_and_set_connections" :: waited 0.000s {{(pid=108257) inner /usr/local/lib/python3.8/dist-packages/oslo_concurrency/lockutils.py:355}}
Aug 17 22:11:25.148355 dv-cinder-790535-8-smb devstack@n-api.service[108257]: DEBUG oslo_concurrency.lockutils [None req-c52e1ef9-b737-42a7-af0f-9c3555842404 tempest-DeleteServersTestJSON-1940933714 tempest-DeleteServersTestJSON-1940933714-project] Lock "2bebad8f-98c5-4f60-b342-fc4173f2ba3f" released by "nova.context.set_target_cell..get_or_set_cached_cell_and_set_connections" :: held 0.001s {{(pid=108257) inner /usr/local/lib/python3.8/dist-packages/oslo_concurrency/lockutils.py:367}}
Aug 17 22:11:25.155628 dv-cinder-790535-8-smb devstack@n-api.service[108257]: DEBUG oslo_concurrency.lockutils [None req-c52e1ef9-b737-42a7-af0f-9c3555842404 tempest-DeleteServersTestJSON-1940933714 tempest-DeleteServersTestJSON-1940933714-project] Lock "2bebad8f-98c5-4f60-b342-fc4173f2ba3f" acquired by "nova.context.set_target_cell..get_or_set_cached_cell_and_set_connections" :: waited 0.000s {{(pid=108257) inner /usr/local/lib/python3.8/dist-packages/oslo_concurrency/lockutils.py:355}}
Aug 17 22:11:25.157292 dv-cinder-790535-8-smb devstack@n-api.service[108257]: DEBUG oslo_concurrency.lockutils [None req-c52e1ef9-b737-42a7-af0f-9c3555842404 tempest-DeleteServersTestJSON-1940933714 tempest-DeleteServersTestJSON-1940933714-project] Lock "2bebad8f-98c5-4f60-b342-fc4173f2ba3f" released by "nova.context.set_target_cell..get_or_set_cached_cell_and_set_connections" :: held 0.002s {{(pid=108257) inner /usr/local/lib/python3.8/dist-packages/oslo_concurrency/lockutils.py:367}}
Aug 17 22:11:25.265473 dv-cinder-790535-8-smb devstack@n-api.service[108256]: DEBUG nova.network.neutron [None req-15baec1e-c7d0-4e7c-a821-e0866108bd51 tempest-ServerRescueNegativeTestJSON-158644222 tempest-ServerRescueNegativeTestJSON-158644222-project] validate_networks() for [('4e7bd946-82d1-418a-92f2-4141b008b8ca', None, None, None)] {{(pid=108256) validate_networks /opt/stack/nova/nova/network/neutron.py:2255}}
Aug 17 22:11:25.553497 dv-cinder-790535-8-smb devstack@n-api.service[108257]: DEBUG nova.policy [None req-c52e1ef9-b737-42a7-af0f-9c3555842404 tempest-DeleteServersTestJSON-1940933714 tempest-DeleteServersTestJSON-1940933714-project] Policy check for os_compute_api:os-extended-server-attributes failed with credentials {'is_admin': False, 'user_id': 'fd81aa05a59f480883f90938a601d3e0', 'user_domain_id': 'default', 'system_scope': None, 'domain_id': None, 'project_id': '85b640ef588a406ea9e03725fc106a81', 'project_domain_id': 'default', 'roles': ['member', 'reader'], 'is_admin_project': True, 'service_user_id': None, 'service_user_domain_id': None, 'service_project_id': None, 'service_project_domain_id': None, 'service_roles': []} {{(pid=108257) authorize /opt/stack/nova/nova/policy.py:199}}
Aug 17 22:11:25.573822 dv-cinder-790535-8-smb devstack@n-api.service[108257]: INFO nova.api.openstack.requestlog [None req-c52e1ef9-b737-42a7-af0f-9c3555842404 tempest-DeleteServersTestJSON-1940933714 tempest-DeleteServersTestJSON-1940933714-project] 10.222.0.38 "GET /compute/v2.1/servers/ec3d4093-a7e6-4cbd-8c59-2c7cc0f767dc" status: 200 len: 1272 microversion: 2.1 time: 0.474091
Aug 17 22:11:25.574891 dv-cinder-790535-8-smb devstack@n-api.service[108257]: [pid: 108257|app: 0|req: 25/37] 10.222.0.38 () {58 vars in 1236 bytes} [Tue Aug 17 22:11:25 2021] GET /compute/v2.1/servers/ec3d4093-a7e6-4cbd-8c59-2c7cc0f767dc => generated 1272 bytes in 476 msecs (HTTP/1.1 200) 9 headers in 358 bytes (1 switches on core 0)
Aug 17 22:11:26.591771 dv-cinder-790535-8-smb devstack@n-api.service[108257]: DEBUG nova.api.openstack.wsgi [None req-2ecb61c2-3255-4466-9741-23a87ead4cda tempest-DeleteServersTestJSON-1940933714 tempest-DeleteServersTestJSON-1940933714-project] Calling method '>' {{(pid=108257) _process_stack /opt/stack/nova/nova/api/openstack/wsgi.py:513}}
Aug 17 22:11:26.593691 dv-cinder-790535-8-smb devstack@n-api.service[108257]: DEBUG nova.compute.api [None req-2ecb61c2-3255-4466-9741-23a87ead4cda tempest-DeleteServersTestJSON-1940933714 tempest-DeleteServersTestJSON-1940933714-project] [instance: ec3d4093-a7e6-4cbd-8c59-2c7cc0f767dc] Fetching instance by UUID {{(pid=108257) get /opt/stack/nova/nova/compute/api.py:2791}}
Aug 17 22:11:26.601952 dv-cinder-790535-8-smb devstack@n-api.service[108257]: DEBUG oslo_concurrency.lockutils [None req-2ecb61c2-3255-4466-9741-23a87ead4cda tempest-DeleteServersTestJSON-1940933714 tempest-DeleteServersTestJSON-1940933714-project] Lock "2bebad8f-98c5-4f60-b342-fc4173f2ba3f" acquired by "nova.context.set_target_cell..get_or_set_cached_cell_and_set_connections" :: waited 0.000s {{(pid=108257) inner /usr/local/lib/python3.8/dist-packages/oslo_concurrency/lockutils.py:355}}
Aug 17 22:11:26.602400 dv-cinder-790535-8-smb devstack@n-api.service[108257]: DEBUG oslo_concurrency.lockutils [None req-2ecb61c2-3255-4466-9741-23a87ead4cda tempest-DeleteServersTestJSON-1940933714 tempest-DeleteServersTestJSON-1940933714-project] Lock "2bebad8f-98c5-4f60-b342-fc4173f2ba3f" released by "nova.context.set_target_cell..get_or_set_cached_cell_and_set_connections" :: held 0.001s {{(pid=108257) inner /usr/local/lib/python3.8/dist-packages/oslo_concurrency/lockutils.py:367}}
Aug 17 22:11:26.603209 dv-cinder-790535-8-smb devstack@n-api.service[108257]: DEBUG oslo_concurrency.lockutils [None req-2ecb61c2-3255-4466-9741-23a87ead4cda tempest-DeleteServersTestJSON-1940933714 tempest-DeleteServersTestJSON-1940933714-project] Lock "2bebad8f-98c5-4f60-b342-fc4173f2ba3f" acquired by "nova.context.set_target_cell..get_or_set_cached_cell_and_set_connections" :: waited 0.000s {{(pid=108257) inner /usr/local/lib/python3.8/dist-packages/oslo_concurrency/lockutils.py:355}}
Aug 17 22:11:26.603638 dv-cinder-790535-8-smb devstack@n-api.service[108257]: DEBUG oslo_concurrency.lockutils [None req-2ecb61c2-3255-4466-9741-23a87ead4cda tempest-DeleteServersTestJSON-1940933714 tempest-DeleteServersTestJSON-1940933714-project] Lock "2bebad8f-98c5-4f60-b342-fc4173f2ba3f" released by "nova.context.set_target_cell..get_or_set_cached_cell_and_set_connections" :: held 0.000s {{(pid=108257) inner /usr/local/lib/python3.8/dist-packages/oslo_concurrency/lockutils.py:367}}
Aug 17 22:11:27.415199 dv-cinder-790535-8-smb devstack@n-api.service[108257]: DEBUG nova.policy [None req-2ecb61c2-3255-4466-9741-23a87ead4cda tempest-DeleteServersTestJSON-1940933714 tempest-DeleteServersTestJSON-1940933714-project] Policy check for os_compute_api:os-extended-server-attributes failed with credentials {'is_admin': False, 'user_id': 'fd81aa05a59f480883f90938a601d3e0', 'user_domain_id': 'default', 'system_scope': None, 'domain_id': None, 'project_id': '85b640ef588a406ea9e03725fc106a81', 'project_domain_id': 'default', 'roles': ['member', 'reader'], 'is_admin_project': True, 'service_user_id': None, 'service_user_domain_id': None, 'service_project_id': None, 'service_project_domain_id': None, 'service_roles': []} {{(pid=108257) authorize /opt/stack/nova/nova/policy.py:199}}
Aug 17 22:11:27.415199 dv-cinder-790535-8-smb devstack@n-api.service[108257]: INFO nova.api.openstack.requestlog [None req-2ecb61c2-3255-4466-9741-23a87ead4cda tempest-DeleteServersTestJSON-1940933714 tempest-DeleteServersTestJSON-1940933714-project] 10.222.0.38 "GET /compute/v2.1/servers/ec3d4093-a7e6-4cbd-8c59-2c7cc0f767dc" status: 200 len: 1314 microversion: 2.1 time: 0.814204
Aug 17 22:11:27.415199 dv-cinder-790535-8-smb devstack@n-api.service[108257]: [pid: 108257|app: 0|req: 26/38] 10.222.0.38 () {58 vars in 1236 bytes} [Tue Aug 17 22:11:26 2021] GET /compute/v2.1/servers/ec3d4093-a7e6-4cbd-8c59-2c7cc0f767dc => generated 1314 bytes in 815 msecs (HTTP/1.1 200) 9 headers in 358 bytes (2 switches on core 0)
Aug 17 22:11:27.685579 dv-cinder-790535-8-smb devstack@n-api.service[108256]: DEBUG nova.virt.hardware [None req-15baec1e-c7d0-4e7c-a821-e0866108bd51 tempest-ServerRescueNegativeTestJSON-158644222 tempest-ServerRescueNegativeTestJSON-158644222-project] Flavor limits 0:0:0 {{(pid=108256) get_cpu_topology_constraints /opt/stack/nova/nova/virt/hardware.py:343}}
Aug 17 22:11:27.686171 dv-cinder-790535-8-smb devstack@n-api.service[108256]: DEBUG nova.virt.hardware [None req-15baec1e-c7d0-4e7c-a821-e0866108bd51 tempest-ServerRescueNegativeTestJSON-158644222 tempest-ServerRescueNegativeTestJSON-158644222-project] Image limits 0:0:0 {{(pid=108256) get_cpu_topology_constraints /opt/stack/nova/nova/virt/hardware.py:347}}
Aug 17 22:11:27.686684 dv-cinder-790535-8-smb devstack@n-api.service[108256]: DEBUG nova.virt.hardware [None req-15baec1e-c7d0-4e7c-a821-e0866108bd51 tempest-ServerRescueNegativeTestJSON-158644222 tempest-ServerRescueNegativeTestJSON-158644222-project] Flavor pref 0:0:0 {{(pid=108256) get_cpu_topology_constraints /opt/stack/nova/nova/virt/hardware.py:383}}
Aug 17 22:11:27.687101 dv-cinder-790535-8-smb devstack@n-api.service[108256]: DEBUG nova.virt.hardware [None req-15baec1e-c7d0-4e7c-a821-e0866108bd51 tempest-ServerRescueNegativeTestJSON-158644222 tempest-ServerRescueNegativeTestJSON-158644222-project] Image pref 0:0:0 {{(pid=108256) get_cpu_topology_constraints /opt/stack/nova/nova/virt/hardware.py:387}}
Aug 17 22:11:27.687517 dv-cinder-790535-8-smb devstack@n-api.service[108256]: DEBUG nova.virt.hardware [None req-15baec1e-c7d0-4e7c-a821-e0866108bd51 tempest-ServerRescueNegativeTestJSON-158644222 tempest-ServerRescueNegativeTestJSON-158644222-project] Chose sockets=0, cores=0, threads=0; limits were sockets=65536, cores=65536, threads=65536 {{(pid=108256) get_cpu_topology_constraints /opt/stack/nova/nova/virt/hardware.py:425}}
Aug 17 22:11:27.711795 dv-cinder-790535-8-smb devstack@n-api.service[108256]: DEBUG oslo_concurrency.lockutils [None req-15baec1e-c7d0-4e7c-a821-e0866108bd51 tempest-ServerRescueNegativeTestJSON-158644222 tempest-ServerRescueNegativeTestJSON-158644222-project] Lock "00000000-0000-0000-0000-000000000000" acquired by "nova.context.set_target_cell..get_or_set_cached_cell_and_set_connections" :: waited 0.000s {{(pid=108256) inner /usr/local/lib/python3.8/dist-packages/oslo_concurrency/lockutils.py:355}}
Aug 17 22:11:27.712247 dv-cinder-790535-8-smb devstack@n-api.service[108256]: DEBUG oslo_concurrency.lockutils [None req-15baec1e-c7d0-4e7c-a821-e0866108bd51 tempest-ServerRescueNegativeTestJSON-158644222 tempest-ServerRescueNegativeTestJSON-158644222-project] Lock "00000000-0000-0000-0000-000000000000" released by "nova.context.set_target_cell..get_or_set_cached_cell_and_set_connections" :: held 0.001s {{(pid=108256) inner /usr/local/lib/python3.8/dist-packages/oslo_concurrency/lockutils.py:367}}
Aug 17 22:11:27.713087 dv-cinder-790535-8-smb devstack@n-api.service[108256]: DEBUG oslo_concurrency.lockutils [None req-15baec1e-c7d0-4e7c-a821-e0866108bd51 tempest-ServerRescueNegativeTestJSON-158644222 tempest-ServerRescueNegativeTestJSON-158644222-project] Lock "2bebad8f-98c5-4f60-b342-fc4173f2ba3f" acquired by "nova.context.set_target_cell..get_or_set_cached_cell_and_set_connections" :: waited 0.000s {{(pid=108256) inner /usr/local/lib/python3.8/dist-packages/oslo_concurrency/lockutils.py:355}}
Aug 17 22:11:27.713523 dv-cinder-790535-8-smb devstack@n-api.service[108256]: DEBUG oslo_concurrency.lockutils [None req-15baec1e-c7d0-4e7c-a821-e0866108bd51 tempest-ServerRescueNegativeTestJSON-158644222 tempest-ServerRescueNegativeTestJSON-158644222-project] Lock "2bebad8f-98c5-4f60-b342-fc4173f2ba3f" released by "nova.context.set_target_cell..get_or_set_cached_cell_and_set_connections" :: held 0.000s {{(pid=108256) inner /usr/local/lib/python3.8/dist-packages/oslo_concurrency/lockutils.py:367}}
Aug 17 22:11:27.794413 dv-cinder-790535-8-smb devstack@n-api.service[108256]: DEBUG nova.quota [None req-15baec1e-c7d0-4e7c-a821-e0866108bd51 tempest-ServerRescueNegativeTestJSON-158644222 tempest-ServerRescueNegativeTestJSON-158644222-project] Getting quotas for project 395d4362fe9e45098db6c4a2939b33e3. Resources: {'instances', 'cores', 'ram'} {{(pid=108256) _get_quotas /opt/stack/nova/nova/quota.py:384}}
Aug 17 22:11:27.812622 dv-cinder-790535-8-smb devstack@n-api.service[108256]: DEBUG nova.quota [None req-15baec1e-c7d0-4e7c-a821-e0866108bd51 tempest-ServerRescueNegativeTestJSON-158644222 tempest-ServerRescueNegativeTestJSON-158644222-project] Getting quotas for user 2c89f91f87f94995969806990acbaae9 and project 395d4362fe9e45098db6c4a2939b33e3. Resources: {'instances', 'cores', 'ram'} {{(pid=108256) _get_quotas /opt/stack/nova/nova/quota.py:374}}
Aug 17 22:11:27.862855 dv-cinder-790535-8-smb devstack@n-api.service[108256]: DEBUG nova.compute.api [None req-15baec1e-c7d0-4e7c-a821-e0866108bd51 tempest-ServerRescueNegativeTestJSON-158644222 tempest-ServerRescueNegativeTestJSON-158644222-project] Going to run 1 instances... {{(pid=108256) _provision_instances /opt/stack/nova/nova/compute/api.py:1280}}
Aug 17 22:11:27.872734 dv-cinder-790535-8-smb devstack@n-api.service[108256]: DEBUG nova.compute.api [None req-15baec1e-c7d0-4e7c-a821-e0866108bd51 tempest-ServerRescueNegativeTestJSON-158644222 tempest-ServerRescueNegativeTestJSON-158644222-project] [instance: f13fe092-99be-4b7f-b0a9-62565409da4b] block_device_mapping [BlockDeviceMapping(attachment_id=,boot_index=0,connection_info=None,created_at=,delete_on_termination=True,deleted=,deleted_at=,destination_type='local',device_name=None,device_type='disk',disk_bus=None,guest_format=None,id=,image_id='fa2aaa9d-48a1-4293-b36b-d86bdc25b4a2',instance=,instance_uuid=,no_device=False,snapshot_id=None,source_type='image',tag=None,updated_at=,uuid=,volume_id=None,volume_size=None,volume_type=None)] {{(pid=108256) _bdm_validate_set_size_and_instance /opt/stack/nova/nova/compute/api.py:1685}}
Aug 17 22:11:27.999290 dv-cinder-790535-8-smb devstack@n-api.service[108256]: INFO nova.api.openstack.requestlog [None req-15baec1e-c7d0-4e7c-a821-e0866108bd51 tempest-ServerRescueNegativeTestJSON-158644222 tempest-ServerRescueNegativeTestJSON-158644222-project] 10.222.0.38 "POST /compute/v2.1/servers" status: 202 len: 383 microversion: 2.1 time: 2.898513
Aug 17 22:11:28.011418 dv-cinder-790535-8-smb devstack@n-api.service[108256]: [pid: 108256|app: 0|req: 13/39] 10.222.0.38 () {60 vars in 1147 bytes} [Tue Aug 17 22:11:25 2021] POST /compute/v2.1/servers => generated 383 bytes in 2912 msecs (HTTP/1.1 202) 10 headers in 451 bytes (1 switches on core 0)
Aug 17 22:11:28.026627 dv-cinder-790535-8-smb devstack@n-api.service[108256]: DEBUG nova.api.openstack.wsgi [None req-3e46ef35-b9c5-48b9-bf83-e08d3f37a882 tempest-ServerRescueNegativeTestJSON-158644222 tempest-ServerRescueNegativeTestJSON-158644222-project] Calling method '>' {{(pid=108256) _process_stack /opt/stack/nova/nova/api/openstack/wsgi.py:513}}
Aug 17 22:11:28.059452 dv-cinder-790535-8-smb devstack@n-api.service[108256]: DEBUG nova.compute.api [None req-3e46ef35-b9c5-48b9-bf83-e08d3f37a882 tempest-ServerRescueNegativeTestJSON-158644222 tempest-ServerRescueNegativeTestJSON-158644222-project] [instance: f13fe092-99be-4b7f-b0a9-62565409da4b] Fetching instance by UUID {{(pid=108256) get /opt/stack/nova/nova/compute/api.py:2791}}
Aug 17 22:11:28.220151 dv-cinder-790535-8-smb devstack@n-api.service[108256]: DEBUG nova.policy [None req-3e46ef35-b9c5-48b9-bf83-e08d3f37a882 tempest-ServerRescueNegativeTestJSON-158644222 tempest-ServerRescueNegativeTestJSON-158644222-project] Policy check for os_compute_api:os-extended-server-attributes failed with credentials {'is_admin': False, 'user_id': '2c89f91f87f94995969806990acbaae9', 'user_domain_id': 'default', 'system_scope': None, 'domain_id': None, 'project_id': '395d4362fe9e45098db6c4a2939b33e3', 'project_domain_id': 'default', 'roles': ['member', 'reader'], 'is_admin_project': True, 'service_user_id': None, 'service_user_domain_id': None, 'service_project_id': None, 'service_project_domain_id': None, 'service_roles': []} {{(pid=108256) authorize /opt/stack/nova/nova/policy.py:199}}
Aug 17 22:11:28.243722 dv-cinder-790535-8-smb devstack@n-api.service[108256]: INFO nova.api.openstack.requestlog [None req-3e46ef35-b9c5-48b9-bf83-e08d3f37a882 tempest-ServerRescueNegativeTestJSON-158644222 tempest-ServerRescueNegativeTestJSON-158644222-project] 10.222.0.38 "GET /compute/v2.1/servers/f13fe092-99be-4b7f-b0a9-62565409da4b" status: 200 len: 1222 microversion: 2.1 time: 0.215461
Aug 17 22:11:28.244407 dv-cinder-790535-8-smb devstack@n-api.service[108256]: [pid: 108256|app: 0|req: 14/40] 10.222.0.38 () {58 vars in 1236 bytes} [Tue Aug 17 22:11:28 2021] GET /compute/v2.1/servers/f13fe092-99be-4b7f-b0a9-62565409da4b => generated 1222 bytes in 222 msecs (HTTP/1.1 200) 9 headers in 358 bytes (1 switches on core 0)
Aug 17 22:11:28.421096 dv-cinder-790535-8-smb devstack@n-api.service[108256]: DEBUG nova.api.openstack.wsgi [None req-9b907c9b-e21e-4209-93ae-e07a216e78d9 tempest-DeleteServersTestJSON-1940933714 tempest-DeleteServersTestJSON-1940933714-project] Calling method '>' {{(pid=108256) _process_stack /opt/stack/nova/nova/api/openstack/wsgi.py:513}}
Aug 17 22:11:28.421714 dv-cinder-790535-8-smb devstack@n-api.service[108256]: DEBUG nova.compute.api [None req-9b907c9b-e21e-4209-93ae-e07a216e78d9 tempest-DeleteServersTestJSON-1940933714 tempest-DeleteServersTestJSON-1940933714-project] [instance: ec3d4093-a7e6-4cbd-8c59-2c7cc0f767dc] Fetching instance by UUID {{(pid=108256) get /opt/stack/nova/nova/compute/api.py:2791}}
Aug 17 22:11:28.447326 dv-cinder-790535-8-smb devstack@n-api.service[108256]: DEBUG oslo_concurrency.lockutils [None req-9b907c9b-e21e-4209-93ae-e07a216e78d9 tempest-DeleteServersTestJSON-1940933714 tempest-DeleteServersTestJSON-1940933714-project] Lock "2bebad8f-98c5-4f60-b342-fc4173f2ba3f" acquired by "nova.context.set_target_cell..get_or_set_cached_cell_and_set_connections" :: waited 0.000s {{(pid=108256) inner /usr/local/lib/python3.8/dist-packages/oslo_concurrency/lockutils.py:355}}
Aug 17 22:11:28.447793 dv-cinder-790535-8-smb devstack@n-api.service[108256]: DEBUG oslo_concurrency.lockutils [None req-9b907c9b-e21e-4209-93ae-e07a216e78d9 tempest-DeleteServersTestJSON-1940933714 tempest-DeleteServersTestJSON-1940933714-project] Lock "2bebad8f-98c5-4f60-b342-fc4173f2ba3f" released by "nova.context.set_target_cell..get_or_set_cached_cell_and_set_connections" :: held 0.001s {{(pid=108256) inner /usr/local/lib/python3.8/dist-packages/oslo_concurrency/lockutils.py:367}}
Aug 17 22:11:28.448584 dv-cinder-790535-8-smb devstack@n-api.service[108256]: DEBUG oslo_concurrency.lockutils [None req-9b907c9b-e21e-4209-93ae-e07a216e78d9 tempest-DeleteServersTestJSON-1940933714 tempest-DeleteServersTestJSON-1940933714-project] Lock "2bebad8f-98c5-4f60-b342-fc4173f2ba3f" acquired by "nova.context.set_target_cell..get_or_set_cached_cell_and_set_connections" :: waited 0.000s {{(pid=108256) inner /usr/local/lib/python3.8/dist-packages/oslo_concurrency/lockutils.py:355}}
Aug 17 22:11:28.466382 dv-cinder-790535-8-smb devstack@n-api.service[108256]: DEBUG oslo_concurrency.lockutils [None req-9b907c9b-e21e-4209-93ae-e07a216e78d9 tempest-DeleteServersTestJSON-1940933714 tempest-DeleteServersTestJSON-1940933714-project] Lock "2bebad8f-98c5-4f60-b342-fc4173f2ba3f" released by "nova.context.set_target_cell..get_or_set_cached_cell_and_set_connections" :: held 0.000s {{(pid=108256) inner /usr/local/lib/python3.8/dist-packages/oslo_concurrency/lockutils.py:367}}
Aug 17 22:11:28.807756 dv-cinder-790535-8-smb devstack@n-api.service[108256]: DEBUG nova.policy [None req-9b907c9b-e21e-4209-93ae-e07a216e78d9 tempest-DeleteServersTestJSON-1940933714 tempest-DeleteServersTestJSON-1940933714-project] Policy check for os_compute_api:os-extended-server-attributes failed with credentials {'is_admin': False, 'user_id': 'fd81aa05a59f480883f90938a601d3e0', 'user_domain_id': 'default', 'system_scope': None, 'domain_id': None, 'project_id': '85b640ef588a406ea9e03725fc106a81', 'project_domain_id': 'default', 'roles': ['member', 'reader'], 'is_admin_project': True, 'service_user_id': None, 'service_user_domain_id': None, 'service_project_id': None, 'service_project_domain_id': None, 'service_roles': []} {{(pid=108256) authorize /opt/stack/nova/nova/policy.py:199}}
Aug 17 22:11:28.815806 dv-cinder-790535-8-smb devstack@n-api.service[108256]: INFO nova.api.openstack.requestlog [None req-9b907c9b-e21e-4209-93ae-e07a216e78d9 tempest-DeleteServersTestJSON-1940933714 tempest-DeleteServersTestJSON-1940933714-project] 10.222.0.38 "GET /compute/v2.1/servers/ec3d4093-a7e6-4cbd-8c59-2c7cc0f767dc" status: 200 len: 1314 microversion: 2.1 time: 0.398424
Aug 17 22:11:28.827079 dv-cinder-790535-8-smb devstack@n-api.service[108256]: [pid: 108256|app: 0|req: 15/41] 10.222.0.38 () {58 vars in 1236 bytes} [Tue Aug 17 22:11:28 2021] GET /compute/v2.1/servers/ec3d4093-a7e6-4cbd-8c59-2c7cc0f767dc => generated 1314 bytes in 410 msecs (HTTP/1.1 200) 9 headers in 358 bytes (1 switches on core 0)
Aug 17 22:11:28.885992 dv-cinder-790535-8-smb devstack@n-api.service[108257]: DEBUG nova.api.openstack.wsgi [None req-ec772dd9-b13c-419c-bb41-c693577bbebf tempest-AttachVolumeShelveTestJSON-211619456 tempest-AttachVolumeShelveTestJSON-211619456-project] Action: 'create', calling method: .version_select at 0x7f25013f7b80>, body: {"keypair": {"name": "tempest-keypair-695328406"}} {{(pid=108257) _process_stack /opt/stack/nova/nova/api/openstack/wsgi.py:511}}
Aug 17 22:11:29.061990 dv-cinder-790535-8-smb devstack@n-api.service[108257]: DEBUG nova.quota [None req-ec772dd9-b13c-419c-bb41-c693577bbebf tempest-AttachVolumeShelveTestJSON-211619456 tempest-AttachVolumeShelveTestJSON-211619456-project] Getting quotas for project fcd90a04972e44d1961a159709efbdd8. Resources: {'key_pairs'} {{(pid=108257) _get_quotas /opt/stack/nova/nova/quota.py:384}}
Aug 17 22:11:29.084683 dv-cinder-790535-8-smb devstack@n-api.service[108257]: DEBUG nova.quota [None req-ec772dd9-b13c-419c-bb41-c693577bbebf tempest-AttachVolumeShelveTestJSON-211619456 tempest-AttachVolumeShelveTestJSON-211619456-project] Getting quotas for user 5e39a4684730494d9ca9614c8d71aa7b and project fcd90a04972e44d1961a159709efbdd8. Resources: {'key_pairs'} {{(pid=108257) _get_quotas /opt/stack/nova/nova/quota.py:374}}
Aug 17 22:11:29.261439 dv-cinder-790535-8-smb devstack@n-api.service[108256]: DEBUG nova.api.openstack.wsgi [None req-4e26db17-4162-40db-b652-beb75094bbb4 tempest-ServerRescueNegativeTestJSON-158644222 tempest-ServerRescueNegativeTestJSON-158644222-project] Calling method '>' {{(pid=108256) _process_stack /opt/stack/nova/nova/api/openstack/wsgi.py:513}}
Aug 17 22:11:29.262218 dv-cinder-790535-8-smb devstack@n-api.service[108256]: DEBUG nova.compute.api [None req-4e26db17-4162-40db-b652-beb75094bbb4 tempest-ServerRescueNegativeTestJSON-158644222 tempest-ServerRescueNegativeTestJSON-158644222-project] [instance: f13fe092-99be-4b7f-b0a9-62565409da4b] Fetching instance by UUID {{(pid=108256) get /opt/stack/nova/nova/compute/api.py:2791}}
Aug 17 22:11:29.277595 dv-cinder-790535-8-smb devstack@n-api.service[108256]: DEBUG oslo_concurrency.lockutils [None req-4e26db17-4162-40db-b652-beb75094bbb4 tempest-ServerRescueNegativeTestJSON-158644222 tempest-ServerRescueNegativeTestJSON-158644222-project] Lock "2bebad8f-98c5-4f60-b342-fc4173f2ba3f" acquired by "nova.context.set_target_cell..get_or_set_cached_cell_and_set_connections" :: waited 0.000s {{(pid=108256) inner /usr/local/lib/python3.8/dist-packages/oslo_concurrency/lockutils.py:355}}
Aug 17 22:11:29.279503 dv-cinder-790535-8-smb devstack@n-api.service[108256]: DEBUG oslo_concurrency.lockutils [None req-4e26db17-4162-40db-b652-beb75094bbb4 tempest-ServerRescueNegativeTestJSON-158644222 tempest-ServerRescueNegativeTestJSON-158644222-project] Lock "2bebad8f-98c5-4f60-b342-fc4173f2ba3f" released by "nova.context.set_target_cell..get_or_set_cached_cell_and_set_connections" :: held 0.002s {{(pid=108256) inner /usr/local/lib/python3.8/dist-packages/oslo_concurrency/lockutils.py:367}}
Aug 17 22:11:29.280475 dv-cinder-790535-8-smb devstack@n-api.service[108256]: DEBUG oslo_concurrency.lockutils [None req-4e26db17-4162-40db-b652-beb75094bbb4 tempest-ServerRescueNegativeTestJSON-158644222 tempest-ServerRescueNegativeTestJSON-158644222-project] Lock "2bebad8f-98c5-4f60-b342-fc4173f2ba3f" acquired by "nova.context.set_target_cell..get_or_set_cached_cell_and_set_connections" :: waited 0.000s {{(pid=108256) inner /usr/local/lib/python3.8/dist-packages/oslo_concurrency/lockutils.py:355}}
Aug 17 22:11:29.282340 dv-cinder-790535-8-smb devstack@n-api.service[108256]: DEBUG oslo_concurrency.lockutils [None req-4e26db17-4162-40db-b652-beb75094bbb4 tempest-ServerRescueNegativeTestJSON-158644222 tempest-ServerRescueNegativeTestJSON-158644222-project] Lock "2bebad8f-98c5-4f60-b342-fc4173f2ba3f" released by "nova.context.set_target_cell..get_or_set_cached_cell_and_set_connections" :: held 0.002s {{(pid=108256) inner /usr/local/lib/python3.8/dist-packages/oslo_concurrency/lockutils.py:367}}
Aug 17 22:11:29.599350 dv-cinder-790535-8-smb devstack@n-api.service[108256]: DEBUG nova.policy [None req-4e26db17-4162-40db-b652-beb75094bbb4 tempest-ServerRescueNegativeTestJSON-158644222 tempest-ServerRescueNegativeTestJSON-158644222-project] Policy check for os_compute_api:os-extended-server-attributes failed with credentials {'is_admin': False, 'user_id': '2c89f91f87f94995969806990acbaae9', 'user_domain_id': 'default', 'system_scope': None, 'domain_id': None, 'project_id': '395d4362fe9e45098db6c4a2939b33e3', 'project_domain_id': 'default', 'roles': ['member', 'reader'], 'is_admin_project': True, 'service_user_id': None, 'service_user_domain_id': None, 'service_project_id': None, 'service_project_domain_id': None, 'service_roles': []} {{(pid=108256) authorize /opt/stack/nova/nova/policy.py:199}}
Aug 17 22:11:29.613171 dv-cinder-790535-8-smb devstack@n-api.service[108256]: INFO nova.api.openstack.requestlog [None req-4e26db17-4162-40db-b652-beb75094bbb4 tempest-ServerRescueNegativeTestJSON-158644222 tempest-ServerRescueNegativeTestJSON-158644222-project] 10.222.0.38 "GET /compute/v2.1/servers/f13fe092-99be-4b7f-b0a9-62565409da4b" status: 200 len: 1226 microversion: 2.1 time: 0.355660
Aug 17 22:11:29.620885 dv-cinder-790535-8-smb devstack@n-api.service[108256]: [pid: 108256|app: 0|req: 16/42] 10.222.0.38 () {58 vars in 1236 bytes} [Tue Aug 17 22:11:29 2021] GET /compute/v2.1/servers/f13fe092-99be-4b7f-b0a9-62565409da4b => generated 1226 bytes in 364 msecs (HTTP/1.1 200) 9 headers in 358 bytes (1 switches on core 0)
Aug 17 22:11:29.815144 dv-cinder-790535-8-smb devstack@n-api.service[108257]: DEBUG nova.quota [None req-ec772dd9-b13c-419c-bb41-c693577bbebf tempest-AttachVolumeShelveTestJSON-211619456 tempest-AttachVolumeShelveTestJSON-211619456-project] Getting quotas for project fcd90a04972e44d1961a159709efbdd8. Resources: {'key_pairs'} {{(pid=108257) _get_quotas /opt/stack/nova/nova/quota.py:384}}
Aug 17 22:11:29.823947 dv-cinder-790535-8-smb devstack@n-api.service[108257]: DEBUG nova.quota [None req-ec772dd9-b13c-419c-bb41-c693577bbebf tempest-AttachVolumeShelveTestJSON-211619456 tempest-AttachVolumeShelveTestJSON-211619456-project] Getting quotas for user 5e39a4684730494d9ca9614c8d71aa7b and project fcd90a04972e44d1961a159709efbdd8. Resources: {'key_pairs'} {{(pid=108257) _get_quotas /opt/stack/nova/nova/quota.py:374}}
Aug 17 22:11:29.840249 dv-cinder-790535-8-smb devstack@n-api.service[108256]: DEBUG nova.api.openstack.wsgi [None req-2d2d46c6-0b72-40bb-99d4-7d40c68657f3 tempest-DeleteServersTestJSON-1940933714 tempest-DeleteServersTestJSON-1940933714-project] Calling method '>' {{(pid=108256) _process_stack /opt/stack/nova/nova/api/openstack/wsgi.py:513}}
Aug 17 22:11:29.840887 dv-cinder-790535-8-smb devstack@n-api.service[108256]: DEBUG nova.compute.api [None req-2d2d46c6-0b72-40bb-99d4-7d40c68657f3 tempest-DeleteServersTestJSON-1940933714 tempest-DeleteServersTestJSON-1940933714-project] [instance: ec3d4093-a7e6-4cbd-8c59-2c7cc0f767dc] Fetching instance by UUID {{(pid=108256) get /opt/stack/nova/nova/compute/api.py:2791}}
Aug 17 22:11:29.852063 dv-cinder-790535-8-smb devstack@n-api.service[108257]: INFO nova.api.openstack.requestlog [None req-ec772dd9-b13c-419c-bb41-c693577bbebf tempest-AttachVolumeShelveTestJSON-211619456 tempest-AttachVolumeShelveTestJSON-211619456-project] 10.222.0.38 "POST /compute/v2.1/os-keypairs" status: 201 len: 2319 microversion: 2.20 time: 2.248363
Aug 17 22:11:29.854096 dv-cinder-790535-8-smb devstack@n-api.service[108257]: [pid: 108257|app: 0|req: 27/43] 10.222.0.38 () {62 vars in 1199 bytes} [Tue Aug 17 22:11:27 2021] POST /compute/v2.1/os-keypairs => generated 2319 bytes in 2251 msecs (HTTP/1.1 201) 9 headers in 365 bytes (2 switches on core 0)
Aug 17 22:11:29.866816 dv-cinder-790535-8-smb devstack@n-api.service[108256]: DEBUG oslo_concurrency.lockutils [None req-2d2d46c6-0b72-40bb-99d4-7d40c68657f3 tempest-DeleteServersTestJSON-1940933714 tempest-DeleteServersTestJSON-1940933714-project] Lock "2bebad8f-98c5-4f60-b342-fc4173f2ba3f" acquired by "nova.context.set_target_cell..get_or_set_cached_cell_and_set_connections" :: waited 0.000s {{(pid=108256) inner /usr/local/lib/python3.8/dist-packages/oslo_concurrency/lockutils.py:355}}
Aug 17 22:11:29.867445 dv-cinder-790535-8-smb devstack@n-api.service[108256]: DEBUG oslo_concurrency.lockutils [None req-2d2d46c6-0b72-40bb-99d4-7d40c68657f3 tempest-DeleteServersTestJSON-1940933714 tempest-DeleteServersTestJSON-1940933714-project] Lock "2bebad8f-98c5-4f60-b342-fc4173f2ba3f" released by "nova.context.set_target_cell..get_or_set_cached_cell_and_set_connections" :: held 0.001s {{(pid=108256) inner /usr/local/lib/python3.8/dist-packages/oslo_concurrency/lockutils.py:367}}
Aug 17 22:11:29.870418 dv-cinder-790535-8-smb devstack@n-api.service[108256]: DEBUG oslo_concurrency.lockutils [None req-2d2d46c6-0b72-40bb-99d4-7d40c68657f3 tempest-DeleteServersTestJSON-1940933714 tempest-DeleteServersTestJSON-1940933714-project] Lock "2bebad8f-98c5-4f60-b342-fc4173f2ba3f" acquired by "nova.context.set_target_cell..get_or_set_cached_cell_and_set_connections" :: waited 0.000s {{(pid=108256) inner /usr/local/lib/python3.8/dist-packages/oslo_concurrency/lockutils.py:355}}
Aug 17 22:11:29.871010 dv-cinder-790535-8-smb devstack@n-api.service[108256]: DEBUG oslo_concurrency.lockutils [None req-2d2d46c6-0b72-40bb-99d4-7d40c68657f3 tempest-DeleteServersTestJSON-1940933714 tempest-DeleteServersTestJSON-1940933714-project] Lock "2bebad8f-98c5-4f60-b342-fc4173f2ba3f" released by "nova.context.set_target_cell..get_or_set_cached_cell_and_set_connections" :: held 0.001s {{(pid=108256) inner /usr/local/lib/python3.8/dist-packages/oslo_concurrency/lockutils.py:367}}
Aug 17 22:11:30.636679 dv-cinder-790535-8-smb devstack@n-api.service[108257]: DEBUG nova.api.openstack.wsgi [None req-56bebfbc-fbd3-4ce6-9394-0f2d2fdfda46 tempest-ServerRescueNegativeTestJSON-158644222 tempest-ServerRescueNegativeTestJSON-158644222-project] Calling method '>' {{(pid=108257) _process_stack /opt/stack/nova/nova/api/openstack/wsgi.py:513}}
Aug 17 22:11:30.638123 dv-cinder-790535-8-smb devstack@n-api.service[108257]: DEBUG nova.compute.api [None req-56bebfbc-fbd3-4ce6-9394-0f2d2fdfda46 tempest-ServerRescueNegativeTestJSON-158644222 tempest-ServerRescueNegativeTestJSON-158644222-project] [instance: f13fe092-99be-4b7f-b0a9-62565409da4b] Fetching instance by UUID {{(pid=108257) get /opt/stack/nova/nova/compute/api.py:2791}}
Aug 17 22:11:30.648939 dv-cinder-790535-8-smb devstack@n-api.service[108257]: DEBUG oslo_concurrency.lockutils [None req-56bebfbc-fbd3-4ce6-9394-0f2d2fdfda46 tempest-ServerRescueNegativeTestJSON-158644222 tempest-ServerRescueNegativeTestJSON-158644222-project] Lock "2bebad8f-98c5-4f60-b342-fc4173f2ba3f" acquired by "nova.context.set_target_cell..get_or_set_cached_cell_and_set_connections" :: waited 0.000s {{(pid=108257) inner /usr/local/lib/python3.8/dist-packages/oslo_concurrency/lockutils.py:355}}
Aug 17 22:11:30.654027 dv-cinder-790535-8-smb devstack@n-api.service[108257]: DEBUG oslo_concurrency.lockutils [None req-56bebfbc-fbd3-4ce6-9394-0f2d2fdfda46 tempest-ServerRescueNegativeTestJSON-158644222 tempest-ServerRescueNegativeTestJSON-158644222-project] Lock "2bebad8f-98c5-4f60-b342-fc4173f2ba3f" released by "nova.context.set_target_cell..get_or_set_cached_cell_and_set_connections" :: held 0.005s {{(pid=108257) inner /usr/local/lib/python3.8/dist-packages/oslo_concurrency/lockutils.py:367}}
Aug 17 22:11:30.656426 dv-cinder-790535-8-smb devstack@n-api.service[108257]: DEBUG oslo_concurrency.lockutils [None req-56bebfbc-fbd3-4ce6-9394-0f2d2fdfda46 tempest-ServerRescueNegativeTestJSON-158644222 tempest-ServerRescueNegativeTestJSON-158644222-project] Lock "2bebad8f-98c5-4f60-b342-fc4173f2ba3f" acquired by "nova.context.set_target_cell..get_or_set_cached_cell_and_set_connections" :: waited 0.000s {{(pid=108257) inner /usr/local/lib/python3.8/dist-packages/oslo_concurrency/lockutils.py:355}}
Aug 17 22:11:30.657074 dv-cinder-790535-8-smb devstack@n-api.service[108256]: DEBUG nova.policy [None req-2d2d46c6-0b72-40bb-99d4-7d40c68657f3 tempest-DeleteServersTestJSON-1940933714 tempest-DeleteServersTestJSON-1940933714-project] Policy check for os_compute_api:os-extended-server-attributes failed with credentials {'is_admin': False, 'user_id': 'fd81aa05a59f480883f90938a601d3e0', 'user_domain_id': 'default', 'system_scope': None, 'domain_id': None, 'project_id': '85b640ef588a406ea9e03725fc106a81', 'project_domain_id': 'default', 'roles': ['member', 'reader'], 'is_admin_project': True, 'service_user_id': None, 'service_user_domain_id': None, 'service_project_id': None, 'service_project_domain_id': None, 'service_roles': []} {{(pid=108256) authorize /opt/stack/nova/nova/policy.py:199}}
Aug 17 22:11:30.661352 dv-cinder-790535-8-smb devstack@n-api.service[108257]: DEBUG oslo_concurrency.lockutils [None req-56bebfbc-fbd3-4ce6-9394-0f2d2fdfda46 tempest-ServerRescueNegativeTestJSON-158644222 tempest-ServerRescueNegativeTestJSON-158644222-project] Lock "2bebad8f-98c5-4f60-b342-fc4173f2ba3f" released by "nova.context.set_target_cell..get_or_set_cached_cell_and_set_connections" :: held 0.003s {{(pid=108257) inner /usr/local/lib/python3.8/dist-packages/oslo_concurrency/lockutils.py:367}}
Aug 17 22:11:30.683748 dv-cinder-790535-8-smb devstack@n-api.service[108256]: INFO nova.api.openstack.requestlog [None req-2d2d46c6-0b72-40bb-99d4-7d40c68657f3 tempest-DeleteServersTestJSON-1940933714 tempest-DeleteServersTestJSON-1940933714-project] 10.222.0.38 "GET /compute/v2.1/servers/ec3d4093-a7e6-4cbd-8c59-2c7cc0f767dc" status: 200 len: 1314 microversion: 2.1 time: 0.847923
Aug 17 22:11:30.688154 dv-cinder-790535-8-smb devstack@n-api.service[108256]: [pid: 108256|app: 0|req: 17/44] 10.222.0.38 () {58 vars in 1236 bytes} [Tue Aug 17 22:11:29 2021] GET /compute/v2.1/servers/ec3d4093-a7e6-4cbd-8c59-2c7cc0f767dc => generated 1314 bytes in 853 msecs (HTTP/1.1 200) 9 headers in 358 bytes (2 switches on core 0)
Aug 17 22:11:30.959009 dv-cinder-790535-8-smb devstack@n-api.service[108257]: DEBUG nova.policy [None req-56bebfbc-fbd3-4ce6-9394-0f2d2fdfda46 tempest-ServerRescueNegativeTestJSON-158644222 tempest-ServerRescueNegativeTestJSON-158644222-project] Policy check for os_compute_api:os-extended-server-attributes failed with credentials {'is_admin': False, 'user_id': '2c89f91f87f94995969806990acbaae9', 'user_domain_id': 'default', 'system_scope': None, 'domain_id': None, 'project_id': '395d4362fe9e45098db6c4a2939b33e3', 'project_domain_id': 'default', 'roles': ['member', 'reader'], 'is_admin_project': True, 'service_user_id': None, 'service_user_domain_id': None, 'service_project_id': None, 'service_project_domain_id': None, 'service_roles': []} {{(pid=108257) authorize /opt/stack/nova/nova/policy.py:199}}
Aug 17 22:11:30.968540 dv-cinder-790535-8-smb devstack@n-api.service[108257]: INFO nova.api.openstack.requestlog [None req-56bebfbc-fbd3-4ce6-9394-0f2d2fdfda46 tempest-ServerRescueNegativeTestJSON-158644222 tempest-ServerRescueNegativeTestJSON-158644222-project] 10.222.0.38 "GET /compute/v2.1/servers/f13fe092-99be-4b7f-b0a9-62565409da4b" status: 200 len: 1226 microversion: 2.1 time: 0.336262
Aug 17 22:11:30.971371 dv-cinder-790535-8-smb devstack@n-api.service[108257]: [pid: 108257|app: 0|req: 28/45] 10.222.0.38 () {58 vars in 1236 bytes} [Tue Aug 17 22:11:30 2021] GET /compute/v2.1/servers/f13fe092-99be-4b7f-b0a9-62565409da4b => generated 1226 bytes in 340 msecs (HTTP/1.1 200) 9 headers in 358 bytes (1 switches on core 0)
Aug 17 22:11:31.706065 dv-cinder-790535-8-smb devstack@n-api.service[108256]: DEBUG nova.api.openstack.wsgi [None req-7aa45a49-9927-4e8f-b424-585ffed48206 tempest-DeleteServersTestJSON-1940933714 tempest-DeleteServersTestJSON-1940933714-project] Calling method '>' {{(pid=108256) _process_stack /opt/stack/nova/nova/api/openstack/wsgi.py:513}}
Aug 17 22:11:31.706682 dv-cinder-790535-8-smb devstack@n-api.service[108256]: DEBUG nova.compute.api [None req-7aa45a49-9927-4e8f-b424-585ffed48206 tempest-DeleteServersTestJSON-1940933714 tempest-DeleteServersTestJSON-1940933714-project] [instance: ec3d4093-a7e6-4cbd-8c59-2c7cc0f767dc] Fetching instance by UUID {{(pid=108256) get /opt/stack/nova/nova/compute/api.py:2791}}
Aug 17 22:11:31.720232 dv-cinder-790535-8-smb devstack@n-api.service[108256]: DEBUG oslo_concurrency.lockutils [None req-7aa45a49-9927-4e8f-b424-585ffed48206 tempest-DeleteServersTestJSON-1940933714 tempest-DeleteServersTestJSON-1940933714-project] Lock "2bebad8f-98c5-4f60-b342-fc4173f2ba3f" acquired by "nova.context.set_target_cell..get_or_set_cached_cell_and_set_connections" :: waited 0.001s {{(pid=108256) inner /usr/local/lib/python3.8/dist-packages/oslo_concurrency/lockutils.py:355}}
Aug 17 22:11:31.720719 dv-cinder-790535-8-smb devstack@n-api.service[108256]: DEBUG oslo_concurrency.lockutils [None req-7aa45a49-9927-4e8f-b424-585ffed48206 tempest-DeleteServersTestJSON-1940933714 tempest-DeleteServersTestJSON-1940933714-project] Lock "2bebad8f-98c5-4f60-b342-fc4173f2ba3f" released by "nova.context.set_target_cell..get_or_set_cached_cell_and_set_connections" :: held 0.001s {{(pid=108256) inner /usr/local/lib/python3.8/dist-packages/oslo_concurrency/lockutils.py:367}}
Aug 17 22:11:31.721545 dv-cinder-790535-8-smb devstack@n-api.service[108256]: DEBUG oslo_concurrency.lockutils [None req-7aa45a49-9927-4e8f-b424-585ffed48206 tempest-DeleteServersTestJSON-1940933714 tempest-DeleteServersTestJSON-1940933714-project] Lock "2bebad8f-98c5-4f60-b342-fc4173f2ba3f" acquired by "nova.context.set_target_cell..get_or_set_cached_cell_and_set_connections" :: waited 0.000s {{(pid=108256) inner /usr/local/lib/python3.8/dist-packages/oslo_concurrency/lockutils.py:355}}
Aug 17 22:11:31.722148 dv-cinder-790535-8-smb devstack@n-api.service[108256]: DEBUG oslo_concurrency.lockutils [None req-7aa45a49-9927-4e8f-b424-585ffed48206 tempest-DeleteServersTestJSON-1940933714 tempest-DeleteServersTestJSON-1940933714-project] Lock "2bebad8f-98c5-4f60-b342-fc4173f2ba3f" released by "nova.context.set_target_cell..get_or_set_cached_cell_and_set_connections" :: held 0.000s {{(pid=108256) inner /usr/local/lib/python3.8/dist-packages/oslo_concurrency/lockutils.py:367}}
Aug 17 22:11:31.989588 dv-cinder-790535-8-smb devstack@n-api.service[108257]: DEBUG nova.api.openstack.wsgi [None req-7715af0a-7492-4eb4-b090-47fb9e09839b tempest-ServerRescueNegativeTestJSON-158644222 tempest-ServerRescueNegativeTestJSON-158644222-project] Calling method '>' {{(pid=108257) _process_stack /opt/stack/nova/nova/api/openstack/wsgi.py:513}}
Aug 17 22:11:31.990211 dv-cinder-790535-8-smb devstack@n-api.service[108257]: DEBUG nova.compute.api [None req-7715af0a-7492-4eb4-b090-47fb9e09839b tempest-ServerRescueNegativeTestJSON-158644222 tempest-ServerRescueNegativeTestJSON-158644222-project] [instance: f13fe092-99be-4b7f-b0a9-62565409da4b] Fetching instance by UUID {{(pid=108257) get /opt/stack/nova/nova/compute/api.py:2791}}
Aug 17 22:11:32.017191 dv-cinder-790535-8-smb devstack@n-api.service[108257]: DEBUG oslo_concurrency.lockutils [None req-7715af0a-7492-4eb4-b090-47fb9e09839b tempest-ServerRescueNegativeTestJSON-158644222 tempest-ServerRescueNegativeTestJSON-158644222-project] Lock "2bebad8f-98c5-4f60-b342-fc4173f2ba3f" acquired by "nova.context.set_target_cell..get_or_set_cached_cell_and_set_connections" :: waited 0.000s {{(pid=108257) inner /usr/local/lib/python3.8/dist-packages/oslo_concurrency/lockutils.py:355}}
Aug 17 22:11:32.018106 dv-cinder-790535-8-smb devstack@n-api.service[108257]: DEBUG oslo_concurrency.lockutils [None req-7715af0a-7492-4eb4-b090-47fb9e09839b tempest-ServerRescueNegativeTestJSON-158644222 tempest-ServerRescueNegativeTestJSON-158644222-project] Lock "2bebad8f-98c5-4f60-b342-fc4173f2ba3f" released by "nova.context.set_target_cell..get_or_set_cached_cell_and_set_connections" :: held 0.003s {{(pid=108257) inner /usr/local/lib/python3.8/dist-packages/oslo_concurrency/lockutils.py:367}}
Aug 17 22:11:32.019157 dv-cinder-790535-8-smb devstack@n-api.service[108257]: DEBUG oslo_concurrency.lockutils [None req-7715af0a-7492-4eb4-b090-47fb9e09839b tempest-ServerRescueNegativeTestJSON-158644222 tempest-ServerRescueNegativeTestJSON-158644222-project] Lock "2bebad8f-98c5-4f60-b342-fc4173f2ba3f" acquired by "nova.context.set_target_cell..get_or_set_cached_cell_and_set_connections" :: waited 0.000s {{(pid=108257) inner /usr/local/lib/python3.8/dist-packages/oslo_concurrency/lockutils.py:355}}
Aug 17 22:11:32.024942 dv-cinder-790535-8-smb devstack@n-api.service[108257]: DEBUG oslo_concurrency.lockutils [None req-7715af0a-7492-4eb4-b090-47fb9e09839b tempest-ServerRescueNegativeTestJSON-158644222 tempest-ServerRescueNegativeTestJSON-158644222-project] Lock "2bebad8f-98c5-4f60-b342-fc4173f2ba3f" released by "nova.context.set_target_cell..get_or_set_cached_cell_and_set_connections" :: held 0.005s {{(pid=108257) inner /usr/local/lib/python3.8/dist-packages/oslo_concurrency/lockutils.py:367}}
Aug 17 22:11:32.724285 dv-cinder-790535-8-smb devstack@n-api.service[108256]: DEBUG nova.policy [None req-7aa45a49-9927-4e8f-b424-585ffed48206 tempest-DeleteServersTestJSON-1940933714 tempest-DeleteServersTestJSON-1940933714-project] Policy check for os_compute_api:os-extended-server-attributes failed with credentials {'is_admin': False, 'user_id': 'fd81aa05a59f480883f90938a601d3e0', 'user_domain_id': 'default', 'system_scope': None, 'domain_id': None, 'project_id': '85b640ef588a406ea9e03725fc106a81', 'project_domain_id': 'default', 'roles': ['member', 'reader'], 'is_admin_project': True, 'service_user_id': None, 'service_user_domain_id': None, 'service_project_id': None, 'service_project_domain_id': None, 'service_roles': []} {{(pid=108256) authorize /opt/stack/nova/nova/policy.py:199}}
Aug 17 22:11:32.734979 dv-cinder-790535-8-smb devstack@n-api.service[108256]: INFO nova.api.openstack.requestlog [None req-7aa45a49-9927-4e8f-b424-585ffed48206 tempest-DeleteServersTestJSON-1940933714 tempest-DeleteServersTestJSON-1940933714-project] 10.222.0.38 "GET /compute/v2.1/servers/ec3d4093-a7e6-4cbd-8c59-2c7cc0f767dc" status: 200 len: 1314 microversion: 2.1 time: 1.033041
Aug 17 22:11:32.739106 dv-cinder-790535-8-smb devstack@n-api.service[108256]: [pid: 108256|app: 0|req: 18/46] 10.222.0.38 () {58 vars in 1236 bytes} [Tue Aug 17 22:11:31 2021] GET /compute/v2.1/servers/ec3d4093-a7e6-4cbd-8c59-2c7cc0f767dc => generated 1314 bytes in 1038 msecs (HTTP/1.1 200) 9 headers in 358 bytes (1 switches on core 0)
Aug 17 22:11:32.778306 dv-cinder-790535-8-smb devstack@n-api.service[108257]: DEBUG nova.policy [None req-7715af0a-7492-4eb4-b090-47fb9e09839b tempest-ServerRescueNegativeTestJSON-158644222 tempest-ServerRescueNegativeTestJSON-158644222-project] Policy check for os_compute_api:os-extended-server-attributes failed with credentials {'is_admin': False, 'user_id': '2c89f91f87f94995969806990acbaae9', 'user_domain_id': 'default', 'system_scope': None, 'domain_id': None, 'project_id': '395d4362fe9e45098db6c4a2939b33e3', 'project_domain_id': 'default', 'roles': ['member', 'reader'], 'is_admin_project': True, 'service_user_id': None, 'service_user_domain_id': None, 'service_project_id': None, 'service_project_domain_id': None, 'service_roles': []} {{(pid=108257) authorize /opt/stack/nova/nova/policy.py:199}}
Aug 17 22:11:32.789916 dv-cinder-790535-8-smb devstack@n-api.service[108257]: INFO nova.api.openstack.requestlog [None req-7715af0a-7492-4eb4-b090-47fb9e09839b tempest-ServerRescueNegativeTestJSON-158644222 tempest-ServerRescueNegativeTestJSON-158644222-project] 10.222.0.38 "GET /compute/v2.1/servers/f13fe092-99be-4b7f-b0a9-62565409da4b" status: 200 len: 1226 microversion: 2.1 time: 0.804375
Aug 17 22:11:32.792667 dv-cinder-790535-8-smb devstack@n-api.service[108257]: [pid: 108257|app: 0|req: 29/47] 10.222.0.38 () {58 vars in 1236 bytes} [Tue Aug 17 22:11:31 2021] GET /compute/v2.1/servers/f13fe092-99be-4b7f-b0a9-62565409da4b => generated 1226 bytes in 810 msecs (HTTP/1.1 200) 9 headers in 358 bytes (2 switches on core 0)
Aug 17 22:11:33.472127 dv-cinder-790535-8-smb devstack@n-api.service[108256]: DEBUG nova.api.openstack.wsgi [req-d85370d6-8e3a-4752-88f4-e7e7685c81c7 req-35ff452b-4cdc-4c59-8ce3-b165d1773317 service nova] Action: 'create', calling method: >, body: {"events": [{"name": "network-changed", "server_uuid": "ec3d4093-a7e6-4cbd-8c59-2c7cc0f767dc", "tag": "cfa74a02-c59c-403f-99dd-5455fea79eca"}]} {{(pid=108256) _process_stack /opt/stack/nova/nova/api/openstack/wsgi.py:511}}
Aug 17 22:11:33.474747 dv-cinder-790535-8-smb devstack@n-api.service[108256]: /usr/local/lib/python3.8/dist-packages/oslo_policy/policy.py:1064: UserWarning: Policy os_compute_api:os-server-external-events:create failed scope check. The token used to make the request was project scoped but the policy requires ['system'] scope. This behavior may change in the future where using the intended scope is required
Aug 17 22:11:33.474747 dv-cinder-790535-8-smb devstack@n-api.service[108256]: warnings.warn(msg)
