Jul 07 20:47:41.438329 dv-cinder-790535-7-smb neutron-server[99476]: DEBUG neutron_lib.callbacks.manager [None req-3482cde4-5452-4f07-bc0e-ed4920d6d04d admin admin] Notify callbacks ['neutron.plugins.ml2.ovo_rpc._ObjectChangeHandler.handle_payload_event-1772652'] for security_group, after_create {{(pid=99476) _notify_loop /usr/local/lib/python3.8/dist-packages/neutron_lib/callbacks/manager.py:192}}
Jul 07 20:47:41.488337 dv-cinder-790535-7-smb neutron-server[99476]: INFO neutron.wsgi [None req-3482cde4-5452-4f07-bc0e-ed4920d6d04d admin admin] 10.222.0.78 "GET /v2.0/security-groups?tenant_id=b6e6f56e3aba4213be89fce09c56f8b3&name=default HTTP/1.1" status: 200 len: 2979 time: 0.3899333
Jul 07 20:47:41.489717 dv-cinder-790535-7-smb neutron-server[99476]: DEBUG neutron.wsgi [-] (99476) accepted ('10.222.0.78', 44586) {{(pid=99476) server /usr/local/lib/python3.8/dist-packages/eventlet/wsgi.py:982}}
Jul 07 20:47:41.494485 dv-cinder-790535-7-smb neutron-server[99476]: DEBUG neutron.api.rpc.handlers.resources_rpc [None req-3482cde4-5452-4f07-bc0e-ed4920d6d04d admin admin] Pushing event updated for resources: {'SecurityGroup': ['ID=c090fc1d-acbb-4396-87f2-7fd6d245184f,revision_number=1']} {{(pid=99476) push /opt/stack/neutron/neutron/api/rpc/handlers/resources_rpc.py:237}}
Jul 07 20:47:41.528190 dv-cinder-790535-7-smb neutron-server[99476]: DEBUG neutron.wsgi [-] (99476) accepted ('10.222.0.78', 44592) {{(pid=99476) server /usr/local/lib/python3.8/dist-packages/eventlet/wsgi.py:982}}
Jul 07 20:47:41.590133 dv-cinder-790535-7-smb neutron-server[99476]: DEBUG neutron_lib.callbacks.manager [None req-4e6272dd-2d76-44c5-b836-d3a664806346 admin admin] Notify callbacks [] for security_group, before_delete {{(pid=99476) _notify_loop /usr/local/lib/python3.8/dist-packages/neutron_lib/callbacks/manager.py:192}}
Jul 07 20:47:41.620890 dv-cinder-790535-7-smb neutron-server[99476]: DEBUG neutron_lib.callbacks.manager [None req-4e6272dd-2d76-44c5-b836-d3a664806346 admin admin] Notify callbacks [] for security_group, precommit_delete {{(pid=99476) _notify_loop /usr/local/lib/python3.8/dist-packages/neutron_lib/callbacks/manager.py:192}}
Jul 07 20:47:41.631757 dv-cinder-790535-7-smb neutron-server[99476]: DEBUG neutron.db.db_base_plugin_v2 [None req-5531b759-1b1d-47e4-9a89-535f48423b92 admin admin] Deleting subnet 2b952080-7ad4-4506-896f-5668753ee8ae {{(pid=99476) delete_subnet /opt/stack/neutron/neutron/db/db_base_plugin_v2.py:1055}}
Jul 07 20:47:41.634878 dv-cinder-790535-7-smb neutron-server[99476]: DEBUG neutron_lib.callbacks.manager [None req-5531b759-1b1d-47e4-9a89-535f48423b92 admin admin] Notify callbacks [] for subnet, before_delete {{(pid=99476) _notify_loop /usr/local/lib/python3.8/dist-packages/neutron_lib/callbacks/manager.py:192}}
Jul 07 20:47:41.691366 dv-cinder-790535-7-smb neutron-server[99476]: DEBUG neutron_lib.callbacks.manager [None req-5531b759-1b1d-47e4-9a89-535f48423b92 admin admin] Notify callbacks ['neutron.services.segments.plugin.Plugin._validate_auto_address_subnet_delete-65877163'] for subnet, precommit_delete_associations {{(pid=99476) _notify_loop /usr/local/lib/python3.8/dist-packages/neutron_lib/callbacks/manager.py:192}}
Jul 07 20:47:41.744308 dv-cinder-790535-7-smb neutron-server[99476]: DEBUG neutron_lib.callbacks.manager [None req-5531b759-1b1d-47e4-9a89-535f48423b92 admin admin] Notify callbacks ['neutron.plugins.ml2.plugin.Ml2Plugin._subnet_delete_precommit_handler-692568'] for subnet, precommit_delete {{(pid=99476) _notify_loop /usr/local/lib/python3.8/dist-packages/neutron_lib/callbacks/manager.py:192}}
Jul 07 20:47:41.774387 dv-cinder-790535-7-smb neutron-server[99476]: DEBUG neutron_lib.callbacks.manager [None req-4e6272dd-2d76-44c5-b836-d3a664806346 admin admin] Notify callbacks ['neutron.plugins.ml2.ovo_rpc._ObjectChangeHandler.handle_payload_event-1772652'] for security_group, after_delete {{(pid=99476) _notify_loop /usr/local/lib/python3.8/dist-packages/neutron_lib/callbacks/manager.py:192}}
Jul 07 20:47:41.777819 dv-cinder-790535-7-smb neutron-server[99476]: DEBUG neutron_lib.callbacks.manager [None req-4e6272dd-2d76-44c5-b836-d3a664806346 admin admin] Notify callbacks [] for security_group, before_response {{(pid=99476) _notify_loop /usr/local/lib/python3.8/dist-packages/neutron_lib/callbacks/manager.py:192}}
Jul 07 20:47:41.778710 dv-cinder-790535-7-smb neutron-server[99476]: INFO neutron.wsgi [None req-4e6272dd-2d76-44c5-b836-d3a664806346 admin admin] 10.222.0.78 "DELETE /v2.0/security-groups/c090fc1d-acbb-4396-87f2-7fd6d245184f HTTP/1.1" status: 204 len: 168 time: 0.2878027
Jul 07 20:47:41.804196 dv-cinder-790535-7-smb neutron-server[99476]: DEBUG neutron.api.rpc.handlers.resources_rpc [None req-4e6272dd-2d76-44c5-b836-d3a664806346 admin admin] Pushing event deleted for resources: {'SecurityGroup': ['ID=c090fc1d-acbb-4396-87f2-7fd6d245184f,revision_number=None']} {{(pid=99476) push /opt/stack/neutron/neutron/api/rpc/handlers/resources_rpc.py:237}}
Jul 07 20:47:41.821330 dv-cinder-790535-7-smb neutron-server[99477]: DEBUG neutron_lib.callbacks.manager [None req-23792113-fe12-44fc-b792-4c0f9e2fb50f tempest-AttachVolumeTestJSON-1954067860 tempest-AttachVolumeTestJSON-1954067860-project] Notify callbacks [] for floatingip, precommit_update {{(pid=99477) _notify_loop /usr/local/lib/python3.8/dist-packages/neutron_lib/callbacks/manager.py:192}}
Jul 07 20:47:41.852611 dv-cinder-790535-7-smb neutron-server[99477]: DEBUG neutron_lib.callbacks.manager [None req-23792113-fe12-44fc-b792-4c0f9e2fb50f tempest-AttachVolumeTestJSON-1954067860 tempest-AttachVolumeTestJSON-1954067860-project] Notify callbacks ['neutron.services.l3_router.l3_router_plugin.DVRResourceOperationHandler._create_dvr_floating_gw_port-1826479'] for floatingip, after_update {{(pid=99477) _notify_loop /usr/local/lib/python3.8/dist-packages/neutron_lib/callbacks/manager.py:192}}
Jul 07 20:47:41.856208 dv-cinder-790535-7-smb neutron-server[99476]: DEBUG neutron_lib.callbacks.manager [None req-5531b759-1b1d-47e4-9a89-535f48423b92 admin admin] Notify callbacks ['neutron.plugins.ml2.plugin.Ml2Plugin._subnet_delete_after_delete_handler-692561', 'neutron.plugins.ml2.ovo_rpc._ObjectChangeHandler.handle_payload_event-1772754', 'neutron.api.rpc.agentnotifiers.dhcp_rpc_agent_api.DhcpAgentNotifyAPI._native_event_send_dhcp_notification_payload-1694400', 'neutron.services.segments.plugin.NovaSegmentNotifier._notify_subnet_deleted-65395439', 'neutron.services.segments.plugin.SegmentHostRoutes.host_routes_after_delete-67031695'] for subnet, after_delete {{(pid=99476) _notify_loop /usr/local/lib/python3.8/dist-packages/neutron_lib/callbacks/manager.py:192}}
Jul 07 20:47:41.886972 dv-cinder-790535-7-smb neutron-server[99476]: DEBUG neutron.api.rpc.handlers.resources_rpc [None req-5531b759-1b1d-47e4-9a89-535f48423b92 admin admin] Pushing event deleted for resources: {'Subnet': ['ID=2b952080-7ad4-4506-896f-5668753ee8ae,revision_number=None']} {{(pid=99476) push /opt/stack/neutron/neutron/api/rpc/handlers/resources_rpc.py:237}}
Jul 07 20:47:41.888802 dv-cinder-790535-7-smb neutron-server[99476]: DEBUG neutron_lib.callbacks.manager [None req-5531b759-1b1d-47e4-9a89-535f48423b92 admin admin] Notify callbacks ['neutron.api.rpc.agentnotifiers.dhcp_rpc_agent_api.DhcpAgentNotifyAPI._send_dhcp_notification-1694383'] for subnet, before_response {{(pid=99476) _notify_loop /usr/local/lib/python3.8/dist-packages/neutron_lib/callbacks/manager.py:192}}
Jul 07 20:47:41.893295 dv-cinder-790535-7-smb neutron-server[99476]: INFO neutron.wsgi [None req-5531b759-1b1d-47e4-9a89-535f48423b92 admin admin] 10.222.0.78 "DELETE /v2.0/subnets/2b952080-7ad4-4506-896f-5668753ee8ae HTTP/1.1" status: 204 len: 168 time: 0.3621111
Jul 07 20:47:41.893439 dv-cinder-790535-7-smb neutron-server[99476]: DEBUG neutron.wsgi [-] (99476) accepted ('10.222.0.78', 44612) {{(pid=99476) server /usr/local/lib/python3.8/dist-packages/eventlet/wsgi.py:982}}
Jul 07 20:47:41.972255 dv-cinder-790535-7-smb neutron-server[99476]: DEBUG neutron_lib.callbacks.manager [None req-319deb8e-37d6-4a5d-b805-c6c6913e7a3b admin admin] Notify callbacks ['neutron.plugins.ml2.plugin.External_net_db_mixin._before_network_delete_handler-543525'] for network, before_delete {{(pid=99476) _notify_loop /usr/local/lib/python3.8/dist-packages/neutron_lib/callbacks/manager.py:192}}
Jul 07 20:47:42.041961 dv-cinder-790535-7-smb neutron-server[99477]: INFO neutron.db.l3_db [None req-23792113-fe12-44fc-b792-4c0f9e2fb50f tempest-AttachVolumeTestJSON-1954067860 tempest-AttachVolumeTestJSON-1954067860-project] Floating IP da3ed1bc-4ec0-4456-adb6-379b2379ac5f associated. External IP: 172.28.3.227, port: bc81d9a8-3c90-46db-8fb6-fbd32e9cde7f.
Jul 07 20:47:42.076697 dv-cinder-790535-7-smb neutron-server[99476]: DEBUG neutron.wsgi [-] (99476) accepted ('10.222.0.78', 44622) {{(pid=99476) server /usr/local/lib/python3.8/dist-packages/eventlet/wsgi.py:982}}
Jul 07 20:47:42.099392 dv-cinder-790535-7-smb neutron-server[99476]: DEBUG neutron_lib.callbacks.manager [None req-319deb8e-37d6-4a5d-b805-c6c6913e7a3b admin admin] Notify callbacks ['neutron.plugins.ml2.plugin.Ml2Plugin._network_delete_precommit_handler-699341', 'neutron.services.segments.db._delete_segments_for_network-8791564427358'] for network, precommit_delete {{(pid=99476) _notify_loop /usr/local/lib/python3.8/dist-packages/neutron_lib/callbacks/manager.py:192}}
Jul 07 20:47:42.123725 dv-cinder-790535-7-smb neutron-server[99476]: DEBUG neutron.services.segments.db [None req-319deb8e-37d6-4a5d-b805-c6c6913e7a3b admin admin] neutron.services.segments.plugin.Plugin method get_segments called with arguments (,) {'filters': {'network_id': ['8cad8deb-0707-45ba-97a2-6c0d6cbabc8c']}} {{(pid=99476) wrapper /usr/local/lib/python3.8/dist-packages/oslo_log/helpers.py:65}}
Jul 07 20:47:42.143598 dv-cinder-790535-7-smb neutron-server[99476]: DEBUG neutron.services.segments.db [None req-319deb8e-37d6-4a5d-b805-c6c6913e7a3b admin admin] neutron.services.segments.plugin.Plugin method delete_segment called with arguments (, '5dbc86de-73ad-4180-a399-e9a52403b89d') {'for_net_delete': True} {{(pid=99476) wrapper /usr/local/lib/python3.8/dist-packages/oslo_log/helpers.py:65}}
Jul 07 20:47:42.146128 dv-cinder-790535-7-smb neutron-server[99476]: DEBUG neutron.services.segments.db [None req-319deb8e-37d6-4a5d-b805-c6c6913e7a3b admin admin] neutron.services.segments.plugin.Plugin method get_segment called with arguments (, '5dbc86de-73ad-4180-a399-e9a52403b89d') {} {{(pid=99476) wrapper /usr/local/lib/python3.8/dist-packages/oslo_log/helpers.py:65}}
Jul 07 20:47:42.154343 dv-cinder-790535-7-smb neutron-server[99477]: DEBUG neutron.pecan_wsgi.hooks.policy_enforcement [req-8f12726e-8224-40d4-9bed-573a736b595d req-ab9c87e7-6356-4633-a595-a41352f13b20 tempest-AttachVolumeShelveTestJSON-142360768 tempest-AttachVolumeShelveTestJSON-142360768-project] Attributes excluded by policy engine: ['standard_attr_id', 'binding:profile', 'binding:host_id', 'binding:vif_type', 'binding:vif_details'] {{(pid=99477) _exclude_attributes_by_policy /opt/stack/neutron/neutron/pecan_wsgi/hooks/policy_enforcement.py:255}}
Jul 07 20:47:42.159907 dv-cinder-790535-7-smb neutron-server[99476]: DEBUG neutron_lib.callbacks.manager [None req-319deb8e-37d6-4a5d-b805-c6c6913e7a3b admin admin] Notify callbacks ['neutron.plugins.ml2.db._prevent_segment_delete_with_port_bound-8791564651906', 'neutron.services.segments.plugin.Plugin._prevent_segment_delete_with_subnet_associated-65877180'] for segment, before_delete {{(pid=99476) _notify_loop /usr/local/lib/python3.8/dist-packages/neutron_lib/callbacks/manager.py:192}}
Jul 07 20:47:42.161319 dv-cinder-790535-7-smb neutron-server[99477]: INFO neutron.wsgi [req-8f12726e-8224-40d4-9bed-573a736b595d req-ab9c87e7-6356-4633-a595-a41352f13b20 tempest-AttachVolumeShelveTestJSON-142360768 tempest-AttachVolumeShelveTestJSON-142360768-project] 10.222.0.78 "GET /v2.0/ports?device_id=d2231b4f-2b3c-4afc-a56b-f10721953901 HTTP/1.1" status: 200 len: 945 time: 0.3546987
Jul 07 20:47:42.177836 dv-cinder-790535-7-smb neutron-server[99476]: DEBUG neutron_lib.callbacks.manager [None req-319deb8e-37d6-4a5d-b805-c6c6913e7a3b admin admin] Notify callbacks ['neutron.plugins.ml2.plugin.Ml2Plugin._handle_segment_change-694297'] for segment, precommit_delete {{(pid=99476) _notify_loop /usr/local/lib/python3.8/dist-packages/neutron_lib/callbacks/manager.py:192}}
Jul 07 20:47:42.189568 dv-cinder-790535-7-smb neutron-server[99476]: DEBUG neutron.plugins.ml2.drivers.type_vlan [None req-319deb8e-37d6-4a5d-b805-c6c6913e7a3b admin admin] Releasing vlan 634 on physical network physnet1 to pool {{(pid=99476) release_segment /opt/stack/neutron/neutron/plugins/ml2/drivers/type_vlan.py:304}}
Jul 07 20:47:42.190745 dv-cinder-790535-7-smb neutron-server[99476]: DEBUG neutron_lib.callbacks.manager [None req-319deb8e-37d6-4a5d-b805-c6c6913e7a3b admin admin] Notify callbacks ['neutron.plugins.ml2.plugin.Ml2Plugin._handle_segment_change-694297', 'neutron.services.segments.plugin.NovaSegmentNotifier._notify_segment_deleted-65395210'] for segment, after_delete {{(pid=99476) _notify_loop /usr/local/lib/python3.8/dist-packages/neutron_lib/callbacks/manager.py:192}}
Jul 07 20:47:42.193673 dv-cinder-790535-7-smb neutron-server[99476]: /opt/stack/neutron/neutron/db/db_base_plugin_v2.py:114: SAWarning: Coercing Subquery object into a select() for use in IN(); please pass a select() construct explicitly
Jul 07 20:47:42.193673 dv-cinder-790535-7-smb neutron-server[99476]: conditions |= (models_v2.Port.network_id.in_(
Jul 07 20:47:42.193673 dv-cinder-790535-7-smb neutron-server[99476]: /opt/stack/neutron/neutron/db/db_base_plugin_v2.py:114: SAWarning: Coercing Subquery object into a select() for use in IN(); please pass a select() construct explicitly
Jul 07 20:47:42.193673 dv-cinder-790535-7-smb neutron-server[99476]: conditions |= (models_v2.Port.network_id.in_(
Jul 07 20:47:42.193673 dv-cinder-790535-7-smb neutron-server[99476]: /opt/stack/neutron/neutron/db/db_base_plugin_v2.py:114: SAWarning: Coercing Subquery object into a select() for use in IN(); please pass a select() construct explicitly
Jul 07 20:47:42.193673 dv-cinder-790535-7-smb neutron-server[99476]: conditions |= (models_v2.Port.network_id.in_(
Jul 07 20:47:42.193673 dv-cinder-790535-7-smb neutron-server[99476]: /opt/stack/neutron/neutron/db/db_base_plugin_v2.py:114: SAWarning: Coercing Subquery object into a select() for use in IN(); please pass a select() construct explicitly
Jul 07 20:47:42.193673 dv-cinder-790535-7-smb neutron-server[99476]: conditions |= (models_v2.Port.network_id.in_(
Jul 07 20:47:42.193673 dv-cinder-790535-7-smb neutron-server[99476]: /opt/stack/neutron/neutron/db/db_base_plugin_v2.py:114: SAWarning: Coercing Subquery object into a select() for use in IN(); please pass a select() construct explicitly
Jul 07 20:47:42.193673 dv-cinder-790535-7-smb neutron-server[99476]: conditions |= (models_v2.Port.network_id.in_(
Jul 07 20:47:42.193673 dv-cinder-790535-7-smb neutron-server[99476]: /opt/stack/neutron/neutron/db/db_base_plugin_v2.py:114: SAWarning: Coercing Subquery object into a select() for use in IN(); please pass a select() construct explicitly
Jul 07 20:47:42.193673 dv-cinder-790535-7-smb neutron-server[99476]: conditions |= (models_v2.Port.network_id.in_(
Jul 07 20:47:42.193673 dv-cinder-790535-7-smb neutron-server[99476]: /opt/stack/neutron/neutron/db/db_base_plugin_v2.py:114: SAWarning: Coercing Subquery object into a select() for use in IN(); please pass a select() construct explicitly
Jul 07 20:47:42.193673 dv-cinder-790535-7-smb neutron-server[99476]: conditions |= (models_v2.Port.network_id.in_(
Jul 07 20:47:42.193673 dv-cinder-790535-7-smb neutron-server[99476]: /opt/stack/neutron/neutron/db/db_base_plugin_v2.py:114: SAWarning: Coercing Subquery object into a select() for use in IN(); please pass a select() construct explicitly
Jul 07 20:47:42.193673 dv-cinder-790535-7-smb neutron-server[99476]: conditions |= (models_v2.Port.network_id.in_(
Jul 07 20:47:42.193673 dv-cinder-790535-7-smb neutron-server[99476]: Traceback (most recent call last):
Jul 07 20:47:42.193673 dv-cinder-790535-7-smb neutron-server[99476]: File "/usr/local/lib/python3.8/dist-packages/eventlet/hubs/hub.py", line 476, in fire_timers
Jul 07 20:47:42.193673 dv-cinder-790535-7-smb neutron-server[99476]: timer()
Jul 07 20:47:42.193673 dv-cinder-790535-7-smb neutron-server[99476]: File "/usr/local/lib/python3.8/dist-packages/eventlet/hubs/timer.py", line 59, in __call__
Jul 07 20:47:42.193673 dv-cinder-790535-7-smb neutron-server[99476]: cb(*args, **kw)
Jul 07 20:47:42.193673 dv-cinder-790535-7-smb neutron-server[99476]: File "/opt/stack/neutron/neutron/common/utils.py", line 905, in wrapper
Jul 07 20:47:42.193673 dv-cinder-790535-7-smb neutron-server[99476]: return func(*args, **kwargs)
Jul 07 20:47:42.193673 dv-cinder-790535-7-smb neutron-server[99476]: File "/opt/stack/neutron/neutron/notifiers/batch_notifier.py", line 58, in synced_send
Jul 07 20:47:42.193673 dv-cinder-790535-7-smb neutron-server[99476]: self._notify()
Jul 07 20:47:42.193673 dv-cinder-790535-7-smb neutron-server[99476]: File "/opt/stack/neutron/neutron/notifiers/batch_notifier.py", line 69, in _notify
Jul 07 20:47:42.193673 dv-cinder-790535-7-smb neutron-server[99476]: self.callback(batched_events)
Jul 07 20:47:42.193673 dv-cinder-790535-7-smb neutron-server[99476]: File "/opt/stack/neutron/neutron/services/segments/plugin.py", line 211, in _send_notifications
Jul 07 20:47:42.193673 dv-cinder-790535-7-smb neutron-server[99476]: event.method(event)
Jul 07 20:47:42.193673 dv-cinder-790535-7-smb neutron-server[99476]: File "/opt/stack/neutron/neutron/services/segments/plugin.py", line 383, in _delete_nova_inventory
Jul 07 20:47:42.193673 dv-cinder-790535-7-smb neutron-server[99476]: aggregate_id = self._get_aggregate_id(event.segment_id)
Jul 07 20:47:42.193673 dv-cinder-790535-7-smb neutron-server[99476]: File "/opt/stack/neutron/neutron/services/segments/plugin.py", line 370, in _get_aggregate_id
Jul 07 20:47:42.193673 dv-cinder-790535-7-smb neutron-server[99476]: aggregate_uuid = self.p_client.list_aggregates(
Jul 07 20:47:42.193673 dv-cinder-790535-7-smb neutron-server[99476]: File "/usr/local/lib/python3.8/dist-packages/neutron_lib/placement/client.py", line 57, in wrapper
Jul 07 20:47:42.193673 dv-cinder-790535-7-smb neutron-server[99476]: return f(self, *a, **k)
Jul 07 20:47:42.193673 dv-cinder-790535-7-smb neutron-server[99476]: File "/usr/local/lib/python3.8/dist-packages/neutron_lib/placement/client.py", line 553, in list_aggregates
Jul 07 20:47:42.193673 dv-cinder-790535-7-smb neutron-server[99476]: return self._get(url).json()
Jul 07 20:47:42.193673 dv-cinder-790535-7-smb neutron-server[99476]: File "/usr/local/lib/python3.8/dist-packages/neutron_lib/placement/client.py", line 189, in _get
Jul 07 20:47:42.193673 dv-cinder-790535-7-smb neutron-server[99476]: return self._client.get(url, endpoint_filter=self._ks_filter,
Jul 07 20:47:42.193673 dv-cinder-790535-7-smb neutron-server[99476]: File "/usr/local/lib/python3.8/dist-packages/keystoneauth1/session.py", line 1141, in get
Jul 07 20:47:42.193673 dv-cinder-790535-7-smb neutron-server[99476]: return self.request(url, 'GET', **kwargs)
Jul 07 20:47:42.193673 dv-cinder-790535-7-smb neutron-server[99476]: File "/usr/local/lib/python3.8/dist-packages/keystoneauth1/session.py", line 811, in request
Jul 07 20:47:42.193673 dv-cinder-790535-7-smb neutron-server[99476]: base_url = self.get_endpoint(auth, allow=allow,
Jul 07 20:47:42.193673 dv-cinder-790535-7-smb neutron-server[99476]: File "/usr/local/lib/python3.8/dist-packages/keystoneauth1/session.py", line 1241, in get_endpoint
Jul 07 20:47:42.193673 dv-cinder-790535-7-smb neutron-server[99476]: auth = self._auth_required(auth, 'determine endpoint URL')
Jul 07 20:47:42.193673 dv-cinder-790535-7-smb neutron-server[99476]: File "/usr/local/lib/python3.8/dist-packages/keystoneauth1/session.py", line 1181, in _auth_required
Jul 07 20:47:42.193673 dv-cinder-790535-7-smb neutron-server[99476]: raise exceptions.MissingAuthPlugin(msg_fmt % msg)
Jul 07 20:47:42.193673 dv-cinder-790535-7-smb neutron-server[99476]: keystoneauth1.exceptions.auth_plugins.MissingAuthPlugin: An auth plugin is required to determine endpoint URL
Jul 07 20:47:42.226627 dv-cinder-790535-7-smb neutron-server[99477]: INFO neutron.wsgi [req-8f12726e-8224-40d4-9bed-573a736b595d req-d9835115-5d11-4203-9a59-07f9635b62d5 tempest-AttachVolumeShelveTestJSON-142360768 tempest-AttachVolumeShelveTestJSON-142360768-project] 10.222.0.78 "GET /v2.0/security-groups?id=d29d8cb5-4d00-4867-ae15-2558b6ed3f45&fields=id&fields=name HTTP/1.1" status: 200 len: 312 time: 0.0606074
Jul 07 20:47:42.302289 dv-cinder-790535-7-smb neutron-server[99476]: DEBUG neutron_lib.callbacks.manager [None req-f31a5149-3711-4f4a-a7c1-1fdf34fefbd9 admin admin] Notify callbacks [] for security_group, before_create {{(pid=99476) _notify_loop /usr/local/lib/python3.8/dist-packages/neutron_lib/callbacks/manager.py:192}}
Jul 07 20:47:42.320981 dv-cinder-790535-7-smb neutron-server[99476]: DEBUG neutron.wsgi [-] (99476) accepted ('10.222.0.78', 44632) {{(pid=99476) server /usr/local/lib/python3.8/dist-packages/eventlet/wsgi.py:982}}
Jul 07 20:47:42.339725 dv-cinder-790535-7-smb neutron-server[99476]: DEBUG neutron_lib.callbacks.manager [None req-319deb8e-37d6-4a5d-b805-c6c6913e7a3b admin admin] Notify callbacks ['neutron.plugins.ml2.plugin.Ml2Plugin._network_delete_after_delete_handler-699334', 'neutron.plugins.ml2.ovo_rpc._ObjectChangeHandler.handle_payload_event-1772544', 'neutron.api.rpc.agentnotifiers.dhcp_rpc_agent_api.DhcpAgentNotifyAPI._native_event_send_dhcp_notification_payload-1694400', 'neutron.services.l3_router.l3_router_plugin.DVRResourceOperationHandler.delete_fip_namespaces_for_ext_net-1826481'] for network, after_delete {{(pid=99476) _notify_loop /usr/local/lib/python3.8/dist-packages/neutron_lib/callbacks/manager.py:192}}
Jul 07 20:47:42.351130 dv-cinder-790535-7-smb neutron-server[99476]: DEBUG neutron_lib.callbacks.manager [None req-319deb8e-37d6-4a5d-b805-c6c6913e7a3b admin admin] Notify callbacks ['neutron.api.rpc.agentnotifiers.dhcp_rpc_agent_api.DhcpAgentNotifyAPI._send_dhcp_notification-1694383'] for network, before_response {{(pid=99476) _notify_loop /usr/local/lib/python3.8/dist-packages/neutron_lib/callbacks/manager.py:192}}
Jul 07 20:47:42.353127 dv-cinder-790535-7-smb neutron-server[99476]: INFO neutron.wsgi [None req-319deb8e-37d6-4a5d-b805-c6c6913e7a3b admin admin] 10.222.0.78 "DELETE /v2.0/networks/8cad8deb-0707-45ba-97a2-6c0d6cbabc8c HTTP/1.1" status: 204 len: 168 time: 0.4588068
Jul 07 20:47:42.374456 dv-cinder-790535-7-smb neutron-server[99476]: DEBUG neutron_lib.callbacks.manager [None req-692f675b-1a23-4be9-80fb-0cf4a1bd45dc admin admin] Notify callbacks [] for security_group, before_create {{(pid=99476) _notify_loop /usr/local/lib/python3.8/dist-packages/neutron_lib/callbacks/manager.py:192}}
Jul 07 20:47:42.381468 dv-cinder-790535-7-smb neutron-server[99477]: DEBUG neutron.scheduler.l3_agent_scheduler [None req-23792113-fe12-44fc-b792-4c0f9e2fb50f tempest-AttachVolumeTestJSON-1954067860 tempest-AttachVolumeTestJSON-1954067860-project] Router e1881fee-4513-47f1-9c6b-324098b0b5bb has already been hosted by L3 agent 6152885c-92cf-4b8d-a0a1-90226c88db4e {{(pid=99477) _get_candidates /opt/stack/neutron/neutron/scheduler/l3_agent_scheduler.py:127}}
Jul 07 20:47:42.403868 dv-cinder-790535-7-smb neutron-server[99476]: DEBUG neutron.api.rpc.handlers.resources_rpc [None req-319deb8e-37d6-4a5d-b805-c6c6913e7a3b admin admin] Pushing event deleted for resources: {'Network': ['ID=8cad8deb-0707-45ba-97a2-6c0d6cbabc8c,revision_number=None']} {{(pid=99476) push /opt/stack/neutron/neutron/api/rpc/handlers/resources_rpc.py:237}}
Jul 07 20:47:42.516880 dv-cinder-790535-7-smb neutron-server[99476]: DEBUG neutron.pecan_wsgi.hooks.policy_enforcement [req-9b5b63c7-3cf5-488d-8e9d-50b6ee5b2b5b req-ce65227e-f720-4696-b3a9-17a1a31af907 tempest-AttachVolumeShelveTestJSON-142360768 tempest-AttachVolumeShelveTestJSON-142360768-project] Attributes excluded by policy engine: ['standard_attr_id', 'binding:profile', 'binding:host_id', 'binding:vif_type', 'binding:vif_details'] {{(pid=99476) _exclude_attributes_by_policy /opt/stack/neutron/neutron/pecan_wsgi/hooks/policy_enforcement.py:255}}
Jul 07 20:47:42.521879 dv-cinder-790535-7-smb neutron-server[99476]: INFO neutron.wsgi [req-9b5b63c7-3cf5-488d-8e9d-50b6ee5b2b5b req-ce65227e-f720-4696-b3a9-17a1a31af907 tempest-AttachVolumeShelveTestJSON-142360768 tempest-AttachVolumeShelveTestJSON-142360768-project] 10.222.0.78 "GET /v2.0/ports?device_id=d2231b4f-2b3c-4afc-a56b-f10721953901 HTTP/1.1" status: 200 len: 945 time: 0.1673765
Jul 07 20:47:42.529595 dv-cinder-790535-7-smb neutron-server[99476]: DEBUG neutron.wsgi [-] (99476) accepted ('10.222.0.78', 44640) {{(pid=99476) server /usr/local/lib/python3.8/dist-packages/eventlet/wsgi.py:982}}
Jul 07 20:47:42.535774 dv-cinder-790535-7-smb neutron-server[99476]: DEBUG neutron.api.v2.base [None req-e7585301-ac78-4607-9ec4-8418164a5ca7 tempest-AttachVolumeShelveTestJSON-142360768 tempest-AttachVolumeShelveTestJSON-142360768-project] Request body: {'floatingip': {'port_id': '77f7a78e-bc8b-41d1-b036-deddea100bc6'}} {{(pid=99476) prepare_request_body /opt/stack/neutron/neutron/api/v2/base.py:729}}
Jul 07 20:47:42.549973 dv-cinder-790535-7-smb neutron-server[99477]: DEBUG neutron.api.rpc.agentnotifiers.l3_rpc_agent_api [None req-23792113-fe12-44fc-b792-4c0f9e2fb50f tempest-AttachVolumeTestJSON-1954067860 tempest-AttachVolumeTestJSON-1954067860-project] Notify agent at l3_agent.dv-cinder-790535-7-smb the message routers_updated {{(pid=99477) _agent_notification /opt/stack/neutron/neutron/api/rpc/agentnotifiers/l3_rpc_agent_api.py:65}}
Jul 07 20:47:42.556409 dv-cinder-790535-7-smb neutron-server[99477]: DEBUG neutron_lib.callbacks.manager [None req-23792113-fe12-44fc-b792-4c0f9e2fb50f tempest-AttachVolumeTestJSON-1954067860 tempest-AttachVolumeTestJSON-1954067860-project] Notify callbacks ['neutron.notifiers.nova.Notifier._send_nova_notification-117156'] for floatingip, before_response {{(pid=99477) _notify_loop /usr/local/lib/python3.8/dist-packages/neutron_lib/callbacks/manager.py:192}}
Jul 07 20:47:42.564019 dv-cinder-790535-7-smb neutron-server[99479]: DEBUG neutron.api.rpc.handlers.l3_rpc [None req-a5a88456-93c7-4e1d-ae37-c22b152c971e None None] Sync routers for ids ['e1881fee-4513-47f1-9c6b-324098b0b5bb'] in dv-cinder-790535-7-smb {{(pid=99479) sync_routers /opt/stack/neutron/neutron/api/rpc/handlers/l3_rpc.py:125}}
Jul 07 20:47:42.581212 dv-cinder-790535-7-smb neutron-server[99479]: DEBUG neutron.db.l3_dvrscheduler_db [None req-a5a88456-93c7-4e1d-ae37-c22b152c971e None None] Routers {'e1881fee-4513-47f1-9c6b-324098b0b5bb'} bound to L3 agent in host dv-cinder-790535-7-smb {{(pid=99479) _get_router_ids_for_agent /opt/stack/neutron/neutron/db/l3_dvrscheduler_db.py:420}}
Jul 07 20:47:42.582062 dv-cinder-790535-7-smb neutron-server[99479]: DEBUG neutron.db.l3_hamode_db [None req-a5a88456-93c7-4e1d-ae37-c22b152c971e None None] neutron.services.l3_router.l3_router_plugin.L3RouterPlugin method get_ha_sync_data_for_host called with arguments (, 'dv-cinder-790535-7-smb', Agent(admin_state_up=True,agent_type='L3 agent',availability_zone='nova',binary='neutron-l3-agent',configurations={"agent_mode": "legacy", "ex_gw_ports": 4, "extensions": [], "floating_ips": 0, "handle_internal_only_routers": true, "interface_driver": "openvswitch", "interfaces": 4, "log_agent_heartbeats": false, "routers": 4},created_at=2021-07-07T20:39:02Z,description=,heartbeat_timestamp=2021-07-07T20:47:32Z,host='dv-cinder-790535-7-smb',id=6152885c-92cf-4b8d-a0a1-90226c88db4e,load=0,resource_versions=,resources_synced=,started_at=2021-07-07T20:39:02Z,topic='l3_agent')) {'router_ids': ['e1881fee-4513-47f1-9c6b-324098b0b5bb'], 'active': True} {{(pid=99479) wrapper /usr/local/lib/python3.8/dist-packages/oslo_log/helpers.py:65}}
Jul 07 20:47:42.591813 dv-cinder-790535-7-smb neutron-server[99477]: DEBUG neutron.wsgi [-] (99477) accepted ('10.222.0.78', 44642) {{(pid=99477) server /usr/local/lib/python3.8/dist-packages/eventlet/wsgi.py:982}}
Jul 07 20:47:42.631649 dv-cinder-790535-7-smb neutron-server[99476]: DEBUG neutron_lib.callbacks.manager [None req-e7585301-ac78-4607-9ec4-8418164a5ca7 tempest-AttachVolumeShelveTestJSON-142360768 tempest-AttachVolumeShelveTestJSON-142360768-project] Notify callbacks [] for floatingip, before_update {{(pid=99476) _notify_loop /usr/local/lib/python3.8/dist-packages/neutron_lib/callbacks/manager.py:192}}
Jul 07 20:47:42.656082 dv-cinder-790535-7-smb neutron-server[99477]: INFO neutron.wsgi [None req-23792113-fe12-44fc-b792-4c0f9e2fb50f tempest-AttachVolumeTestJSON-1954067860 tempest-AttachVolumeTestJSON-1954067860-project] 10.222.0.78 "PUT /v2.0/floatingips/da3ed1bc-4ec0-4456-adb6-379b2379ac5f HTTP/1.1" status: 200 len: 991 time: 2.1064851
Jul 07 20:47:42.659031 dv-cinder-790535-7-smb neutron-server[99477]: DEBUG neutron.notifiers.nova [-] Sending events: [{'name': 'network-changed', 'server_uuid': '5e8996ba-cfa9-4080-9aba-f828d12f98fb', 'tag': 'bc81d9a8-3c90-46db-8fb6-fbd32e9cde7f'}] {{(pid=99477) send_events /opt/stack/neutron/neutron/notifiers/nova.py:262}}
Jul 07 20:47:42.661712 dv-cinder-790535-7-smb neutron-server[99477]: DEBUG novaclient.v2.client [-] REQ: curl -g -i --cacert "/opt/stack/data/ca-bundle.pem" -X POST http://10.222.0.78/compute/v2.1/os-server-external-events -H "Accept: application/json" -H "Content-Type: application/json" -H "User-Agent: python-novaclient" -H "X-Auth-Token: {SHA256}2861d52564ce65800c57eeffca4e288c676d19722575ac4a09b7d81aeac873b9" -H "X-OpenStack-Nova-API-Version: 2.1" -H "X-OpenStack-Request-ID: req-cfa5d508-ae21-465d-832c-6a069dbfebc6" -d '{"events": [{"name": "network-changed", "server_uuid": "5e8996ba-cfa9-4080-9aba-f828d12f98fb", "tag": "bc81d9a8-3c90-46db-8fb6-fbd32e9cde7f"}]}' {{(pid=99477) _http_log_request /usr/local/lib/python3.8/dist-packages/keystoneauth1/session.py:519}}
Jul 07 20:47:42.697568 dv-cinder-790535-7-smb neutron-server[99477]: INFO neutron.wsgi [None req-86e44f2a-a2b6-4da5-afe8-c47ff02c91fd admin admin] 10.222.0.78 "GET /v2.0/security-groups?tenant_id=4f84d7f7e94a4aa9b9e80a884475206b&name=default HTTP/1.1" status: 200 len: 2975 time: 0.1032476
Jul 07 20:47:42.700062 dv-cinder-790535-7-smb neutron-server[99477]: DEBUG neutron.wsgi [-] (99477) accepted ('10.222.0.78', 44650) {{(pid=99477) server /usr/local/lib/python3.8/dist-packages/eventlet/wsgi.py:982}}
Jul 07 20:47:42.754579 dv-cinder-790535-7-smb neutron-server[99476]: DEBUG neutron_lib.callbacks.manager [None req-f31a5149-3711-4f4a-a7c1-1fdf34fefbd9 admin admin] Notify callbacks [] for security_group, precommit_create {{(pid=99476) _notify_loop /usr/local/lib/python3.8/dist-packages/neutron_lib/callbacks/manager.py:192}}
Jul 07 20:47:42.767194 dv-cinder-790535-7-smb neutron-server[99479]: DEBUG neutron.db.l3_dvr_db [None req-a5a88456-93c7-4e1d-ae37-c22b152c971e None None] Set router e1881fee-4513-47f1-9c6b-324098b0b5bb gateway port host: dv-cinder-790535-7-smb {{(pid=99479) _build_routers_list /opt/stack/neutron/neutron/db/l3_dvr_db.py:894}}
Jul 07 20:47:42.775176 dv-cinder-790535-7-smb neutron-server[99476]: DEBUG neutron_lib.callbacks.manager [None req-f31a5149-3711-4f4a-a7c1-1fdf34fefbd9 admin admin] Notify callbacks ['neutron.plugins.ml2.ovo_rpc._ObjectChangeHandler.handle_payload_event-1772652'] for security_group, after_create {{(pid=99476) _notify_loop /usr/local/lib/python3.8/dist-packages/neutron_lib/callbacks/manager.py:192}}
Jul 07 20:47:42.783253 dv-cinder-790535-7-smb neutron-server[99477]: DEBUG neutron.pecan_wsgi.hooks.policy_enforcement [req-1200b86c-9e11-46ba-a181-982d7fd97b56 req-7b0da9e9-500a-46a7-ace3-945925e49056 tempest-ServerRescueNegativeTestJSON-1197702317 tempest-ServerRescueNegativeTestJSON-1197702317-project] Attributes excluded by policy engine: ['standard_attr_id', 'binding:profile', 'binding:host_id', 'binding:vif_type', 'binding:vif_details'] {{(pid=99477) _exclude_attributes_by_policy /opt/stack/neutron/neutron/pecan_wsgi/hooks/policy_enforcement.py:255}}
Jul 07 20:47:42.784991 dv-cinder-790535-7-smb neutron-server[99477]: INFO neutron.wsgi [req-1200b86c-9e11-46ba-a181-982d7fd97b56 req-7b0da9e9-500a-46a7-ace3-945925e49056 tempest-ServerRescueNegativeTestJSON-1197702317 tempest-ServerRescueNegativeTestJSON-1197702317-project] 10.222.0.78 "GET /v2.0/ports?device_id=17830fe0-cb00-4daa-8462-d9c83fe9f770 HTTP/1.1" status: 200 len: 945 time: 0.1921108
Jul 07 20:47:42.870874 dv-cinder-790535-7-smb neutron-server[99477]: INFO neutron.wsgi [req-1200b86c-9e11-46ba-a181-982d7fd97b56 req-f5d19835-28b3-4f81-bc38-7a452390ba44 tempest-ServerRescueNegativeTestJSON-1197702317 tempest-ServerRescueNegativeTestJSON-1197702317-project] 10.222.0.78 "GET /v2.0/security-groups?id=d65c8309-241a-4213-b222-f514bd88f8d0&fields=id&fields=name HTTP/1.1" status: 200 len: 286 time: 0.0727816
Jul 07 20:47:42.901317 dv-cinder-790535-7-smb neutron-server[99477]: DEBUG neutron_lib.callbacks.manager [None req-c0c4dd22-d077-4d75-841d-dfbd81184e71 admin admin] Notify callbacks [] for security_group, before_delete {{(pid=99477) _notify_loop /usr/local/lib/python3.8/dist-packages/neutron_lib/callbacks/manager.py:192}}
Jul 07 20:47:42.932966 dv-cinder-790535-7-smb neutron-server[99477]: DEBUG neutron_lib.callbacks.manager [None req-c0c4dd22-d077-4d75-841d-dfbd81184e71 admin admin] Notify callbacks [] for security_group, precommit_delete {{(pid=99477) _notify_loop /usr/local/lib/python3.8/dist-packages/neutron_lib/callbacks/manager.py:192}}
Jul 07 20:47:42.960137 dv-cinder-790535-7-smb neutron-server[99476]: DEBUG neutron.api.rpc.handlers.resources_rpc [None req-f31a5149-3711-4f4a-a7c1-1fdf34fefbd9 admin admin] Pushing event updated for resources: {'SecurityGroup': ['ID=cdacfca7-8e25-4978-859e-9366f7babf96,revision_number=1']} {{(pid=99476) push /opt/stack/neutron/neutron/api/rpc/handlers/resources_rpc.py:237}}
Jul 07 20:47:42.972365 dv-cinder-790535-7-smb neutron-server[99477]: DEBUG novaclient.v2.client [-] RESP: [200] Connection: close Content-Length: 179 Content-Type: application/json Date: Wed, 07 Jul 2021 20:47:42 GMT OpenStack-API-Version: compute 2.1 Server: Apache/2.4.41 (Ubuntu) Vary: OpenStack-API-Version,X-OpenStack-Nova-API-Version X-OpenStack-Nova-API-Version: 2.1 x-compute-request-id: req-c61df593-77ce-4684-a6f1-3cb1b1c89cd7 x-openstack-request-id: req-c61df593-77ce-4684-a6f1-3cb1b1c89cd7 {{(pid=99477) _http_log_response /usr/local/lib/python3.8/dist-packages/keystoneauth1/session.py:550}}
Jul 07 20:47:42.972643 dv-cinder-790535-7-smb neutron-server[99477]: DEBUG novaclient.v2.client [-] RESP BODY: {"events": [{"name": "network-changed", "server_uuid": "5e8996ba-cfa9-4080-9aba-f828d12f98fb", "tag": "bc81d9a8-3c90-46db-8fb6-fbd32e9cde7f", "status": "completed", "code": 200}]} {{(pid=99477) _http_log_response /usr/local/lib/python3.8/dist-packages/keystoneauth1/session.py:582}}
Jul 07 20:47:42.973139 dv-cinder-790535-7-smb neutron-server[99477]: DEBUG novaclient.v2.client [-] POST call to compute for http://10.222.0.78/compute/v2.1/os-server-external-events used request id req-c61df593-77ce-4684-a6f1-3cb1b1c89cd7 {{(pid=99477) request /usr/local/lib/python3.8/dist-packages/keystoneauth1/session.py:954}}
Jul 07 20:47:42.973415 dv-cinder-790535-7-smb neutron-server[99477]: INFO neutron.notifiers.nova [-] Nova event response: {'name': 'network-changed', 'server_uuid': '5e8996ba-cfa9-4080-9aba-f828d12f98fb', 'tag': 'bc81d9a8-3c90-46db-8fb6-fbd32e9cde7f', 'status': 'completed', 'code': 200}
Jul 07 20:47:43.004886 dv-cinder-790535-7-smb neutron-server[99476]: INFO neutron.wsgi [None req-f31a5149-3711-4f4a-a7c1-1fdf34fefbd9 admin admin] 10.222.0.78 "GET /v2.0/security-groups?tenant_id=b97e55f167624cdab11541cea346c69e&name=default HTTP/1.1" status: 200 len: 2979 time: 0.9248402
Jul 07 20:47:43.006825 dv-cinder-790535-7-smb neutron-server[99477]: DEBUG neutron.wsgi [-] (99477) accepted ('10.222.0.78', 44660) {{(pid=99477) server /usr/local/lib/python3.8/dist-packages/eventlet/wsgi.py:982}}
Jul 07 20:47:43.030021 dv-cinder-790535-7-smb neutron-server[99477]: DEBUG neutron_lib.callbacks.manager [None req-c0c4dd22-d077-4d75-841d-dfbd81184e71 admin admin] Notify callbacks ['neutron.plugins.ml2.ovo_rpc._ObjectChangeHandler.handle_payload_event-1772652'] for security_group, after_delete {{(pid=99477) _notify_loop /usr/local/lib/python3.8/dist-packages/neutron_lib/callbacks/manager.py:192}}
Jul 07 20:47:43.032605 dv-cinder-790535-7-smb neutron-server[99477]: DEBUG neutron_lib.callbacks.manager [None req-c0c4dd22-d077-4d75-841d-dfbd81184e71 admin admin] Notify callbacks [] for security_group, before_response {{(pid=99477) _notify_loop /usr/local/lib/python3.8/dist-packages/neutron_lib/callbacks/manager.py:192}}
Jul 07 20:47:43.033779 dv-cinder-790535-7-smb neutron-server[99477]: INFO neutron.wsgi [None req-c0c4dd22-d077-4d75-841d-dfbd81184e71 admin admin] 10.222.0.78 "DELETE /v2.0/security-groups/fd2b35c2-0662-48f9-a693-b80564e09502 HTTP/1.1" status: 204 len: 168 time: 0.3325346
Jul 07 20:47:43.059371 dv-cinder-790535-7-smb neutron-server[99477]: DEBUG neutron.api.rpc.handlers.resources_rpc [None req-c0c4dd22-d077-4d75-841d-dfbd81184e71 admin admin] Pushing event deleted for resources: {'SecurityGroup': ['ID=fd2b35c2-0662-48f9-a693-b80564e09502,revision_number=None']} {{(pid=99477) push /opt/stack/neutron/neutron/api/rpc/handlers/resources_rpc.py:237}}
Jul 07 20:47:43.076170 dv-cinder-790535-7-smb neutron-server[99477]: DEBUG neutron_lib.callbacks.manager [None req-b5ffdfff-470c-4ae5-a289-39dbc60ed0e3 admin admin] Notify callbacks [] for security_group, before_delete {{(pid=99477) _notify_loop /usr/local/lib/python3.8/dist-packages/neutron_lib/callbacks/manager.py:192}}
Jul 07 20:47:43.102863 dv-cinder-790535-7-smb neutron-server[99477]: DEBUG neutron_lib.callbacks.manager [None req-b5ffdfff-470c-4ae5-a289-39dbc60ed0e3 admin admin] Notify callbacks [] for security_group, precommit_delete {{(pid=99477) _notify_loop /usr/local/lib/python3.8/dist-packages/neutron_lib/callbacks/manager.py:192}}
Jul 07 20:47:43.161954 dv-cinder-790535-7-smb neutron-server[99476]: DEBUG neutron.pecan_wsgi.hooks.policy_enforcement [req-cfa5d508-ae21-465d-832c-6a069dbfebc6 req-fad7a916-06bc-4aac-8b34-6278f75c34fa service neutron] Attributes excluded by policy engine: ['standard_attr_id'] {{(pid=99476) _exclude_attributes_by_policy /opt/stack/neutron/neutron/pecan_wsgi/hooks/policy_enforcement.py:255}}
Jul 07 20:47:43.163558 dv-cinder-790535-7-smb neutron-server[99476]: INFO neutron.wsgi [req-cfa5d508-ae21-465d-832c-6a069dbfebc6 req-fad7a916-06bc-4aac-8b34-6278f75c34fa service neutron] 10.222.0.63 "GET /v2.0/ports?tenant_id=6fe5d4144c2f4adf957e1366070b0cd9&device_id=5e8996ba-cfa9-4080-9aba-f828d12f98fb HTTP/1.1" status: 200 len: 1098 time: 0.2264149
Jul 07 20:47:43.174072 dv-cinder-790535-7-smb neutron-server[99476]: DEBUG neutron_lib.callbacks.manager [None req-692f675b-1a23-4be9-80fb-0cf4a1bd45dc admin admin] Notify callbacks [] for security_group, precommit_create {{(pid=99476) _notify_loop /usr/local/lib/python3.8/dist-packages/neutron_lib/callbacks/manager.py:192}}
Jul 07 20:47:43.174298 dv-cinder-790535-7-smb neutron-server[99477]: DEBUG neutron_lib.callbacks.manager [None req-b5ffdfff-470c-4ae5-a289-39dbc60ed0e3 admin admin] Notify callbacks ['neutron.plugins.ml2.ovo_rpc._ObjectChangeHandler.handle_payload_event-1772652'] for security_group, after_delete {{(pid=99477) _notify_loop /usr/local/lib/python3.8/dist-packages/neutron_lib/callbacks/manager.py:192}}
Jul 07 20:47:43.179269 dv-cinder-790535-7-smb neutron-server[99477]: DEBUG neutron_lib.callbacks.manager [None req-b5ffdfff-470c-4ae5-a289-39dbc60ed0e3 admin admin] Notify callbacks [] for security_group, before_response {{(pid=99477) _notify_loop /usr/local/lib/python3.8/dist-packages/neutron_lib/callbacks/manager.py:192}}
Jul 07 20:47:43.183060 dv-cinder-790535-7-smb neutron-server[99477]: INFO neutron.wsgi [None req-b5ffdfff-470c-4ae5-a289-39dbc60ed0e3 admin admin] 10.222.0.78 "DELETE /v2.0/security-groups/cdacfca7-8e25-4978-859e-9366f7babf96 HTTP/1.1" status: 204 len: 168 time: 0.1725109
Jul 07 20:47:43.183320 dv-cinder-790535-7-smb neutron-server[99479]: DEBUG neutron.db.l3_hamode_db [None req-a5a88456-93c7-4e1d-ae37-c22b152c971e None None] neutron.services.l3_router.l3_router_plugin.L3RouterPlugin method _process_sync_ha_data called with arguments (, [{'id': 'e1881fee-4513-47f1-9c6b-324098b0b5bb', 'name': 'tempest-AttachVolumeTestJSON-681626306-router', 'tenant_id': '6fe5d4144c2f4adf957e1366070b0cd9', 'admin_state_up': True, 'status': 'ACTIVE', 'external_gateway_info': {'network_id': '4cf7dd47-89be-4fbb-b7a3-6241c132cb6a', 'external_fixed_ips': [{'subnet_id': '7eba7f68-79cb-4aa3-9387-94112a4597d0', 'ip_address': '172.28.3.121'}], 'enable_snat': True}, 'gw_port_id': 'f56b65e1-4f0e-4011-8366-ed5265c1c6db', 'description': '', 'availability_zones': ['nova'], 'distributed': False, 'ha': False, 'ha_vr_id': 0, 'availability_zone_hints': [], 'routes': [], 'flavor_id': None, 'tags': [], 'created_at': '2021-07-07T20:46:53Z', 'updated_at': '2021-07-07T20:46:59Z', 'revision_number': 4, 'project_id': '6fe5d4144c2f4adf957e1366070b0cd9', 'gw_port': {'id': 'f56b65e1-4f0e-4011-8366-ed5265c1c6db', 'name': '', 'network_id': '4cf7dd47-89be-4fbb-b7a3-6241c132cb6a', 'tenant_id': '', 'mac_address': 'fa:16:3e:e3:ff:a7', 'admin_state_up': True, 'status': 'ACTIVE', 'device_id': 'e1881fee-4513-47f1-9c6b-324098b0b5bb', 'device_owner': 'network:router_gateway', 'standard_attr_id': 82, 'fixed_ips': [{'subnet_id': '7eba7f68-79cb-4aa3-9387-94112a4597d0', 'ip_address': '172.28.3.121', 'prefixlen': 24}], 'allowed_address_pairs': [], 'extra_dhcp_opts': [], 'security_groups': [], 'description': '', 'binding:vnic_type': 'normal', 'binding:profile': {}, 'binding:host_id': 'dv-cinder-790535-7-smb', 'binding:vif_type': 'ovs', 'binding:vif_details': {'connectivity': 'l2', 'port_filter': True, 'ovs_hybrid_plug': False, 'datapath_type': 'system', 'bridge_name': 'br-int'}, 'port_security_enabled': False, 'tags': [], 'created_at': '2021-07-07T20:46:54Z', 'updated_at': '2021-07-07T20:47:02Z', 'revision_number': 4, 'project_id': '', 'subnets': [{'id': '7eba7f68-79cb-4aa3-9387-94112a4597d0', 'cidr': '172.28.3.0/24', 'gateway_ip': '172.28.3.1', 'dns_nameservers': [], 'ipv6_ra_mode': None, 'subnetpool_id': None}], 'extra_subnets': [], 'address_scopes': {4: None, 6: None}, 'mtu': 1500}, 'enable_snat': True, 'gw_port_host': 'dv-cinder-790535-7-smb', '_floatingips': [{'id': 'da3ed1bc-4ec0-4456-adb6-379b2379ac5f', 'tenant_id': '6fe5d4144c2f4adf957e1366070b0cd9', 'floating_ip_address': '172.28.3.227', 'floating_network_id': '4cf7dd47-89be-4fbb-b7a3-6241c132cb6a', 'router_id': 'e1881fee-4513-47f1-9c6b-324098b0b5bb', 'port_id': 'bc81d9a8-3c90-46db-8fb6-fbd32e9cde7f', 'fixed_ip_address': '172.20.0.3', 'status': 'DOWN', 'standard_attr_id': 142, 'description': '', 'qos_policy_id': None, 'port_details': {'name': '', 'network_id': 'baacda7b-13b1-4828-80f5-bae224d983e4', 'mac_address': 'fa:16:3e:9e:3c:3b', 'admin_state_up': True, 'status': 'ACTIVE', 'device_id': '5e8996ba-cfa9-4080-9aba-f828d12f98fb', 'device_owner': 'compute:nova'}, 'dns_domain': '', 'dns_name': '', 'tags': [], 'created_at': '2021-07-07T20:47:13Z', 'updated_at': '2021-07-07T20:47:41Z', 'revision_number': 1, 'project_id': '6fe5d4144c2f4adf957e1366070b0cd9', 'fixed_ip_address_scope': None}], '_interfaces': [{'id': '976d0005-ae8e-4ae1-ad9b-4481bbb348cf', 'name': '', 'network_id': 'baacda7b-13b1-4828-80f5-bae224d983e4', 'tenant_id': '6fe5d4144c2f4adf957e1366070b0cd9', 'mac_address': 'fa:16:3e:7c:2e:e6', 'admin_state_up': True, 'status': 'ACTIVE', 'device_id': 'e1881fee-4513-47f1-9c6b-324098b0b5bb', 'device_owner': 'network:router_interface', 'standard_attr_id': 102, 'fixed_ips': [{'subnet_id': '19494945-9151-4cfc-bae9-5ffa5445a058', 'ip_address': '172.20.0.1', 'prefixlen': 28}], 'allowed_address_pairs': [], 'extra_dhcp_opts': [], 'security_groups': [], 'description': '', 'binding:vnic_type': 'normal', 'binding:profile': {}, 'binding:host_id': 'dv-cinder-790535-7-smb', 'binding:vif_type': 'ovs', 'binding:vif_details': {'connectivity': 'l2', 'port_filter': True, 'ovs_hybrid_plug': False, 'datapath_type': 'system', 'bridge_name': 'br-int'}, 'port_security_enabled': False, 'tags': [], 'created_at': '2021-07-07T20:46:58Z', 'updated_at': '2021-07-07T20:47:11Z', 'revision_number': 5, 'project_id': '6fe5d4144c2f4adf957e1366070b0cd9', 'subnets': [{'id': '19494945-9151-4cfc-bae9-5ffa5445a058', 'cidr': '172.20.0.0/28', 'gateway_ip': '172.20.0.1', 'dns_nameservers': [], 'ipv6_ra_mode': None, 'subnetpool_id': None}], 'extra_subnets': [], 'address_scopes': {4: None, 6: None}, 'mtu': 1500}]}], 'dv-cinder-790535-7-smb', False) {} {{(pid=99479) wrapper /usr/local/lib/python3.8/dist-packages/oslo_log/helpers.py:65}}
Jul 07 20:47:43.191425 dv-cinder-790535-7-smb neutron-server[99477]: DEBUG neutron.api.rpc.handlers.resources_rpc [None req-b5ffdfff-470c-4ae5-a289-39dbc60ed0e3 admin admin] Pushing event deleted for resources: {'SecurityGroup': ['ID=cdacfca7-8e25-4978-859e-9366f7babf96,revision_number=None']} {{(pid=99477) push /opt/stack/neutron/neutron/api/rpc/handlers/resources_rpc.py:237}}
Jul 07 20:47:43.219395 dv-cinder-790535-7-smb neutron-server[99479]: DEBUG neutron.api.rpc.handlers.l3_rpc [None req-a5a88456-93c7-4e1d-ae37-c22b152c971e None None] Checking router: e1881fee-4513-47f1-9c6b-324098b0b5bb for host: dv-cinder-790535-7-smb {{(pid=99479) _ensure_host_set_on_ports /opt/stack/neutron/neutron/api/rpc/handlers/l3_rpc.py:155}}
Jul 07 20:47:43.221619 dv-cinder-790535-7-smb neutron-server[99476]: DEBUG neutron_lib.callbacks.manager [None req-692f675b-1a23-4be9-80fb-0cf4a1bd45dc admin admin] Notify callbacks ['neutron.plugins.ml2.ovo_rpc._ObjectChangeHandler.handle_payload_event-1772652'] for security_group, after_create {{(pid=99476) _notify_loop /usr/local/lib/python3.8/dist-packages/neutron_lib/callbacks/manager.py:192}}
Jul 07 20:47:43.231724 dv-cinder-790535-7-smb neutron-server[99479]: DEBUG neutron.db.l3_dvrscheduler_db [None req-a5a88456-93c7-4e1d-ae37-c22b152c971e None None] Routers {'e1881fee-4513-47f1-9c6b-324098b0b5bb'} bound to L3 agent in host dv-cinder-790535-7-smb {{(pid=99479) _get_router_ids_for_agent /opt/stack/neutron/neutron/db/l3_dvrscheduler_db.py:420}}
Jul 07 20:47:43.232915 dv-cinder-790535-7-smb neutron-server[99479]: DEBUG neutron.db.l3_hamode_db [None req-a5a88456-93c7-4e1d-ae37-c22b152c971e None None] neutron.services.l3_router.l3_router_plugin.L3RouterPlugin method get_ha_sync_data_for_host called with arguments (, 'dv-cinder-790535-7-smb', Agent(admin_state_up=True,agent_type='L3 agent',availability_zone='nova',binary='neutron-l3-agent',configurations={"agent_mode": "legacy", "ex_gw_ports": 4, "extensions": [], "floating_ips": 0, "handle_internal_only_routers": true, "interface_driver": "openvswitch", "interfaces": 4, "log_agent_heartbeats": false, "routers": 4},created_at=2021-07-07T20:39:02Z,description=,heartbeat_timestamp=2021-07-07T20:47:32Z,host='dv-cinder-790535-7-smb',id=6152885c-92cf-4b8d-a0a1-90226c88db4e,load=0,resource_versions=,resources_synced=,started_at=2021-07-07T20:39:02Z,topic='l3_agent')) {'router_ids': ['e1881fee-4513-47f1-9c6b-324098b0b5bb'], 'active': True} {{(pid=99479) wrapper /usr/local/lib/python3.8/dist-packages/oslo_log/helpers.py:65}}
Jul 07 20:47:43.390023 dv-cinder-790535-7-smb neutron-server[99479]: DEBUG neutron.db.l3_dvr_db [None req-a5a88456-93c7-4e1d-ae37-c22b152c971e None None] Set router e1881fee-4513-47f1-9c6b-324098b0b5bb gateway port host: dv-cinder-790535-7-smb {{(pid=99479) _build_routers_list /opt/stack/neutron/neutron/db/l3_dvr_db.py:894}}
Jul 07 20:47:43.411819 dv-cinder-790535-7-smb neutron-server[99476]: INFO neutron.wsgi [None req-692f675b-1a23-4be9-80fb-0cf4a1bd45dc admin admin] 10.222.0.78 "GET /v2.0/security-groups?tenant_id=89255a6cfeff4456bfa6cc5b8d76eccc&name=default HTTP/1.1" status: 200 len: 2979 time: 1.0893900
Jul 07 20:47:43.415793 dv-cinder-790535-7-smb neutron-server[99477]: DEBUG neutron.wsgi [-] (99477) accepted ('10.222.0.78', 44670) {{(pid=99477) server /usr/local/lib/python3.8/dist-packages/eventlet/wsgi.py:982}}
Jul 07 20:47:43.422634 dv-cinder-790535-7-smb neutron-server[99476]: DEBUG neutron.api.rpc.handlers.resources_rpc [None req-692f675b-1a23-4be9-80fb-0cf4a1bd45dc admin admin] Pushing event updated for resources: {'SecurityGroup': ['ID=9d279329-1b4b-4446-9b49-2a385079df8a,revision_number=1']} {{(pid=99476) push /opt/stack/neutron/neutron/api/rpc/handlers/resources_rpc.py:237}}
Jul 07 20:47:43.480130 dv-cinder-790535-7-smb neutron-server[99476]: DEBUG neutron.pecan_wsgi.hooks.policy_enforcement [req-cfa5d508-ae21-465d-832c-6a069dbfebc6 req-14b5b2cc-c09c-48de-9037-bbb7feef6496 service neutron] Attributes excluded by policy engine: ['standard_attr_id', 'vlan_transparent'] {{(pid=99476) _exclude_attributes_by_policy /opt/stack/neutron/neutron/pecan_wsgi/hooks/policy_enforcement.py:255}}
Jul 07 20:47:43.481877 dv-cinder-790535-7-smb neutron-server[99476]: INFO neutron.wsgi [req-cfa5d508-ae21-465d-832c-6a069dbfebc6 req-14b5b2cc-c09c-48de-9037-bbb7feef6496 service neutron] 10.222.0.63 "GET /v2.0/networks?id=baacda7b-13b1-4828-80f5-bae224d983e4 HTTP/1.1" status: 200 len: 911 time: 0.2748868
Jul 07 20:47:43.577338 dv-cinder-790535-7-smb neutron-server[99477]: DEBUG neutron_lib.callbacks.manager [None req-c20ef4b1-0253-4a06-a9f4-2ba6791d4198 admin admin] Notify callbacks [] for security_group, before_delete {{(pid=99477) _notify_loop /usr/local/lib/python3.8/dist-packages/neutron_lib/callbacks/manager.py:192}}
