Jun 17 19:08:36.490927 dv-cinder-790535-5-smb devstack@c-api.service[99761]: [pid: 99761|app: 0|req: 248/459] 10.222.0.10 () {58 vars in 1331 bytes} [Thu Jun 17 19:08:36 2021] GET /volume/v3/cbc2095cf0a84dc0a5213ae03222a35c/snapshots/d1524767-b188-4db0-9bb0-581b5d43512b => generated 531 bytes in 31 msecs (HTTP/1.1 200) 7 headers in 285 bytes (1 switches on core 0)
Jun 17 19:08:36.532959 dv-cinder-790535-5-smb devstack@c-api.service[99761]: INFO cinder.api.openstack.wsgi [None req-1d92611a-229a-4dea-9e5b-4c54cc5f381a tempest-SnapshotsActionsTest-1211991754 tempest-SnapshotsActionsTest-1211991754-project] POST http://10.222.0.10/volume/v3/cbc2095cf0a84dc0a5213ae03222a35c/snapshots
Jun 17 19:08:36.533959 dv-cinder-790535-5-smb devstack@c-api.service[99761]: /usr/local/lib/python3.8/dist-packages/webob/acceptparse.py:1047: DeprecationWarning: The behavior of AcceptValidHeader.best_match is currently being maintained for backward compatibility, but it will be deprecated in the future, as it does not conform to the RFC.
Jun 17 19:08:36.533959 dv-cinder-790535-5-smb devstack@c-api.service[99761]: warnings.warn(
Jun 17 19:08:36.534774 dv-cinder-790535-5-smb devstack@c-api.service[99761]: DEBUG cinder.api.openstack.wsgi [None req-1d92611a-229a-4dea-9e5b-4c54cc5f381a tempest-SnapshotsActionsTest-1211991754 tempest-SnapshotsActionsTest-1211991754-project] Action: 'create', calling method: create, body: {"snapshot": {"volume_id": "794d573f-d148-44ac-a490-2965f0e91603", "name": "tempest-SnapshotsActionsTest-Snapshot-868099308"}} {{(pid=99761) _process_stack /opt/stack/cinder/cinder/api/openstack/wsgi.py:864}}
Jun 17 19:08:36.567502 dv-cinder-790535-5-smb devstack@c-api.service[99761]: /usr/local/lib/python3.8/dist-packages/oslo_context/context.py:105: DeprecationWarning: Policy enforcement is depending on the value of is_admin. This key is deprecated. Please update your policy file to use the standard policy values.
Jun 17 19:08:36.567502 dv-cinder-790535-5-smb devstack@c-api.service[99761]: warnings.warn('Policy enforcement is depending on the value of '
Jun 17 19:08:36.570839 dv-cinder-790535-5-smb devstack@c-api.service[99761]: INFO cinder.volume.api [None req-1d92611a-229a-4dea-9e5b-4c54cc5f381a tempest-SnapshotsActionsTest-1211991754 tempest-SnapshotsActionsTest-1211991754-project] Volume info retrieved successfully.
Jun 17 19:08:36.574775 dv-cinder-790535-5-smb devstack@c-api.service[99761]: INFO cinder.api.v2.snapshots [None req-1d92611a-229a-4dea-9e5b-4c54cc5f381a tempest-SnapshotsActionsTest-1211991754 tempest-SnapshotsActionsTest-1211991754-project] Create snapshot from volume 794d573f-d148-44ac-a490-2965f0e91603
Jun 17 19:08:36.662330 dv-cinder-790535-5-smb devstack@c-api.service[99761]: DEBUG cinder.quota [None req-1d92611a-229a-4dea-9e5b-4c54cc5f381a tempest-SnapshotsActionsTest-1211991754 tempest-SnapshotsActionsTest-1211991754-project] Created reservations ['27b9f4e0-4749-49d5-a44f-69801d0491ea', 'c65dccfa-4233-4152-941a-bdaae0008c7d', 'f2cf0899-28b2-417d-bc71-745815612815', '09b0caa0-0b7b-4869-99ed-5c5f0772f709'] {{(pid=99761) reserve /opt/stack/cinder/cinder/quota.py:755}}
Jun 17 19:08:36.781627 dv-cinder-790535-5-smb devstack@c-api.service[99761]: INFO cinder.volume.api [None req-1d92611a-229a-4dea-9e5b-4c54cc5f381a tempest-SnapshotsActionsTest-1211991754 tempest-SnapshotsActionsTest-1211991754-project] Snapshot create request issued successfully.
Jun 17 19:08:36.782867 dv-cinder-790535-5-smb devstack@c-api.service[99761]: INFO cinder.api.openstack.wsgi [None req-1d92611a-229a-4dea-9e5b-4c54cc5f381a tempest-SnapshotsActionsTest-1211991754 tempest-SnapshotsActionsTest-1211991754-project] http://10.222.0.10/volume/v3/cbc2095cf0a84dc0a5213ae03222a35c/snapshots returned with HTTP 202
Jun 17 19:08:36.789335 dv-cinder-790535-5-smb devstack@c-api.service[99761]: [pid: 99761|app: 0|req: 249/460] 10.222.0.10 () {60 vars in 1242 bytes} [Thu Jun 17 19:08:36 2021] POST /volume/v3/cbc2095cf0a84dc0a5213ae03222a35c/snapshots => generated 306 bytes in 270 msecs (HTTP/1.1 202) 7 headers in 291 bytes (1 switches on core 0)
Jun 17 19:08:37.037490 dv-cinder-790535-5-smb devstack@c-api.service[99762]: INFO cinder.api.openstack.wsgi [None req-59903c38-5987-4f52-9b24-551e63f59651 tempest-SnapshotMetadataTestJSON-790302150 tempest-SnapshotMetadataTestJSON-790302150-project] POST http://10.222.0.10/volume/v3/99fd29dfd8154f28875c08bd1848cb69/volumes
Jun 17 19:08:37.038114 dv-cinder-790535-5-smb devstack@c-api.service[99762]: /usr/local/lib/python3.8/dist-packages/webob/acceptparse.py:1047: DeprecationWarning: The behavior of AcceptValidHeader.best_match is currently being maintained for backward compatibility, but it will be deprecated in the future, as it does not conform to the RFC.
Jun 17 19:08:37.038114 dv-cinder-790535-5-smb devstack@c-api.service[99762]: warnings.warn(
Jun 17 19:08:37.039067 dv-cinder-790535-5-smb devstack@c-api.service[99762]: DEBUG cinder.api.openstack.wsgi [None req-59903c38-5987-4f52-9b24-551e63f59651 tempest-SnapshotMetadataTestJSON-790302150 tempest-SnapshotMetadataTestJSON-790302150-project] Action: 'create', calling method: create, body: {"volume": {"size": 1, "name": "tempest-SnapshotMetadataTestJSON-Volume-376037169"}} {{(pid=99762) _process_stack /opt/stack/cinder/cinder/api/openstack/wsgi.py:864}}
Jun 17 19:08:37.040576 dv-cinder-790535-5-smb devstack@c-api.service[99762]: DEBUG cinder.api.v3.volumes [None req-59903c38-5987-4f52-9b24-551e63f59651 tempest-SnapshotMetadataTestJSON-790302150 tempest-SnapshotMetadataTestJSON-790302150-project] Create volume request body: {'volume': {'size': 1, 'name': 'tempest-SnapshotMetadataTestJSON-Volume-376037169'}} {{(pid=99762) create /opt/stack/cinder/cinder/api/v3/volumes.py:289}}
Jun 17 19:08:37.041037 dv-cinder-790535-5-smb devstack@c-api.service[99762]: INFO cinder.api.v3.volumes [None req-59903c38-5987-4f52-9b24-551e63f59651 tempest-SnapshotMetadataTestJSON-790302150 tempest-SnapshotMetadataTestJSON-790302150-project] Create volume of 1 GB
Jun 17 19:08:37.044723 dv-cinder-790535-5-smb devstack@c-api.service[99762]: /usr/local/lib/python3.8/dist-packages/oslo_context/context.py:105: DeprecationWarning: Policy enforcement is depending on the value of is_admin. This key is deprecated. Please update your policy file to use the standard policy values.
Jun 17 19:08:37.044723 dv-cinder-790535-5-smb devstack@c-api.service[99762]: warnings.warn('Policy enforcement is depending on the value of '
Jun 17 19:08:37.051817 dv-cinder-790535-5-smb devstack@c-api.service[99762]: INFO cinder.volume.api [None req-59903c38-5987-4f52-9b24-551e63f59651 tempest-SnapshotMetadataTestJSON-790302150 tempest-SnapshotMetadataTestJSON-790302150-project] Availability Zones retrieved successfully.
Jun 17 19:08:37.063754 dv-cinder-790535-5-smb devstack@c-api.service[99761]: INFO cinder.api.openstack.wsgi [None req-34001e92-1588-4606-b949-ff577cc2e5a6 tempest-VolumesTransfersTest-1602861360 tempest-VolumesTransfersTest-1602861360-project] POST http://10.222.0.10/volume/v3/4efc0573f975433b9b8430c3f665bca1/volumes
Jun 17 19:08:37.064225 dv-cinder-790535-5-smb devstack@c-api.service[99761]: /usr/local/lib/python3.8/dist-packages/webob/acceptparse.py:1047: DeprecationWarning: The behavior of AcceptValidHeader.best_match is currently being maintained for backward compatibility, but it will be deprecated in the future, as it does not conform to the RFC.
Jun 17 19:08:37.064225 dv-cinder-790535-5-smb devstack@c-api.service[99761]: warnings.warn(
Jun 17 19:08:37.065154 dv-cinder-790535-5-smb devstack@c-api.service[99761]: DEBUG cinder.api.openstack.wsgi [None req-34001e92-1588-4606-b949-ff577cc2e5a6 tempest-VolumesTransfersTest-1602861360 tempest-VolumesTransfersTest-1602861360-project] Action: 'create', calling method: create, body: {"volume": {"size": 1, "name": "tempest-VolumesTransfersTest-Volume-206683031"}} {{(pid=99761) _process_stack /opt/stack/cinder/cinder/api/openstack/wsgi.py:864}}
Jun 17 19:08:37.065817 dv-cinder-790535-5-smb devstack@c-api.service[99761]: DEBUG cinder.api.v3.volumes [None req-34001e92-1588-4606-b949-ff577cc2e5a6 tempest-VolumesTransfersTest-1602861360 tempest-VolumesTransfersTest-1602861360-project] Create volume request body: {'volume': {'size': 1, 'name': 'tempest-VolumesTransfersTest-Volume-206683031'}} {{(pid=99761) create /opt/stack/cinder/cinder/api/v3/volumes.py:289}}
Jun 17 19:08:37.066653 dv-cinder-790535-5-smb devstack@c-api.service[99761]: INFO cinder.api.v3.volumes [None req-34001e92-1588-4606-b949-ff577cc2e5a6 tempest-VolumesTransfersTest-1602861360 tempest-VolumesTransfersTest-1602861360-project] Create volume of 1 GB
Jun 17 19:08:37.067340 dv-cinder-790535-5-smb devstack@c-api.service[99761]: /usr/local/lib/python3.8/dist-packages/oslo_context/context.py:105: DeprecationWarning: Policy enforcement is depending on the value of is_admin. This key is deprecated. Please update your policy file to use the standard policy values.
Jun 17 19:08:37.067340 dv-cinder-790535-5-smb devstack@c-api.service[99761]: warnings.warn('Policy enforcement is depending on the value of '
Jun 17 19:08:37.074961 dv-cinder-790535-5-smb devstack@c-api.service[99762]: DEBUG cinder.volume.api [None req-59903c38-5987-4f52-9b24-551e63f59651 tempest-SnapshotMetadataTestJSON-790302150 tempest-SnapshotMetadataTestJSON-790302150-project] Flow 'volume_create_api' (6f884eb6-ded4-40e3-94c8-c3f989c79606) transitioned into state 'RUNNING' from state 'PENDING' {{(pid=99762) _flow_receiver /usr/local/lib/python3.8/dist-packages/taskflow/listeners/logging.py:141}}
Jun 17 19:08:37.078109 dv-cinder-790535-5-smb devstack@c-api.service[99762]: DEBUG cinder.volume.api [None req-59903c38-5987-4f52-9b24-551e63f59651 tempest-SnapshotMetadataTestJSON-790302150 tempest-SnapshotMetadataTestJSON-790302150-project] Task 'cinder.volume.flows.api.create_volume.ExtractVolumeRequestTask;volume:create' (7605f390-8ad0-4660-b515-46cd1d578357) transitioned into state 'RUNNING' from state 'PENDING' {{(pid=99762) _task_receiver /usr/local/lib/python3.8/dist-packages/taskflow/listeners/logging.py:190}}
Jun 17 19:08:37.079819 dv-cinder-790535-5-smb devstack@c-api.service[99761]: INFO cinder.volume.api [None req-34001e92-1588-4606-b949-ff577cc2e5a6 tempest-VolumesTransfersTest-1602861360 tempest-VolumesTransfersTest-1602861360-project] Availability Zones retrieved successfully.
Jun 17 19:08:37.080234 dv-cinder-790535-5-smb devstack@c-api.service[99762]: DEBUG cinder.volume.flows.api.create_volume [None req-59903c38-5987-4f52-9b24-551e63f59651 tempest-SnapshotMetadataTestJSON-790302150 tempest-SnapshotMetadataTestJSON-790302150-project] Validating volume size '1' using validate_int {{(pid=99762) _extract_size /opt/stack/cinder/cinder/volume/flows/api/create_volume.py:201}}
Jun 17 19:08:37.118433 dv-cinder-790535-5-smb devstack@c-api.service[99761]: DEBUG cinder.volume.api [None req-34001e92-1588-4606-b949-ff577cc2e5a6 tempest-VolumesTransfersTest-1602861360 tempest-VolumesTransfersTest-1602861360-project] Flow 'volume_create_api' (a6bd800f-02c6-4032-ad6e-2f73c48dd11d) transitioned into state 'RUNNING' from state 'PENDING' {{(pid=99761) _flow_receiver /usr/local/lib/python3.8/dist-packages/taskflow/listeners/logging.py:141}}
Jun 17 19:08:37.121744 dv-cinder-790535-5-smb devstack@c-api.service[99761]: DEBUG cinder.volume.api [None req-34001e92-1588-4606-b949-ff577cc2e5a6 tempest-VolumesTransfersTest-1602861360 tempest-VolumesTransfersTest-1602861360-project] Task 'cinder.volume.flows.api.create_volume.ExtractVolumeRequestTask;volume:create' (aeff1527-f76f-4f50-91ee-072970cd5591) transitioned into state 'RUNNING' from state 'PENDING' {{(pid=99761) _task_receiver /usr/local/lib/python3.8/dist-packages/taskflow/listeners/logging.py:190}}
Jun 17 19:08:37.122442 dv-cinder-790535-5-smb devstack@c-api.service[99762]: DEBUG cinder.volume.api [None req-59903c38-5987-4f52-9b24-551e63f59651 tempest-SnapshotMetadataTestJSON-790302150 tempest-SnapshotMetadataTestJSON-790302150-project] Task 'cinder.volume.flows.api.create_volume.ExtractVolumeRequestTask;volume:create' (7605f390-8ad0-4660-b515-46cd1d578357) transitioned into state 'SUCCESS' from state 'RUNNING' with result '{'size': 1, 'snapshot_id': None, 'source_volid': None, 'volume_type': VolumeType(created_at=2021-06-17T18:58:30Z,deleted=False,deleted_at=None,description='Default Volume Type',extra_specs={},id=5047904e-2e0e-47e2-bdeb-25d589fe8ed0,is_public=True,name='__DEFAULT__',projects=[],qos_specs=,qos_specs_id=None,updated_at=2021-06-17T18:58:30Z), 'volume_type_id': '5047904e-2e0e-47e2-bdeb-25d589fe8ed0', 'encryption_key_id': None, 'qos_specs': None, 'consistencygroup_id': None, 'cgsnapshot_id': None, 'group_id': None, 'replication_status': 'disabled', 'refresh_az': False, 'backup_id': None, 'multiattach': False, 'availability_zones': ['nova']}' {{(pid=99762) _task_receiver /usr/local/lib/python3.8/dist-packages/taskflow/listeners/logging.py:178}}
Jun 17 19:08:37.124924 dv-cinder-790535-5-smb devstack@c-api.service[99762]: DEBUG cinder.volume.api [None req-59903c38-5987-4f52-9b24-551e63f59651 tempest-SnapshotMetadataTestJSON-790302150 tempest-SnapshotMetadataTestJSON-790302150-project] Task 'cinder.volume.flows.api.create_volume.QuotaReserveTask;volume:create' (cf5e7bd8-0c8e-4fbe-a414-02c15d82c1fb) transitioned into state 'RUNNING' from state 'PENDING' {{(pid=99762) _task_receiver /usr/local/lib/python3.8/dist-packages/taskflow/listeners/logging.py:190}}
Jun 17 19:08:37.127187 dv-cinder-790535-5-smb devstack@c-api.service[99761]: DEBUG cinder.volume.flows.api.create_volume [None req-34001e92-1588-4606-b949-ff577cc2e5a6 tempest-VolumesTransfersTest-1602861360 tempest-VolumesTransfersTest-1602861360-project] Validating volume size '1' using validate_int {{(pid=99761) _extract_size /opt/stack/cinder/cinder/volume/flows/api/create_volume.py:201}}
Jun 17 19:08:37.170234 dv-cinder-790535-5-smb devstack@c-api.service[99761]: DEBUG cinder.volume.api [None req-34001e92-1588-4606-b949-ff577cc2e5a6 tempest-VolumesTransfersTest-1602861360 tempest-VolumesTransfersTest-1602861360-project] Task 'cinder.volume.flows.api.create_volume.ExtractVolumeRequestTask;volume:create' (aeff1527-f76f-4f50-91ee-072970cd5591) transitioned into state 'SUCCESS' from state 'RUNNING' with result '{'size': 1, 'snapshot_id': None, 'source_volid': None, 'volume_type': VolumeType(created_at=2021-06-17T18:58:30Z,deleted=False,deleted_at=None,description='Default Volume Type',extra_specs={},id=5047904e-2e0e-47e2-bdeb-25d589fe8ed0,is_public=True,name='__DEFAULT__',projects=[],qos_specs=,qos_specs_id=None,updated_at=2021-06-17T18:58:30Z), 'volume_type_id': '5047904e-2e0e-47e2-bdeb-25d589fe8ed0', 'encryption_key_id': None, 'qos_specs': None, 'consistencygroup_id': None, 'cgsnapshot_id': None, 'group_id': None, 'replication_status': 'disabled', 'refresh_az': False, 'backup_id': None, 'multiattach': False, 'availability_zones': ['nova']}' {{(pid=99761) _task_receiver /usr/local/lib/python3.8/dist-packages/taskflow/listeners/logging.py:178}}
Jun 17 19:08:37.172544 dv-cinder-790535-5-smb devstack@c-api.service[99761]: DEBUG cinder.volume.api [None req-34001e92-1588-4606-b949-ff577cc2e5a6 tempest-VolumesTransfersTest-1602861360 tempest-VolumesTransfersTest-1602861360-project] Task 'cinder.volume.flows.api.create_volume.QuotaReserveTask;volume:create' (3bb2b800-e096-42bb-a90d-1136e4a1359c) transitioned into state 'RUNNING' from state 'PENDING' {{(pid=99761) _task_receiver /usr/local/lib/python3.8/dist-packages/taskflow/listeners/logging.py:190}}
Jun 17 19:08:37.256604 dv-cinder-790535-5-smb devstack@c-api.service[99762]: DEBUG cinder.quota [None req-59903c38-5987-4f52-9b24-551e63f59651 tempest-SnapshotMetadataTestJSON-790302150 tempest-SnapshotMetadataTestJSON-790302150-project] Created reservations ['6eef6c90-70b5-482c-92bb-c875fc178e19', '952e86cb-b76b-4597-bc1b-a05b023e2153', '1fe87f18-9d7f-4244-9026-f96271bf404b', 'a60461a2-39b8-427d-843f-b316f5f3de91'] {{(pid=99762) reserve /opt/stack/cinder/cinder/quota.py:755}}
Jun 17 19:08:37.260664 dv-cinder-790535-5-smb devstack@c-api.service[99762]: DEBUG cinder.volume.api [None req-59903c38-5987-4f52-9b24-551e63f59651 tempest-SnapshotMetadataTestJSON-790302150 tempest-SnapshotMetadataTestJSON-790302150-project] Task 'cinder.volume.flows.api.create_volume.QuotaReserveTask;volume:create' (cf5e7bd8-0c8e-4fbe-a414-02c15d82c1fb) transitioned into state 'SUCCESS' from state 'RUNNING' with result '{'reservations': ['6eef6c90-70b5-482c-92bb-c875fc178e19', '952e86cb-b76b-4597-bc1b-a05b023e2153', '1fe87f18-9d7f-4244-9026-f96271bf404b', 'a60461a2-39b8-427d-843f-b316f5f3de91']}' {{(pid=99762) _task_receiver /usr/local/lib/python3.8/dist-packages/taskflow/listeners/logging.py:178}}
Jun 17 19:08:37.264840 dv-cinder-790535-5-smb devstack@c-api.service[99762]: DEBUG cinder.volume.api [None req-59903c38-5987-4f52-9b24-551e63f59651 tempest-SnapshotMetadataTestJSON-790302150 tempest-SnapshotMetadataTestJSON-790302150-project] Task 'cinder.volume.flows.api.create_volume.EntryCreateTask;volume:create' (64f56c39-84cc-4674-9d54-8527b634ccb3) transitioned into state 'RUNNING' from state 'PENDING' {{(pid=99762) _task_receiver /usr/local/lib/python3.8/dist-packages/taskflow/listeners/logging.py:190}}
Jun 17 19:08:37.286522 dv-cinder-790535-5-smb devstack@c-api.service[99761]: DEBUG cinder.quota [None req-34001e92-1588-4606-b949-ff577cc2e5a6 tempest-VolumesTransfersTest-1602861360 tempest-VolumesTransfersTest-1602861360-project] Created reservations ['b905fad9-4208-42d3-a002-7d90e4cbf2b7', '6a5040f3-0173-49b3-8ce7-f02b8bb25586', '3cb380ac-7f0d-4763-90a7-4adc9924265e', '99f432e3-ab84-4f79-aa3e-0678d63b7965'] {{(pid=99761) reserve /opt/stack/cinder/cinder/quota.py:755}}
Jun 17 19:08:37.290185 dv-cinder-790535-5-smb devstack@c-api.service[99761]: DEBUG cinder.volume.api [None req-34001e92-1588-4606-b949-ff577cc2e5a6 tempest-VolumesTransfersTest-1602861360 tempest-VolumesTransfersTest-1602861360-project] Task 'cinder.volume.flows.api.create_volume.QuotaReserveTask;volume:create' (3bb2b800-e096-42bb-a90d-1136e4a1359c) transitioned into state 'SUCCESS' from state 'RUNNING' with result '{'reservations': ['b905fad9-4208-42d3-a002-7d90e4cbf2b7', '6a5040f3-0173-49b3-8ce7-f02b8bb25586', '3cb380ac-7f0d-4763-90a7-4adc9924265e', '99f432e3-ab84-4f79-aa3e-0678d63b7965']}' {{(pid=99761) _task_receiver /usr/local/lib/python3.8/dist-packages/taskflow/listeners/logging.py:178}}
Jun 17 19:08:37.291764 dv-cinder-790535-5-smb devstack@c-api.service[99762]: DEBUG cinder.volume.api [None req-59903c38-5987-4f52-9b24-551e63f59651 tempest-SnapshotMetadataTestJSON-790302150 tempest-SnapshotMetadataTestJSON-790302150-project] Task 'cinder.volume.flows.api.create_volume.EntryCreateTask;volume:create' (64f56c39-84cc-4674-9d54-8527b634ccb3) transitioned into state 'SUCCESS' from state 'RUNNING' with result '{'volume_id': '6a65cb47-08ce-4a44-8794-55e444a82b8e', 'volume_properties': VolumeProperties(attach_status='detached',availability_zone='nova',cgsnapshot_id=None,consistencygroup_id=None,display_description=None,display_name='tempest-SnapshotMetadataTestJSON-Volume-376037169',encryption_key_id=None,group_id=None,group_type_id=,metadata={},multiattach=False,project_id='99fd29dfd8154f28875c08bd1848cb69',qos_specs=None,replication_status=,reservations=['6eef6c90-70b5-482c-92bb-c875fc178e19','952e86cb-b76b-4597-bc1b-a05b023e2153','1fe87f18-9d7f-4244-9026-f96271bf404b','a60461a2-39b8-427d-843f-b316f5f3de91'],size=1,snapshot_id=None,source_replicaid=,source_volid=None,status='creating',user_id='deeba8c851464c61bba25c57bf9fac0b',volume_type_id=5047904e-2e0e-47e2-bdeb-25d589fe8ed0), 'volume': Volume(_name_id=None,admin_metadata=,attach_status='detached',availability_zone='nova',bootable=False,cluster=,cluster_name=None,consistencygroup=,consistencygroup_id=None,created_at=2021-06-17T19:08:37Z,deleted=False,deleted_at=None,display_description=None,display_name='tempest-SnapshotMetadataTestJSON-Volume-376037169',ec2_id=None,encryption_key_id=None,glance_metadata=,group=,group_id=None,host=None,id=6a65cb47-08ce-4a44-8794-55e444a82b8e,launched_at=None,metadata={},migration_status=None,multiattach=False,previous_status=None,project_id='99fd29dfd8154f28875c08bd1848cb69',provider_auth=None,provider_geometry=None,provider_id=None,provider_location=None,replication_driver_data=None,replication_extended_status=None,replication_status=None,scheduled_at=None,service_uuid=None,shared_targets=True,size=1,snapshot_id=None,snapshots=,source_volid=None,status='creating',terminated_at=None,updated_at=None,user_id='deeba8c851464c61bba25c57bf9fac0b',volume_attachment=,volume_type=VolumeType(5047904e-2e0e-47e2-bdeb-25d589fe8ed0),volume_type_id=5047904e-2e0e-47e2-bdeb-25d589fe8ed0)}' {{(pid=99762) _task_receiver /usr/local/lib/python3.8/dist-packages/taskflow/listeners/logging.py:178}}
Jun 17 19:08:37.293560 dv-cinder-790535-5-smb devstack@c-api.service[99761]: DEBUG cinder.volume.api [None req-34001e92-1588-4606-b949-ff577cc2e5a6 tempest-VolumesTransfersTest-1602861360 tempest-VolumesTransfersTest-1602861360-project] Task 'cinder.volume.flows.api.create_volume.EntryCreateTask;volume:create' (c486aec9-273c-40df-9623-08b8314f274b) transitioned into state 'RUNNING' from state 'PENDING' {{(pid=99761) _task_receiver /usr/local/lib/python3.8/dist-packages/taskflow/listeners/logging.py:190}}
Jun 17 19:08:37.294482 dv-cinder-790535-5-smb devstack@c-api.service[99762]: DEBUG cinder.volume.api [None req-59903c38-5987-4f52-9b24-551e63f59651 tempest-SnapshotMetadataTestJSON-790302150 tempest-SnapshotMetadataTestJSON-790302150-project] Task 'cinder.volume.flows.api.create_volume.QuotaCommitTask;volume:create' (f3016e79-96c4-42ec-bb71-564e5d40f6a5) transitioned into state 'RUNNING' from state 'PENDING' {{(pid=99762) _task_receiver /usr/local/lib/python3.8/dist-packages/taskflow/listeners/logging.py:190}}
Jun 17 19:08:37.326876 dv-cinder-790535-5-smb devstack@c-api.service[99761]: DEBUG cinder.volume.api [None req-34001e92-1588-4606-b949-ff577cc2e5a6 tempest-VolumesTransfersTest-1602861360 tempest-VolumesTransfersTest-1602861360-project] Task 'cinder.volume.flows.api.create_volume.EntryCreateTask;volume:create' (c486aec9-273c-40df-9623-08b8314f274b) transitioned into state 'SUCCESS' from state 'RUNNING' with result '{'volume_id': 'af1ac116-71cf-4eca-9af7-75ba91807608', 'volume_properties': VolumeProperties(attach_status='detached',availability_zone='nova',cgsnapshot_id=None,consistencygroup_id=None,display_description=None,display_name='tempest-VolumesTransfersTest-Volume-206683031',encryption_key_id=None,group_id=None,group_type_id=,metadata={},multiattach=False,project_id='4efc0573f975433b9b8430c3f665bca1',qos_specs=None,replication_status=,reservations=['b905fad9-4208-42d3-a002-7d90e4cbf2b7','6a5040f3-0173-49b3-8ce7-f02b8bb25586','3cb380ac-7f0d-4763-90a7-4adc9924265e','99f432e3-ab84-4f79-aa3e-0678d63b7965'],size=1,snapshot_id=None,source_replicaid=,source_volid=None,status='creating',user_id='93fa6803ddf24e9894781a95735975ac',volume_type_id=5047904e-2e0e-47e2-bdeb-25d589fe8ed0), 'volume': Volume(_name_id=None,admin_metadata=,attach_status='detached',availability_zone='nova',bootable=False,cluster=,cluster_name=None,consistencygroup=,consistencygroup_id=None,created_at=2021-06-17T19:08:37Z,deleted=False,deleted_at=None,display_description=None,display_name='tempest-VolumesTransfersTest-Volume-206683031',ec2_id=None,encryption_key_id=None,glance_metadata=,group=,group_id=None,host=None,id=af1ac116-71cf-4eca-9af7-75ba91807608,launched_at=None,metadata={},migration_status=None,multiattach=False,previous_status=None,project_id='4efc0573f975433b9b8430c3f665bca1',provider_auth=None,provider_geometry=None,provider_id=None,provider_location=None,replication_driver_data=None,replication_extended_status=None,replication_status=None,scheduled_at=None,service_uuid=None,shared_targets=True,size=1,snapshot_id=None,snapshots=,source_volid=None,status='creating',terminated_at=None,updated_at=None,user_id='93fa6803ddf24e9894781a95735975ac',volume_attachment=,volume_type=VolumeType(5047904e-2e0e-47e2-bdeb-25d589fe8ed0),volume_type_id=5047904e-2e0e-47e2-bdeb-25d589fe8ed0)}' {{(pid=99761) _task_receiver /usr/local/lib/python3.8/dist-packages/taskflow/listeners/logging.py:178}}
Jun 17 19:08:37.329694 dv-cinder-790535-5-smb devstack@c-api.service[99761]: DEBUG cinder.volume.api [None req-34001e92-1588-4606-b949-ff577cc2e5a6 tempest-VolumesTransfersTest-1602861360 tempest-VolumesTransfersTest-1602861360-project] Task 'cinder.volume.flows.api.create_volume.QuotaCommitTask;volume:create' (667e45b6-911e-49cf-bb8f-0e23df9da394) transitioned into state 'RUNNING' from state 'PENDING' {{(pid=99761) _task_receiver /usr/local/lib/python3.8/dist-packages/taskflow/listeners/logging.py:190}}
Jun 17 19:08:37.335322 dv-cinder-790535-5-smb devstack@c-api.service[99762]: DEBUG cinder.volume.api [None req-59903c38-5987-4f52-9b24-551e63f59651 tempest-SnapshotMetadataTestJSON-790302150 tempest-SnapshotMetadataTestJSON-790302150-project] Task 'cinder.volume.flows.api.create_volume.QuotaCommitTask;volume:create' (f3016e79-96c4-42ec-bb71-564e5d40f6a5) transitioned into state 'SUCCESS' from state 'RUNNING' with result '{'volume_properties': VolumeProperties(attach_status='detached',availability_zone='nova',cgsnapshot_id=None,consistencygroup_id=None,display_description=None,display_name='tempest-SnapshotMetadataTestJSON-Volume-376037169',encryption_key_id=None,group_id=None,group_type_id=,metadata={},multiattach=False,project_id='99fd29dfd8154f28875c08bd1848cb69',qos_specs=None,replication_status=,reservations=['6eef6c90-70b5-482c-92bb-c875fc178e19','952e86cb-b76b-4597-bc1b-a05b023e2153','1fe87f18-9d7f-4244-9026-f96271bf404b','a60461a2-39b8-427d-843f-b316f5f3de91'],size=1,snapshot_id=None,source_replicaid=,source_volid=None,status='creating',user_id='deeba8c851464c61bba25c57bf9fac0b',volume_type_id=5047904e-2e0e-47e2-bdeb-25d589fe8ed0)}' {{(pid=99762) _task_receiver /usr/local/lib/python3.8/dist-packages/taskflow/listeners/logging.py:178}}
Jun 17 19:08:37.337375 dv-cinder-790535-5-smb devstack@c-api.service[99762]: DEBUG cinder.volume.api [None req-59903c38-5987-4f52-9b24-551e63f59651 tempest-SnapshotMetadataTestJSON-790302150 tempest-SnapshotMetadataTestJSON-790302150-project] Task 'cinder.volume.flows.api.create_volume.VolumeCastTask;volume:create' (10b68fa7-8d85-4945-a6f8-71a4ad81b082) transitioned into state 'RUNNING' from state 'PENDING' {{(pid=99762) _task_receiver /usr/local/lib/python3.8/dist-packages/taskflow/listeners/logging.py:190}}
Jun 17 19:08:37.358844 dv-cinder-790535-5-smb devstack@c-api.service[99762]: DEBUG cinder.volume.api [None req-59903c38-5987-4f52-9b24-551e63f59651 tempest-SnapshotMetadataTestJSON-790302150 tempest-SnapshotMetadataTestJSON-790302150-project] Task 'cinder.volume.flows.api.create_volume.VolumeCastTask;volume:create' (10b68fa7-8d85-4945-a6f8-71a4ad81b082) transitioned into state 'SUCCESS' from state 'RUNNING' with result 'None' {{(pid=99762) _task_receiver /usr/local/lib/python3.8/dist-packages/taskflow/listeners/logging.py:178}}
Jun 17 19:08:37.361621 dv-cinder-790535-5-smb devstack@c-api.service[99762]: DEBUG cinder.volume.api [None req-59903c38-5987-4f52-9b24-551e63f59651 tempest-SnapshotMetadataTestJSON-790302150 tempest-SnapshotMetadataTestJSON-790302150-project] Flow 'volume_create_api' (6f884eb6-ded4-40e3-94c8-c3f989c79606) transitioned into state 'SUCCESS' from state 'RUNNING' {{(pid=99762) _flow_receiver /usr/local/lib/python3.8/dist-packages/taskflow/listeners/logging.py:141}}
Jun 17 19:08:37.362455 dv-cinder-790535-5-smb devstack@c-api.service[99762]: INFO cinder.volume.api [None req-59903c38-5987-4f52-9b24-551e63f59651 tempest-SnapshotMetadataTestJSON-790302150 tempest-SnapshotMetadataTestJSON-790302150-project] Create volume request issued successfully.
Jun 17 19:08:37.363474 dv-cinder-790535-5-smb devstack@c-api.service[99761]: DEBUG cinder.volume.api [None req-34001e92-1588-4606-b949-ff577cc2e5a6 tempest-VolumesTransfersTest-1602861360 tempest-VolumesTransfersTest-1602861360-project] Task 'cinder.volume.flows.api.create_volume.QuotaCommitTask;volume:create' (667e45b6-911e-49cf-bb8f-0e23df9da394) transitioned into state 'SUCCESS' from state 'RUNNING' with result '{'volume_properties': VolumeProperties(attach_status='detached',availability_zone='nova',cgsnapshot_id=None,consistencygroup_id=None,display_description=None,display_name='tempest-VolumesTransfersTest-Volume-206683031',encryption_key_id=None,group_id=None,group_type_id=,metadata={},multiattach=False,project_id='4efc0573f975433b9b8430c3f665bca1',qos_specs=None,replication_status=,reservations=['b905fad9-4208-42d3-a002-7d90e4cbf2b7','6a5040f3-0173-49b3-8ce7-f02b8bb25586','3cb380ac-7f0d-4763-90a7-4adc9924265e','99f432e3-ab84-4f79-aa3e-0678d63b7965'],size=1,snapshot_id=None,source_replicaid=,source_volid=None,status='creating',user_id='93fa6803ddf24e9894781a95735975ac',volume_type_id=5047904e-2e0e-47e2-bdeb-25d589fe8ed0)}' {{(pid=99761) _task_receiver /usr/local/lib/python3.8/dist-packages/taskflow/listeners/logging.py:178}}
Jun 17 19:08:37.365516 dv-cinder-790535-5-smb devstack@c-api.service[99761]: DEBUG cinder.volume.api [None req-34001e92-1588-4606-b949-ff577cc2e5a6 tempest-VolumesTransfersTest-1602861360 tempest-VolumesTransfersTest-1602861360-project] Task 'cinder.volume.flows.api.create_volume.VolumeCastTask;volume:create' (7a9d5403-7f2a-4ce4-8a4b-d00c31b3fda2) transitioned into state 'RUNNING' from state 'PENDING' {{(pid=99761) _task_receiver /usr/local/lib/python3.8/dist-packages/taskflow/listeners/logging.py:190}}
Jun 17 19:08:37.377102 dv-cinder-790535-5-smb devstack@c-api.service[99762]: INFO cinder.api.openstack.wsgi [None req-59903c38-5987-4f52-9b24-551e63f59651 tempest-SnapshotMetadataTestJSON-790302150 tempest-SnapshotMetadataTestJSON-790302150-project] http://10.222.0.10/volume/v3/99fd29dfd8154f28875c08bd1848cb69/volumes returned with HTTP 202
Jun 17 19:08:37.379018 dv-cinder-790535-5-smb devstack@c-api.service[99762]: [pid: 99762|app: 0|req: 212/461] 10.222.0.10 () {60 vars in 1235 bytes} [Thu Jun 17 19:08:36 2021] POST /volume/v3/99fd29dfd8154f28875c08bd1848cb69/volumes => generated 823 bytes in 875 msecs (HTTP/1.1 202) 7 headers in 291 bytes (1 switches on core 0)
Jun 17 19:08:37.384748 dv-cinder-790535-5-smb devstack@c-api.service[99762]: INFO cinder.api.openstack.wsgi [None req-e397b27f-54e3-4b0c-8247-ce694e9b12b7 tempest-SnapshotsActionsTest-1211991754 tempest-SnapshotsActionsTest-1211991754-project] GET http://10.222.0.10/volume/v3/cbc2095cf0a84dc0a5213ae03222a35c/snapshots/9b8c63b7-169e-48f0-876e-0e6b04c50974
Jun 17 19:08:37.385468 dv-cinder-790535-5-smb devstack@c-api.service[99762]: DEBUG cinder.api.openstack.wsgi [None req-e397b27f-54e3-4b0c-8247-ce694e9b12b7 tempest-SnapshotsActionsTest-1211991754 tempest-SnapshotsActionsTest-1211991754-project] Empty body provided in request {{(pid=99762) get_body /opt/stack/cinder/cinder/api/openstack/wsgi.py:713}}
Jun 17 19:08:37.386524 dv-cinder-790535-5-smb devstack@c-api.service[99762]: /usr/local/lib/python3.8/dist-packages/webob/acceptparse.py:1047: DeprecationWarning: The behavior of AcceptValidHeader.best_match is currently being maintained for backward compatibility, but it will be deprecated in the future, as it does not conform to the RFC.
Jun 17 19:08:37.386524 dv-cinder-790535-5-smb devstack@c-api.service[99762]: warnings.warn(
Jun 17 19:08:37.387304 dv-cinder-790535-5-smb devstack@c-api.service[99762]: DEBUG cinder.api.openstack.wsgi [None req-e397b27f-54e3-4b0c-8247-ce694e9b12b7 tempest-SnapshotsActionsTest-1211991754 tempest-SnapshotsActionsTest-1211991754-project] Calling method 'show' {{(pid=99762) _process_stack /opt/stack/cinder/cinder/api/openstack/wsgi.py:866}}
Jun 17 19:08:37.390228 dv-cinder-790535-5-smb devstack@c-api.service[99761]: DEBUG cinder.volume.api [None req-34001e92-1588-4606-b949-ff577cc2e5a6 tempest-VolumesTransfersTest-1602861360 tempest-VolumesTransfersTest-1602861360-project] Task 'cinder.volume.flows.api.create_volume.VolumeCastTask;volume:create' (7a9d5403-7f2a-4ce4-8a4b-d00c31b3fda2) transitioned into state 'SUCCESS' from state 'RUNNING' with result 'None' {{(pid=99761) _task_receiver /usr/local/lib/python3.8/dist-packages/taskflow/listeners/logging.py:178}}
Jun 17 19:08:37.392718 dv-cinder-790535-5-smb devstack@c-api.service[99761]: DEBUG cinder.volume.api [None req-34001e92-1588-4606-b949-ff577cc2e5a6 tempest-VolumesTransfersTest-1602861360 tempest-VolumesTransfersTest-1602861360-project] Flow 'volume_create_api' (a6bd800f-02c6-4032-ad6e-2f73c48dd11d) transitioned into state 'SUCCESS' from state 'RUNNING' {{(pid=99761) _flow_receiver /usr/local/lib/python3.8/dist-packages/taskflow/listeners/logging.py:141}}
Jun 17 19:08:37.393447 dv-cinder-790535-5-smb devstack@c-api.service[99761]: INFO cinder.volume.api [None req-34001e92-1588-4606-b949-ff577cc2e5a6 tempest-VolumesTransfersTest-1602861360 tempest-VolumesTransfersTest-1602861360-project] Create volume request issued successfully.
Jun 17 19:08:37.401613 dv-cinder-790535-5-smb devstack@c-api.service[99761]: INFO cinder.api.openstack.wsgi [None req-34001e92-1588-4606-b949-ff577cc2e5a6 tempest-VolumesTransfersTest-1602861360 tempest-VolumesTransfersTest-1602861360-project] http://10.222.0.10/volume/v3/4efc0573f975433b9b8430c3f665bca1/volumes returned with HTTP 202
Jun 17 19:08:37.403614 dv-cinder-790535-5-smb devstack@c-api.service[99761]: [pid: 99761|app: 0|req: 250/462] 10.222.0.10 () {60 vars in 1235 bytes} [Thu Jun 17 19:08:36 2021] POST /volume/v3/4efc0573f975433b9b8430c3f665bca1/volumes => generated 819 bytes in 619 msecs (HTTP/1.1 202) 7 headers in 291 bytes (1 switches on core 0)
Jun 17 19:08:37.406694 dv-cinder-790535-5-smb devstack@c-api.service[99762]: /usr/local/lib/python3.8/dist-packages/oslo_context/context.py:105: DeprecationWarning: Policy enforcement is depending on the value of is_admin. This key is deprecated. Please update your policy file to use the standard policy values.
Jun 17 19:08:37.406694 dv-cinder-790535-5-smb devstack@c-api.service[99762]: warnings.warn('Policy enforcement is depending on the value of '
Jun 17 19:08:37.408684 dv-cinder-790535-5-smb devstack@c-api.service[99762]: INFO cinder.volume.api [None req-e397b27f-54e3-4b0c-8247-ce694e9b12b7 tempest-SnapshotsActionsTest-1211991754 tempest-SnapshotsActionsTest-1211991754-project] Snapshot retrieved successfully.
Jun 17 19:08:37.412414 dv-cinder-790535-5-smb devstack@c-api.service[99762]: INFO cinder.api.openstack.wsgi [None req-e397b27f-54e3-4b0c-8247-ce694e9b12b7 tempest-SnapshotsActionsTest-1211991754 tempest-SnapshotsActionsTest-1211991754-project] http://10.222.0.10/volume/v3/cbc2095cf0a84dc0a5213ae03222a35c/snapshots/9b8c63b7-169e-48f0-876e-0e6b04c50974 returned with HTTP 200
Jun 17 19:08:37.413531 dv-cinder-790535-5-smb devstack@c-api.service[99762]: [pid: 99762|app: 0|req: 213/463] 10.222.0.10 () {58 vars in 1331 bytes} [Thu Jun 17 19:08:37 2021] GET /volume/v3/cbc2095cf0a84dc0a5213ae03222a35c/snapshots/9b8c63b7-169e-48f0-876e-0e6b04c50974 => generated 568 bytes in 34 msecs (HTTP/1.1 200) 7 headers in 285 bytes (1 switches on core 0)
Jun 17 19:08:37.418797 dv-cinder-790535-5-smb devstack@c-api.service[99762]: INFO cinder.api.openstack.wsgi [None req-db024367-c71c-489c-b341-34994a386dc8 tempest-SnapshotMetadataTestJSON-790302150 tempest-SnapshotMetadataTestJSON-790302150-project] GET http://10.222.0.10/volume/v3/99fd29dfd8154f28875c08bd1848cb69/volumes/6a65cb47-08ce-4a44-8794-55e444a82b8e
Jun 17 19:08:37.420589 dv-cinder-790535-5-smb devstack@c-api.service[99762]: DEBUG cinder.api.openstack.wsgi [None req-db024367-c71c-489c-b341-34994a386dc8 tempest-SnapshotMetadataTestJSON-790302150 tempest-SnapshotMetadataTestJSON-790302150-project] Empty body provided in request {{(pid=99762) get_body /opt/stack/cinder/cinder/api/openstack/wsgi.py:713}}
Jun 17 19:08:37.420917 dv-cinder-790535-5-smb devstack@c-api.service[99762]: /usr/local/lib/python3.8/dist-packages/webob/acceptparse.py:1047: DeprecationWarning: The behavior of AcceptValidHeader.best_match is currently being maintained for backward compatibility, but it will be deprecated in the future, as it does not conform to the RFC.
Jun 17 19:08:37.420917 dv-cinder-790535-5-smb devstack@c-api.service[99762]: warnings.warn(
Jun 17 19:08:37.421503 dv-cinder-790535-5-smb devstack@c-api.service[99762]: DEBUG cinder.api.openstack.wsgi [None req-db024367-c71c-489c-b341-34994a386dc8 tempest-SnapshotMetadataTestJSON-790302150 tempest-SnapshotMetadataTestJSON-790302150-project] Calling method 'show' {{(pid=99762) _process_stack /opt/stack/cinder/cinder/api/openstack/wsgi.py:866}}
Jun 17 19:08:37.439739 dv-cinder-790535-5-smb devstack@c-api.service[99762]: /usr/local/lib/python3.8/dist-packages/oslo_context/context.py:105: DeprecationWarning: Policy enforcement is depending on the value of is_admin. This key is deprecated. Please update your policy file to use the standard policy values.
Jun 17 19:08:37.439739 dv-cinder-790535-5-smb devstack@c-api.service[99762]: warnings.warn('Policy enforcement is depending on the value of '
Jun 17 19:08:37.451175 dv-cinder-790535-5-smb devstack@c-api.service[99762]: INFO cinder.volume.api [None req-db024367-c71c-489c-b341-34994a386dc8 tempest-SnapshotMetadataTestJSON-790302150 tempest-SnapshotMetadataTestJSON-790302150-project] Volume info retrieved successfully.
Jun 17 19:08:37.494478 dv-cinder-790535-5-smb devstack@c-api.service[99762]: INFO cinder.api.openstack.wsgi [None req-db024367-c71c-489c-b341-34994a386dc8 tempest-SnapshotMetadataTestJSON-790302150 tempest-SnapshotMetadataTestJSON-790302150-project] http://10.222.0.10/volume/v3/99fd29dfd8154f28875c08bd1848cb69/volumes/6a65cb47-08ce-4a44-8794-55e444a82b8e returned with HTTP 200
Jun 17 19:08:37.503589 dv-cinder-790535-5-smb devstack@c-api.service[99762]: [pid: 99762|app: 0|req: 214/464] 10.222.0.10 () {58 vars in 1325 bytes} [Thu Jun 17 19:08:37 2021] GET /volume/v3/99fd29dfd8154f28875c08bd1848cb69/volumes/6a65cb47-08ce-4a44-8794-55e444a82b8e => generated 891 bytes in 82 msecs (HTTP/1.1 200) 7 headers in 285 bytes (1 switches on core 0)
Jun 17 19:08:37.503589 dv-cinder-790535-5-smb devstack@c-api.service[99762]: INFO cinder.api.openstack.wsgi [None req-f544910d-588f-429e-9ccb-36ac7f174373 tempest-VolumesTransfersTest-1602861360 tempest-VolumesTransfersTest-1602861360-project] GET http://10.222.0.10/volume/v3/4efc0573f975433b9b8430c3f665bca1/volumes/af1ac116-71cf-4eca-9af7-75ba91807608
Jun 17 19:08:37.503589 dv-cinder-790535-5-smb devstack@c-api.service[99762]: DEBUG cinder.api.openstack.wsgi [None req-f544910d-588f-429e-9ccb-36ac7f174373 tempest-VolumesTransfersTest-1602861360 tempest-VolumesTransfersTest-1602861360-project] Empty body provided in request {{(pid=99762) get_body /opt/stack/cinder/cinder/api/openstack/wsgi.py:713}}
Jun 17 19:08:37.503589 dv-cinder-790535-5-smb devstack@c-api.service[99762]: /usr/local/lib/python3.8/dist-packages/webob/acceptparse.py:1047: DeprecationWarning: The behavior of AcceptValidHeader.best_match is currently being maintained for backward compatibility, but it will be deprecated in the future, as it does not conform to the RFC.
Jun 17 19:08:37.503589 dv-cinder-790535-5-smb devstack@c-api.service[99762]: warnings.warn(
Jun 17 19:08:37.503589 dv-cinder-790535-5-smb devstack@c-api.service[99762]: DEBUG cinder.api.openstack.wsgi [None req-f544910d-588f-429e-9ccb-36ac7f174373 tempest-VolumesTransfersTest-1602861360 tempest-VolumesTransfersTest-1602861360-project] Calling method 'show' {{(pid=99762) _process_stack /opt/stack/cinder/cinder/api/openstack/wsgi.py:866}}
Jun 17 19:08:37.538843 dv-cinder-790535-5-smb devstack@c-api.service[99762]: /usr/local/lib/python3.8/dist-packages/oslo_context/context.py:105: DeprecationWarning: Policy enforcement is depending on the value of is_admin. This key is deprecated. Please update your policy file to use the standard policy values.
Jun 17 19:08:37.538843 dv-cinder-790535-5-smb devstack@c-api.service[99762]: warnings.warn('Policy enforcement is depending on the value of '
Jun 17 19:08:37.549151 dv-cinder-790535-5-smb devstack@c-api.service[99762]: INFO cinder.volume.api [None req-f544910d-588f-429e-9ccb-36ac7f174373 tempest-VolumesTransfersTest-1602861360 tempest-VolumesTransfersTest-1602861360-project] Volume info retrieved successfully.
Jun 17 19:08:37.571908 dv-cinder-790535-5-smb devstack@c-api.service[99762]: INFO cinder.api.openstack.wsgi [None req-f544910d-588f-429e-9ccb-36ac7f174373 tempest-VolumesTransfersTest-1602861360 tempest-VolumesTransfersTest-1602861360-project] http://10.222.0.10/volume/v3/4efc0573f975433b9b8430c3f665bca1/volumes/af1ac116-71cf-4eca-9af7-75ba91807608 returned with HTTP 200
Jun 17 19:08:37.573256 dv-cinder-790535-5-smb devstack@c-api.service[99762]: [pid: 99762|app: 0|req: 215/465] 10.222.0.10 () {58 vars in 1325 bytes} [Thu Jun 17 19:08:37 2021] GET /volume/v3/4efc0573f975433b9b8430c3f665bca1/volumes/af1ac116-71cf-4eca-9af7-75ba91807608 => generated 887 bytes in 77 msecs (HTTP/1.1 200) 7 headers in 285 bytes (1 switches on core 0)
Jun 17 19:08:37.584271 dv-cinder-790535-5-smb devstack@c-api.service[99762]: INFO cinder.api.openstack.wsgi [None req-3fd5d2ee-51cb-4c66-84c4-d1071eedd1dd tempest-SnapshotsActionsTest-1550315719 tempest-SnapshotsActionsTest-1550315719-project-admin] POST http://10.222.0.10/volume/v3/a9655ce964a64a358f3b50abedb6fb76/snapshots/9b8c63b7-169e-48f0-876e-0e6b04c50974/action
Jun 17 19:08:37.584750 dv-cinder-790535-5-smb devstack@c-api.service[99762]: /usr/local/lib/python3.8/dist-packages/webob/acceptparse.py:1047: DeprecationWarning: The behavior of AcceptValidHeader.best_match is currently being maintained for backward compatibility, but it will be deprecated in the future, as it does not conform to the RFC.
Jun 17 19:08:37.584750 dv-cinder-790535-5-smb devstack@c-api.service[99762]: warnings.warn(
Jun 17 19:08:37.585212 dv-cinder-790535-5-smb devstack@c-api.service[99762]: DEBUG cinder.api.openstack.wsgi [None req-3fd5d2ee-51cb-4c66-84c4-d1071eedd1dd tempest-SnapshotsActionsTest-1550315719 tempest-SnapshotsActionsTest-1550315719-project-admin] Action body: b'{"os-reset_status": {"status": "deleting"}}' {{(pid=99762) get_method /opt/stack/cinder/cinder/api/openstack/wsgi.py:981}}
Jun 17 19:08:37.585625 dv-cinder-790535-5-smb devstack@c-api.service[99762]: DEBUG cinder.api.openstack.wsgi [None req-3fd5d2ee-51cb-4c66-84c4-d1071eedd1dd tempest-SnapshotsActionsTest-1550315719 tempest-SnapshotsActionsTest-1550315719-project-admin] Action: 'action', calling method: _reset_status, body: {"os-reset_status": {"status": "deleting"}} {{(pid=99762) _process_stack /opt/stack/cinder/cinder/api/openstack/wsgi.py:864}}
Jun 17 19:08:37.586726 dv-cinder-790535-5-smb devstack@c-api.service[99762]: DEBUG cinder.api.contrib.admin_actions [None req-3fd5d2ee-51cb-4c66-84c4-d1071eedd1dd tempest-SnapshotsActionsTest-1550315719 tempest-SnapshotsActionsTest-1550315719-project-admin] Updating snapshot '9b8c63b7-169e-48f0-876e-0e6b04c50974' with '{'status': 'deleting'}' {{(pid=99762) _reset_status /opt/stack/cinder/cinder/api/contrib/admin_actions.py:100}}
Jun 17 19:08:37.609379 dv-cinder-790535-5-smb devstack@c-api.service[99762]: /usr/local/lib/python3.8/dist-packages/oslo_context/context.py:105: DeprecationWarning: Policy enforcement is depending on the value of is_admin. This key is deprecated. Please update your policy file to use the standard policy values.
Jun 17 19:08:37.609379 dv-cinder-790535-5-smb devstack@c-api.service[99762]: warnings.warn('Policy enforcement is depending on the value of '
Jun 17 19:08:37.640858 dv-cinder-790535-5-smb devstack@c-api.service[99762]: INFO cinder.api.openstack.wsgi [None req-3fd5d2ee-51cb-4c66-84c4-d1071eedd1dd tempest-SnapshotsActionsTest-1550315719 tempest-SnapshotsActionsTest-1550315719-project-admin] http://10.222.0.10/volume/v3/a9655ce964a64a358f3b50abedb6fb76/snapshots/9b8c63b7-169e-48f0-876e-0e6b04c50974/action returned with HTTP 202
Jun 17 19:08:37.646104 dv-cinder-790535-5-smb devstack@c-api.service[99762]: [pid: 99762|app: 0|req: 216/466] 10.222.0.10 () {60 vars in 1373 bytes} [Thu Jun 17 19:08:37 2021] POST /volume/v3/a9655ce964a64a358f3b50abedb6fb76/snapshots/9b8c63b7-169e-48f0-876e-0e6b04c50974/action => generated 0 bytes in 68 msecs (HTTP/1.1 202) 7 headers in 289 bytes (1 switches on core 0)
Jun 17 19:08:37.655055 dv-cinder-790535-5-smb devstack@c-api.service[99762]: INFO cinder.api.openstack.wsgi [None req-6e946055-79ad-4942-a2cd-eeabd5351655 tempest-SnapshotsActionsTest-1211991754 tempest-SnapshotsActionsTest-1211991754-project] GET http://10.222.0.10/volume/v3/cbc2095cf0a84dc0a5213ae03222a35c/snapshots/9b8c63b7-169e-48f0-876e-0e6b04c50974
Jun 17 19:08:37.655525 dv-cinder-790535-5-smb devstack@c-api.service[99762]: DEBUG cinder.api.openstack.wsgi [None req-6e946055-79ad-4942-a2cd-eeabd5351655 tempest-SnapshotsActionsTest-1211991754 tempest-SnapshotsActionsTest-1211991754-project] Empty body provided in request {{(pid=99762) get_body /opt/stack/cinder/cinder/api/openstack/wsgi.py:713}}
Jun 17 19:08:37.655884 dv-cinder-790535-5-smb devstack@c-api.service[99762]: /usr/local/lib/python3.8/dist-packages/webob/acceptparse.py:1047: DeprecationWarning: The behavior of AcceptValidHeader.best_match is currently being maintained for backward compatibility, but it will be deprecated in the future, as it does not conform to the RFC.
Jun 17 19:08:37.655884 dv-cinder-790535-5-smb devstack@c-api.service[99762]: warnings.warn(
Jun 17 19:08:37.656478 dv-cinder-790535-5-smb devstack@c-api.service[99762]: DEBUG cinder.api.openstack.wsgi [None req-6e946055-79ad-4942-a2cd-eeabd5351655 tempest-SnapshotsActionsTest-1211991754 tempest-SnapshotsActionsTest-1211991754-project] Calling method 'show' {{(pid=99762) _process_stack /opt/stack/cinder/cinder/api/openstack/wsgi.py:866}}
Jun 17 19:08:37.663896 dv-cinder-790535-5-smb devstack@c-api.service[99761]: INFO cinder.api.openstack.wsgi [None req-4314c495-313c-41d3-a8c6-92ac8fef304b tempest-VolumesSummaryTest-139522055 tempest-VolumesSummaryTest-139522055-project] GET http://10.222.0.10/volume/v3/f77dea18dc8e46659e2385d1b6a3c167/volumes/summary
Jun 17 19:08:37.664422 dv-cinder-790535-5-smb devstack@c-api.service[99761]: DEBUG cinder.api.openstack.wsgi [None req-4314c495-313c-41d3-a8c6-92ac8fef304b tempest-VolumesSummaryTest-139522055 tempest-VolumesSummaryTest-139522055-project] Empty body provided in request {{(pid=99761) get_body /opt/stack/cinder/cinder/api/openstack/wsgi.py:713}}
Jun 17 19:08:37.664601 dv-cinder-790535-5-smb devstack@c-api.service[99761]: /usr/local/lib/python3.8/dist-packages/webob/acceptparse.py:1047: DeprecationWarning: The behavior of AcceptValidHeader.best_match is currently being maintained for backward compatibility, but it will be deprecated in the future, as it does not conform to the RFC.
Jun 17 19:08:37.664601 dv-cinder-790535-5-smb devstack@c-api.service[99761]: warnings.warn(
Jun 17 19:08:37.664891 dv-cinder-790535-5-smb devstack@c-api.service[99761]: DEBUG cinder.api.openstack.wsgi [None req-4314c495-313c-41d3-a8c6-92ac8fef304b tempest-VolumesSummaryTest-139522055 tempest-VolumesSummaryTest-139522055-project] Calling method 'version_select' {{(pid=99761) _process_stack /opt/stack/cinder/cinder/api/openstack/wsgi.py:866}}
Jun 17 19:08:37.665361 dv-cinder-790535-5-smb devstack@c-api.service[99761]: DEBUG cinder.api.api_utils [None req-4314c495-313c-41d3-a8c6-92ac8fef304b tempest-VolumesSummaryTest-139522055 tempest-VolumesSummaryTest-139522055-project] Removing options '' from query. {{(pid=99761) remove_invalid_filter_options /opt/stack/cinder/cinder/api/api_utils.py:73}}
Jun 17 19:08:37.666514 dv-cinder-790535-5-smb devstack@c-api.service[99761]: /usr/local/lib/python3.8/dist-packages/oslo_context/context.py:105: DeprecationWarning: Policy enforcement is depending on the value of is_admin. This key is deprecated. Please update your policy file to use the standard policy values.
Jun 17 19:08:37.666514 dv-cinder-790535-5-smb devstack@c-api.service[99761]: warnings.warn('Policy enforcement is depending on the value of '
Jun 17 19:08:37.667030 dv-cinder-790535-5-smb devstack@c-api.service[99762]: /usr/local/lib/python3.8/dist-packages/oslo_context/context.py:105: DeprecationWarning: Policy enforcement is depending on the value of is_admin. This key is deprecated. Please update your policy file to use the standard policy values.
Jun 17 19:08:37.667030 dv-cinder-790535-5-smb devstack@c-api.service[99762]: warnings.warn('Policy enforcement is depending on the value of '
Jun 17 19:08:37.681134 dv-cinder-790535-5-smb devstack@c-api.service[99762]: INFO cinder.volume.api [None req-6e946055-79ad-4942-a2cd-eeabd5351655 tempest-SnapshotsActionsTest-1211991754 tempest-SnapshotsActionsTest-1211991754-project] Snapshot retrieved successfully.
Jun 17 19:08:37.682367 dv-cinder-790535-5-smb devstack@c-api.service[99761]: INFO cinder.volume.api [None req-4314c495-313c-41d3-a8c6-92ac8fef304b tempest-VolumesSummaryTest-139522055 tempest-VolumesSummaryTest-139522055-project] Get summary completed successfully.
Jun 17 19:08:37.685098 dv-cinder-790535-5-smb devstack@c-api.service[99761]: INFO cinder.api.openstack.wsgi [None req-4314c495-313c-41d3-a8c6-92ac8fef304b tempest-VolumesSummaryTest-139522055 tempest-VolumesSummaryTest-139522055-project] http://10.222.0.10/volume/v3/f77dea18dc8e46659e2385d1b6a3c167/volumes/summary returned with HTTP 200
Jun 17 19:08:37.685689 dv-cinder-790535-5-smb devstack@c-api.service[99762]: INFO cinder.api.openstack.wsgi [None req-6e946055-79ad-4942-a2cd-eeabd5351655 tempest-SnapshotsActionsTest-1211991754 tempest-SnapshotsActionsTest-1211991754-project] http://10.222.0.10/volume/v3/cbc2095cf0a84dc0a5213ae03222a35c/snapshots/9b8c63b7-169e-48f0-876e-0e6b04c50974 returned with HTTP 200
