May 04 07:11:18.956950 dv-cinder-790535-38-smb devstack@keystone.service[79742]: DEBUG keystone.server.flask.request_processing.middleware.auth_context [None req-258f8b3d-733f-438a-a15a-a7dc10cfa51b None None] Authenticating user token {{(pid=79742) process_request /usr/local/lib/python3.8/dist-packages/keystonemiddleware/auth_token/__init__.py:407}}
May 04 07:11:19.059934 dv-cinder-790535-38-smb devstack@keystone.service[79742]: DEBUG keystone.server.flask.request_processing.middleware.auth_context [None req-258f8b3d-733f-438a-a15a-a7dc10cfa51b None None] Validating token access rules against request {{(pid=79742) validate_allowed_request /usr/local/lib/python3.8/dist-packages/keystonemiddleware/auth_token/__init__.py:545}}
May 04 07:11:19.060498 dv-cinder-790535-38-smb devstack@keystone.service[79741]: DEBUG keystone.server.flask.request_processing.middleware.auth_context [None req-832d81d0-3456-4752-8b45-7f8b21748d31 None admin] Validating token access rules against request {{(pid=79741) validate_allowed_request /usr/local/lib/python3.8/dist-packages/keystonemiddleware/auth_token/__init__.py:545}}
May 04 07:11:19.095357 dv-cinder-790535-38-smb devstack@keystone.service[79742]: DEBUG keystone.server.flask.request_processing.middleware.auth_context [None req-8c5fc134-c635-49da-b6e3-596ed455037c None admin] RBAC: auth_context: {'token': , 'domain_id': None, 'trust_id': None, 'trustor_id': None, 'trustee_id': None, 'domain_name': None, 'group_ids': [], 'user_id': '35c05c9e901c43c3afa04d0ff8aa464e', 'user_domain_id': 'default', 'system_scope': 'all', 'project_id': None, 'project_domain_id': None, 'roles': ['admin', 'member', 'reader'], 'is_admin_project': True, 'service_user_id': None, 'service_user_domain_id': None, 'service_project_id': None, 'service_project_domain_id': None, 'service_roles': []} {{(pid=79742) fill_context /opt/stack/keystone/keystone/server/flask/request_processing/middleware/auth_context.py:478}}
May 04 07:11:19.096259 dv-cinder-790535-38-smb devstack@keystone.service[79742]: DEBUG keystone.server.flask.request_processing.req_logging [None req-8c5fc134-c635-49da-b6e3-596ed455037c None admin] REQUEST_METHOD: `GET` {{(pid=79742) log_request_info /opt/stack/keystone/keystone/server/flask/request_processing/req_logging.py:27}}
May 04 07:11:19.096610 dv-cinder-790535-38-smb devstack@keystone.service[79742]: DEBUG keystone.server.flask.request_processing.req_logging [None req-8c5fc134-c635-49da-b6e3-596ed455037c None admin] SCRIPT_NAME: `/identity` {{(pid=79742) log_request_info /opt/stack/keystone/keystone/server/flask/request_processing/req_logging.py:28}}
May 04 07:11:19.096930 dv-cinder-790535-38-smb devstack@keystone.service[79742]: DEBUG keystone.server.flask.request_processing.req_logging [None req-8c5fc134-c635-49da-b6e3-596ed455037c None admin] PATH_INFO: `/v3/roles/member` {{(pid=79742) log_request_info /opt/stack/keystone/keystone/server/flask/request_processing/req_logging.py:29}}
May 04 07:11:19.104763 dv-cinder-790535-38-smb devstack@keystone.service[79741]: DEBUG keystone.server.flask.request_processing.middleware.auth_context [None req-e2f601fb-a88e-4cc6-a800-b53c73deb9e0 None admin] RBAC: auth_context: {'token': , 'domain_id': None, 'trust_id': None, 'trustor_id': None, 'trustee_id': None, 'domain_name': None, 'group_ids': [], 'user_id': '35c05c9e901c43c3afa04d0ff8aa464e', 'user_domain_id': 'default', 'system_scope': 'all', 'project_id': None, 'project_domain_id': None, 'roles': ['admin', 'member', 'reader'], 'is_admin_project': True, 'service_user_id': None, 'service_user_domain_id': None, 'service_project_id': None, 'service_project_domain_id': None, 'service_roles': []} {{(pid=79741) fill_context /opt/stack/keystone/keystone/server/flask/request_processing/middleware/auth_context.py:478}}
May 04 07:11:19.106221 dv-cinder-790535-38-smb devstack@keystone.service[79741]: DEBUG keystone.server.flask.request_processing.req_logging [None req-e2f601fb-a88e-4cc6-a800-b53c73deb9e0 None admin] REQUEST_METHOD: `GET` {{(pid=79741) log_request_info /opt/stack/keystone/keystone/server/flask/request_processing/req_logging.py:27}}
May 04 07:11:19.106675 dv-cinder-790535-38-smb devstack@keystone.service[79741]: DEBUG keystone.server.flask.request_processing.req_logging [None req-e2f601fb-a88e-4cc6-a800-b53c73deb9e0 None admin] SCRIPT_NAME: `/identity` {{(pid=79741) log_request_info /opt/stack/keystone/keystone/server/flask/request_processing/req_logging.py:28}}
May 04 07:11:19.107136 dv-cinder-790535-38-smb devstack@keystone.service[79741]: DEBUG keystone.server.flask.request_processing.req_logging [None req-e2f601fb-a88e-4cc6-a800-b53c73deb9e0 None admin] PATH_INFO: `/v3/projects/f5a6cd56ce79449f996fa13fc6a5016c` {{(pid=79741) log_request_info /opt/stack/keystone/keystone/server/flask/request_processing/req_logging.py:29}}
May 04 07:11:19.108113 dv-cinder-790535-38-smb devstack@keystone.service[79742]: DEBUG keystone.common.rbac_enforcer.enforcer [None req-8c5fc134-c635-49da-b6e3-596ed455037c None admin] Extracting inferred target data resulted in "NOT FOUND (404)". {{(pid=79742) enforce_call /opt/stack/keystone/keystone/common/rbac_enforcer/enforcer.py:409}}
May 04 07:11:19.108910 dv-cinder-790535-38-smb devstack@keystone.service[79741]: DEBUG keystone.common.rbac_enforcer.enforcer [None req-e2f601fb-a88e-4cc6-a800-b53c73deb9e0 None admin] RBAC: Authorizing `identity:get_project(project_id=f5a6cd56ce79449f996fa13fc6a5016c)` {{(pid=79741) enforce_call /opt/stack/keystone/keystone/common/rbac_enforcer/enforcer.py:449}}
May 04 07:11:19.110636 dv-cinder-790535-38-smb devstack@keystone.service[79741]: DEBUG keystone.common.rbac_enforcer.enforcer [None req-e2f601fb-a88e-4cc6-a800-b53c73deb9e0 None admin] RBAC: Authorization granted {{(pid=79741) enforce_call /opt/stack/keystone/keystone/common/rbac_enforcer/enforcer.py:457}}
May 04 07:11:19.112892 dv-cinder-790535-38-smb devstack@keystone.service[79741]: [pid: 79741|app: 0|req: 217/416] 10.222.0.16 () {56 vars in 1186 bytes} [Wed May 4 07:11:18 2022] GET /identity/v3/projects/f5a6cd56ce79449f996fa13fc6a5016c => generated 344 bytes in 178 msecs (HTTP/1.1 200) 5 headers in 177 bytes (1 switches on core 0)
May 04 07:11:19.117686 dv-cinder-790535-38-smb devstack@keystone.service[79742]: ERROR keystone.server.flask.application [None req-8c5fc134-c635-49da-b6e3-596ed455037c None admin] Could not find role: member.: keystone.exception.RoleNotFound: Could not find role: member.
May 04 07:11:19.117686 dv-cinder-790535-38-smb devstack@keystone.service[79742]: ERROR keystone.server.flask.application
Traceback (most recent call last):
May 04 07:11:19.117686 dv-cinder-790535-38-smb devstack@keystone.service[79742]: ERROR keystone.server.flask.application
File "/usr/local/lib/python3.8/dist-packages/flask/app.py", line 1523, in full_dispatch_request
May 04 07:11:19.117686 dv-cinder-790535-38-smb devstack@keystone.service[79742]: ERROR keystone.server.flask.application rv = self.dispatch_request()
May 04 07:11:19.117686 dv-cinder-790535-38-smb devstack@keystone.service[79742]: ERROR keystone.server.flask.application
File "/usr/local/lib/python3.8/dist-packages/flask/app.py", line 1509, in dispatch_request
May 04 07:11:19.117686 dv-cinder-790535-38-smb devstack@keystone.service[79742]: ERROR keystone.server.flask.application return self.ensure_sync(self.view_functions[rule.endpoint])(**req.view_args)
May 04 07:11:19.117686 dv-cinder-790535-38-smb devstack@keystone.service[79742]: ERROR keystone.server.flask.application
File "/usr/local/lib/python3.8/dist-packages/flask_restful/__init__.py", line 467, in wrapper
May 04 07:11:19.117686 dv-cinder-790535-38-smb devstack@keystone.service[79742]: ERROR keystone.server.flask.application resp = resource(*args, **kwargs)
May 04 07:11:19.117686 dv-cinder-790535-38-smb devstack@keystone.service[79742]: ERROR keystone.server.flask.application
File "/usr/local/lib/python3.8/dist-packages/flask/views.py", line 84, in view
May 04 07:11:19.117686 dv-cinder-790535-38-smb devstack@keystone.service[79742]: ERROR keystone.server.flask.application return current_app.ensure_sync(self.dispatch_request)(*args, **kwargs)
May 04 07:11:19.117686 dv-cinder-790535-38-smb devstack@keystone.service[79742]: ERROR keystone.server.flask.application
File "/usr/local/lib/python3.8/dist-packages/flask_restful/__init__.py", line 582, in dispatch_request
May 04 07:11:19.117686 dv-cinder-790535-38-smb devstack@keystone.service[79742]: ERROR keystone.server.flask.application resp = meth(*args, **kwargs)
May 04 07:11:19.117686 dv-cinder-790535-38-smb devstack@keystone.service[79742]: ERROR keystone.server.flask.application
File "/opt/stack/keystone/keystone/api/roles.py", line 50, in get
May 04 07:11:19.117686 dv-cinder-790535-38-smb devstack@keystone.service[79742]: ERROR keystone.server.flask.application return self._get_role(role_id)
May 04 07:11:19.117686 dv-cinder-790535-38-smb devstack@keystone.service[79742]: ERROR keystone.server.flask.application
File "/opt/stack/keystone/keystone/api/roles.py", line 70, in _get_role
May 04 07:11:19.117686 dv-cinder-790535-38-smb devstack@keystone.service[79742]: ERROR keystone.server.flask.application ENFORCER.enforce_call(action='identity:get_role')
May 04 07:11:19.118621 dv-cinder-790535-38-smb devstack@keystone.service[79742]: ERROR keystone.server.flask.application
File "/opt/stack/keystone/keystone/common/rbac_enforcer/enforcer.py", line 402, in enforce_call
May 04 07:11:19.118621 dv-cinder-790535-38-smb devstack@keystone.service[79742]: ERROR keystone.server.flask.application policy_dict.update(cls._extract_member_target_data(
May 04 07:11:19.118621 dv-cinder-790535-38-smb devstack@keystone.service[79742]: ERROR keystone.server.flask.application
File "/opt/stack/keystone/keystone/common/rbac_enforcer/enforcer.py", line 234, in _extract_member_target_data
May 04 07:11:19.118621 dv-cinder-790535-38-smb devstack@keystone.service[79742]: ERROR keystone.server.flask.application member_name: func(flask.request.view_args[key])
May 04 07:11:19.118621 dv-cinder-790535-38-smb devstack@keystone.service[79742]: ERROR keystone.server.flask.application
File "/opt/stack/keystone/keystone/common/manager.py", line 115, in wrapped
May 04 07:11:19.118621 dv-cinder-790535-38-smb devstack@keystone.service[79742]: ERROR keystone.server.flask.application __ret_val = __f(*args, **kwargs)
May 04 07:11:19.118621 dv-cinder-790535-38-smb devstack@keystone.service[79742]: ERROR keystone.server.flask.application
File "/usr/local/lib/python3.8/dist-packages/decorator.py", line 232, in fun
May 04 07:11:19.118621 dv-cinder-790535-38-smb devstack@keystone.service[79742]: ERROR keystone.server.flask.application return caller(func, *(extras + args), **kw)
May 04 07:11:19.118621 dv-cinder-790535-38-smb devstack@keystone.service[79742]: ERROR keystone.server.flask.application
File "/usr/local/lib/python3.8/dist-packages/dogpile/cache/region.py", line 1577, in get_or_create_for_user_func
May 04 07:11:19.118621 dv-cinder-790535-38-smb devstack@keystone.service[79742]: ERROR keystone.server.flask.application return self.get_or_create(
May 04 07:11:19.118621 dv-cinder-790535-38-smb devstack@keystone.service[79742]: ERROR keystone.server.flask.application
File "/usr/local/lib/python3.8/dist-packages/dogpile/cache/region.py", line 1042, in get_or_create
May 04 07:11:19.118621 dv-cinder-790535-38-smb devstack@keystone.service[79742]: ERROR keystone.server.flask.application with Lock(
May 04 07:11:19.118621 dv-cinder-790535-38-smb devstack@keystone.service[79742]: ERROR keystone.server.flask.application
File "/usr/local/lib/python3.8/dist-packages/dogpile/lock.py", line 185, in __enter__
May 04 07:11:19.118621 dv-cinder-790535-38-smb devstack@keystone.service[79742]: ERROR keystone.server.flask.application return self._enter()
May 04 07:11:19.118621 dv-cinder-790535-38-smb devstack@keystone.service[79742]: ERROR keystone.server.flask.application
File "/usr/local/lib/python3.8/dist-packages/dogpile/lock.py", line 94, in _enter
May 04 07:11:19.118621 dv-cinder-790535-38-smb devstack@keystone.service[79742]: ERROR keystone.server.flask.application generated = self._enter_create(value, createdtime)
May 04 07:11:19.119417 dv-cinder-790535-38-smb devstack@keystone.service[79742]: ERROR keystone.server.flask.application
File "/usr/local/lib/python3.8/dist-packages/dogpile/lock.py", line 178, in _enter_create
May 04 07:11:19.119417 dv-cinder-790535-38-smb devstack@keystone.service[79742]: ERROR keystone.server.flask.application return self.creator()
May 04 07:11:19.119417 dv-cinder-790535-38-smb devstack@keystone.service[79742]: ERROR keystone.server.flask.application
File "/usr/local/lib/python3.8/dist-packages/dogpile/cache/region.py", line 995, in gen_value
May 04 07:11:19.119417 dv-cinder-790535-38-smb devstack@keystone.service[79742]: ERROR keystone.server.flask.application created_value = creator(
May 04 07:11:19.119417 dv-cinder-790535-38-smb devstack@keystone.service[79742]: ERROR keystone.server.flask.application
File "/opt/stack/keystone/keystone/assignment/core.py", line 1276, in get_role
May 04 07:11:19.119417 dv-cinder-790535-38-smb devstack@keystone.service[79742]: ERROR keystone.server.flask.application return self.driver.get_role(role_id)
May 04 07:11:19.119417 dv-cinder-790535-38-smb devstack@keystone.service[79742]: ERROR keystone.server.flask.application
File "/opt/stack/keystone/keystone/assignment/role_backends/sql.py", line 70, in get_role
May 04 07:11:19.119417 dv-cinder-790535-38-smb devstack@keystone.service[79742]: ERROR keystone.server.flask.application return self._get_role(session, role_id).to_dict()
May 04 07:11:19.119417 dv-cinder-790535-38-smb devstack@keystone.service[79742]: ERROR keystone.server.flask.application
File "/opt/stack/keystone/keystone/assignment/role_backends/sql.py", line 65, in _get_role
May 04 07:11:19.119417 dv-cinder-790535-38-smb devstack@keystone.service[79742]: ERROR keystone.server.flask.application raise exception.RoleNotFound(role_id=role_id)
May 04 07:11:19.119417 dv-cinder-790535-38-smb devstack@keystone.service[79742]: ERROR keystone.server.flask.application keystone.exception.RoleNotFound: Could not find role: member.
May 04 07:11:19.119417 dv-cinder-790535-38-smb devstack@keystone.service[79742]: ERROR keystone.server.flask.application
May 04 07:11:19.119417 dv-cinder-790535-38-smb devstack@keystone.service[79742]: [pid: 79742|app: 0|req: 200/417] 10.222.0.16 () {56 vars in 1099 bytes} [Wed May 4 07:11:18 2022] GET /identity/v3/roles/member => generated 84 bytes in 162 msecs (HTTP/1.1 404) 5 headers in 183 bytes (2 switches on core 0)
May 04 07:11:19.121612 dv-cinder-790535-38-smb devstack@keystone.service[79741]: DEBUG keystone.server.flask.request_processing.middleware.auth_context [None req-e2f601fb-a88e-4cc6-a800-b53c73deb9e0 None admin] Authenticating user token {{(pid=79741) process_request /usr/local/lib/python3.8/dist-packages/keystonemiddleware/auth_token/__init__.py:407}}
May 04 07:11:19.124412 dv-cinder-790535-38-smb devstack@keystone.service[79742]: DEBUG keystone.server.flask.request_processing.middleware.auth_context [None req-8c5fc134-c635-49da-b6e3-596ed455037c None admin] Authenticating user token {{(pid=79742) process_request /usr/local/lib/python3.8/dist-packages/keystonemiddleware/auth_token/__init__.py:407}}
May 04 07:11:19.236905 dv-cinder-790535-38-smb devstack@keystone.service[79741]: DEBUG keystone.server.flask.request_processing.middleware.auth_context [None req-e2f601fb-a88e-4cc6-a800-b53c73deb9e0 None admin] Validating token access rules against request {{(pid=79741) validate_allowed_request /usr/local/lib/python3.8/dist-packages/keystonemiddleware/auth_token/__init__.py:545}}
May 04 07:11:19.256076 dv-cinder-790535-38-smb devstack@keystone.service[79742]: DEBUG keystone.server.flask.request_processing.middleware.auth_context [None req-8c5fc134-c635-49da-b6e3-596ed455037c None admin] Validating token access rules against request {{(pid=79742) validate_allowed_request /usr/local/lib/python3.8/dist-packages/keystonemiddleware/auth_token/__init__.py:545}}
May 04 07:11:19.298682 dv-cinder-790535-38-smb devstack@keystone.service[79742]: DEBUG keystone.server.flask.request_processing.middleware.auth_context [None req-c0f38eb8-8d65-45d6-97ad-9a1f7b241943 None admin] RBAC: auth_context: {'token': , 'domain_id': None, 'trust_id': None, 'trustor_id': None, 'trustee_id': None, 'domain_name': None, 'group_ids': [], 'user_id': '35c05c9e901c43c3afa04d0ff8aa464e', 'user_domain_id': 'default', 'system_scope': 'all', 'project_id': None, 'project_domain_id': None, 'roles': ['admin', 'member', 'reader'], 'is_admin_project': True, 'service_user_id': None, 'service_user_domain_id': None, 'service_project_id': None, 'service_project_domain_id': None, 'service_roles': []} {{(pid=79742) fill_context /opt/stack/keystone/keystone/server/flask/request_processing/middleware/auth_context.py:478}}
May 04 07:11:19.298926 dv-cinder-790535-38-smb devstack@keystone.service[79741]: DEBUG keystone.server.flask.request_processing.middleware.auth_context [None req-95726ed6-31e8-4605-b6d9-b20d0cbd4e16 None admin] RBAC: auth_context: {'token': , 'domain_id': None, 'trust_id': None, 'trustor_id': None, 'trustee_id': None, 'domain_name': None, 'group_ids': [], 'user_id': '35c05c9e901c43c3afa04d0ff8aa464e', 'user_domain_id': 'default', 'system_scope': 'all', 'project_id': None, 'project_domain_id': None, 'roles': ['admin', 'member', 'reader'], 'is_admin_project': True, 'service_user_id': None, 'service_user_domain_id': None, 'service_project_id': None, 'service_project_domain_id': None, 'service_roles': []} {{(pid=79741) fill_context /opt/stack/keystone/keystone/server/flask/request_processing/middleware/auth_context.py:478}}
May 04 07:11:19.299369 dv-cinder-790535-38-smb devstack@keystone.service[79742]: DEBUG keystone.server.flask.request_processing.req_logging [None req-c0f38eb8-8d65-45d6-97ad-9a1f7b241943 None admin] REQUEST_METHOD: `GET` {{(pid=79742) log_request_info /opt/stack/keystone/keystone/server/flask/request_processing/req_logging.py:27}}
May 04 07:11:19.299646 dv-cinder-790535-38-smb devstack@keystone.service[79742]: DEBUG keystone.server.flask.request_processing.req_logging [None req-c0f38eb8-8d65-45d6-97ad-9a1f7b241943 None admin] SCRIPT_NAME: `/identity` {{(pid=79742) log_request_info /opt/stack/keystone/keystone/server/flask/request_processing/req_logging.py:28}}
May 04 07:11:19.299802 dv-cinder-790535-38-smb devstack@keystone.service[79741]: DEBUG keystone.server.flask.request_processing.req_logging [None req-95726ed6-31e8-4605-b6d9-b20d0cbd4e16 None admin] REQUEST_METHOD: `PUT` {{(pid=79741) log_request_info /opt/stack/keystone/keystone/server/flask/request_processing/req_logging.py:27}}
May 04 07:11:19.299889 dv-cinder-790535-38-smb devstack@keystone.service[79742]: DEBUG keystone.server.flask.request_processing.req_logging [None req-c0f38eb8-8d65-45d6-97ad-9a1f7b241943 None admin] PATH_INFO: `/v3/roles` {{(pid=79742) log_request_info /opt/stack/keystone/keystone/server/flask/request_processing/req_logging.py:29}}
May 04 07:11:19.300059 dv-cinder-790535-38-smb devstack@keystone.service[79741]: DEBUG keystone.server.flask.request_processing.req_logging [None req-95726ed6-31e8-4605-b6d9-b20d0cbd4e16 None admin] SCRIPT_NAME: `/identity` {{(pid=79741) log_request_info /opt/stack/keystone/keystone/server/flask/request_processing/req_logging.py:28}}
May 04 07:11:19.300478 dv-cinder-790535-38-smb devstack@keystone.service[79741]: DEBUG keystone.server.flask.request_processing.req_logging [None req-95726ed6-31e8-4605-b6d9-b20d0cbd4e16 None admin] PATH_INFO: `/v3/projects/f5a6cd56ce79449f996fa13fc6a5016c/groups/affdff5d359b4e64a6a7bf31681ce726/roles/8346d98e504348d4a335e0b55c7fa03b` {{(pid=79741) log_request_info /opt/stack/keystone/keystone/server/flask/request_processing/req_logging.py:29}}
May 04 07:11:19.300664 dv-cinder-790535-38-smb devstack@keystone.service[79742]: DEBUG keystone.common.rbac_enforcer.enforcer [None req-c0f38eb8-8d65-45d6-97ad-9a1f7b241943 None admin] RBAC: Adding query filter params (name=member) {{(pid=79742) _extract_filter_values /opt/stack/keystone/keystone/common/rbac_enforcer/enforcer.py:167}}
May 04 07:11:19.300962 dv-cinder-790535-38-smb devstack@keystone.service[79742]: DEBUG keystone.common.rbac_enforcer.enforcer [None req-c0f38eb8-8d65-45d6-97ad-9a1f7b241943 None admin] RBAC: Authorizing `identity:list_roles()` {{(pid=79742) enforce_call /opt/stack/keystone/keystone/common/rbac_enforcer/enforcer.py:449}}
May 04 07:11:19.302479 dv-cinder-790535-38-smb devstack@keystone.service[79742]: DEBUG keystone.common.rbac_enforcer.enforcer [None req-c0f38eb8-8d65-45d6-97ad-9a1f7b241943 None admin] RBAC: Authorization granted {{(pid=79742) enforce_call /opt/stack/keystone/keystone/common/rbac_enforcer/enforcer.py:457}}
May 04 07:11:19.307017 dv-cinder-790535-38-smb devstack@keystone.service[79741]: DEBUG keystone.common.rbac_enforcer.enforcer [None req-95726ed6-31e8-4605-b6d9-b20d0cbd4e16 None admin] RBAC: Authorizing `identity:create_grant(project_id=f5a6cd56ce79449f996fa13fc6a5016c, group_id=affdff5d359b4e64a6a7bf31681ce726, role_id=8346d98e504348d4a335e0b55c7fa03b)` {{(pid=79741) enforce_call /opt/stack/keystone/keystone/common/rbac_enforcer/enforcer.py:449}}
May 04 07:11:19.308489 dv-cinder-790535-38-smb devstack@keystone.service[79741]: DEBUG keystone.common.rbac_enforcer.enforcer [None req-95726ed6-31e8-4605-b6d9-b20d0cbd4e16 None admin] RBAC: Authorization granted {{(pid=79741) enforce_call /opt/stack/keystone/keystone/common/rbac_enforcer/enforcer.py:457}}
May 04 07:11:19.312314 dv-cinder-790535-38-smb devstack@keystone.service[79742]: [pid: 79742|app: 0|req: 201/418] 10.222.0.16 () {56 vars in 1101 bytes} [Wed May 4 07:11:19 2022] GET /identity/v3/roles?name=member => generated 341 bytes in 188 msecs (HTTP/1.1 200) 5 headers in 177 bytes (2 switches on core 0)
May 04 07:11:19.317869 dv-cinder-790535-38-smb devstack@keystone.service[79742]: DEBUG keystone.server.flask.request_processing.middleware.auth_context [None req-c0f38eb8-8d65-45d6-97ad-9a1f7b241943 None admin] Authenticating user token {{(pid=79742) process_request /usr/local/lib/python3.8/dist-packages/keystonemiddleware/auth_token/__init__.py:407}}
May 04 07:11:19.348945 dv-cinder-790535-38-smb devstack@keystone.service[79741]: [pid: 79741|app: 0|req: 218/419] 10.222.0.16 () {58 vars in 1442 bytes} [Wed May 4 07:11:19 2022] PUT /identity/v3/projects/f5a6cd56ce79449f996fa13fc6a5016c/groups/affdff5d359b4e64a6a7bf31681ce726/roles/8346d98e504348d4a335e0b55c7fa03b => generated 0 bytes in 227 msecs (HTTP/1.1 204) 3 headers in 132 bytes (0 switches on core 0)
May 04 07:11:19.436562 dv-cinder-790535-38-smb devstack@keystone.service[79742]: DEBUG keystone.server.flask.request_processing.middleware.auth_context [None req-c0f38eb8-8d65-45d6-97ad-9a1f7b241943 None admin] Validating token access rules against request {{(pid=79742) validate_allowed_request /usr/local/lib/python3.8/dist-packages/keystonemiddleware/auth_token/__init__.py:545}}
May 04 07:11:19.485063 dv-cinder-790535-38-smb devstack@keystone.service[79742]: DEBUG keystone.server.flask.request_processing.middleware.auth_context [None req-582ae1a4-6a01-4981-bee2-d7a0690485b6 None admin] RBAC: auth_context: {'token': , 'domain_id': None, 'trust_id': None, 'trustor_id': None, 'trustee_id': None, 'domain_name': None, 'group_ids': [], 'user_id': '35c05c9e901c43c3afa04d0ff8aa464e', 'user_domain_id': 'default', 'system_scope': 'all', 'project_id': None, 'project_domain_id': None, 'roles': ['admin', 'member', 'reader'], 'is_admin_project': True, 'service_user_id': None, 'service_user_domain_id': None, 'service_project_id': None, 'service_project_domain_id': None, 'service_roles': []} {{(pid=79742) fill_context /opt/stack/keystone/keystone/server/flask/request_processing/middleware/auth_context.py:478}}
May 04 07:11:19.485728 dv-cinder-790535-38-smb devstack@keystone.service[79742]: DEBUG keystone.server.flask.request_processing.req_logging [None req-582ae1a4-6a01-4981-bee2-d7a0690485b6 None admin] REQUEST_METHOD: `GET` {{(pid=79742) log_request_info /opt/stack/keystone/keystone/server/flask/request_processing/req_logging.py:27}}
May 04 07:11:19.486186 dv-cinder-790535-38-smb devstack@keystone.service[79742]: DEBUG keystone.server.flask.request_processing.req_logging [None req-582ae1a4-6a01-4981-bee2-d7a0690485b6 None admin] SCRIPT_NAME: `/identity` {{(pid=79742) log_request_info /opt/stack/keystone/keystone/server/flask/request_processing/req_logging.py:28}}
May 04 07:11:19.486760 dv-cinder-790535-38-smb devstack@keystone.service[79742]: DEBUG keystone.server.flask.request_processing.req_logging [None req-582ae1a4-6a01-4981-bee2-d7a0690485b6 None admin] PATH_INFO: `/v3/auth/tokens` {{(pid=79742) log_request_info /opt/stack/keystone/keystone/server/flask/request_processing/req_logging.py:29}}
May 04 07:11:19.538962 dv-cinder-790535-38-smb devstack@keystone.service[79741]: DEBUG keystone.server.flask.request_processing.req_logging [None req-23875628-2975-4251-bcbf-3b5a9634aa46 None None] REQUEST_METHOD: `GET` {{(pid=79741) log_request_info /opt/stack/keystone/keystone/server/flask/request_processing/req_logging.py:27}}
May 04 07:11:19.539320 dv-cinder-790535-38-smb devstack@keystone.service[79741]: DEBUG keystone.server.flask.request_processing.req_logging [None req-23875628-2975-4251-bcbf-3b5a9634aa46 None None] SCRIPT_NAME: `/identity` {{(pid=79741) log_request_info /opt/stack/keystone/keystone/server/flask/request_processing/req_logging.py:28}}
May 04 07:11:19.539502 dv-cinder-790535-38-smb devstack@keystone.service[79741]: DEBUG keystone.server.flask.request_processing.req_logging [None req-23875628-2975-4251-bcbf-3b5a9634aa46 None None] PATH_INFO: `/` {{(pid=79741) log_request_info /opt/stack/keystone/keystone/server/flask/request_processing/req_logging.py:29}}
May 04 07:11:19.541190 dv-cinder-790535-38-smb devstack@keystone.service[79741]: [pid: 79741|app: 0|req: 219/420] 10.222.0.16 () {54 vars in 926 bytes} [Wed May 4 07:11:19 2022] GET /identity => generated 270 bytes in 3 msecs (HTTP/1.1 300) 6 headers in 234 bytes (1 switches on core 0)
May 04 07:11:19.547615 dv-cinder-790535-38-smb devstack@keystone.service[79741]: DEBUG keystone.server.flask.request_processing.req_logging [None req-bc184433-e7ab-4f45-93f9-beeb25229a53 None None] REQUEST_METHOD: `POST` {{(pid=79741) log_request_info /opt/stack/keystone/keystone/server/flask/request_processing/req_logging.py:27}}
May 04 07:11:19.547995 dv-cinder-790535-38-smb devstack@keystone.service[79741]: DEBUG keystone.server.flask.request_processing.req_logging [None req-bc184433-e7ab-4f45-93f9-beeb25229a53 None None] SCRIPT_NAME: `/identity` {{(pid=79741) log_request_info /opt/stack/keystone/keystone/server/flask/request_processing/req_logging.py:28}}
May 04 07:11:19.548147 dv-cinder-790535-38-smb devstack@keystone.service[79741]: DEBUG keystone.server.flask.request_processing.req_logging [None req-bc184433-e7ab-4f45-93f9-beeb25229a53 None None] PATH_INFO: `/v3/auth/tokens` {{(pid=79741) log_request_info /opt/stack/keystone/keystone/server/flask/request_processing/req_logging.py:29}}
May 04 07:11:19.567880 dv-cinder-790535-38-smb devstack@keystone.service[79742]: DEBUG keystone.common.rbac_enforcer.enforcer [None req-582ae1a4-6a01-4981-bee2-d7a0690485b6 None admin] RBAC: Authorizing `identity:validate_token()` {{(pid=79742) enforce_call /opt/stack/keystone/keystone/common/rbac_enforcer/enforcer.py:449}}
May 04 07:11:19.570412 dv-cinder-790535-38-smb devstack@keystone.service[79742]: DEBUG keystone.common.rbac_enforcer.enforcer [None req-582ae1a4-6a01-4981-bee2-d7a0690485b6 None admin] RBAC: Authorization granted {{(pid=79742) enforce_call /opt/stack/keystone/keystone/common/rbac_enforcer/enforcer.py:457}}
May 04 07:11:19.591305 dv-cinder-790535-38-smb devstack@keystone.service[79741]: DEBUG keystone.auth.core [None req-bc184433-e7ab-4f45-93f9-beeb25229a53 None None] MFA Rules not processed for user `35c05c9e901c43c3afa04d0ff8aa464e`. Rule list: `[]` (Enabled: `True`). {{(pid=79741) check_auth_methods_against_rules /opt/stack/keystone/keystone/auth/core.py:438}}
May 04 07:11:19.592522 dv-cinder-790535-38-smb devstack@keystone.service[79741]: DEBUG keystone.common.fernet_utils [None req-bc184433-e7ab-4f45-93f9-beeb25229a53 None None] Loaded 2 Fernet keys from /etc/keystone/fernet-keys/, but `[fernet_tokens] max_active_keys = 3`; perhaps there have not been enough key rotations to reach `max_active_keys` yet? {{(pid=79741) load_keys /opt/stack/keystone/keystone/common/fernet_utils.py:286}}
May 04 07:11:19.675187 dv-cinder-790535-38-smb devstack@keystone.service[79741]: [pid: 79741|app: 0|req: 220/421] 10.222.0.16 () {58 vars in 1023 bytes} [Wed May 4 07:11:19 2022] POST /identity/v3/auth/tokens => generated 799 bytes in 128 msecs (HTTP/1.1 201) 6 headers in 363 bytes (1 switches on core 0)
May 04 07:11:19.695562 dv-cinder-790535-38-smb devstack@keystone.service[79742]: [pid: 79742|app: 0|req: 202/422] 10.222.0.16 () {58 vars in 1282 bytes} [Wed May 4 07:11:19 2022] GET /identity/v3/auth/tokens => generated 799 bytes in 378 msecs (HTTP/1.1 200) 6 headers in 358 bytes (1 switches on core 0)
May 04 07:11:19.701141 dv-cinder-790535-38-smb devstack@keystone.service[79741]: DEBUG keystone.server.flask.request_processing.middleware.auth_context [None req-bc184433-e7ab-4f45-93f9-beeb25229a53 None None] Authenticating user token {{(pid=79741) process_request /usr/local/lib/python3.8/dist-packages/keystonemiddleware/auth_token/__init__.py:407}}
May 04 07:11:19.701362 dv-cinder-790535-38-smb devstack@keystone.service[79742]: DEBUG keystone.server.flask.request_processing.middleware.auth_context [None req-582ae1a4-6a01-4981-bee2-d7a0690485b6 None admin] Authenticating user token {{(pid=79742) process_request /usr/local/lib/python3.8/dist-packages/keystonemiddleware/auth_token/__init__.py:407}}
May 04 07:11:19.830304 dv-cinder-790535-38-smb devstack@keystone.service[79741]: DEBUG keystone.server.flask.request_processing.middleware.auth_context [None req-bc184433-e7ab-4f45-93f9-beeb25229a53 None None] Validating token access rules against request {{(pid=79741) validate_allowed_request /usr/local/lib/python3.8/dist-packages/keystonemiddleware/auth_token/__init__.py:545}}
May 04 07:11:19.872424 dv-cinder-790535-38-smb devstack@keystone.service[79741]: DEBUG keystone.server.flask.request_processing.middleware.auth_context [None req-bd84e991-b856-4547-8c5a-3f42b60a0218 None admin] RBAC: auth_context: {'token': , 'domain_id': None, 'trust_id': None, 'trustor_id': None, 'trustee_id': None, 'domain_name': None, 'group_ids': [], 'user_id': '35c05c9e901c43c3afa04d0ff8aa464e', 'user_domain_id': 'default', 'system_scope': 'all', 'project_id': None, 'project_domain_id': None, 'roles': ['admin', 'member', 'reader'], 'is_admin_project': True, 'service_user_id': None, 'service_user_domain_id': None, 'service_project_id': None, 'service_project_domain_id': None, 'service_roles': []} {{(pid=79741) fill_context /opt/stack/keystone/keystone/server/flask/request_processing/middleware/auth_context.py:478}}
May 04 07:11:19.873308 dv-cinder-790535-38-smb devstack@keystone.service[79741]: DEBUG keystone.server.flask.request_processing.req_logging [None req-bd84e991-b856-4547-8c5a-3f42b60a0218 None admin] REQUEST_METHOD: `GET` {{(pid=79741) log_request_info /opt/stack/keystone/keystone/server/flask/request_processing/req_logging.py:27}}
May 04 07:11:19.873593 dv-cinder-790535-38-smb devstack@keystone.service[79741]: DEBUG keystone.server.flask.request_processing.req_logging [None req-bd84e991-b856-4547-8c5a-3f42b60a0218 None admin] SCRIPT_NAME: `/identity` {{(pid=79741) log_request_info /opt/stack/keystone/keystone/server/flask/request_processing/req_logging.py:28}}
May 04 07:11:19.873985 dv-cinder-790535-38-smb devstack@keystone.service[79741]: DEBUG keystone.server.flask.request_processing.req_logging [None req-bd84e991-b856-4547-8c5a-3f42b60a0218 None admin] PATH_INFO: `/v3/projects/613a5d5c63b7432bb5d16fd7d343aa05` {{(pid=79741) log_request_info /opt/stack/keystone/keystone/server/flask/request_processing/req_logging.py:29}}
May 04 07:11:19.875685 dv-cinder-790535-38-smb devstack@keystone.service[79741]: DEBUG keystone.common.rbac_enforcer.enforcer [None req-bd84e991-b856-4547-8c5a-3f42b60a0218 None admin] RBAC: Authorizing `identity:get_project(project_id=613a5d5c63b7432bb5d16fd7d343aa05)` {{(pid=79741) enforce_call /opt/stack/keystone/keystone/common/rbac_enforcer/enforcer.py:449}}
May 04 07:11:19.877312 dv-cinder-790535-38-smb devstack@keystone.service[79741]: DEBUG keystone.common.rbac_enforcer.enforcer [None req-bd84e991-b856-4547-8c5a-3f42b60a0218 None admin] RBAC: Authorization granted {{(pid=79741) enforce_call /opt/stack/keystone/keystone/common/rbac_enforcer/enforcer.py:457}}
May 04 07:11:19.879685 dv-cinder-790535-38-smb devstack@keystone.service[79741]: [pid: 79741|app: 0|req: 221/423] 10.222.0.16 () {56 vars in 1186 bytes} [Wed May 4 07:11:19 2022] GET /identity/v3/projects/613a5d5c63b7432bb5d16fd7d343aa05 => generated 298 bytes in 179 msecs (HTTP/1.1 200) 5 headers in 177 bytes (1 switches on core 0)
May 04 07:11:19.887776 dv-cinder-790535-38-smb devstack@keystone.service[79741]: DEBUG keystone.server.flask.request_processing.middleware.auth_context [None req-bd84e991-b856-4547-8c5a-3f42b60a0218 None admin] Authenticating user token {{(pid=79741) process_request /usr/local/lib/python3.8/dist-packages/keystonemiddleware/auth_token/__init__.py:407}}
May 04 07:11:19.896294 dv-cinder-790535-38-smb devstack@keystone.service[79742]: DEBUG keystone.server.flask.request_processing.middleware.auth_context [None req-582ae1a4-6a01-4981-bee2-d7a0690485b6 None admin] Validating token access rules against request {{(pid=79742) validate_allowed_request /usr/local/lib/python3.8/dist-packages/keystonemiddleware/auth_token/__init__.py:545}}
May 04 07:11:19.971949 dv-cinder-790535-38-smb devstack@keystone.service[79742]: DEBUG keystone.server.flask.request_processing.middleware.auth_context [None req-9be3217d-a459-4b2c-9c7e-68d4c7a58f0a None admin] RBAC: auth_context: {'token': , 'domain_id': None, 'trust_id': None, 'trustor_id': None, 'trustee_id': None, 'domain_name': None, 'group_ids': [], 'user_id': '35c05c9e901c43c3afa04d0ff8aa464e', 'user_domain_id': 'default', 'system_scope': 'all', 'project_id': None, 'project_domain_id': None, 'roles': ['admin', 'member', 'reader'], 'is_admin_project': True, 'service_user_id': None, 'service_user_domain_id': None, 'service_project_id': None, 'service_project_domain_id': None, 'service_roles': []} {{(pid=79742) fill_context /opt/stack/keystone/keystone/server/flask/request_processing/middleware/auth_context.py:478}}
May 04 07:11:19.972812 dv-cinder-790535-38-smb devstack@keystone.service[79742]: DEBUG keystone.server.flask.request_processing.req_logging [None req-9be3217d-a459-4b2c-9c7e-68d4c7a58f0a None admin] REQUEST_METHOD: `GET` {{(pid=79742) log_request_info /opt/stack/keystone/keystone/server/flask/request_processing/req_logging.py:27}}
May 04 07:11:19.973096 dv-cinder-790535-38-smb devstack@keystone.service[79742]: DEBUG keystone.server.flask.request_processing.req_logging [None req-9be3217d-a459-4b2c-9c7e-68d4c7a58f0a None admin] SCRIPT_NAME: `/identity` {{(pid=79742) log_request_info /opt/stack/keystone/keystone/server/flask/request_processing/req_logging.py:28}}
May 04 07:11:19.973363 dv-cinder-790535-38-smb devstack@keystone.service[79742]: DEBUG keystone.server.flask.request_processing.req_logging [None req-9be3217d-a459-4b2c-9c7e-68d4c7a58f0a None admin] PATH_INFO: `/v3/roles/member` {{(pid=79742) log_request_info /opt/stack/keystone/keystone/server/flask/request_processing/req_logging.py:29}}
May 04 07:11:20.001364 dv-cinder-790535-38-smb devstack@keystone.service[79742]: DEBUG keystone.common.rbac_enforcer.enforcer [None req-9be3217d-a459-4b2c-9c7e-68d4c7a58f0a None admin] Extracting inferred target data resulted in "NOT FOUND (404)". {{(pid=79742) enforce_call /opt/stack/keystone/keystone/common/rbac_enforcer/enforcer.py:409}}
May 04 07:11:20.003629 dv-cinder-790535-38-smb devstack@keystone.service[79741]: DEBUG keystone.server.flask.request_processing.middleware.auth_context [None req-bd84e991-b856-4547-8c5a-3f42b60a0218 None admin] Validating token access rules against request {{(pid=79741) validate_allowed_request /usr/local/lib/python3.8/dist-packages/keystonemiddleware/auth_token/__init__.py:545}}
May 04 07:11:20.009389 dv-cinder-790535-38-smb devstack@keystone.service[79742]: ERROR keystone.server.flask.application [None req-9be3217d-a459-4b2c-9c7e-68d4c7a58f0a None admin] Could not find role: member.: keystone.exception.RoleNotFound: Could not find role: member.
May 04 07:11:20.009389 dv-cinder-790535-38-smb devstack@keystone.service[79742]: ERROR keystone.server.flask.application
Traceback (most recent call last):
May 04 07:11:20.009389 dv-cinder-790535-38-smb devstack@keystone.service[79742]: ERROR keystone.server.flask.application
File "/usr/local/lib/python3.8/dist-packages/flask/app.py", line 1523, in full_dispatch_request
May 04 07:11:20.009389 dv-cinder-790535-38-smb devstack@keystone.service[79742]: ERROR keystone.server.flask.application rv = self.dispatch_request()
May 04 07:11:20.009389 dv-cinder-790535-38-smb devstack@keystone.service[79742]: ERROR keystone.server.flask.application
File "/usr/local/lib/python3.8/dist-packages/flask/app.py", line 1509, in dispatch_request
May 04 07:11:20.009389 dv-cinder-790535-38-smb devstack@keystone.service[79742]: ERROR keystone.server.flask.application return self.ensure_sync(self.view_functions[rule.endpoint])(**req.view_args)
May 04 07:11:20.009389 dv-cinder-790535-38-smb devstack@keystone.service[79742]: ERROR keystone.server.flask.application
File "/usr/local/lib/python3.8/dist-packages/flask_restful/__init__.py", line 467, in wrapper
May 04 07:11:20.009389 dv-cinder-790535-38-smb devstack@keystone.service[79742]: ERROR keystone.server.flask.application resp = resource(*args, **kwargs)
May 04 07:11:20.009389 dv-cinder-790535-38-smb devstack@keystone.service[79742]: ERROR keystone.server.flask.application
File "/usr/local/lib/python3.8/dist-packages/flask/views.py", line 84, in view
May 04 07:11:20.009389 dv-cinder-790535-38-smb devstack@keystone.service[79742]: ERROR keystone.server.flask.application return current_app.ensure_sync(self.dispatch_request)(*args, **kwargs)
May 04 07:11:20.009389 dv-cinder-790535-38-smb devstack@keystone.service[79742]: ERROR keystone.server.flask.application
File "/usr/local/lib/python3.8/dist-packages/flask_restful/__init__.py", line 582, in dispatch_request
May 04 07:11:20.009389 dv-cinder-790535-38-smb devstack@keystone.service[79742]: ERROR keystone.server.flask.application resp = meth(*args, **kwargs)
May 04 07:11:20.009389 dv-cinder-790535-38-smb devstack@keystone.service[79742]: ERROR keystone.server.flask.application
File "/opt/stack/keystone/keystone/api/roles.py", line 50, in get
May 04 07:11:20.009389 dv-cinder-790535-38-smb devstack@keystone.service[79742]: ERROR keystone.server.flask.application return self._get_role(role_id)
May 04 07:11:20.009389 dv-cinder-790535-38-smb devstack@keystone.service[79742]: ERROR keystone.server.flask.application
File "/opt/stack/keystone/keystone/api/roles.py", line 70, in _get_role
May 04 07:11:20.009389 dv-cinder-790535-38-smb devstack@keystone.service[79742]: ERROR keystone.server.flask.application ENFORCER.enforce_call(action='identity:get_role')
May 04 07:11:20.010338 dv-cinder-790535-38-smb devstack@keystone.service[79742]: ERROR keystone.server.flask.application
File "/opt/stack/keystone/keystone/common/rbac_enforcer/enforcer.py", line 402, in enforce_call
May 04 07:11:20.010338 dv-cinder-790535-38-smb devstack@keystone.service[79742]: ERROR keystone.server.flask.application policy_dict.update(cls._extract_member_target_data(
May 04 07:11:20.010338 dv-cinder-790535-38-smb devstack@keystone.service[79742]: ERROR keystone.server.flask.application
File "/opt/stack/keystone/keystone/common/rbac_enforcer/enforcer.py", line 234, in _extract_member_target_data
May 04 07:11:20.010338 dv-cinder-790535-38-smb devstack@keystone.service[79742]: ERROR keystone.server.flask.application member_name: func(flask.request.view_args[key])
May 04 07:11:20.010338 dv-cinder-790535-38-smb devstack@keystone.service[79742]: ERROR keystone.server.flask.application
File "/opt/stack/keystone/keystone/common/manager.py", line 115, in wrapped
May 04 07:11:20.010338 dv-cinder-790535-38-smb devstack@keystone.service[79742]: ERROR keystone.server.flask.application __ret_val = __f(*args, **kwargs)
May 04 07:11:20.010338 dv-cinder-790535-38-smb devstack@keystone.service[79742]: ERROR keystone.server.flask.application
File "/usr/local/lib/python3.8/dist-packages/decorator.py", line 232, in fun
May 04 07:11:20.010338 dv-cinder-790535-38-smb devstack@keystone.service[79742]: ERROR keystone.server.flask.application return caller(func, *(extras + args), **kw)
May 04 07:11:20.010338 dv-cinder-790535-38-smb devstack@keystone.service[79742]: ERROR keystone.server.flask.application
File "/usr/local/lib/python3.8/dist-packages/dogpile/cache/region.py", line 1577, in get_or_create_for_user_func
May 04 07:11:20.010338 dv-cinder-790535-38-smb devstack@keystone.service[79742]: ERROR keystone.server.flask.application return self.get_or_create(
May 04 07:11:20.010338 dv-cinder-790535-38-smb devstack@keystone.service[79742]: ERROR keystone.server.flask.application
File "/usr/local/lib/python3.8/dist-packages/dogpile/cache/region.py", line 1042, in get_or_create
May 04 07:11:20.010338 dv-cinder-790535-38-smb devstack@keystone.service[79742]: ERROR keystone.server.flask.application with Lock(
May 04 07:11:20.010338 dv-cinder-790535-38-smb devstack@keystone.service[79742]: ERROR keystone.server.flask.application
File "/usr/local/lib/python3.8/dist-packages/dogpile/lock.py", line 185, in __enter__
May 04 07:11:20.010338 dv-cinder-790535-38-smb devstack@keystone.service[79742]: ERROR keystone.server.flask.application return self._enter()
May 04 07:11:20.010338 dv-cinder-790535-38-smb devstack@keystone.service[79742]: ERROR keystone.server.flask.application
File "/usr/local/lib/python3.8/dist-packages/dogpile/lock.py", line 94, in _enter
May 04 07:11:20.010338 dv-cinder-790535-38-smb devstack@keystone.service[79742]: ERROR keystone.server.flask.application generated = self._enter_create(value, createdtime)
May 04 07:11:20.011131 dv-cinder-790535-38-smb devstack@keystone.service[79742]: ERROR keystone.server.flask.application
File "/usr/local/lib/python3.8/dist-packages/dogpile/lock.py", line 178, in _enter_create
May 04 07:11:20.011131 dv-cinder-790535-38-smb devstack@keystone.service[79742]: ERROR keystone.server.flask.application return self.creator()
May 04 07:11:20.011131 dv-cinder-790535-38-smb devstack@keystone.service[79742]: ERROR keystone.server.flask.application
File "/usr/local/lib/python3.8/dist-packages/dogpile/cache/region.py", line 995, in gen_value
May 04 07:11:20.011131 dv-cinder-790535-38-smb devstack@keystone.service[79742]: ERROR keystone.server.flask.application created_value = creator(
May 04 07:11:20.011131 dv-cinder-790535-38-smb devstack@keystone.service[79742]: ERROR keystone.server.flask.application
File "/opt/stack/keystone/keystone/assignment/core.py", line 1276, in get_role
May 04 07:11:20.011131 dv-cinder-790535-38-smb devstack@keystone.service[79742]: ERROR keystone.server.flask.application return self.driver.get_role(role_id)
May 04 07:11:20.011131 dv-cinder-790535-38-smb devstack@keystone.service[79742]: ERROR keystone.server.flask.application
File "/opt/stack/keystone/keystone/assignment/role_backends/sql.py", line 70, in get_role
May 04 07:11:20.011131 dv-cinder-790535-38-smb devstack@keystone.service[79742]: ERROR keystone.server.flask.application return self._get_role(session, role_id).to_dict()
May 04 07:11:20.011131 dv-cinder-790535-38-smb devstack@keystone.service[79742]: ERROR keystone.server.flask.application
File "/opt/stack/keystone/keystone/assignment/role_backends/sql.py", line 65, in _get_role
May 04 07:11:20.011131 dv-cinder-790535-38-smb devstack@keystone.service[79742]: ERROR keystone.server.flask.application raise exception.RoleNotFound(role_id=role_id)
May 04 07:11:20.011131 dv-cinder-790535-38-smb devstack@keystone.service[79742]: ERROR keystone.server.flask.application keystone.exception.RoleNotFound: Could not find role: member.
May 04 07:11:20.011131 dv-cinder-790535-38-smb devstack@keystone.service[79742]: ERROR keystone.server.flask.application
May 04 07:11:20.018984 dv-cinder-790535-38-smb devstack@keystone.service[79742]: [pid: 79742|app: 0|req: 203/424] 10.222.0.16 () {56 vars in 1099 bytes} [Wed May 4 07:11:19 2022] GET /identity/v3/roles/member => generated 84 bytes in 318 msecs (HTTP/1.1 404) 5 headers in 183 bytes (1 switches on core 0)
May 04 07:11:20.024903 dv-cinder-790535-38-smb devstack@keystone.service[79742]: DEBUG keystone.server.flask.request_processing.middleware.auth_context [None req-9be3217d-a459-4b2c-9c7e-68d4c7a58f0a None admin] Authenticating user token {{(pid=79742) process_request /usr/local/lib/python3.8/dist-packages/keystonemiddleware/auth_token/__init__.py:407}}
May 04 07:11:20.042581 dv-cinder-790535-38-smb devstack@keystone.service[79741]: DEBUG keystone.server.flask.request_processing.middleware.auth_context [None req-3bab644d-f285-44ce-b6d2-9619f429cdc5 None admin] RBAC: auth_context: {'token': , 'domain_id': None, 'trust_id': None, 'trustor_id': None, 'trustee_id': None, 'domain_name': None, 'group_ids': [], 'user_id': '35c05c9e901c43c3afa04d0ff8aa464e', 'user_domain_id': 'default', 'system_scope': 'all', 'project_id': None, 'project_domain_id': None, 'roles': ['admin', 'member', 'reader'], 'is_admin_project': True, 'service_user_id': None, 'service_user_domain_id': None, 'service_project_id': None, 'service_project_domain_id': None, 'service_roles': []} {{(pid=79741) fill_context /opt/stack/keystone/keystone/server/flask/request_processing/middleware/auth_context.py:478}}
May 04 07:11:20.044322 dv-cinder-790535-38-smb devstack@keystone.service[79741]: DEBUG keystone.server.flask.request_processing.req_logging [None req-3bab644d-f285-44ce-b6d2-9619f429cdc5 None admin] REQUEST_METHOD: `GET` {{(pid=79741) log_request_info /opt/stack/keystone/keystone/server/flask/request_processing/req_logging.py:27}}
May 04 07:11:20.044800 dv-cinder-790535-38-smb devstack@keystone.service[79741]: DEBUG keystone.server.flask.request_processing.req_logging [None req-3bab644d-f285-44ce-b6d2-9619f429cdc5 None admin] SCRIPT_NAME: `/identity` {{(pid=79741) log_request_info /opt/stack/keystone/keystone/server/flask/request_processing/req_logging.py:28}}
May 04 07:11:20.045287 dv-cinder-790535-38-smb devstack@keystone.service[79741]: DEBUG keystone.server.flask.request_processing.req_logging [None req-3bab644d-f285-44ce-b6d2-9619f429cdc5 None admin] PATH_INFO: `/v3/groups/0d721af3b2cb4415bb87092f78e74795` {{(pid=79741) log_request_info /opt/stack/keystone/keystone/server/flask/request_processing/req_logging.py:29}}
May 04 07:11:20.051465 dv-cinder-790535-38-smb devstack@keystone.service[79741]: DEBUG keystone.common.rbac_enforcer.enforcer [None req-3bab644d-f285-44ce-b6d2-9619f429cdc5 None admin] RBAC: Authorizing `identity:get_group(group_id=0d721af3b2cb4415bb87092f78e74795)` {{(pid=79741) enforce_call /opt/stack/keystone/keystone/common/rbac_enforcer/enforcer.py:449}}
May 04 07:11:20.053077 dv-cinder-790535-38-smb devstack@keystone.service[79741]: DEBUG keystone.common.rbac_enforcer.enforcer [None req-3bab644d-f285-44ce-b6d2-9619f429cdc5 None admin] RBAC: Authorization granted {{(pid=79741) enforce_call /opt/stack/keystone/keystone/common/rbac_enforcer/enforcer.py:457}}
May 04 07:11:20.059450 dv-cinder-790535-38-smb devstack@keystone.service[79741]: [pid: 79741|app: 0|req: 222/425] 10.222.0.16 () {56 vars in 1180 bytes} [Wed May 4 07:11:19 2022] GET /identity/v3/groups/0d721af3b2cb4415bb87092f78e74795 => generated 226 bytes in 173 msecs (HTTP/1.1 200) 5 headers in 177 bytes (1 switches on core 0)
May 04 07:11:20.075532 dv-cinder-790535-38-smb devstack@keystone.service[79741]: DEBUG keystone.server.flask.request_processing.middleware.auth_context [None req-3bab644d-f285-44ce-b6d2-9619f429cdc5 None admin] Authenticating user token {{(pid=79741) process_request /usr/local/lib/python3.8/dist-packages/keystonemiddleware/auth_token/__init__.py:407}}
May 04 07:11:20.242650 dv-cinder-790535-38-smb devstack@keystone.service[79741]: DEBUG keystone.server.flask.request_processing.middleware.auth_context [None req-3bab644d-f285-44ce-b6d2-9619f429cdc5 None admin] Validating token access rules against request {{(pid=79741) validate_allowed_request /usr/local/lib/python3.8/dist-packages/keystonemiddleware/auth_token/__init__.py:545}}
May 04 07:11:20.242887 dv-cinder-790535-38-smb devstack@keystone.service[79742]: DEBUG keystone.server.flask.request_processing.middleware.auth_context [None req-9be3217d-a459-4b2c-9c7e-68d4c7a58f0a None admin] Validating token access rules against request {{(pid=79742) validate_allowed_request /usr/local/lib/python3.8/dist-packages/keystonemiddleware/auth_token/__init__.py:545}}
