May 04 07:25:26.185450 dv-cinder-790535-38-smb devstack@c-api.service[109959]: DEBUG cinder.volume.api [None req-e5469d0c-d843-4f94-97d5-fefd8a250a65 tempest-GroupsV314Test-1078034274 tempest-GroupsV314Test-1078034274-project] Task 'cinder.volume.flows.api.create_volume.QuotaReserveTask;volume:create' (8093fcaa-df20-4dfa-a232-a7bd7f0af08e) transitioned into state 'SUCCESS' from state 'RUNNING' with result '{'reservations': ['c2cb2ffd-21fb-495c-a00a-066299fd449a', '15e28dd1-f77b-4c68-816d-dfb7d60eb631', 'ffe4dcb6-a7c3-4dee-9ca5-a49fabba2ecc', 'fbfd16e2-1be5-47b4-9d86-1cdf69cb3d70']}' {{(pid=109959) _task_receiver /usr/local/lib/python3.8/dist-packages/taskflow/listeners/logging.py:178}}
May 04 07:25:26.187756 dv-cinder-790535-38-smb devstack@c-api.service[109959]: DEBUG cinder.volume.api [None req-e5469d0c-d843-4f94-97d5-fefd8a250a65 tempest-GroupsV314Test-1078034274 tempest-GroupsV314Test-1078034274-project] Task 'cinder.volume.flows.api.create_volume.EntryCreateTask;volume:create' (ae5b69c5-f90b-4f74-a4a9-c48b0a9f8f7c) transitioned into state 'RUNNING' from state 'PENDING' {{(pid=109959) _task_receiver /usr/local/lib/python3.8/dist-packages/taskflow/listeners/logging.py:190}}
May 04 07:25:26.228685 dv-cinder-790535-38-smb devstack@c-api.service[109959]: DEBUG cinder.volume.api [None req-e5469d0c-d843-4f94-97d5-fefd8a250a65 tempest-GroupsV314Test-1078034274 tempest-GroupsV314Test-1078034274-project] Task 'cinder.volume.flows.api.create_volume.EntryCreateTask;volume:create' (ae5b69c5-f90b-4f74-a4a9-c48b0a9f8f7c) transitioned into state 'SUCCESS' from state 'RUNNING' with result '{'volume_id': '353f3338-1305-4c1d-b046-757b728352bd', 'volume_properties': VolumeProperties(attach_status='detached',availability_zone='nova',cgsnapshot_id=None,consistencygroup_id=None,display_description=None,display_name='tempest-GroupsV314Test-Volume-1595777334',encryption_key_id=None,group_id=f603fc3b-7812-4160-be3a-7cc15a1beb44,group_type_id=,metadata={},multiattach=False,project_id='04e305b939e041cc9f25823d5875616b',qos_specs=None,replication_status=,reservations=['c2cb2ffd-21fb-495c-a00a-066299fd449a','15e28dd1-f77b-4c68-816d-dfb7d60eb631','ffe4dcb6-a7c3-4dee-9ca5-a49fabba2ecc','fbfd16e2-1be5-47b4-9d86-1cdf69cb3d70'],size=1,snapshot_id=None,source_replicaid=,source_volid=None,status='creating',user_id='b79fb5a4225f4d4b9efc8608eec92934',volume_type_id=9604591c-ea7c-4114-8ff7-3e2ca87c8c97), 'volume': Volume(_name_id=None,admin_metadata=,attach_status='detached',availability_zone='nova',bootable=False,cluster=,cluster_name=None,consistencygroup=,consistencygroup_id=None,created_at=2022-05-04T07:25:26Z,deleted=False,deleted_at=None,display_description=None,display_name='tempest-GroupsV314Test-Volume-1595777334',ec2_id=None,encryption_key_id=None,glance_metadata=,group=,group_id=f603fc3b-7812-4160-be3a-7cc15a1beb44,host=None,id=353f3338-1305-4c1d-b046-757b728352bd,launched_at=None,metadata={},migration_status=None,multiattach=False,previous_status=None,project_id='04e305b939e041cc9f25823d5875616b',provider_auth=None,provider_geometry=None,provider_id=None,provider_location=None,replication_driver_data=None,replication_extended_status=None,replication_status=None,scheduled_at=None,service_uuid=None,shared_targets=True,size=1,snapshot_id=None,snapshots=,source_volid=None,status='creating',terminated_at=None,updated_at=None,use_quota=True,user_id='b79fb5a4225f4d4b9efc8608eec92934',volume_attachment=VolumeAttachmentList,volume_type=VolumeType(9604591c-ea7c-4114-8ff7-3e2ca87c8c97),volume_type_id=9604591c-ea7c-4114-8ff7-3e2ca87c8c97)}' {{(pid=109959) _task_receiver /usr/local/lib/python3.8/dist-packages/taskflow/listeners/logging.py:178}}
May 04 07:25:26.235055 dv-cinder-790535-38-smb devstack@c-api.service[109959]: DEBUG cinder.volume.api [None req-e5469d0c-d843-4f94-97d5-fefd8a250a65 tempest-GroupsV314Test-1078034274 tempest-GroupsV314Test-1078034274-project] Task 'cinder.volume.flows.api.create_volume.QuotaCommitTask;volume:create' (4eaa90e4-6a2e-426f-8e31-70cea4a3f7e6) transitioned into state 'RUNNING' from state 'PENDING' {{(pid=109959) _task_receiver /usr/local/lib/python3.8/dist-packages/taskflow/listeners/logging.py:190}}
May 04 07:25:26.244201 dv-cinder-790535-38-smb devstack@c-api.service[109960]: DEBUG cinder.api.middleware.request_id [None req-9b7c97c7-db87-4632-8a95-f9aa14dfd02e None None] RequestId filter calling following filter/app {{(pid=109960) _context_setter /opt/stack/cinder/cinder/api/middleware/request_id.py:62}}
May 04 07:25:26.303984 dv-cinder-790535-38-smb devstack@c-api.service[109959]: DEBUG cinder.volume.api [None req-e5469d0c-d843-4f94-97d5-fefd8a250a65 tempest-GroupsV314Test-1078034274 tempest-GroupsV314Test-1078034274-project] Task 'cinder.volume.flows.api.create_volume.QuotaCommitTask;volume:create' (4eaa90e4-6a2e-426f-8e31-70cea4a3f7e6) transitioned into state 'SUCCESS' from state 'RUNNING' with result '{'volume_properties': VolumeProperties(attach_status='detached',availability_zone='nova',cgsnapshot_id=None,consistencygroup_id=None,display_description=None,display_name='tempest-GroupsV314Test-Volume-1595777334',encryption_key_id=None,group_id=f603fc3b-7812-4160-be3a-7cc15a1beb44,group_type_id=,metadata={},multiattach=False,project_id='04e305b939e041cc9f25823d5875616b',qos_specs=None,replication_status=,reservations=['c2cb2ffd-21fb-495c-a00a-066299fd449a','15e28dd1-f77b-4c68-816d-dfb7d60eb631','ffe4dcb6-a7c3-4dee-9ca5-a49fabba2ecc','fbfd16e2-1be5-47b4-9d86-1cdf69cb3d70'],size=1,snapshot_id=None,source_replicaid=,source_volid=None,status='creating',user_id='b79fb5a4225f4d4b9efc8608eec92934',volume_type_id=9604591c-ea7c-4114-8ff7-3e2ca87c8c97)}' {{(pid=109959) _task_receiver /usr/local/lib/python3.8/dist-packages/taskflow/listeners/logging.py:178}}
May 04 07:25:26.306144 dv-cinder-790535-38-smb devstack@c-api.service[109959]: DEBUG cinder.volume.api [None req-e5469d0c-d843-4f94-97d5-fefd8a250a65 tempest-GroupsV314Test-1078034274 tempest-GroupsV314Test-1078034274-project] Task 'cinder.volume.flows.api.create_volume.VolumeCastTask;volume:create' (3b0b39f1-325e-496d-82a7-f7d0a6ae96ea) transitioned into state 'RUNNING' from state 'PENDING' {{(pid=109959) _task_receiver /usr/local/lib/python3.8/dist-packages/taskflow/listeners/logging.py:190}}
May 04 07:25:26.347188 dv-cinder-790535-38-smb devstack@c-api.service[109959]: DEBUG cinder.volume.api [None req-e5469d0c-d843-4f94-97d5-fefd8a250a65 tempest-GroupsV314Test-1078034274 tempest-GroupsV314Test-1078034274-project] Task 'cinder.volume.flows.api.create_volume.VolumeCastTask;volume:create' (3b0b39f1-325e-496d-82a7-f7d0a6ae96ea) transitioned into state 'SUCCESS' from state 'RUNNING' with result 'None' {{(pid=109959) _task_receiver /usr/local/lib/python3.8/dist-packages/taskflow/listeners/logging.py:178}}
May 04 07:25:26.351852 dv-cinder-790535-38-smb devstack@c-api.service[109959]: DEBUG cinder.volume.api [None req-e5469d0c-d843-4f94-97d5-fefd8a250a65 tempest-GroupsV314Test-1078034274 tempest-GroupsV314Test-1078034274-project] Flow 'volume_create_api' (9b50880e-10db-462b-86da-50dca570f4ed) transitioned into state 'SUCCESS' from state 'RUNNING' {{(pid=109959) _flow_receiver /usr/local/lib/python3.8/dist-packages/taskflow/listeners/logging.py:141}}
May 04 07:25:26.352580 dv-cinder-790535-38-smb devstack@c-api.service[109959]: INFO cinder.volume.api [None req-e5469d0c-d843-4f94-97d5-fefd8a250a65 tempest-GroupsV314Test-1078034274 tempest-GroupsV314Test-1078034274-project] Create volume request issued successfully.
May 04 07:25:26.357584 dv-cinder-790535-38-smb devstack@c-api.service[109959]: WARNING stevedore.named [None req-e5469d0c-d843-4f94-97d5-fefd8a250a65 tempest-GroupsV314Test-1078034274 tempest-GroupsV314Test-1078034274-project] Could not load cinder.keymgr.conf_key_mgr.ConfKeyManager
May 04 07:25:26.357989 dv-cinder-790535-38-smb devstack@c-api.service[109959]: WARNING castellan.key_manager [None req-e5469d0c-d843-4f94-97d5-fefd8a250a65 tempest-GroupsV314Test-1078034274 tempest-GroupsV314Test-1078034274-project] Deprecation Warning : cinder.keymgr.conf_key_mgr.ConfKeyManager is not a stevedore based driver, trying to load it as a class: stevedore.exception.NoMatches: No 'castellan.drivers' driver found, looking for 'cinder.keymgr.conf_key_mgr.ConfKeyManager'
May 04 07:25:26.371605 dv-cinder-790535-38-smb devstack@c-api.service[109959]: DEBUG oslo_db.sqlalchemy.engines [None req-e5469d0c-d843-4f94-97d5-fefd8a250a65 tempest-GroupsV314Test-1078034274 tempest-GroupsV314Test-1078034274-project] MySQL server mode set to STRICT_TRANS_TABLES,STRICT_ALL_TABLES,NO_ZERO_IN_DATE,NO_ZERO_DATE,ERROR_FOR_DIVISION_BY_ZERO,TRADITIONAL,NO_ENGINE_SUBSTITUTION {{(pid=109959) _check_effective_sql_mode /usr/local/lib/python3.8/dist-packages/oslo_db/sqlalchemy/engines.py:314}}
May 04 07:25:26.383041 dv-cinder-790535-38-smb devstack@c-api.service[109959]: /usr/local/lib/python3.8/dist-packages/oslo_context/context.py:100: DeprecationWarning: Policy enforcement is depending on the value of is_admin. This key is deprecated. Please update your policy file to use the standard policy values.
May 04 07:25:26.383041 dv-cinder-790535-38-smb devstack@c-api.service[109959]: warnings.warn('Policy enforcement is depending on the value of '
May 04 07:25:26.393342 dv-cinder-790535-38-smb devstack@c-api.service[109959]: INFO cinder.api.openstack.wsgi [None req-e5469d0c-d843-4f94-97d5-fefd8a250a65 tempest-GroupsV314Test-1078034274 tempest-GroupsV314Test-1078034274-project] http://10.222.0.16/volume/v3/04e305b939e041cc9f25823d5875616b/volumes returned with HTTP 202
May 04 07:25:26.405905 dv-cinder-790535-38-smb devstack@c-api.service[109959]: [pid: 109959|app: 0|req: 49/96] 10.222.0.16 () {62 vars in 1276 bytes} [Wed May 4 07:25:25 2022] POST /volume/v3/04e305b939e041cc9f25823d5875616b/volumes => generated 900 bytes in 477 msecs (HTTP/1.1 202) 7 headers in 292 bytes (1 switches on core 0)
May 04 07:25:26.408920 dv-cinder-790535-38-smb devstack@c-api.service[109959]: DEBUG cinder.api.middleware.request_id [None req-fdd90fb0-c078-4ba0-b63a-7614b2ce7025 None None] RequestId filter calling following filter/app {{(pid=109959) _context_setter /opt/stack/cinder/cinder/api/middleware/request_id.py:62}}
May 04 07:25:26.414626 dv-cinder-790535-38-smb devstack@c-api.service[109959]: INFO cinder.api.openstack.wsgi [None req-fdd90fb0-c078-4ba0-b63a-7614b2ce7025 tempest-GroupsV314Test-1078034274 tempest-GroupsV314Test-1078034274-project] GET http://10.222.0.16/volume/v3/04e305b939e041cc9f25823d5875616b/volumes/353f3338-1305-4c1d-b046-757b728352bd
May 04 07:25:26.418765 dv-cinder-790535-38-smb devstack@c-api.service[109959]: DEBUG cinder.api.openstack.wsgi [None req-fdd90fb0-c078-4ba0-b63a-7614b2ce7025 tempest-GroupsV314Test-1078034274 tempest-GroupsV314Test-1078034274-project] Empty body provided in request {{(pid=109959) get_body /opt/stack/cinder/cinder/api/openstack/wsgi.py:715}}
May 04 07:25:26.420774 dv-cinder-790535-38-smb devstack@c-api.service[109959]: DEBUG cinder.api.openstack.wsgi [None req-fdd90fb0-c078-4ba0-b63a-7614b2ce7025 tempest-GroupsV314Test-1078034274 tempest-GroupsV314Test-1078034274-project] Calling method 'show' {{(pid=109959) _process_stack /opt/stack/cinder/cinder/api/openstack/wsgi.py:868}}
May 04 07:25:26.451812 dv-cinder-790535-38-smb devstack@c-api.service[109959]: /usr/local/lib/python3.8/dist-packages/oslo_context/context.py:100: DeprecationWarning: Policy enforcement is depending on the value of is_admin. This key is deprecated. Please update your policy file to use the standard policy values.
May 04 07:25:26.451812 dv-cinder-790535-38-smb devstack@c-api.service[109959]: warnings.warn('Policy enforcement is depending on the value of '
May 04 07:25:26.472748 dv-cinder-790535-38-smb devstack@c-api.service[109960]: INFO cinder.api.openstack.wsgi [None req-9b7c97c7-db87-4632-8a95-f9aa14dfd02e tempest-VolumeQuotaClassesTest-1102384625 tempest-VolumeQuotaClassesTest-1102384625-project-admin] GET http://10.222.0.16/volume/v3/ba14b0c9323e4cacb95574686302b039/os-quota-class-sets/default
May 04 07:25:26.473472 dv-cinder-790535-38-smb devstack@c-api.service[109960]: DEBUG cinder.api.openstack.wsgi [None req-9b7c97c7-db87-4632-8a95-f9aa14dfd02e tempest-VolumeQuotaClassesTest-1102384625 tempest-VolumeQuotaClassesTest-1102384625-project-admin] Empty body provided in request {{(pid=109960) get_body /opt/stack/cinder/cinder/api/openstack/wsgi.py:715}}
May 04 07:25:26.474083 dv-cinder-790535-38-smb devstack@c-api.service[109960]: DEBUG cinder.api.openstack.wsgi [None req-9b7c97c7-db87-4632-8a95-f9aa14dfd02e tempest-VolumeQuotaClassesTest-1102384625 tempest-VolumeQuotaClassesTest-1102384625-project-admin] Calling method 'show' {{(pid=109960) _process_stack /opt/stack/cinder/cinder/api/openstack/wsgi.py:868}}
May 04 07:25:26.474943 dv-cinder-790535-38-smb devstack@c-api.service[109960]: /usr/local/lib/python3.8/dist-packages/oslo_context/context.py:100: DeprecationWarning: Policy enforcement is depending on the value of is_admin. This key is deprecated. Please update your policy file to use the standard policy values.
May 04 07:25:26.474943 dv-cinder-790535-38-smb devstack@c-api.service[109960]: warnings.warn('Policy enforcement is depending on the value of '
May 04 07:25:26.482220 dv-cinder-790535-38-smb devstack@c-api.service[109959]: INFO cinder.volume.api [None req-fdd90fb0-c078-4ba0-b63a-7614b2ce7025 tempest-GroupsV314Test-1078034274 tempest-GroupsV314Test-1078034274-project] Volume info retrieved successfully.
May 04 07:25:26.486976 dv-cinder-790535-38-smb devstack@c-api.service[109959]: WARNING stevedore.named [None req-fdd90fb0-c078-4ba0-b63a-7614b2ce7025 tempest-GroupsV314Test-1078034274 tempest-GroupsV314Test-1078034274-project] Could not load cinder.keymgr.conf_key_mgr.ConfKeyManager
May 04 07:25:26.487540 dv-cinder-790535-38-smb devstack@c-api.service[109959]: WARNING castellan.key_manager [None req-fdd90fb0-c078-4ba0-b63a-7614b2ce7025 tempest-GroupsV314Test-1078034274 tempest-GroupsV314Test-1078034274-project] Deprecation Warning : cinder.keymgr.conf_key_mgr.ConfKeyManager is not a stevedore based driver, trying to load it as a class: stevedore.exception.NoMatches: No 'castellan.drivers' driver found, looking for 'cinder.keymgr.conf_key_mgr.ConfKeyManager'
May 04 07:25:26.499787 dv-cinder-790535-38-smb devstack@c-api.service[109959]: DEBUG oslo_db.sqlalchemy.engines [None req-fdd90fb0-c078-4ba0-b63a-7614b2ce7025 tempest-GroupsV314Test-1078034274 tempest-GroupsV314Test-1078034274-project] MySQL server mode set to STRICT_TRANS_TABLES,STRICT_ALL_TABLES,NO_ZERO_IN_DATE,NO_ZERO_DATE,ERROR_FOR_DIVISION_BY_ZERO,TRADITIONAL,NO_ENGINE_SUBSTITUTION {{(pid=109959) _check_effective_sql_mode /usr/local/lib/python3.8/dist-packages/oslo_db/sqlalchemy/engines.py:314}}
May 04 07:25:26.511237 dv-cinder-790535-38-smb devstack@c-api.service[109959]: /usr/local/lib/python3.8/dist-packages/oslo_context/context.py:100: DeprecationWarning: Policy enforcement is depending on the value of is_admin. This key is deprecated. Please update your policy file to use the standard policy values.
May 04 07:25:26.511237 dv-cinder-790535-38-smb devstack@c-api.service[109959]: warnings.warn('Policy enforcement is depending on the value of '
May 04 07:25:26.544445 dv-cinder-790535-38-smb devstack@c-api.service[109960]: INFO cinder.api.openstack.wsgi [None req-9b7c97c7-db87-4632-8a95-f9aa14dfd02e tempest-VolumeQuotaClassesTest-1102384625 tempest-VolumeQuotaClassesTest-1102384625-project-admin] http://10.222.0.16/volume/v3/ba14b0c9323e4cacb95574686302b039/os-quota-class-sets/default returned with HTTP 200
May 04 07:25:26.545848 dv-cinder-790535-38-smb devstack@c-api.service[109960]: [pid: 109960|app: 0|req: 48/97] 10.222.0.16 () {58 vars in 1273 bytes} [Wed May 4 07:25:26 2022] GET /volume/v3/ba14b0c9323e4cacb95574686302b039/os-quota-class-sets/default => generated 529 bytes in 303 msecs (HTTP/1.1 200) 7 headers in 285 bytes (2 switches on core 0)
May 04 07:25:26.549351 dv-cinder-790535-38-smb devstack@c-api.service[109959]: INFO cinder.api.openstack.wsgi [None req-fdd90fb0-c078-4ba0-b63a-7614b2ce7025 tempest-GroupsV314Test-1078034274 tempest-GroupsV314Test-1078034274-project] http://10.222.0.16/volume/v3/04e305b939e041cc9f25823d5875616b/volumes/353f3338-1305-4c1d-b046-757b728352bd returned with HTTP 200
May 04 07:25:26.550097 dv-cinder-790535-38-smb devstack@c-api.service[109959]: [pid: 109959|app: 0|req: 50/98] 10.222.0.16 () {60 vars in 1365 bytes} [Wed May 4 07:25:26 2022] GET /volume/v3/04e305b939e041cc9f25823d5875616b/volumes/353f3338-1305-4c1d-b046-757b728352bd => generated 968 bytes in 143 msecs (HTTP/1.1 200) 7 headers in 286 bytes (1 switches on core 0)
May 04 07:25:26.557989 dv-cinder-790535-38-smb devstack@c-api.service[109960]: DEBUG cinder.api.middleware.request_id [None req-42e97209-4038-4387-9c21-858c2abe4c19 None None] RequestId filter calling following filter/app {{(pid=109960) _context_setter /opt/stack/cinder/cinder/api/middleware/request_id.py:62}}
May 04 07:25:26.563702 dv-cinder-790535-38-smb devstack@c-api.service[109960]: INFO cinder.api.openstack.wsgi [None req-42e97209-4038-4387-9c21-858c2abe4c19 tempest-VolumeQuotaClassesTest-1102384625 tempest-VolumeQuotaClassesTest-1102384625-project-admin] GET http://10.222.0.16/volume/v3/ba14b0c9323e4cacb95574686302b039/os-quota-class-sets/default
May 04 07:25:26.566753 dv-cinder-790535-38-smb devstack@c-api.service[109960]: DEBUG cinder.api.openstack.wsgi [None req-42e97209-4038-4387-9c21-858c2abe4c19 tempest-VolumeQuotaClassesTest-1102384625 tempest-VolumeQuotaClassesTest-1102384625-project-admin] Empty body provided in request {{(pid=109960) get_body /opt/stack/cinder/cinder/api/openstack/wsgi.py:715}}
May 04 07:25:26.570883 dv-cinder-790535-38-smb devstack@c-api.service[109960]: DEBUG cinder.api.openstack.wsgi [None req-42e97209-4038-4387-9c21-858c2abe4c19 tempest-VolumeQuotaClassesTest-1102384625 tempest-VolumeQuotaClassesTest-1102384625-project-admin] Calling method 'show' {{(pid=109960) _process_stack /opt/stack/cinder/cinder/api/openstack/wsgi.py:868}}
May 04 07:25:26.769516 dv-cinder-790535-38-smb devstack@c-api.service[109960]: INFO cinder.api.openstack.wsgi [None req-42e97209-4038-4387-9c21-858c2abe4c19 tempest-VolumeQuotaClassesTest-1102384625 tempest-VolumeQuotaClassesTest-1102384625-project-admin] http://10.222.0.16/volume/v3/ba14b0c9323e4cacb95574686302b039/os-quota-class-sets/default returned with HTTP 200
May 04 07:25:26.769516 dv-cinder-790535-38-smb devstack@c-api.service[109960]: [pid: 109960|app: 0|req: 49/99] 10.222.0.16 () {58 vars in 1273 bytes} [Wed May 4 07:25:26 2022] GET /volume/v3/ba14b0c9323e4cacb95574686302b039/os-quota-class-sets/default => generated 529 bytes in 75 msecs (HTTP/1.1 200) 7 headers in 285 bytes (1 switches on core 0)
May 04 07:25:26.772017 dv-cinder-790535-38-smb devstack@c-api.service[109959]: DEBUG cinder.api.middleware.request_id [None req-07f66379-d778-4e0f-8afd-d193b7044918 None None] RequestId filter calling following filter/app {{(pid=109959) _context_setter /opt/stack/cinder/cinder/api/middleware/request_id.py:62}}
May 04 07:25:26.778326 dv-cinder-790535-38-smb devstack@c-api.service[109959]: INFO cinder.api.openstack.wsgi [None req-07f66379-d778-4e0f-8afd-d193b7044918 tempest-VolumeQuotaClassesTest-1102384625 tempest-VolumeQuotaClassesTest-1102384625-project-admin] POST http://10.222.0.16/volume/v3/ba14b0c9323e4cacb95574686302b039/types
May 04 07:25:26.778326 dv-cinder-790535-38-smb devstack@c-api.service[109959]: DEBUG cinder.api.openstack.wsgi [None req-07f66379-d778-4e0f-8afd-d193b7044918 tempest-VolumeQuotaClassesTest-1102384625 tempest-VolumeQuotaClassesTest-1102384625-project-admin] Action: 'create', calling method: _create, body: {"volume_type": {"name": "tempest-VolumeQuotaClassesTest-volume-type-1761377878"}} {{(pid=109959) _process_stack /opt/stack/cinder/cinder/api/openstack/wsgi.py:866}}
May 04 07:25:26.837671 dv-cinder-790535-38-smb devstack@c-api.service[109959]: INFO cinder.api.openstack.wsgi [None req-07f66379-d778-4e0f-8afd-d193b7044918 tempest-VolumeQuotaClassesTest-1102384625 tempest-VolumeQuotaClassesTest-1102384625-project-admin] http://10.222.0.16/volume/v3/ba14b0c9323e4cacb95574686302b039/types returned with HTTP 200
May 04 07:25:26.845058 dv-cinder-790535-38-smb devstack@c-api.service[109959]: [pid: 109959|app: 0|req: 51/100] 10.222.0.16 () {60 vars in 1228 bytes} [Wed May 4 07:25:26 2022] POST /volume/v3/ba14b0c9323e4cacb95574686302b039/types => generated 228 bytes in 76 msecs (HTTP/1.1 200) 7 headers in 285 bytes (1 switches on core 0)
May 04 07:25:26.852819 dv-cinder-790535-38-smb devstack@c-api.service[109960]: DEBUG cinder.api.middleware.request_id [None req-ddb15046-7a9a-4413-afa1-5e23d2e63f96 None None] RequestId filter calling following filter/app {{(pid=109960) _context_setter /opt/stack/cinder/cinder/api/middleware/request_id.py:62}}
May 04 07:25:26.860370 dv-cinder-790535-38-smb devstack@c-api.service[109960]: INFO cinder.api.openstack.wsgi [None req-ddb15046-7a9a-4413-afa1-5e23d2e63f96 tempest-VolumeQuotaClassesTest-1102384625 tempest-VolumeQuotaClassesTest-1102384625-project-admin] PUT http://10.222.0.16/volume/v3/ba14b0c9323e4cacb95574686302b039/os-quota-class-sets/default
May 04 07:25:26.860695 dv-cinder-790535-38-smb devstack@c-api.service[109960]: DEBUG cinder.api.openstack.wsgi [None req-ddb15046-7a9a-4413-afa1-5e23d2e63f96 tempest-VolumeQuotaClassesTest-1102384625 tempest-VolumeQuotaClassesTest-1102384625-project-admin] Action: 'update', calling method: update, body: {"quota_class_set": {"volumes": 11, "per_volume_gigabytes": -1, "snapshots": 11, "gigabytes": 1001, "backups": 11, "backup_gigabytes": 1001, "volumes_tempest-VolumeQuotaClassesTest-volume-type-1761377878": 1, "snapshots_tempest-VolumeQuotaClassesTest-volume-type-1761377878": 5, "gigabytes_tempest-VolumeQuotaClassesTest-volume-type-1761377878": 10}} {{(pid=109960) _process_stack /opt/stack/cinder/cinder/api/openstack/wsgi.py:866}}
May 04 07:25:27.187832 dv-cinder-790535-38-smb devstack@c-api.service[109960]: INFO cinder.api.openstack.wsgi [None req-ddb15046-7a9a-4413-afa1-5e23d2e63f96 tempest-VolumeQuotaClassesTest-1102384625 tempest-VolumeQuotaClassesTest-1102384625-project-admin] http://10.222.0.16/volume/v3/ba14b0c9323e4cacb95574686302b039/os-quota-class-sets/default returned with HTTP 200
May 04 07:25:27.201608 dv-cinder-790535-38-smb devstack@c-api.service[109959]: DEBUG cinder.api.middleware.request_id [None req-a6f9f6bc-8499-460c-93ed-19f314d7bbde None None] RequestId filter calling following filter/app {{(pid=109959) _context_setter /opt/stack/cinder/cinder/api/middleware/request_id.py:62}}
May 04 07:25:27.211541 dv-cinder-790535-38-smb devstack@c-api.service[109960]: [pid: 109960|app: 0|req: 50/101] 10.222.0.16 () {60 vars in 1294 bytes} [Wed May 4 07:25:26 2022] PUT /volume/v3/ba14b0c9323e4cacb95574686302b039/os-quota-class-sets/default => generated 721 bytes in 360 msecs (HTTP/1.1 200) 7 headers in 285 bytes (2 switches on core 0)
May 04 07:25:27.213479 dv-cinder-790535-38-smb devstack@c-api.service[109959]: INFO cinder.api.openstack.wsgi [None req-a6f9f6bc-8499-460c-93ed-19f314d7bbde tempest-VolumeQuotaClassesTest-1102384625 tempest-VolumeQuotaClassesTest-1102384625-project-admin] GET http://10.222.0.16/volume/v3/ba14b0c9323e4cacb95574686302b039/os-quota-sets/ba14b0c9323e4cacb95574686302b039/defaults
May 04 07:25:27.218765 dv-cinder-790535-38-smb devstack@c-api.service[109959]: DEBUG cinder.api.openstack.wsgi [None req-a6f9f6bc-8499-460c-93ed-19f314d7bbde tempest-VolumeQuotaClassesTest-1102384625 tempest-VolumeQuotaClassesTest-1102384625-project-admin] Empty body provided in request {{(pid=109959) get_body /opt/stack/cinder/cinder/api/openstack/wsgi.py:715}}
May 04 07:25:27.219278 dv-cinder-790535-38-smb devstack@c-api.service[109959]: DEBUG cinder.api.openstack.wsgi [None req-a6f9f6bc-8499-460c-93ed-19f314d7bbde tempest-VolumeQuotaClassesTest-1102384625 tempest-VolumeQuotaClassesTest-1102384625-project-admin] Calling method 'defaults' {{(pid=109959) _process_stack /opt/stack/cinder/cinder/api/openstack/wsgi.py:868}}
May 04 07:25:27.254673 dv-cinder-790535-38-smb devstack@c-api.service[109959]: WARNING cinder.quota [None req-a6f9f6bc-8499-460c-93ed-19f314d7bbde tempest-VolumeQuotaClassesTest-1102384625 tempest-VolumeQuotaClassesTest-1102384625-project-admin] Deprecated: Default quota for resource: snapshots_tempest-GroupsV314Test-volume-type-1830449565 is set by the default quota flag: quota_snapshots_tempest-GroupsV314Test-volume-type-1830449565, it is now deprecated. Please use the default quota class for default quota.
May 04 07:25:27.255725 dv-cinder-790535-38-smb devstack@c-api.service[109959]: WARNING cinder.quota [None req-a6f9f6bc-8499-460c-93ed-19f314d7bbde tempest-VolumeQuotaClassesTest-1102384625 tempest-VolumeQuotaClassesTest-1102384625-project-admin] Deprecated: Default quota for resource: volumes_lvmdriver-1 is set by the default quota flag: quota_volumes_lvmdriver-1, it is now deprecated. Please use the default quota class for default quota.
May 04 07:25:27.256642 dv-cinder-790535-38-smb devstack@c-api.service[109959]: WARNING cinder.quota [None req-a6f9f6bc-8499-460c-93ed-19f314d7bbde tempest-VolumeQuotaClassesTest-1102384625 tempest-VolumeQuotaClassesTest-1102384625-project-admin] Deprecated: Default quota for resource: gigabytes_lvmdriver-1 is set by the default quota flag: quota_gigabytes_lvmdriver-1, it is now deprecated. Please use the default quota class for default quota.
May 04 07:25:27.258742 dv-cinder-790535-38-smb devstack@c-api.service[109959]: WARNING cinder.quota [None req-a6f9f6bc-8499-460c-93ed-19f314d7bbde tempest-VolumeQuotaClassesTest-1102384625 tempest-VolumeQuotaClassesTest-1102384625-project-admin] Deprecated: Default quota for resource: snapshots_lvmdriver-1 is set by the default quota flag: quota_snapshots_lvmdriver-1, it is now deprecated. Please use the default quota class for default quota.
May 04 07:25:27.273046 dv-cinder-790535-38-smb devstack@c-api.service[109959]: INFO cinder.api.openstack.wsgi [None req-a6f9f6bc-8499-460c-93ed-19f314d7bbde tempest-VolumeQuotaClassesTest-1102384625 tempest-VolumeQuotaClassesTest-1102384625-project-admin] http://10.222.0.16/volume/v3/ba14b0c9323e4cacb95574686302b039/os-quota-sets/ba14b0c9323e4cacb95574686302b039/defaults returned with HTTP 200
May 04 07:25:27.273749 dv-cinder-790535-38-smb devstack@c-api.service[109959]: [pid: 109959|app: 0|req: 52/102] 10.222.0.16 () {58 vars in 1357 bytes} [Wed May 4 07:25:27 2022] GET /volume/v3/ba14b0c9323e4cacb95574686302b039/os-quota-sets/ba14b0c9323e4cacb95574686302b039/defaults => generated 757 bytes in 73 msecs (HTTP/1.1 200) 7 headers in 285 bytes (1 switches on core 0)
May 04 07:25:27.565487 dv-cinder-790535-38-smb devstack@c-api.service[109960]: DEBUG cinder.api.middleware.request_id [None req-5c1ac99a-b50f-4b9c-9704-bd546f6e8a40 None None] RequestId filter calling following filter/app {{(pid=109960) _context_setter /opt/stack/cinder/cinder/api/middleware/request_id.py:62}}
May 04 07:25:27.577812 dv-cinder-790535-38-smb devstack@c-api.service[109960]: INFO cinder.api.openstack.wsgi [None req-5c1ac99a-b50f-4b9c-9704-bd546f6e8a40 tempest-GroupsV314Test-1078034274 tempest-GroupsV314Test-1078034274-project] GET http://10.222.0.16/volume/v3/04e305b939e041cc9f25823d5875616b/volumes/353f3338-1305-4c1d-b046-757b728352bd
May 04 07:25:27.578403 dv-cinder-790535-38-smb devstack@c-api.service[109960]: DEBUG cinder.api.openstack.wsgi [None req-5c1ac99a-b50f-4b9c-9704-bd546f6e8a40 tempest-GroupsV314Test-1078034274 tempest-GroupsV314Test-1078034274-project] Empty body provided in request {{(pid=109960) get_body /opt/stack/cinder/cinder/api/openstack/wsgi.py:715}}
May 04 07:25:27.579905 dv-cinder-790535-38-smb devstack@c-api.service[109960]: DEBUG cinder.api.openstack.wsgi [None req-5c1ac99a-b50f-4b9c-9704-bd546f6e8a40 tempest-GroupsV314Test-1078034274 tempest-GroupsV314Test-1078034274-project] Calling method 'show' {{(pid=109960) _process_stack /opt/stack/cinder/cinder/api/openstack/wsgi.py:868}}
May 04 07:25:27.627697 dv-cinder-790535-38-smb devstack@c-api.service[109960]: /usr/local/lib/python3.8/dist-packages/oslo_context/context.py:100: DeprecationWarning: Policy enforcement is depending on the value of is_admin. This key is deprecated. Please update your policy file to use the standard policy values.
May 04 07:25:27.627697 dv-cinder-790535-38-smb devstack@c-api.service[109960]: warnings.warn('Policy enforcement is depending on the value of '
May 04 07:25:27.655626 dv-cinder-790535-38-smb devstack@c-api.service[109960]: INFO cinder.volume.api [None req-5c1ac99a-b50f-4b9c-9704-bd546f6e8a40 tempest-GroupsV314Test-1078034274 tempest-GroupsV314Test-1078034274-project] Volume info retrieved successfully.
May 04 07:25:27.658212 dv-cinder-790535-38-smb devstack@c-api.service[109960]: WARNING stevedore.named [None req-5c1ac99a-b50f-4b9c-9704-bd546f6e8a40 tempest-GroupsV314Test-1078034274 tempest-GroupsV314Test-1078034274-project] Could not load cinder.keymgr.conf_key_mgr.ConfKeyManager
May 04 07:25:27.659228 dv-cinder-790535-38-smb devstack@c-api.service[109960]: WARNING castellan.key_manager [None req-5c1ac99a-b50f-4b9c-9704-bd546f6e8a40 tempest-GroupsV314Test-1078034274 tempest-GroupsV314Test-1078034274-project] Deprecation Warning : cinder.keymgr.conf_key_mgr.ConfKeyManager is not a stevedore based driver, trying to load it as a class: stevedore.exception.NoMatches: No 'castellan.drivers' driver found, looking for 'cinder.keymgr.conf_key_mgr.ConfKeyManager'
May 04 07:25:27.674051 dv-cinder-790535-38-smb devstack@c-api.service[109960]: DEBUG oslo_db.sqlalchemy.engines [None req-5c1ac99a-b50f-4b9c-9704-bd546f6e8a40 tempest-GroupsV314Test-1078034274 tempest-GroupsV314Test-1078034274-project] MySQL server mode set to STRICT_TRANS_TABLES,STRICT_ALL_TABLES,NO_ZERO_IN_DATE,NO_ZERO_DATE,ERROR_FOR_DIVISION_BY_ZERO,TRADITIONAL,NO_ENGINE_SUBSTITUTION {{(pid=109960) _check_effective_sql_mode /usr/local/lib/python3.8/dist-packages/oslo_db/sqlalchemy/engines.py:314}}
May 04 07:25:27.686391 dv-cinder-790535-38-smb devstack@c-api.service[109960]: /usr/local/lib/python3.8/dist-packages/oslo_context/context.py:100: DeprecationWarning: Policy enforcement is depending on the value of is_admin. This key is deprecated. Please update your policy file to use the standard policy values.
May 04 07:25:27.686391 dv-cinder-790535-38-smb devstack@c-api.service[109960]: warnings.warn('Policy enforcement is depending on the value of '
May 04 07:25:27.717443 dv-cinder-790535-38-smb devstack@c-api.service[109960]: INFO cinder.api.openstack.wsgi [None req-5c1ac99a-b50f-4b9c-9704-bd546f6e8a40 tempest-GroupsV314Test-1078034274 tempest-GroupsV314Test-1078034274-project] http://10.222.0.16/volume/v3/04e305b939e041cc9f25823d5875616b/volumes/353f3338-1305-4c1d-b046-757b728352bd returned with HTTP 200
May 04 07:25:27.723355 dv-cinder-790535-38-smb devstack@c-api.service[109960]: [pid: 109960|app: 0|req: 51/103] 10.222.0.16 () {60 vars in 1365 bytes} [Wed May 4 07:25:27 2022] GET /volume/v3/04e305b939e041cc9f25823d5875616b/volumes/353f3338-1305-4c1d-b046-757b728352bd => generated 993 bytes in 158 msecs (HTTP/1.1 200) 7 headers in 286 bytes (1 switches on core 0)
May 04 07:25:27.736792 dv-cinder-790535-38-smb devstack@c-api.service[109960]: DEBUG cinder.api.middleware.request_id [None req-0cab1797-397a-4fc6-a952-a121abd62ea1 None None] RequestId filter calling following filter/app {{(pid=109960) _context_setter /opt/stack/cinder/cinder/api/middleware/request_id.py:62}}
May 04 07:25:27.737070 dv-cinder-790535-38-smb devstack@c-api.service[109959]: DEBUG cinder.api.middleware.request_id [None req-b231eb2f-3703-4d96-bc8c-2fabd8d291e9 None None] RequestId filter calling following filter/app {{(pid=109959) _context_setter /opt/stack/cinder/cinder/api/middleware/request_id.py:62}}
May 04 07:25:27.744488 dv-cinder-790535-38-smb devstack@c-api.service[109959]: INFO cinder.api.openstack.wsgi [None req-b231eb2f-3703-4d96-bc8c-2fabd8d291e9 tempest-GroupsV314Test-1078034274 tempest-GroupsV314Test-1078034274-project] POST http://10.222.0.16/volume/v3/04e305b939e041cc9f25823d5875616b/groups/action
May 04 07:25:27.746095 dv-cinder-790535-38-smb devstack@c-api.service[109959]: DEBUG cinder.api.openstack.wsgi [None req-b231eb2f-3703-4d96-bc8c-2fabd8d291e9 tempest-GroupsV314Test-1078034274 tempest-GroupsV314Test-1078034274-project] Action body: b'{"create-from-src": {"source_group_id": "f603fc3b-7812-4160-be3a-7cc15a1beb44", "name": "tempest-Group_from_grp-905854024"}}' {{(pid=109959) get_method /opt/stack/cinder/cinder/api/openstack/wsgi.py:983}}
May 04 07:25:27.746709 dv-cinder-790535-38-smb devstack@c-api.service[109959]: DEBUG cinder.api.openstack.wsgi [None req-b231eb2f-3703-4d96-bc8c-2fabd8d291e9 tempest-GroupsV314Test-1078034274 tempest-GroupsV314Test-1078034274-project] Action: 'action', calling method: version_select, body: {"create-from-src": {"source_group_id": "f603fc3b-7812-4160-be3a-7cc15a1beb44", "name": "tempest-Group_from_grp-905854024"}} {{(pid=109959) _process_stack /opt/stack/cinder/cinder/api/openstack/wsgi.py:866}}
May 04 07:25:27.747936 dv-cinder-790535-38-smb devstack@c-api.service[109959]: DEBUG cinder.api.v3.groups [None req-b231eb2f-3703-4d96-bc8c-2fabd8d291e9 tempest-GroupsV314Test-1078034274 tempest-GroupsV314Test-1078034274-project] Creating new group {'create-from-src': {'source_group_id': 'f603fc3b-7812-4160-be3a-7cc15a1beb44', 'name': 'tempest-Group_from_grp-905854024'}}. {{(pid=109959) create_from_src /opt/stack/cinder/cinder/api/v3/groups.py:236}}
May 04 07:25:27.748454 dv-cinder-790535-38-smb devstack@c-api.service[109959]: INFO cinder.api.v3.groups [None req-b231eb2f-3703-4d96-bc8c-2fabd8d291e9 tempest-GroupsV314Test-1078034274 tempest-GroupsV314Test-1078034274-project] Creating group tempest-Group_from_grp-905854024 from source group f603fc3b-7812-4160-be3a-7cc15a1beb44.
May 04 07:25:27.756003 dv-cinder-790535-38-smb devstack@c-api.service[109959]: /usr/local/lib/python3.8/dist-packages/oslo_context/context.py:100: DeprecationWarning: Policy enforcement is depending on the value of is_admin. This key is deprecated. Please update your policy file to use the standard policy values.
May 04 07:25:27.756003 dv-cinder-790535-38-smb devstack@c-api.service[109959]: warnings.warn('Policy enforcement is depending on the value of '
May 04 07:25:27.760466 dv-cinder-790535-38-smb devstack@c-api.service[109960]: INFO cinder.api.openstack.wsgi [None req-0cab1797-397a-4fc6-a952-a121abd62ea1 tempest-VolumeQuotaClassesTest-1102384625 tempest-VolumeQuotaClassesTest-1102384625-project-admin] GET http://10.222.0.16/volume/v3/ba14b0c9323e4cacb95574686302b039/os-quota-sets/e05bc29b0f194d93ad53a3e55e6a7da6/defaults
May 04 07:25:27.760929 dv-cinder-790535-38-smb devstack@c-api.service[109960]: DEBUG cinder.api.openstack.wsgi [None req-0cab1797-397a-4fc6-a952-a121abd62ea1 tempest-VolumeQuotaClassesTest-1102384625 tempest-VolumeQuotaClassesTest-1102384625-project-admin] Empty body provided in request {{(pid=109960) get_body /opt/stack/cinder/cinder/api/openstack/wsgi.py:715}}
May 04 07:25:27.761397 dv-cinder-790535-38-smb devstack@c-api.service[109960]: DEBUG cinder.api.openstack.wsgi [None req-0cab1797-397a-4fc6-a952-a121abd62ea1 tempest-VolumeQuotaClassesTest-1102384625 tempest-VolumeQuotaClassesTest-1102384625-project-admin] Calling method 'defaults' {{(pid=109960) _process_stack /opt/stack/cinder/cinder/api/openstack/wsgi.py:868}}
May 04 07:25:27.774933 dv-cinder-790535-38-smb devstack@c-api.service[109959]: /usr/local/lib/python3.8/dist-packages/oslo_context/context.py:100: DeprecationWarning: Policy enforcement is depending on the value of is_admin. This key is deprecated. Please update your policy file to use the standard policy values.
May 04 07:25:27.774933 dv-cinder-790535-38-smb devstack@c-api.service[109959]: warnings.warn('Policy enforcement is depending on the value of '
May 04 07:25:27.829304 dv-cinder-790535-38-smb devstack@c-api.service[109960]: WARNING cinder.quota [None req-0cab1797-397a-4fc6-a952-a121abd62ea1 tempest-VolumeQuotaClassesTest-1102384625 tempest-VolumeQuotaClassesTest-1102384625-project-admin] Deprecated: Default quota for resource: volumes_tempest-GroupsV314Test-volume-type-1830449565 is set by the default quota flag: quota_volumes_tempest-GroupsV314Test-volume-type-1830449565, it is now deprecated. Please use the default quota class for default quota.
May 04 07:25:27.830081 dv-cinder-790535-38-smb devstack@c-api.service[109960]: WARNING cinder.quota [None req-0cab1797-397a-4fc6-a952-a121abd62ea1 tempest-VolumeQuotaClassesTest-1102384625 tempest-VolumeQuotaClassesTest-1102384625-project-admin] Deprecated: Default quota for resource: gigabytes_tempest-GroupsV314Test-volume-type-1830449565 is set by the default quota flag: quota_gigabytes_tempest-GroupsV314Test-volume-type-1830449565, it is now deprecated. Please use the default quota class for default quota.
May 04 07:25:27.832141 dv-cinder-790535-38-smb devstack@c-api.service[109960]: WARNING cinder.quota [None req-0cab1797-397a-4fc6-a952-a121abd62ea1 tempest-VolumeQuotaClassesTest-1102384625 tempest-VolumeQuotaClassesTest-1102384625-project-admin] Deprecated: Default quota for resource: snapshots_tempest-GroupsV314Test-volume-type-1830449565 is set by the default quota flag: quota_snapshots_tempest-GroupsV314Test-volume-type-1830449565, it is now deprecated. Please use the default quota class for default quota.
May 04 07:25:27.832913 dv-cinder-790535-38-smb devstack@c-api.service[109960]: WARNING cinder.quota [None req-0cab1797-397a-4fc6-a952-a121abd62ea1 tempest-VolumeQuotaClassesTest-1102384625 tempest-VolumeQuotaClassesTest-1102384625-project-admin] Deprecated: Default quota for resource: volumes_lvmdriver-1 is set by the default quota flag: quota_volumes_lvmdriver-1, it is now deprecated. Please use the default quota class for default quota.
May 04 07:25:27.833675 dv-cinder-790535-38-smb devstack@c-api.service[109960]: WARNING cinder.quota [None req-0cab1797-397a-4fc6-a952-a121abd62ea1 tempest-VolumeQuotaClassesTest-1102384625 tempest-VolumeQuotaClassesTest-1102384625-project-admin] Deprecated: Default quota for resource: gigabytes_lvmdriver-1 is set by the default quota flag: quota_gigabytes_lvmdriver-1, it is now deprecated. Please use the default quota class for default quota.
May 04 07:25:27.839987 dv-cinder-790535-38-smb devstack@c-api.service[109960]: WARNING cinder.quota [None req-0cab1797-397a-4fc6-a952-a121abd62ea1 tempest-VolumeQuotaClassesTest-1102384625 tempest-VolumeQuotaClassesTest-1102384625-project-admin] Deprecated: Default quota for resource: snapshots_lvmdriver-1 is set by the default quota flag: quota_snapshots_lvmdriver-1, it is now deprecated. Please use the default quota class for default quota.
May 04 07:25:27.842947 dv-cinder-790535-38-smb devstack@c-api.service[109960]: WARNING cinder.quota [None req-0cab1797-397a-4fc6-a952-a121abd62ea1 tempest-VolumeQuotaClassesTest-1102384625 tempest-VolumeQuotaClassesTest-1102384625-project-admin] Deprecated: Default quota for resource: snapshots___DEFAULT__ is set by the default quota flag: quota_snapshots___DEFAULT__, it is now deprecated. Please use the default quota class for default quota.
May 04 07:25:27.864046 dv-cinder-790535-38-smb devstack@c-api.service[109960]: INFO cinder.api.openstack.wsgi [None req-0cab1797-397a-4fc6-a952-a121abd62ea1 tempest-VolumeQuotaClassesTest-1102384625 tempest-VolumeQuotaClassesTest-1102384625-project-admin] http://10.222.0.16/volume/v3/ba14b0c9323e4cacb95574686302b039/os-quota-sets/e05bc29b0f194d93ad53a3e55e6a7da6/defaults returned with HTTP 200
May 04 07:25:27.879464 dv-cinder-790535-38-smb devstack@c-api.service[109960]: [pid: 109960|app: 0|req: 52/104] 10.222.0.16 () {58 vars in 1357 bytes} [Wed May 4 07:25:27 2022] GET /volume/v3/ba14b0c9323e4cacb95574686302b039/os-quota-sets/e05bc29b0f194d93ad53a3e55e6a7da6/defaults => generated 757 bytes in 143 msecs (HTTP/1.1 200) 7 headers in 285 bytes (1 switches on core 0)
May 04 07:25:27.950747 dv-cinder-790535-38-smb devstack@c-api.service[109959]: DEBUG cinder.quota [None req-b231eb2f-3703-4d96-bc8c-2fabd8d291e9 tempest-GroupsV314Test-1078034274 tempest-GroupsV314Test-1078034274-project] Created reservations ['3a0a2acc-5633-4618-ae65-27f095299969'] {{(pid=109959) reserve /opt/stack/cinder/cinder/quota.py:755}}
May 04 07:25:28.149909 dv-cinder-790535-38-smb devstack@c-api.service[109960]: DEBUG cinder.api.middleware.request_id [None req-9ab79224-e8cb-4f69-9af7-2755558e2efb None None] RequestId filter calling following filter/app {{(pid=109960) _context_setter /opt/stack/cinder/cinder/api/middleware/request_id.py:62}}
May 04 07:25:28.155444 dv-cinder-790535-38-smb devstack@c-api.service[109960]: INFO cinder.api.openstack.wsgi [None req-9ab79224-e8cb-4f69-9af7-2755558e2efb tempest-VolumeQuotaClassesTest-1102384625 tempest-VolumeQuotaClassesTest-1102384625-project-admin] PUT http://10.222.0.16/volume/v3/ba14b0c9323e4cacb95574686302b039/os-quota-class-sets/default
May 04 07:25:28.156371 dv-cinder-790535-38-smb devstack@c-api.service[109960]: DEBUG cinder.api.openstack.wsgi [None req-9ab79224-e8cb-4f69-9af7-2755558e2efb tempest-VolumeQuotaClassesTest-1102384625 tempest-VolumeQuotaClassesTest-1102384625-project-admin] Action: 'update', calling method: update, body: {"quota_class_set": {"volumes": 10, "per_volume_gigabytes": -1, "snapshots": 10, "gigabytes": 1000, "backups": 10, "backup_gigabytes": 1000}} {{(pid=109960) _process_stack /opt/stack/cinder/cinder/api/openstack/wsgi.py:866}}
May 04 07:25:28.187472 dv-cinder-790535-38-smb devstack@c-api.service[109959]: INFO cinder.group.api [None req-b231eb2f-3703-4d96-bc8c-2fabd8d291e9 tempest-GroupsV314Test-1078034274 tempest-GroupsV314Test-1078034274-project] A mapping entry already exists for group 2e3f4acf-3cd2-4a4b-b5bd-90d09dd9d12a and volume type 9604591c-ea7c-4114-8ff7-3e2ca87c8c97. Do not need to create again.
May 04 07:25:28.189484 dv-cinder-790535-38-smb devstack@c-api.service[109959]: /usr/local/lib/python3.8/dist-packages/oslo_context/context.py:100: DeprecationWarning: Policy enforcement is depending on the value of is_admin. This key is deprecated. Please update your policy file to use the standard policy values.
May 04 07:25:28.189484 dv-cinder-790535-38-smb devstack@c-api.service[109959]: warnings.warn('Policy enforcement is depending on the value of '
May 04 07:25:28.195135 dv-cinder-790535-38-smb devstack@c-api.service[109959]: INFO cinder.volume.api [None req-b231eb2f-3703-4d96-bc8c-2fabd8d291e9 tempest-GroupsV314Test-1078034274 tempest-GroupsV314Test-1078034274-project] Availability Zones retrieved successfully.
May 04 07:25:28.229504 dv-cinder-790535-38-smb devstack@c-api.service[109959]: DEBUG cinder.volume.api [None req-b231eb2f-3703-4d96-bc8c-2fabd8d291e9 tempest-GroupsV314Test-1078034274 tempest-GroupsV314Test-1078034274-project] Flow 'volume_create_api' (931cb61c-94aa-4db3-8463-28ac8be7b0a5) transitioned into state 'RUNNING' from state 'PENDING' {{(pid=109959) _flow_receiver /usr/local/lib/python3.8/dist-packages/taskflow/listeners/logging.py:141}}
May 04 07:25:28.236078 dv-cinder-790535-38-smb devstack@c-api.service[109959]: DEBUG cinder.volume.api [None req-b231eb2f-3703-4d96-bc8c-2fabd8d291e9 tempest-GroupsV314Test-1078034274 tempest-GroupsV314Test-1078034274-project] Task 'cinder.volume.flows.api.create_volume.ExtractVolumeRequestTask;volume:create' (72f1df44-8087-4193-925c-67eb5d97cf9b) transitioned into state 'RUNNING' from state 'PENDING' {{(pid=109959) _task_receiver /usr/local/lib/python3.8/dist-packages/taskflow/listeners/logging.py:190}}
May 04 07:25:28.239720 dv-cinder-790535-38-smb devstack@c-api.service[109959]: DEBUG cinder.volume.flows.api.create_volume [None req-b231eb2f-3703-4d96-bc8c-2fabd8d291e9 tempest-GroupsV314Test-1078034274 tempest-GroupsV314Test-1078034274-project] Validating volume size '1' using validate_int, validate_source_size {{(pid=109959) _extract_size /opt/stack/cinder/cinder/volume/flows/api/create_volume.py:225}}
May 04 07:25:28.291882 dv-cinder-790535-38-smb devstack@c-api.service[109959]: DEBUG cinder.volume.api [None req-b231eb2f-3703-4d96-bc8c-2fabd8d291e9 tempest-GroupsV314Test-1078034274 tempest-GroupsV314Test-1078034274-project] Task 'cinder.volume.flows.api.create_volume.ExtractVolumeRequestTask;volume:create' (72f1df44-8087-4193-925c-67eb5d97cf9b) transitioned into state 'SUCCESS' from state 'RUNNING' with result '{'size': 1, 'snapshot_id': None, 'source_volid': '353f3338-1305-4c1d-b046-757b728352bd', 'volume_type': VolumeType(created_at=2022-05-04T07:25:24Z,deleted=False,deleted_at=None,description=None,extra_specs={},id=9604591c-ea7c-4114-8ff7-3e2ca87c8c97,is_public=True,name='tempest-GroupsV314Test-volume-type-1830449565',projects=[],qos_specs=,qos_specs_id=None,updated_at=None), 'volume_type_id': '9604591c-ea7c-4114-8ff7-3e2ca87c8c97', 'encryption_key_id': None, 'qos_specs': None, 'consistencygroup_id': None, 'cgsnapshot_id': None, 'group_id': '2e3f4acf-3cd2-4a4b-b5bd-90d09dd9d12a', 'replication_status': 'disabled', 'refresh_az': False, 'backup_id': None, 'multiattach': False, 'availability_zones': ['nova']}' {{(pid=109959) _task_receiver /usr/local/lib/python3.8/dist-packages/taskflow/listeners/logging.py:178}}
May 04 07:25:28.294914 dv-cinder-790535-38-smb devstack@c-api.service[109959]: DEBUG cinder.volume.api [None req-b231eb2f-3703-4d96-bc8c-2fabd8d291e9 tempest-GroupsV314Test-1078034274 tempest-GroupsV314Test-1078034274-project] Task 'cinder.volume.flows.api.create_volume.QuotaReserveTask;volume:create' (90def616-d216-4ed6-8e5d-cce0a92caa35) transitioned into state 'RUNNING' from state 'PENDING' {{(pid=109959) _task_receiver /usr/local/lib/python3.8/dist-packages/taskflow/listeners/logging.py:190}}
May 04 07:25:28.394091 dv-cinder-790535-38-smb devstack@c-api.service[109960]: INFO cinder.api.openstack.wsgi [None req-9ab79224-e8cb-4f69-9af7-2755558e2efb tempest-VolumeQuotaClassesTest-1102384625 tempest-VolumeQuotaClassesTest-1102384625-project-admin] http://10.222.0.16/volume/v3/ba14b0c9323e4cacb95574686302b039/os-quota-class-sets/default returned with HTTP 200
May 04 07:25:28.395097 dv-cinder-790535-38-smb devstack@c-api.service[109960]: [pid: 109960|app: 0|req: 53/105] 10.222.0.16 () {60 vars in 1294 bytes} [Wed May 4 07:25:28 2022] PUT /volume/v3/ba14b0c9323e4cacb95574686302b039/os-quota-class-sets/default => generated 721 bytes in 247 msecs (HTTP/1.1 200) 7 headers in 285 bytes (1 switches on core 0)
May 04 07:25:28.403432 dv-cinder-790535-38-smb devstack@c-api.service[109960]: DEBUG cinder.api.middleware.request_id [None req-d5053ca1-705f-4d37-bfeb-a62f57b041f0 None None] RequestId filter calling following filter/app {{(pid=109960) _context_setter /opt/stack/cinder/cinder/api/middleware/request_id.py:62}}
May 04 07:25:28.409393 dv-cinder-790535-38-smb devstack@c-api.service[109960]: INFO cinder.api.openstack.wsgi [None req-d5053ca1-705f-4d37-bfeb-a62f57b041f0 tempest-VolumeQuotaClassesTest-1102384625 tempest-VolumeQuotaClassesTest-1102384625-project-admin] DELETE http://10.222.0.16/volume/v3/ba14b0c9323e4cacb95574686302b039/types/7b58a17d-588c-4952-a74b-6870f27a7fbb
May 04 07:25:28.410202 dv-cinder-790535-38-smb devstack@c-api.service[109960]: DEBUG cinder.api.openstack.wsgi [None req-d5053ca1-705f-4d37-bfeb-a62f57b041f0 tempest-VolumeQuotaClassesTest-1102384625 tempest-VolumeQuotaClassesTest-1102384625-project-admin] Empty body provided in request {{(pid=109960) get_body /opt/stack/cinder/cinder/api/openstack/wsgi.py:715}}
May 04 07:25:28.411255 dv-cinder-790535-38-smb devstack@c-api.service[109960]: DEBUG cinder.api.openstack.wsgi [None req-d5053ca1-705f-4d37-bfeb-a62f57b041f0 tempest-VolumeQuotaClassesTest-1102384625 tempest-VolumeQuotaClassesTest-1102384625-project-admin] Calling method '_delete' {{(pid=109960) _process_stack /opt/stack/cinder/cinder/api/openstack/wsgi.py:868}}
May 04 07:25:28.429535 dv-cinder-790535-38-smb devstack@c-api.service[109959]: DEBUG cinder.quota [None req-b231eb2f-3703-4d96-bc8c-2fabd8d291e9 tempest-GroupsV314Test-1078034274 tempest-GroupsV314Test-1078034274-project] Created reservations ['e7b532f1-0431-4336-8f2b-da4ba5102822', 'aa47fcf8-0731-465f-9918-97222271015e', 'e6b85315-c5ec-4cc3-982e-dd88f67db85a', '03103bf6-def5-4fca-9926-7ce1ed9bebec'] {{(pid=109959) reserve /opt/stack/cinder/cinder/quota.py:755}}
May 04 07:25:28.432541 dv-cinder-790535-38-smb devstack@c-api.service[109959]: DEBUG cinder.volume.api [None req-b231eb2f-3703-4d96-bc8c-2fabd8d291e9 tempest-GroupsV314Test-1078034274 tempest-GroupsV314Test-1078034274-project] Task 'cinder.volume.flows.api.create_volume.QuotaReserveTask;volume:create' (90def616-d216-4ed6-8e5d-cce0a92caa35) transitioned into state 'SUCCESS' from state 'RUNNING' with result '{'reservations': ['e7b532f1-0431-4336-8f2b-da4ba5102822', 'aa47fcf8-0731-465f-9918-97222271015e', 'e6b85315-c5ec-4cc3-982e-dd88f67db85a', '03103bf6-def5-4fca-9926-7ce1ed9bebec']}' {{(pid=109959) _task_receiver /usr/local/lib/python3.8/dist-packages/taskflow/listeners/logging.py:178}}
May 04 07:25:28.435230 dv-cinder-790535-38-smb devstack@c-api.service[109959]: DEBUG cinder.volume.api [None req-b231eb2f-3703-4d96-bc8c-2fabd8d291e9 tempest-GroupsV314Test-1078034274 tempest-GroupsV314Test-1078034274-project] Task 'cinder.volume.flows.api.create_volume.EntryCreateTask;volume:create' (0f1e0feb-360b-4d26-a358-f2180dc7ccb2) transitioned into state 'RUNNING' from state 'PENDING' {{(pid=109959) _task_receiver /usr/local/lib/python3.8/dist-packages/taskflow/listeners/logging.py:190}}
