Mar 29 15:32:18.115246 dv-cinder-790535-36-iscsi devstack@c-api.service[109913]: warnings.warn('Policy enforcement is depending on the value of '
Mar 29 15:32:18.122054 dv-cinder-790535-36-iscsi devstack@c-api.service[109913]: INFO cinder.volume.api [None req-17ca0735-5205-4cad-a350-928a7f83a7cf tempest-GroupsTest-429231757 tempest-GroupsTest-429231757-project] Volume info retrieved successfully.
Mar 29 15:32:18.123655 dv-cinder-790535-36-iscsi devstack@c-api.service[109913]: WARNING stevedore.named [None req-17ca0735-5205-4cad-a350-928a7f83a7cf tempest-GroupsTest-429231757 tempest-GroupsTest-429231757-project] Could not load cinder.keymgr.conf_key_mgr.ConfKeyManager
Mar 29 15:32:18.123868 dv-cinder-790535-36-iscsi devstack@c-api.service[109913]: WARNING castellan.key_manager [None req-17ca0735-5205-4cad-a350-928a7f83a7cf tempest-GroupsTest-429231757 tempest-GroupsTest-429231757-project] Deprecation Warning : cinder.keymgr.conf_key_mgr.ConfKeyManager is not a stevedore based driver, trying to load it as a class: stevedore.exception.NoMatches: No 'castellan.drivers' driver found, looking for 'cinder.keymgr.conf_key_mgr.ConfKeyManager'
Mar 29 15:32:18.130370 dv-cinder-790535-36-iscsi devstack@c-api.service[109913]: DEBUG oslo_db.sqlalchemy.engines [None req-17ca0735-5205-4cad-a350-928a7f83a7cf tempest-GroupsTest-429231757 tempest-GroupsTest-429231757-project] MySQL server mode set to STRICT_TRANS_TABLES,STRICT_ALL_TABLES,NO_ZERO_IN_DATE,NO_ZERO_DATE,ERROR_FOR_DIVISION_BY_ZERO,TRADITIONAL,NO_ENGINE_SUBSTITUTION {{(pid=109913) _check_effective_sql_mode /usr/local/lib/python3.8/dist-packages/oslo_db/sqlalchemy/engines.py:314}}
Mar 29 15:32:18.136128 dv-cinder-790535-36-iscsi devstack@c-api.service[109913]: /usr/local/lib/python3.8/dist-packages/oslo_context/context.py:100: DeprecationWarning: Policy enforcement is depending on the value of is_admin. This key is deprecated. Please update your policy file to use the standard policy values.
Mar 29 15:32:18.136128 dv-cinder-790535-36-iscsi devstack@c-api.service[109913]: warnings.warn('Policy enforcement is depending on the value of '
Mar 29 15:32:18.150267 dv-cinder-790535-36-iscsi devstack@c-api.service[109913]: INFO cinder.api.openstack.wsgi [None req-17ca0735-5205-4cad-a350-928a7f83a7cf tempest-GroupsTest-429231757 tempest-GroupsTest-429231757-project] http://10.222.0.18/volume/v3/f3c5b71183824a5ab8d3113c979d5521/volumes/490a41c5-6b1e-4928-bbbf-9ac9062c69f5 returned with HTTP 200
Mar 29 15:32:18.151564 dv-cinder-790535-36-iscsi devstack@c-api.service[109913]: [pid: 109913|app: 0|req: 81/164] 10.222.0.18 () {60 vars in 1365 bytes} [Tue Mar 29 15:32:18 2022] GET /volume/v3/f3c5b71183824a5ab8d3113c979d5521/volumes/490a41c5-6b1e-4928-bbbf-9ac9062c69f5 => generated 969 bytes in 56 msecs (HTTP/1.1 200) 7 headers in 286 bytes (2 switches on core 0)
Mar 29 15:32:18.628319 dv-cinder-790535-36-iscsi devstack@c-api.service[109914]: DEBUG cinder.api.middleware.request_id [None req-4f217ad1-e690-41d3-847d-6b68933e2d74 None None] RequestId filter calling following filter/app {{(pid=109914) _context_setter /opt/stack/cinder/cinder/api/middleware/request_id.py:62}}
Mar 29 15:32:18.632150 dv-cinder-790535-36-iscsi devstack@c-api.service[109914]: INFO cinder.api.openstack.wsgi [None req-4f217ad1-e690-41d3-847d-6b68933e2d74 tempest-SnapshotsActionsTest-121171466 tempest-SnapshotsActionsTest-121171466-project] GET http://10.222.0.18/volume/v3/814771eb818c449b8fdc8e7532d57f0f/snapshots/e8d20f24-07de-4572-a72a-a50cdf7e06aa
Mar 29 15:32:18.632646 dv-cinder-790535-36-iscsi devstack@c-api.service[109914]: DEBUG cinder.api.openstack.wsgi [None req-4f217ad1-e690-41d3-847d-6b68933e2d74 tempest-SnapshotsActionsTest-121171466 tempest-SnapshotsActionsTest-121171466-project] Empty body provided in request {{(pid=109914) get_body /opt/stack/cinder/cinder/api/openstack/wsgi.py:715}}
Mar 29 15:32:18.633068 dv-cinder-790535-36-iscsi devstack@c-api.service[109914]: DEBUG cinder.api.openstack.wsgi [None req-4f217ad1-e690-41d3-847d-6b68933e2d74 tempest-SnapshotsActionsTest-121171466 tempest-SnapshotsActionsTest-121171466-project] Calling method 'show' {{(pid=109914) _process_stack /opt/stack/cinder/cinder/api/openstack/wsgi.py:868}}
Mar 29 15:32:18.653018 dv-cinder-790535-36-iscsi devstack@c-api.service[109914]: /usr/local/lib/python3.8/dist-packages/oslo_context/context.py:100: DeprecationWarning: Policy enforcement is depending on the value of is_admin. This key is deprecated. Please update your policy file to use the standard policy values.
Mar 29 15:32:18.653018 dv-cinder-790535-36-iscsi devstack@c-api.service[109914]: warnings.warn('Policy enforcement is depending on the value of '
Mar 29 15:32:18.654296 dv-cinder-790535-36-iscsi devstack@c-api.service[109914]: INFO cinder.volume.api [None req-4f217ad1-e690-41d3-847d-6b68933e2d74 tempest-SnapshotsActionsTest-121171466 tempest-SnapshotsActionsTest-121171466-project] Snapshot retrieved successfully.
Mar 29 15:32:18.656228 dv-cinder-790535-36-iscsi devstack@c-api.service[109914]: INFO cinder.api.openstack.wsgi [None req-4f217ad1-e690-41d3-847d-6b68933e2d74 tempest-SnapshotsActionsTest-121171466 tempest-SnapshotsActionsTest-121171466-project] http://10.222.0.18/volume/v3/814771eb818c449b8fdc8e7532d57f0f/snapshots/e8d20f24-07de-4572-a72a-a50cdf7e06aa returned with HTTP 200
Mar 29 15:32:18.657125 dv-cinder-790535-36-iscsi devstack@c-api.service[109914]: [pid: 109914|app: 0|req: 84/165] 10.222.0.18 () {58 vars in 1330 bytes} [Tue Mar 29 15:32:18 2022] GET /volume/v3/814771eb818c449b8fdc8e7532d57f0f/snapshots/e8d20f24-07de-4572-a72a-a50cdf7e06aa => generated 466 bytes in 30 msecs (HTTP/1.1 200) 7 headers in 285 bytes (1 switches on core 0)
Mar 29 15:32:18.664908 dv-cinder-790535-36-iscsi devstack@c-api.service[109913]: DEBUG cinder.api.middleware.request_id [None req-0c73d354-50da-4b79-ab93-e858896b7f12 None None] RequestId filter calling following filter/app {{(pid=109913) _context_setter /opt/stack/cinder/cinder/api/middleware/request_id.py:62}}
Mar 29 15:32:18.879162 dv-cinder-790535-36-iscsi devstack@c-api.service[109913]: INFO cinder.api.openstack.wsgi [None req-0c73d354-50da-4b79-ab93-e858896b7f12 tempest-SnapshotsActionsTest-278580877 tempest-SnapshotsActionsTest-278580877-project-admin] POST http://10.222.0.18/volume/v3/a73ac95d908c4e659702da0e0053c440/snapshots/e8d20f24-07de-4572-a72a-a50cdf7e06aa/action
Mar 29 15:32:18.880353 dv-cinder-790535-36-iscsi devstack@c-api.service[109913]: DEBUG cinder.api.openstack.wsgi [None req-0c73d354-50da-4b79-ab93-e858896b7f12 tempest-SnapshotsActionsTest-278580877 tempest-SnapshotsActionsTest-278580877-project-admin] Action body: b'{"os-reset_status": {"status": "creating"}}' {{(pid=109913) get_method /opt/stack/cinder/cinder/api/openstack/wsgi.py:983}}
Mar 29 15:32:18.880818 dv-cinder-790535-36-iscsi devstack@c-api.service[109913]: DEBUG cinder.api.openstack.wsgi [None req-0c73d354-50da-4b79-ab93-e858896b7f12 tempest-SnapshotsActionsTest-278580877 tempest-SnapshotsActionsTest-278580877-project-admin] Action: 'action', calling method: _reset_status, body: {"os-reset_status": {"status": "creating"}} {{(pid=109913) _process_stack /opt/stack/cinder/cinder/api/openstack/wsgi.py:866}}
Mar 29 15:32:18.881793 dv-cinder-790535-36-iscsi devstack@c-api.service[109913]: DEBUG cinder.api.contrib.admin_actions [None req-0c73d354-50da-4b79-ab93-e858896b7f12 tempest-SnapshotsActionsTest-278580877 tempest-SnapshotsActionsTest-278580877-project-admin] Updating snapshot 'e8d20f24-07de-4572-a72a-a50cdf7e06aa' with '{'status': 'creating'}' {{(pid=109913) _reset_status /opt/stack/cinder/cinder/api/contrib/admin_actions.py:100}}
Mar 29 15:32:18.918361 dv-cinder-790535-36-iscsi devstack@c-api.service[109913]: /usr/local/lib/python3.8/dist-packages/oslo_context/context.py:100: DeprecationWarning: Policy enforcement is depending on the value of is_admin. This key is deprecated. Please update your policy file to use the standard policy values.
Mar 29 15:32:18.918361 dv-cinder-790535-36-iscsi devstack@c-api.service[109913]: warnings.warn('Policy enforcement is depending on the value of '
Mar 29 15:32:18.954020 dv-cinder-790535-36-iscsi devstack@c-api.service[109913]: INFO cinder.api.openstack.wsgi [None req-0c73d354-50da-4b79-ab93-e858896b7f12 tempest-SnapshotsActionsTest-278580877 tempest-SnapshotsActionsTest-278580877-project-admin] http://10.222.0.18/volume/v3/a73ac95d908c4e659702da0e0053c440/snapshots/e8d20f24-07de-4572-a72a-a50cdf7e06aa/action returned with HTTP 202
Mar 29 15:32:18.955285 dv-cinder-790535-36-iscsi devstack@c-api.service[109913]: [pid: 109913|app: 0|req: 82/166] 10.222.0.18 () {60 vars in 1372 bytes} [Tue Mar 29 15:32:18 2022] POST /volume/v3/a73ac95d908c4e659702da0e0053c440/snapshots/e8d20f24-07de-4572-a72a-a50cdf7e06aa/action => generated 0 bytes in 291 msecs (HTTP/1.1 202) 7 headers in 289 bytes (2 switches on core 0)
Mar 29 15:32:18.960633 dv-cinder-790535-36-iscsi devstack@c-api.service[109914]: DEBUG cinder.api.middleware.request_id [None req-4cf62b7d-a575-4912-9529-75f9411420c2 None None] RequestId filter calling following filter/app {{(pid=109914) _context_setter /opt/stack/cinder/cinder/api/middleware/request_id.py:62}}
Mar 29 15:32:18.964711 dv-cinder-790535-36-iscsi devstack@c-api.service[109914]: INFO cinder.api.openstack.wsgi [None req-4cf62b7d-a575-4912-9529-75f9411420c2 tempest-SnapshotsActionsTest-121171466 tempest-SnapshotsActionsTest-121171466-project] GET http://10.222.0.18/volume/v3/814771eb818c449b8fdc8e7532d57f0f/snapshots/e8d20f24-07de-4572-a72a-a50cdf7e06aa
Mar 29 15:32:18.965425 dv-cinder-790535-36-iscsi devstack@c-api.service[109914]: DEBUG cinder.api.openstack.wsgi [None req-4cf62b7d-a575-4912-9529-75f9411420c2 tempest-SnapshotsActionsTest-121171466 tempest-SnapshotsActionsTest-121171466-project] Empty body provided in request {{(pid=109914) get_body /opt/stack/cinder/cinder/api/openstack/wsgi.py:715}}
Mar 29 15:32:18.966093 dv-cinder-790535-36-iscsi devstack@c-api.service[109914]: DEBUG cinder.api.openstack.wsgi [None req-4cf62b7d-a575-4912-9529-75f9411420c2 tempest-SnapshotsActionsTest-121171466 tempest-SnapshotsActionsTest-121171466-project] Calling method 'show' {{(pid=109914) _process_stack /opt/stack/cinder/cinder/api/openstack/wsgi.py:868}}
Mar 29 15:32:18.983869 dv-cinder-790535-36-iscsi devstack@c-api.service[109914]: /usr/local/lib/python3.8/dist-packages/oslo_context/context.py:100: DeprecationWarning: Policy enforcement is depending on the value of is_admin. This key is deprecated. Please update your policy file to use the standard policy values.
Mar 29 15:32:18.983869 dv-cinder-790535-36-iscsi devstack@c-api.service[109914]: warnings.warn('Policy enforcement is depending on the value of '
Mar 29 15:32:18.986523 dv-cinder-790535-36-iscsi devstack@c-api.service[109914]: INFO cinder.volume.api [None req-4cf62b7d-a575-4912-9529-75f9411420c2 tempest-SnapshotsActionsTest-121171466 tempest-SnapshotsActionsTest-121171466-project] Snapshot retrieved successfully.
Mar 29 15:32:18.989417 dv-cinder-790535-36-iscsi devstack@c-api.service[109914]: INFO cinder.api.openstack.wsgi [None req-4cf62b7d-a575-4912-9529-75f9411420c2 tempest-SnapshotsActionsTest-121171466 tempest-SnapshotsActionsTest-121171466-project] http://10.222.0.18/volume/v3/814771eb818c449b8fdc8e7532d57f0f/snapshots/e8d20f24-07de-4572-a72a-a50cdf7e06aa returned with HTTP 200
Mar 29 15:32:18.993228 dv-cinder-790535-36-iscsi devstack@c-api.service[109914]: [pid: 109914|app: 0|req: 85/167] 10.222.0.18 () {58 vars in 1330 bytes} [Tue Mar 29 15:32:18 2022] GET /volume/v3/814771eb818c449b8fdc8e7532d57f0f/snapshots/e8d20f24-07de-4572-a72a-a50cdf7e06aa => generated 465 bytes in 34 msecs (HTTP/1.1 200) 7 headers in 285 bytes (1 switches on core 0)
Mar 29 15:32:19.001658 dv-cinder-790535-36-iscsi devstack@c-api.service[109913]: DEBUG cinder.api.middleware.request_id [None req-5267e85c-d8c8-4128-b170-e9b31cc208ff None None] RequestId filter calling following filter/app {{(pid=109913) _context_setter /opt/stack/cinder/cinder/api/middleware/request_id.py:62}}
Mar 29 15:32:19.007459 dv-cinder-790535-36-iscsi devstack@c-api.service[109913]: INFO cinder.api.openstack.wsgi [None req-5267e85c-d8c8-4128-b170-e9b31cc208ff tempest-SnapshotsActionsTest-278580877 tempest-SnapshotsActionsTest-278580877-project-admin] POST http://10.222.0.18/volume/v3/a73ac95d908c4e659702da0e0053c440/snapshots/e8d20f24-07de-4572-a72a-a50cdf7e06aa/action
Mar 29 15:32:19.009130 dv-cinder-790535-36-iscsi devstack@c-api.service[109913]: DEBUG cinder.api.openstack.wsgi [None req-5267e85c-d8c8-4128-b170-e9b31cc208ff tempest-SnapshotsActionsTest-278580877 tempest-SnapshotsActionsTest-278580877-project-admin] Action body: b'{"os-reset_status": {"status": "available"}}' {{(pid=109913) get_method /opt/stack/cinder/cinder/api/openstack/wsgi.py:983}}
Mar 29 15:32:19.010024 dv-cinder-790535-36-iscsi devstack@c-api.service[109913]: DEBUG cinder.api.openstack.wsgi [None req-5267e85c-d8c8-4128-b170-e9b31cc208ff tempest-SnapshotsActionsTest-278580877 tempest-SnapshotsActionsTest-278580877-project-admin] Action: 'action', calling method: _reset_status, body: {"os-reset_status": {"status": "available"}} {{(pid=109913) _process_stack /opt/stack/cinder/cinder/api/openstack/wsgi.py:866}}
Mar 29 15:32:19.011196 dv-cinder-790535-36-iscsi devstack@c-api.service[109913]: DEBUG cinder.api.contrib.admin_actions [None req-5267e85c-d8c8-4128-b170-e9b31cc208ff tempest-SnapshotsActionsTest-278580877 tempest-SnapshotsActionsTest-278580877-project-admin] Updating snapshot 'e8d20f24-07de-4572-a72a-a50cdf7e06aa' with '{'status': 'available'}' {{(pid=109913) _reset_status /opt/stack/cinder/cinder/api/contrib/admin_actions.py:100}}
Mar 29 15:32:19.032070 dv-cinder-790535-36-iscsi devstack@c-api.service[109913]: /usr/local/lib/python3.8/dist-packages/oslo_context/context.py:100: DeprecationWarning: Policy enforcement is depending on the value of is_admin. This key is deprecated. Please update your policy file to use the standard policy values.
Mar 29 15:32:19.032070 dv-cinder-790535-36-iscsi devstack@c-api.service[109913]: warnings.warn('Policy enforcement is depending on the value of '
Mar 29 15:32:19.056324 dv-cinder-790535-36-iscsi devstack@c-api.service[109913]: INFO cinder.api.openstack.wsgi [None req-5267e85c-d8c8-4128-b170-e9b31cc208ff tempest-SnapshotsActionsTest-278580877 tempest-SnapshotsActionsTest-278580877-project-admin] http://10.222.0.18/volume/v3/a73ac95d908c4e659702da0e0053c440/snapshots/e8d20f24-07de-4572-a72a-a50cdf7e06aa/action returned with HTTP 202
Mar 29 15:32:19.058386 dv-cinder-790535-36-iscsi devstack@c-api.service[109913]: [pid: 109913|app: 0|req: 83/168] 10.222.0.18 () {60 vars in 1372 bytes} [Tue Mar 29 15:32:18 2022] POST /volume/v3/a73ac95d908c4e659702da0e0053c440/snapshots/e8d20f24-07de-4572-a72a-a50cdf7e06aa/action => generated 0 bytes in 58 msecs (HTTP/1.1 202) 7 headers in 289 bytes (2 switches on core 0)
Mar 29 15:32:19.063978 dv-cinder-790535-36-iscsi devstack@c-api.service[109914]: DEBUG cinder.api.middleware.request_id [None req-a5afb26c-e819-40ea-a119-6f6e55779df6 None None] RequestId filter calling following filter/app {{(pid=109914) _context_setter /opt/stack/cinder/cinder/api/middleware/request_id.py:62}}
Mar 29 15:32:19.070267 dv-cinder-790535-36-iscsi devstack@c-api.service[109914]: INFO cinder.api.openstack.wsgi [None req-a5afb26c-e819-40ea-a119-6f6e55779df6 tempest-SnapshotsActionsTest-121171466 tempest-SnapshotsActionsTest-121171466-project] GET http://10.222.0.18/volume/v3/814771eb818c449b8fdc8e7532d57f0f/snapshots/e8d20f24-07de-4572-a72a-a50cdf7e06aa
Mar 29 15:32:19.071040 dv-cinder-790535-36-iscsi devstack@c-api.service[109914]: DEBUG cinder.api.openstack.wsgi [None req-a5afb26c-e819-40ea-a119-6f6e55779df6 tempest-SnapshotsActionsTest-121171466 tempest-SnapshotsActionsTest-121171466-project] Empty body provided in request {{(pid=109914) get_body /opt/stack/cinder/cinder/api/openstack/wsgi.py:715}}
Mar 29 15:32:19.071628 dv-cinder-790535-36-iscsi devstack@c-api.service[109914]: DEBUG cinder.api.openstack.wsgi [None req-a5afb26c-e819-40ea-a119-6f6e55779df6 tempest-SnapshotsActionsTest-121171466 tempest-SnapshotsActionsTest-121171466-project] Calling method 'show' {{(pid=109914) _process_stack /opt/stack/cinder/cinder/api/openstack/wsgi.py:868}}
Mar 29 15:32:19.085419 dv-cinder-790535-36-iscsi devstack@c-api.service[109914]: /usr/local/lib/python3.8/dist-packages/oslo_context/context.py:100: DeprecationWarning: Policy enforcement is depending on the value of is_admin. This key is deprecated. Please update your policy file to use the standard policy values.
Mar 29 15:32:19.085419 dv-cinder-790535-36-iscsi devstack@c-api.service[109914]: warnings.warn('Policy enforcement is depending on the value of '
Mar 29 15:32:19.086803 dv-cinder-790535-36-iscsi devstack@c-api.service[109914]: INFO cinder.volume.api [None req-a5afb26c-e819-40ea-a119-6f6e55779df6 tempest-SnapshotsActionsTest-121171466 tempest-SnapshotsActionsTest-121171466-project] Snapshot retrieved successfully.
Mar 29 15:32:19.089031 dv-cinder-790535-36-iscsi devstack@c-api.service[109914]: INFO cinder.api.openstack.wsgi [None req-a5afb26c-e819-40ea-a119-6f6e55779df6 tempest-SnapshotsActionsTest-121171466 tempest-SnapshotsActionsTest-121171466-project] http://10.222.0.18/volume/v3/814771eb818c449b8fdc8e7532d57f0f/snapshots/e8d20f24-07de-4572-a72a-a50cdf7e06aa returned with HTTP 200
Mar 29 15:32:19.091732 dv-cinder-790535-36-iscsi devstack@c-api.service[109913]: DEBUG cinder.api.middleware.request_id [None req-9e900a88-e61f-4771-b76d-5c51b2841b4b None None] RequestId filter calling following filter/app {{(pid=109913) _context_setter /opt/stack/cinder/cinder/api/middleware/request_id.py:62}}
Mar 29 15:32:19.096184 dv-cinder-790535-36-iscsi devstack@c-api.service[109913]: INFO cinder.api.openstack.wsgi [None req-9e900a88-e61f-4771-b76d-5c51b2841b4b tempest-SnapshotMetadataTestJSON-1360313264 tempest-SnapshotMetadataTestJSON-1360313264-project] GET http://10.222.0.18/volume/v3/23a469af17d647259fb047a2950907c1/volumes/4c20349e-56e1-4a5f-89a7-4f7967c9d053
Mar 29 15:32:19.096793 dv-cinder-790535-36-iscsi devstack@c-api.service[109913]: DEBUG cinder.api.openstack.wsgi [None req-9e900a88-e61f-4771-b76d-5c51b2841b4b tempest-SnapshotMetadataTestJSON-1360313264 tempest-SnapshotMetadataTestJSON-1360313264-project] Empty body provided in request {{(pid=109913) get_body /opt/stack/cinder/cinder/api/openstack/wsgi.py:715}}
Mar 29 15:32:19.097419 dv-cinder-790535-36-iscsi devstack@c-api.service[109913]: DEBUG cinder.api.openstack.wsgi [None req-9e900a88-e61f-4771-b76d-5c51b2841b4b tempest-SnapshotMetadataTestJSON-1360313264 tempest-SnapshotMetadataTestJSON-1360313264-project] Calling method 'show' {{(pid=109913) _process_stack /opt/stack/cinder/cinder/api/openstack/wsgi.py:868}}
Mar 29 15:32:19.102510 dv-cinder-790535-36-iscsi devstack@c-api.service[109914]: [pid: 109914|app: 0|req: 86/169] 10.222.0.18 () {58 vars in 1330 bytes} [Tue Mar 29 15:32:19 2022] GET /volume/v3/814771eb818c449b8fdc8e7532d57f0f/snapshots/e8d20f24-07de-4572-a72a-a50cdf7e06aa => generated 466 bytes in 40 msecs (HTTP/1.1 200) 7 headers in 285 bytes (1 switches on core 0)
Mar 29 15:32:19.110197 dv-cinder-790535-36-iscsi devstack@c-api.service[109914]: DEBUG cinder.api.middleware.request_id [None req-61e58d9d-0f84-4cb1-893c-a02f7403d1f2 None None] RequestId filter calling following filter/app {{(pid=109914) _context_setter /opt/stack/cinder/cinder/api/middleware/request_id.py:62}}
Mar 29 15:32:19.121930 dv-cinder-790535-36-iscsi devstack@c-api.service[109914]: INFO cinder.api.openstack.wsgi [None req-61e58d9d-0f84-4cb1-893c-a02f7403d1f2 tempest-SnapshotsActionsTest-121171466 tempest-SnapshotsActionsTest-121171466-project] POST http://10.222.0.18/volume/v3/814771eb818c449b8fdc8e7532d57f0f/snapshots
Mar 29 15:32:19.124113 dv-cinder-790535-36-iscsi devstack@c-api.service[109914]: DEBUG cinder.api.openstack.wsgi [None req-61e58d9d-0f84-4cb1-893c-a02f7403d1f2 tempest-SnapshotsActionsTest-121171466 tempest-SnapshotsActionsTest-121171466-project] Action: 'create', calling method: create, body: {"snapshot": {"volume_id": "c3c78041-de2e-4fc8-be10-a45421afb34c", "name": "tempest-SnapshotsActionsTest-Snapshot-1546634075"}} {{(pid=109914) _process_stack /opt/stack/cinder/cinder/api/openstack/wsgi.py:866}}
Mar 29 15:32:19.134035 dv-cinder-790535-36-iscsi devstack@c-api.service[109913]: /usr/local/lib/python3.8/dist-packages/oslo_context/context.py:100: DeprecationWarning: Policy enforcement is depending on the value of is_admin. This key is deprecated. Please update your policy file to use the standard policy values.
Mar 29 15:32:19.134035 dv-cinder-790535-36-iscsi devstack@c-api.service[109913]: warnings.warn('Policy enforcement is depending on the value of '
Mar 29 15:32:19.160260 dv-cinder-790535-36-iscsi devstack@c-api.service[109913]: INFO cinder.volume.api [None req-9e900a88-e61f-4771-b76d-5c51b2841b4b tempest-SnapshotMetadataTestJSON-1360313264 tempest-SnapshotMetadataTestJSON-1360313264-project] Volume info retrieved successfully.
Mar 29 15:32:19.165575 dv-cinder-790535-36-iscsi devstack@c-api.service[109914]: /usr/local/lib/python3.8/dist-packages/oslo_context/context.py:100: DeprecationWarning: Policy enforcement is depending on the value of is_admin. This key is deprecated. Please update your policy file to use the standard policy values.
Mar 29 15:32:19.165575 dv-cinder-790535-36-iscsi devstack@c-api.service[109914]: warnings.warn('Policy enforcement is depending on the value of '
Mar 29 15:32:19.169918 dv-cinder-790535-36-iscsi devstack@c-api.service[109914]: INFO cinder.volume.api [None req-61e58d9d-0f84-4cb1-893c-a02f7403d1f2 tempest-SnapshotsActionsTest-121171466 tempest-SnapshotsActionsTest-121171466-project] Volume info retrieved successfully.
Mar 29 15:32:19.170387 dv-cinder-790535-36-iscsi devstack@c-api.service[109914]: INFO cinder.api.v3.snapshots [None req-61e58d9d-0f84-4cb1-893c-a02f7403d1f2 tempest-SnapshotsActionsTest-121171466 tempest-SnapshotsActionsTest-121171466-project] Create snapshot from volume c3c78041-de2e-4fc8-be10-a45421afb34c
Mar 29 15:32:19.180602 dv-cinder-790535-36-iscsi devstack@c-api.service[109913]: INFO cinder.api.openstack.wsgi [None req-9e900a88-e61f-4771-b76d-5c51b2841b4b tempest-SnapshotMetadataTestJSON-1360313264 tempest-SnapshotMetadataTestJSON-1360313264-project] http://10.222.0.18/volume/v3/23a469af17d647259fb047a2950907c1/volumes/4c20349e-56e1-4a5f-89a7-4f7967c9d053 returned with HTTP 200
Mar 29 15:32:19.186238 dv-cinder-790535-36-iscsi devstack@c-api.service[109913]: [pid: 109913|app: 0|req: 84/170] 10.222.0.18 () {58 vars in 1324 bytes} [Tue Mar 29 15:32:19 2022] GET /volume/v3/23a469af17d647259fb047a2950907c1/volumes/4c20349e-56e1-4a5f-89a7-4f7967c9d053 => generated 916 bytes in 96 msecs (HTTP/1.1 200) 7 headers in 285 bytes (2 switches on core 0)
Mar 29 15:32:19.188554 dv-cinder-790535-36-iscsi devstack@c-api.service[109913]: DEBUG cinder.api.middleware.request_id [None req-7313b47e-e828-46bb-8b24-4d567b5448d3 None None] RequestId filter calling following filter/app {{(pid=109913) _context_setter /opt/stack/cinder/cinder/api/middleware/request_id.py:62}}
Mar 29 15:32:19.196823 dv-cinder-790535-36-iscsi devstack@c-api.service[109913]: INFO cinder.api.openstack.wsgi [None req-7313b47e-e828-46bb-8b24-4d567b5448d3 tempest-GroupsTest-429231757 tempest-GroupsTest-429231757-project] GET http://10.222.0.18/volume/v3/f3c5b71183824a5ab8d3113c979d5521/volumes/490a41c5-6b1e-4928-bbbf-9ac9062c69f5
Mar 29 15:32:19.199476 dv-cinder-790535-36-iscsi devstack@c-api.service[109913]: DEBUG cinder.api.openstack.wsgi [None req-7313b47e-e828-46bb-8b24-4d567b5448d3 tempest-GroupsTest-429231757 tempest-GroupsTest-429231757-project] Empty body provided in request {{(pid=109913) get_body /opt/stack/cinder/cinder/api/openstack/wsgi.py:715}}
Mar 29 15:32:19.200590 dv-cinder-790535-36-iscsi devstack@c-api.service[109913]: DEBUG cinder.api.openstack.wsgi [None req-7313b47e-e828-46bb-8b24-4d567b5448d3 tempest-GroupsTest-429231757 tempest-GroupsTest-429231757-project] Calling method 'show' {{(pid=109913) _process_stack /opt/stack/cinder/cinder/api/openstack/wsgi.py:868}}
Mar 29 15:32:19.227010 dv-cinder-790535-36-iscsi devstack@c-api.service[109913]: /usr/local/lib/python3.8/dist-packages/oslo_context/context.py:100: DeprecationWarning: Policy enforcement is depending on the value of is_admin. This key is deprecated. Please update your policy file to use the standard policy values.
Mar 29 15:32:19.227010 dv-cinder-790535-36-iscsi devstack@c-api.service[109913]: warnings.warn('Policy enforcement is depending on the value of '
Mar 29 15:32:19.245487 dv-cinder-790535-36-iscsi devstack@c-api.service[109913]: INFO cinder.volume.api [None req-7313b47e-e828-46bb-8b24-4d567b5448d3 tempest-GroupsTest-429231757 tempest-GroupsTest-429231757-project] Volume info retrieved successfully.
Mar 29 15:32:19.246890 dv-cinder-790535-36-iscsi devstack@c-api.service[109913]: WARNING stevedore.named [None req-7313b47e-e828-46bb-8b24-4d567b5448d3 tempest-GroupsTest-429231757 tempest-GroupsTest-429231757-project] Could not load cinder.keymgr.conf_key_mgr.ConfKeyManager
Mar 29 15:32:19.247258 dv-cinder-790535-36-iscsi devstack@c-api.service[109913]: WARNING castellan.key_manager [None req-7313b47e-e828-46bb-8b24-4d567b5448d3 tempest-GroupsTest-429231757 tempest-GroupsTest-429231757-project] Deprecation Warning : cinder.keymgr.conf_key_mgr.ConfKeyManager is not a stevedore based driver, trying to load it as a class: stevedore.exception.NoMatches: No 'castellan.drivers' driver found, looking for 'cinder.keymgr.conf_key_mgr.ConfKeyManager'
Mar 29 15:32:19.264754 dv-cinder-790535-36-iscsi devstack@c-api.service[109914]: DEBUG cinder.quota [None req-61e58d9d-0f84-4cb1-893c-a02f7403d1f2 tempest-SnapshotsActionsTest-121171466 tempest-SnapshotsActionsTest-121171466-project] Created reservations ['cd2f6f6d-a470-45a8-a430-9596ebda6b0c', 'afbfa86e-f1ee-4906-af9f-a47e95e64435', 'd281df29-c91b-4d3c-976d-5ca977d4b0c2', '703a1266-0160-4ca7-af20-b59dd22dcfcc'] {{(pid=109914) reserve /opt/stack/cinder/cinder/quota.py:755}}
Mar 29 15:32:19.265708 dv-cinder-790535-36-iscsi devstack@c-api.service[109913]: DEBUG oslo_db.sqlalchemy.engines [None req-7313b47e-e828-46bb-8b24-4d567b5448d3 tempest-GroupsTest-429231757 tempest-GroupsTest-429231757-project] MySQL server mode set to STRICT_TRANS_TABLES,STRICT_ALL_TABLES,NO_ZERO_IN_DATE,NO_ZERO_DATE,ERROR_FOR_DIVISION_BY_ZERO,TRADITIONAL,NO_ENGINE_SUBSTITUTION {{(pid=109913) _check_effective_sql_mode /usr/local/lib/python3.8/dist-packages/oslo_db/sqlalchemy/engines.py:314}}
Mar 29 15:32:19.278206 dv-cinder-790535-36-iscsi devstack@c-api.service[109913]: /usr/local/lib/python3.8/dist-packages/oslo_context/context.py:100: DeprecationWarning: Policy enforcement is depending on the value of is_admin. This key is deprecated. Please update your policy file to use the standard policy values.
Mar 29 15:32:19.278206 dv-cinder-790535-36-iscsi devstack@c-api.service[109913]: warnings.warn('Policy enforcement is depending on the value of '
Mar 29 15:32:19.302942 dv-cinder-790535-36-iscsi devstack@c-api.service[109913]: INFO cinder.api.openstack.wsgi [None req-7313b47e-e828-46bb-8b24-4d567b5448d3 tempest-GroupsTest-429231757 tempest-GroupsTest-429231757-project] http://10.222.0.18/volume/v3/f3c5b71183824a5ab8d3113c979d5521/volumes/490a41c5-6b1e-4928-bbbf-9ac9062c69f5 returned with HTTP 200
Mar 29 15:32:19.310991 dv-cinder-790535-36-iscsi devstack@c-api.service[109913]: [pid: 109913|app: 0|req: 85/171] 10.222.0.18 () {60 vars in 1365 bytes} [Tue Mar 29 15:32:19 2022] GET /volume/v3/f3c5b71183824a5ab8d3113c979d5521/volumes/490a41c5-6b1e-4928-bbbf-9ac9062c69f5 => generated 970 bytes in 123 msecs (HTTP/1.1 200) 7 headers in 286 bytes (1 switches on core 0)
Mar 29 15:32:19.312321 dv-cinder-790535-36-iscsi devstack@c-api.service[109913]: DEBUG cinder.api.middleware.request_id [None req-623c3937-0dc4-498e-bbf8-9fe2e9c1f2c2 None None] RequestId filter calling following filter/app {{(pid=109913) _context_setter /opt/stack/cinder/cinder/api/middleware/request_id.py:62}}
Mar 29 15:32:19.325887 dv-cinder-790535-36-iscsi devstack@c-api.service[109913]: INFO cinder.api.openstack.wsgi [None req-623c3937-0dc4-498e-bbf8-9fe2e9c1f2c2 tempest-SnapshotMetadataTestJSON-1360313264 tempest-SnapshotMetadataTestJSON-1360313264-project] POST http://10.222.0.18/volume/v3/23a469af17d647259fb047a2950907c1/snapshots
Mar 29 15:32:19.326822 dv-cinder-790535-36-iscsi devstack@c-api.service[109913]: DEBUG cinder.api.openstack.wsgi [None req-623c3937-0dc4-498e-bbf8-9fe2e9c1f2c2 tempest-SnapshotMetadataTestJSON-1360313264 tempest-SnapshotMetadataTestJSON-1360313264-project] Action: 'create', calling method: create, body: {"snapshot": {"volume_id": "4c20349e-56e1-4a5f-89a7-4f7967c9d053", "name": "tempest-SnapshotMetadataTestJSON-Snapshot-16790590"}} {{(pid=109913) _process_stack /opt/stack/cinder/cinder/api/openstack/wsgi.py:866}}
Mar 29 15:32:19.368124 dv-cinder-790535-36-iscsi devstack@c-api.service[109913]: /usr/local/lib/python3.8/dist-packages/oslo_context/context.py:100: DeprecationWarning: Policy enforcement is depending on the value of is_admin. This key is deprecated. Please update your policy file to use the standard policy values.
Mar 29 15:32:19.368124 dv-cinder-790535-36-iscsi devstack@c-api.service[109913]: warnings.warn('Policy enforcement is depending on the value of '
Mar 29 15:32:19.374363 dv-cinder-790535-36-iscsi devstack@c-api.service[109913]: INFO cinder.volume.api [None req-623c3937-0dc4-498e-bbf8-9fe2e9c1f2c2 tempest-SnapshotMetadataTestJSON-1360313264 tempest-SnapshotMetadataTestJSON-1360313264-project] Volume info retrieved successfully.
Mar 29 15:32:19.375411 dv-cinder-790535-36-iscsi devstack@c-api.service[109913]: INFO cinder.api.v3.snapshots [None req-623c3937-0dc4-498e-bbf8-9fe2e9c1f2c2 tempest-SnapshotMetadataTestJSON-1360313264 tempest-SnapshotMetadataTestJSON-1360313264-project] Create snapshot from volume 4c20349e-56e1-4a5f-89a7-4f7967c9d053
Mar 29 15:32:19.375589 dv-cinder-790535-36-iscsi devstack@c-api.service[109914]: INFO cinder.volume.api [None req-61e58d9d-0f84-4cb1-893c-a02f7403d1f2 tempest-SnapshotsActionsTest-121171466 tempest-SnapshotsActionsTest-121171466-project] Snapshot create request issued successfully.
Mar 29 15:32:19.377357 dv-cinder-790535-36-iscsi devstack@c-api.service[109914]: INFO cinder.api.openstack.wsgi [None req-61e58d9d-0f84-4cb1-893c-a02f7403d1f2 tempest-SnapshotsActionsTest-121171466 tempest-SnapshotsActionsTest-121171466-project] http://10.222.0.18/volume/v3/814771eb818c449b8fdc8e7532d57f0f/snapshots returned with HTTP 202
Mar 29 15:32:19.379522 dv-cinder-790535-36-iscsi devstack@c-api.service[109914]: [pid: 109914|app: 0|req: 87/172] 10.222.0.18 () {60 vars in 1241 bytes} [Tue Mar 29 15:32:19 2022] POST /volume/v3/814771eb818c449b8fdc8e7532d57f0f/snapshots => generated 307 bytes in 270 msecs (HTTP/1.1 202) 7 headers in 291 bytes (1 switches on core 0)
Mar 29 15:32:19.381703 dv-cinder-790535-36-iscsi devstack@c-api.service[109914]: DEBUG cinder.api.middleware.request_id [None req-8d8509a2-54da-4915-853f-7b737e35d60f None None] RequestId filter calling following filter/app {{(pid=109914) _context_setter /opt/stack/cinder/cinder/api/middleware/request_id.py:62}}
Mar 29 15:32:19.516963 dv-cinder-790535-36-iscsi devstack@c-api.service[109913]: DEBUG cinder.quota [None req-623c3937-0dc4-498e-bbf8-9fe2e9c1f2c2 tempest-SnapshotMetadataTestJSON-1360313264 tempest-SnapshotMetadataTestJSON-1360313264-project] Created reservations ['74cd3876-548f-41e0-960d-c2d4e2c3fe90', 'a1fd69a1-7090-4cc6-b585-6d64ca386370', 'c08c027f-5eae-4ae7-bf51-a373c6c98bfe', 'abc98431-6440-46b0-8ac9-58c86c143194'] {{(pid=109913) reserve /opt/stack/cinder/cinder/quota.py:755}}
Mar 29 15:32:19.608413 dv-cinder-790535-36-iscsi devstack@c-api.service[109914]: INFO cinder.api.openstack.wsgi [None req-8d8509a2-54da-4915-853f-7b737e35d60f tempest-VolumeTypesTest-1081057068 tempest-VolumeTypesTest-1081057068-project-admin] POST http://10.222.0.18/volume/v3/573d29c9fcee49beac36ec8e9e7f7a62/types
Mar 29 15:32:19.610061 dv-cinder-790535-36-iscsi devstack@c-api.service[109914]: DEBUG cinder.api.openstack.wsgi [None req-8d8509a2-54da-4915-853f-7b737e35d60f tempest-VolumeTypesTest-1081057068 tempest-VolumeTypesTest-1081057068-project-admin] Action: 'create', calling method: _create, body: {"volume_type": {"name": "tempest-VolumeTypesTest-volume-type-1420418735", "extra_specs": {"storage_protocol": "iSCSI", "vendor_name": "Microsoft"}}} {{(pid=109914) _process_stack /opt/stack/cinder/cinder/api/openstack/wsgi.py:866}}
Mar 29 15:32:19.612318 dv-cinder-790535-36-iscsi devstack@c-api.service[109914]: /usr/local/lib/python3.8/dist-packages/oslo_context/context.py:100: DeprecationWarning: Policy enforcement is depending on the value of is_admin. This key is deprecated. Please update your policy file to use the standard policy values.
Mar 29 15:32:19.612318 dv-cinder-790535-36-iscsi devstack@c-api.service[109914]: warnings.warn('Policy enforcement is depending on the value of '
Mar 29 15:32:19.660067 dv-cinder-790535-36-iscsi devstack@c-api.service[109913]: INFO cinder.volume.api [None req-623c3937-0dc4-498e-bbf8-9fe2e9c1f2c2 tempest-SnapshotMetadataTestJSON-1360313264 tempest-SnapshotMetadataTestJSON-1360313264-project] Snapshot create request issued successfully.
Mar 29 15:32:19.661745 dv-cinder-790535-36-iscsi devstack@c-api.service[109913]: INFO cinder.api.openstack.wsgi [None req-623c3937-0dc4-498e-bbf8-9fe2e9c1f2c2 tempest-SnapshotMetadataTestJSON-1360313264 tempest-SnapshotMetadataTestJSON-1360313264-project] http://10.222.0.18/volume/v3/23a469af17d647259fb047a2950907c1/snapshots returned with HTTP 202
Mar 29 15:32:19.666764 dv-cinder-790535-36-iscsi devstack@c-api.service[109914]: INFO cinder.api.openstack.wsgi [None req-8d8509a2-54da-4915-853f-7b737e35d60f tempest-VolumeTypesTest-1081057068 tempest-VolumeTypesTest-1081057068-project-admin] http://10.222.0.18/volume/v3/573d29c9fcee49beac36ec8e9e7f7a62/types returned with HTTP 200
Mar 29 15:32:19.668013 dv-cinder-790535-36-iscsi devstack@c-api.service[109913]: [pid: 109913|app: 0|req: 86/173] 10.222.0.18 () {60 vars in 1241 bytes} [Tue Mar 29 15:32:19 2022] POST /volume/v3/23a469af17d647259fb047a2950907c1/snapshots => generated 309 bytes in 356 msecs (HTTP/1.1 202) 7 headers in 291 bytes (1 switches on core 0)
Mar 29 15:32:19.671406 dv-cinder-790535-36-iscsi devstack@c-api.service[109913]: DEBUG cinder.api.middleware.request_id [None req-3c1817d0-ba07-410a-b962-a2728ea13fdd None None] RequestId filter calling following filter/app {{(pid=109913) _context_setter /opt/stack/cinder/cinder/api/middleware/request_id.py:62}}
Mar 29 15:32:19.671838 dv-cinder-790535-36-iscsi devstack@c-api.service[109914]: [pid: 109914|app: 0|req: 88/174] 10.222.0.18 () {60 vars in 1229 bytes} [Tue Mar 29 15:32:19 2022] POST /volume/v3/573d29c9fcee49beac36ec8e9e7f7a62/types => generated 276 bytes in 292 msecs (HTTP/1.1 200) 7 headers in 285 bytes (1 switches on core 0)
Mar 29 15:32:19.674052 dv-cinder-790535-36-iscsi devstack@c-api.service[109914]: DEBUG cinder.api.middleware.request_id [None req-77716a29-e896-417a-b433-091ffb2ec707 None None] RequestId filter calling following filter/app {{(pid=109914) _context_setter /opt/stack/cinder/cinder/api/middleware/request_id.py:62}}
Mar 29 15:32:19.684965 dv-cinder-790535-36-iscsi devstack@c-api.service[109913]: INFO cinder.api.openstack.wsgi [None req-3c1817d0-ba07-410a-b962-a2728ea13fdd tempest-GroupsTest-429231757 tempest-GroupsTest-429231757-project] GET http://10.222.0.18/volume/v3/f3c5b71183824a5ab8d3113c979d5521/groups/07f85fe9-7a5d-419b-bdbe-af4ace78b750
Mar 29 15:32:19.686472 dv-cinder-790535-36-iscsi devstack@c-api.service[109914]: INFO cinder.api.openstack.wsgi [None req-77716a29-e896-417a-b433-091ffb2ec707 tempest-SnapshotsActionsTest-121171466 tempest-SnapshotsActionsTest-121171466-project] GET http://10.222.0.18/volume/v3/814771eb818c449b8fdc8e7532d57f0f/snapshots/d6423ffb-d50b-44c1-86b9-d7c310b10e3a
Mar 29 15:32:19.686936 dv-cinder-790535-36-iscsi devstack@c-api.service[109914]: DEBUG cinder.api.openstack.wsgi [None req-77716a29-e896-417a-b433-091ffb2ec707 tempest-SnapshotsActionsTest-121171466 tempest-SnapshotsActionsTest-121171466-project] Empty body provided in request {{(pid=109914) get_body /opt/stack/cinder/cinder/api/openstack/wsgi.py:715}}
Mar 29 15:32:19.687584 dv-cinder-790535-36-iscsi devstack@c-api.service[109913]: DEBUG cinder.api.openstack.wsgi [None req-3c1817d0-ba07-410a-b962-a2728ea13fdd tempest-GroupsTest-429231757 tempest-GroupsTest-429231757-project] Empty body provided in request {{(pid=109913) get_body /opt/stack/cinder/cinder/api/openstack/wsgi.py:715}}
Mar 29 15:32:19.688186 dv-cinder-790535-36-iscsi devstack@c-api.service[109913]: DEBUG cinder.api.openstack.wsgi [None req-3c1817d0-ba07-410a-b962-a2728ea13fdd tempest-GroupsTest-429231757 tempest-GroupsTest-429231757-project] Calling method 'version_select' {{(pid=109913) _process_stack /opt/stack/cinder/cinder/api/openstack/wsgi.py:868}}
Mar 29 15:32:19.691203 dv-cinder-790535-36-iscsi devstack@c-api.service[109913]: DEBUG cinder.api.v3.groups [None req-3c1817d0-ba07-410a-b962-a2728ea13fdd tempest-GroupsTest-429231757 tempest-GroupsTest-429231757-project] show called for member 07f85fe9-7a5d-419b-bdbe-af4ace78b750 {{(pid=109913) show /opt/stack/cinder/cinder/api/v3/groups.py:58}}
Mar 29 15:32:19.692857 dv-cinder-790535-36-iscsi devstack@c-api.service[109914]: DEBUG cinder.api.openstack.wsgi [None req-77716a29-e896-417a-b433-091ffb2ec707 tempest-SnapshotsActionsTest-121171466 tempest-SnapshotsActionsTest-121171466-project] Calling method 'show' {{(pid=109914) _process_stack /opt/stack/cinder/cinder/api/openstack/wsgi.py:868}}
Mar 29 15:32:19.708832 dv-cinder-790535-36-iscsi devstack@c-api.service[109913]: /usr/local/lib/python3.8/dist-packages/oslo_context/context.py:100: DeprecationWarning: Policy enforcement is depending on the value of is_admin. This key is deprecated. Please update your policy file to use the standard policy values.
Mar 29 15:32:19.708832 dv-cinder-790535-36-iscsi devstack@c-api.service[109913]: warnings.warn('Policy enforcement is depending on the value of '
Mar 29 15:32:19.710221 dv-cinder-790535-36-iscsi devstack@c-api.service[109914]: /usr/local/lib/python3.8/dist-packages/oslo_context/context.py:100: DeprecationWarning: Policy enforcement is depending on the value of is_admin. This key is deprecated. Please update your policy file to use the standard policy values.
Mar 29 15:32:19.710221 dv-cinder-790535-36-iscsi devstack@c-api.service[109914]: warnings.warn('Policy enforcement is depending on the value of '
Mar 29 15:32:19.711584 dv-cinder-790535-36-iscsi devstack@c-api.service[109914]: INFO cinder.volume.api [None req-77716a29-e896-417a-b433-091ffb2ec707 tempest-SnapshotsActionsTest-121171466 tempest-SnapshotsActionsTest-121171466-project] Snapshot retrieved successfully.
Mar 29 15:32:19.713851 dv-cinder-790535-36-iscsi devstack@c-api.service[109914]: INFO cinder.api.openstack.wsgi [None req-77716a29-e896-417a-b433-091ffb2ec707 tempest-SnapshotsActionsTest-121171466 tempest-SnapshotsActionsTest-121171466-project] http://10.222.0.18/volume/v3/814771eb818c449b8fdc8e7532d57f0f/snapshots/d6423ffb-d50b-44c1-86b9-d7c310b10e3a returned with HTTP 200
Mar 29 15:32:19.715054 dv-cinder-790535-36-iscsi devstack@c-api.service[109914]: [pid: 109914|app: 0|req: 89/175] 10.222.0.18 () {58 vars in 1330 bytes} [Tue Mar 29 15:32:19 2022] GET /volume/v3/814771eb818c449b8fdc8e7532d57f0f/snapshots/d6423ffb-d50b-44c1-86b9-d7c310b10e3a => generated 439 bytes in 42 msecs (HTTP/1.1 200) 7 headers in 285 bytes (1 switches on core 0)
Mar 29 15:32:19.716754 dv-cinder-790535-36-iscsi devstack@c-api.service[109914]: DEBUG cinder.api.middleware.request_id [None req-8cdceddf-2a90-4f8c-9627-e196b8e33504 None None] RequestId filter calling following filter/app {{(pid=109914) _context_setter /opt/stack/cinder/cinder/api/middleware/request_id.py:62}}
Mar 29 15:32:19.723816 dv-cinder-790535-36-iscsi devstack@c-api.service[109914]: INFO cinder.api.openstack.wsgi [None req-8cdceddf-2a90-4f8c-9627-e196b8e33504 tempest-SnapshotMetadataTestJSON-1360313264 tempest-SnapshotMetadataTestJSON-1360313264-project] GET http://10.222.0.18/volume/v3/23a469af17d647259fb047a2950907c1/snapshots/f17747dd-2368-434f-a9a1-599de30bb0d8
Mar 29 15:32:19.724898 dv-cinder-790535-36-iscsi devstack@c-api.service[109914]: DEBUG cinder.api.openstack.wsgi [None req-8cdceddf-2a90-4f8c-9627-e196b8e33504 tempest-SnapshotMetadataTestJSON-1360313264 tempest-SnapshotMetadataTestJSON-1360313264-project] Empty body provided in request {{(pid=109914) get_body /opt/stack/cinder/cinder/api/openstack/wsgi.py:715}}
Mar 29 15:32:19.726482 dv-cinder-790535-36-iscsi devstack@c-api.service[109914]: DEBUG cinder.api.openstack.wsgi [None req-8cdceddf-2a90-4f8c-9627-e196b8e33504 tempest-SnapshotMetadataTestJSON-1360313264 tempest-SnapshotMetadataTestJSON-1360313264-project] Calling method 'show' {{(pid=109914) _process_stack /opt/stack/cinder/cinder/api/openstack/wsgi.py:868}}
Mar 29 15:32:19.737890 dv-cinder-790535-36-iscsi devstack@c-api.service[109913]: INFO cinder.api.openstack.wsgi [None req-3c1817d0-ba07-410a-b962-a2728ea13fdd tempest-GroupsTest-429231757 tempest-GroupsTest-429231757-project] http://10.222.0.18/volume/v3/f3c5b71183824a5ab8d3113c979d5521/groups/07f85fe9-7a5d-419b-bdbe-af4ace78b750 returned with HTTP 200
Mar 29 15:32:19.739463 dv-cinder-790535-36-iscsi devstack@c-api.service[109913]: [pid: 109913|app: 0|req: 87/176] 10.222.0.18 () {60 vars in 1362 bytes} [Tue Mar 29 15:32:19 2022] GET /volume/v3/f3c5b71183824a5ab8d3113c979d5521/groups/07f85fe9-7a5d-419b-bdbe-af4ace78b750 => generated 323 bytes in 69 msecs (HTTP/1.1 200) 7 headers in 286 bytes (1 switches on core 0)
Mar 29 15:32:19.741959 dv-cinder-790535-36-iscsi devstack@c-api.service[109913]: DEBUG cinder.api.middleware.request_id [None req-c113552b-dfe2-4115-9aa9-e8709cbdb0c9 None None] RequestId filter calling following filter/app {{(pid=109913) _context_setter /opt/stack/cinder/cinder/api/middleware/request_id.py:62}}
Mar 29 15:32:19.748393 dv-cinder-790535-36-iscsi devstack@c-api.service[109913]: INFO cinder.api.openstack.wsgi [None req-c113552b-dfe2-4115-9aa9-e8709cbdb0c9 tempest-VolumeTypesTest-1081057068 tempest-VolumeTypesTest-1081057068-project-admin] POST http://10.222.0.18/volume/v3/573d29c9fcee49beac36ec8e9e7f7a62/types
Mar 29 15:32:19.749423 dv-cinder-790535-36-iscsi devstack@c-api.service[109914]: /usr/local/lib/python3.8/dist-packages/oslo_context/context.py:100: DeprecationWarning: Policy enforcement is depending on the value of is_admin. This key is deprecated. Please update your policy file to use the standard policy values.
Mar 29 15:32:19.749423 dv-cinder-790535-36-iscsi devstack@c-api.service[109914]: warnings.warn('Policy enforcement is depending on the value of '
Mar 29 15:32:19.750425 dv-cinder-790535-36-iscsi devstack@c-api.service[109914]: INFO cinder.volume.api [None req-8cdceddf-2a90-4f8c-9627-e196b8e33504 tempest-SnapshotMetadataTestJSON-1360313264 tempest-SnapshotMetadataTestJSON-1360313264-project] Snapshot retrieved successfully.
Mar 29 15:32:19.751850 dv-cinder-790535-36-iscsi devstack@c-api.service[109913]: DEBUG cinder.api.openstack.wsgi [None req-c113552b-dfe2-4115-9aa9-e8709cbdb0c9 tempest-VolumeTypesTest-1081057068 tempest-VolumeTypesTest-1081057068-project-admin] Action: 'create', calling method: _create, body: {"volume_type": {"name": "tempest-VolumeTypesTest-volume-type-275176772", "extra_specs": {"storage_protocol": "iSCSI", "vendor_name": "Microsoft"}}} {{(pid=109913) _process_stack /opt/stack/cinder/cinder/api/openstack/wsgi.py:866}}
Mar 29 15:32:19.753544 dv-cinder-790535-36-iscsi devstack@c-api.service[109913]: /usr/local/lib/python3.8/dist-packages/oslo_context/context.py:100: DeprecationWarning: Policy enforcement is depending on the value of is_admin. This key is deprecated. Please update your policy file to use the standard policy values.
Mar 29 15:32:19.753544 dv-cinder-790535-36-iscsi devstack@c-api.service[109913]: warnings.warn('Policy enforcement is depending on the value of '
Mar 29 15:32:19.757071 dv-cinder-790535-36-iscsi devstack@c-api.service[109914]: INFO cinder.api.openstack.wsgi [None req-8cdceddf-2a90-4f8c-9627-e196b8e33504 tempest-SnapshotMetadataTestJSON-1360313264 tempest-SnapshotMetadataTestJSON-1360313264-project] http://10.222.0.18/volume/v3/23a469af17d647259fb047a2950907c1/snapshots/f17747dd-2368-434f-a9a1-599de30bb0d8 returned with HTTP 200
Mar 29 15:32:19.758131 dv-cinder-790535-36-iscsi devstack@c-api.service[109914]: [pid: 109914|app: 0|req: 90/177] 10.222.0.18 () {58 vars in 1330 bytes} [Tue Mar 29 15:32:19 2022] GET /volume/v3/23a469af17d647259fb047a2950907c1/snapshots/f17747dd-2368-434f-a9a1-599de30bb0d8 => generated 441 bytes in 42 msecs (HTTP/1.1 200) 7 headers in 285 bytes (1 switches on core 0)
Mar 29 15:32:19.760117 dv-cinder-790535-36-iscsi devstack@c-api.service[109914]: DEBUG cinder.api.middleware.request_id [None req-7864be6d-9b3c-4d83-bf26-0722c8fc415e None None] RequestId filter calling following filter/app {{(pid=109914) _context_setter /opt/stack/cinder/cinder/api/middleware/request_id.py:62}}
Mar 29 15:32:19.764122 dv-cinder-790535-36-iscsi devstack@c-api.service[109914]: INFO cinder.api.openstack.wsgi [None req-7864be6d-9b3c-4d83-bf26-0722c8fc415e tempest-GroupsTest-429231757 tempest-GroupsTest-429231757-project] GET http://10.222.0.18/volume/v3/f3c5b71183824a5ab8d3113c979d5521/groups/c3387da2-f3f8-450a-bb6e-3a56db8739b6
Mar 29 15:32:19.764784 dv-cinder-790535-36-iscsi devstack@c-api.service[109914]: DEBUG cinder.api.openstack.wsgi [None req-7864be6d-9b3c-4d83-bf26-0722c8fc415e tempest-GroupsTest-429231757 tempest-GroupsTest-429231757-project] Empty body provided in request {{(pid=109914) get_body /opt/stack/cinder/cinder/api/openstack/wsgi.py:715}}
Mar 29 15:32:19.766141 dv-cinder-790535-36-iscsi devstack@c-api.service[109914]: DEBUG cinder.api.openstack.wsgi [None req-7864be6d-9b3c-4d83-bf26-0722c8fc415e tempest-GroupsTest-429231757 tempest-GroupsTest-429231757-project] Calling method 'version_select' {{(pid=109914) _process_stack /opt/stack/cinder/cinder/api/openstack/wsgi.py:868}}
Mar 29 15:32:19.766824 dv-cinder-790535-36-iscsi devstack@c-api.service[109914]: DEBUG cinder.api.v3.groups [None req-7864be6d-9b3c-4d83-bf26-0722c8fc415e tempest-GroupsTest-429231757 tempest-GroupsTest-429231757-project] show called for member c3387da2-f3f8-450a-bb6e-3a56db8739b6 {{(pid=109914) show /opt/stack/cinder/cinder/api/v3/groups.py:58}}
Mar 29 15:32:19.778406 dv-cinder-790535-36-iscsi devstack@c-api.service[109914]: /usr/local/lib/python3.8/dist-packages/oslo_context/context.py:100: DeprecationWarning: Policy enforcement is depending on the value of is_admin. This key is deprecated. Please update your policy file to use the standard policy values.
Mar 29 15:32:19.778406 dv-cinder-790535-36-iscsi devstack@c-api.service[109914]: warnings.warn('Policy enforcement is depending on the value of '
Mar 29 15:32:19.787241 dv-cinder-790535-36-iscsi devstack@c-api.service[109913]: INFO cinder.api.openstack.wsgi [None req-c113552b-dfe2-4115-9aa9-e8709cbdb0c9 tempest-VolumeTypesTest-1081057068 tempest-VolumeTypesTest-1081057068-project-admin] http://10.222.0.18/volume/v3/573d29c9fcee49beac36ec8e9e7f7a62/types returned with HTTP 200
Mar 29 15:32:19.794252 dv-cinder-790535-36-iscsi devstack@c-api.service[109913]: [pid: 109913|app: 0|req: 88/178] 10.222.0.18 () {60 vars in 1229 bytes} [Tue Mar 29 15:32:19 2022] POST /volume/v3/573d29c9fcee49beac36ec8e9e7f7a62/types => generated 275 bytes in 53 msecs (HTTP/1.1 200) 7 headers in 285 bytes (1 switches on core 0)
Mar 29 15:32:19.795993 dv-cinder-790535-36-iscsi devstack@c-api.service[109913]: DEBUG cinder.api.middleware.request_id [None req-c2b4e8dd-6a47-4048-9737-df53c69016a7 None None] RequestId filter calling following filter/app {{(pid=109913) _context_setter /opt/stack/cinder/cinder/api/middleware/request_id.py:62}}
Mar 29 15:32:19.805770 dv-cinder-790535-36-iscsi devstack@c-api.service[109914]: INFO cinder.api.openstack.wsgi [None req-7864be6d-9b3c-4d83-bf26-0722c8fc415e tempest-GroupsTest-429231757 tempest-GroupsTest-429231757-project] http://10.222.0.18/volume/v3/f3c5b71183824a5ab8d3113c979d5521/groups/c3387da2-f3f8-450a-bb6e-3a56db8739b6 returned with HTTP 200
Mar 29 15:32:19.812564 dv-cinder-790535-36-iscsi devstack@c-api.service[109914]: [pid: 109914|app: 0|req: 91/179] 10.222.0.18 () {60 vars in 1362 bytes} [Tue Mar 29 15:32:19 2022] GET /volume/v3/f3c5b71183824a5ab8d3113c979d5521/groups/c3387da2-f3f8-450a-bb6e-3a56db8739b6 => generated 323 bytes in 54 msecs (HTTP/1.1 200) 7 headers in 286 bytes (1 switches on core 0)
Mar 29 15:32:19.814135 dv-cinder-790535-36-iscsi devstack@c-api.service[109914]: DEBUG cinder.api.middleware.request_id [None req-0b1df239-31a9-472a-b212-30a6aa5cb6bd None None] RequestId filter calling following filter/app {{(pid=109914) _context_setter /opt/stack/cinder/cinder/api/middleware/request_id.py:62}}
Mar 29 15:32:19.817927 dv-cinder-790535-36-iscsi devstack@c-api.service[109914]: INFO cinder.api.openstack.wsgi [None req-0b1df239-31a9-472a-b212-30a6aa5cb6bd tempest-GroupsTest-429231757 tempest-GroupsTest-429231757-project] GET http://10.222.0.18/volume/v3/f3c5b71183824a5ab8d3113c979d5521/groups/detail
Mar 29 15:32:19.818628 dv-cinder-790535-36-iscsi devstack@c-api.service[109914]: DEBUG cinder.api.openstack.wsgi [None req-0b1df239-31a9-472a-b212-30a6aa5cb6bd tempest-GroupsTest-429231757 tempest-GroupsTest-429231757-project] Empty body provided in request {{(pid=109914) get_body /opt/stack/cinder/cinder/api/openstack/wsgi.py:715}}
