Mar 24 15:47:52.398083 dv-cinder-790535-34-iscsi devstack@c-api.service[117175]: DEBUG cinder.volume.api [None req-6bfb9767-a4c6-4411-9255-460ba0a49e65 tempest-GroupSnapshotsTest-508892385 tempest-GroupSnapshotsTest-508892385-project] Task 'cinder.volume.flows.api.create_volume.EntryCreateTask;volume:create' (342be0bb-4649-4ca6-a4d5-10073d8d2abd) transitioned into state 'SUCCESS' from state 'RUNNING' with result '{'volume_id': '5470d249-c11a-4501-83cc-5e608655718c', 'volume_properties': VolumeProperties(attach_status='detached',availability_zone='nova',cgsnapshot_id=None,consistencygroup_id=None,display_description=None,display_name=None,encryption_key_id=None,group_id=9d208acb-b1de-4288-aace-4046f776477b,group_type_id=,metadata={},multiattach=False,project_id='4ead0008c47a4e61a1e00f3227cdecfd',qos_specs=None,replication_status=,reservations=['0524f493-1966-4e93-9dc4-2e4a2d7582be','16dde2b9-2c6e-4e90-a689-8f5988cd4449'],size=1,snapshot_id=e03be519-1039-45be-abe4-8f7e671c367c,source_replicaid=,source_volid=None,status='creating',user_id='197e05d643974223a4e12fe6b527c615',volume_type_id=1afd02d9-83e3-4d70-8a4f-879e953bbcbe), 'volume': Volume(_name_id=None,admin_metadata=,attach_status='detached',availability_zone='nova',bootable=False,cluster=,cluster_name=None,consistencygroup=,consistencygroup_id=None,created_at=2022-03-24T15:47:52Z,deleted=False,deleted_at=None,display_description=None,display_name=None,ec2_id=None,encryption_key_id=None,glance_metadata=,group=,group_id=9d208acb-b1de-4288-aace-4046f776477b,host=None,id=5470d249-c11a-4501-83cc-5e608655718c,launched_at=None,metadata={},migration_status=None,multiattach=False,previous_status=None,project_id='4ead0008c47a4e61a1e00f3227cdecfd',provider_auth=None,provider_geometry=None,provider_id=None,provider_location=None,replication_driver_data=None,replication_extended_status=None,replication_status=None,scheduled_at=None,service_uuid=None,shared_targets=True,size=1,snapshot_id=e03be519-1039-45be-abe4-8f7e671c367c,snapshots=,source_volid=None,status='creating',terminated_at=None,updated_at=None,use_quota=True,user_id='197e05d643974223a4e12fe6b527c615',volume_attachment=VolumeAttachmentList,volume_type=VolumeType(1afd02d9-83e3-4d70-8a4f-879e953bbcbe),volume_type_id=1afd02d9-83e3-4d70-8a4f-879e953bbcbe)}' {{(pid=117175) _task_receiver /usr/local/lib/python3.8/dist-packages/taskflow/listeners/logging.py:178}}
Mar 24 15:47:52.398083 dv-cinder-790535-34-iscsi devstack@c-api.service[117175]: DEBUG cinder.volume.api [None req-6bfb9767-a4c6-4411-9255-460ba0a49e65 tempest-GroupSnapshotsTest-508892385 tempest-GroupSnapshotsTest-508892385-project] Task 'cinder.volume.flows.api.create_volume.QuotaCommitTask;volume:create' (22ab175b-5847-4210-ab64-2a0e7a6bd2b2) transitioned into state 'RUNNING' from state 'PENDING' {{(pid=117175) _task_receiver /usr/local/lib/python3.8/dist-packages/taskflow/listeners/logging.py:190}}
Mar 24 15:47:52.436010 dv-cinder-790535-34-iscsi devstack@c-api.service[117174]: INFO cinder.api.openstack.wsgi [None req-570d2681-e4e1-48cd-961e-d30ef8b39f93 tempest-BackendsCapabilitiesAdminTestsJSON-1169191409 tempest-BackendsCapabilitiesAdminTestsJSON-1169191409-project-admin] GET http://10.222.0.31/volume/v3/fd46e784f2ed440a8e5c09e7d2e77c9e/scheduler-stats/get_pools
Mar 24 15:47:52.436010 dv-cinder-790535-34-iscsi devstack@c-api.service[117174]: DEBUG cinder.api.openstack.wsgi [None req-570d2681-e4e1-48cd-961e-d30ef8b39f93 tempest-BackendsCapabilitiesAdminTestsJSON-1169191409 tempest-BackendsCapabilitiesAdminTestsJSON-1169191409-project-admin] Empty body provided in request {{(pid=117174) get_body /opt/stack/cinder/cinder/api/openstack/wsgi.py:715}}
Mar 24 15:47:52.436010 dv-cinder-790535-34-iscsi devstack@c-api.service[117174]: DEBUG cinder.api.openstack.wsgi [None req-570d2681-e4e1-48cd-961e-d30ef8b39f93 tempest-BackendsCapabilitiesAdminTestsJSON-1169191409 tempest-BackendsCapabilitiesAdminTestsJSON-1169191409-project-admin] Calling method 'get_pools' {{(pid=117174) _process_stack /opt/stack/cinder/cinder/api/openstack/wsgi.py:868}}
Mar 24 15:47:52.483935 dv-cinder-790535-34-iscsi devstack@c-api.service[117174]: INFO cinder.api.openstack.wsgi [None req-570d2681-e4e1-48cd-961e-d30ef8b39f93 tempest-BackendsCapabilitiesAdminTestsJSON-1169191409 tempest-BackendsCapabilitiesAdminTestsJSON-1169191409-project-admin] http://10.222.0.31/volume/v3/fd46e784f2ed440a8e5c09e7d2e77c9e/scheduler-stats/get_pools returned with HTTP 200
Mar 24 15:47:52.489709 dv-cinder-790535-34-iscsi devstack@c-api.service[117174]: [pid: 117174|app: 0|req: 73/144] 10.222.0.31 () {58 vars in 1267 bytes} [Thu Mar 24 15:47:52 2022] GET /volume/v3/fd46e784f2ed440a8e5c09e7d2e77c9e/scheduler-stats/get_pools => generated 66 bytes in 184 msecs (HTTP/1.1 200) 7 headers in 284 bytes (1 switches on core 0)
Mar 24 15:47:52.489709 dv-cinder-790535-34-iscsi devstack@c-api.service[117174]: DEBUG cinder.api.middleware.request_id [None req-2abb41b2-9930-4b3e-9dde-b34d5302050a None None] RequestId filter calling following filter/app {{(pid=117174) _context_setter /opt/stack/cinder/cinder/api/middleware/request_id.py:62}}
Mar 24 15:47:52.493346 dv-cinder-790535-34-iscsi devstack@c-api.service[117174]: INFO cinder.api.openstack.wsgi [None req-2abb41b2-9930-4b3e-9dde-b34d5302050a tempest-SnapshotsActionsTest-405538590 tempest-SnapshotsActionsTest-405538590-project] GET http://10.222.0.31/volume/v3/9049b2bdd4e84806a3883f379e11eb14/snapshots/6846d05a-8e4e-4852-9021-014743739256
Mar 24 15:47:52.494250 dv-cinder-790535-34-iscsi devstack@c-api.service[117174]: DEBUG cinder.api.openstack.wsgi [None req-2abb41b2-9930-4b3e-9dde-b34d5302050a tempest-SnapshotsActionsTest-405538590 tempest-SnapshotsActionsTest-405538590-project] Empty body provided in request {{(pid=117174) get_body /opt/stack/cinder/cinder/api/openstack/wsgi.py:715}}
Mar 24 15:47:52.494770 dv-cinder-790535-34-iscsi devstack@c-api.service[117174]: DEBUG cinder.api.openstack.wsgi [None req-2abb41b2-9930-4b3e-9dde-b34d5302050a tempest-SnapshotsActionsTest-405538590 tempest-SnapshotsActionsTest-405538590-project] Calling method 'show' {{(pid=117174) _process_stack /opt/stack/cinder/cinder/api/openstack/wsgi.py:868}}
Mar 24 15:47:52.508063 dv-cinder-790535-34-iscsi devstack@c-api.service[117174]: /usr/local/lib/python3.8/dist-packages/oslo_context/context.py:100: DeprecationWarning: Policy enforcement is depending on the value of is_admin. This key is deprecated. Please update your policy file to use the standard policy values.
Mar 24 15:47:52.508063 dv-cinder-790535-34-iscsi devstack@c-api.service[117174]: warnings.warn('Policy enforcement is depending on the value of '
Mar 24 15:47:52.509225 dv-cinder-790535-34-iscsi devstack@c-api.service[117174]: INFO cinder.volume.api [None req-2abb41b2-9930-4b3e-9dde-b34d5302050a tempest-SnapshotsActionsTest-405538590 tempest-SnapshotsActionsTest-405538590-project] Snapshot retrieved successfully.
Mar 24 15:47:52.513339 dv-cinder-790535-34-iscsi devstack@c-api.service[117174]: INFO cinder.api.openstack.wsgi [None req-2abb41b2-9930-4b3e-9dde-b34d5302050a tempest-SnapshotsActionsTest-405538590 tempest-SnapshotsActionsTest-405538590-project] http://10.222.0.31/volume/v3/9049b2bdd4e84806a3883f379e11eb14/snapshots/6846d05a-8e4e-4852-9021-014743739256 returned with HTTP 200
Mar 24 15:47:52.514605 dv-cinder-790535-34-iscsi devstack@c-api.service[117174]: [pid: 117174|app: 0|req: 74/145] 10.222.0.31 () {58 vars in 1330 bytes} [Thu Mar 24 15:47:52 2022] GET /volume/v3/9049b2bdd4e84806a3883f379e11eb14/snapshots/6846d05a-8e4e-4852-9021-014743739256 => generated 439 bytes in 29 msecs (HTTP/1.1 200) 7 headers in 285 bytes (1 switches on core 0)
Mar 24 15:47:52.516301 dv-cinder-790535-34-iscsi devstack@c-api.service[117174]: DEBUG cinder.api.middleware.request_id [None req-7ccedb88-af81-48d3-ad9b-6c0de61bfd0b None None] RequestId filter calling following filter/app {{(pid=117174) _context_setter /opt/stack/cinder/cinder/api/middleware/request_id.py:62}}
Mar 24 15:47:52.522656 dv-cinder-790535-34-iscsi devstack@c-api.service[117174]: INFO cinder.api.openstack.wsgi [None req-7ccedb88-af81-48d3-ad9b-6c0de61bfd0b tempest-BackendsCapabilitiesAdminTestsJSON-1169191409 tempest-BackendsCapabilitiesAdminTestsJSON-1169191409-project-admin] GET http://10.222.0.31/volume/v3/fd46e784f2ed440a8e5c09e7d2e77c9e/scheduler-stats/get_pools?detail=True
Mar 24 15:47:52.523136 dv-cinder-790535-34-iscsi devstack@c-api.service[117174]: DEBUG cinder.api.openstack.wsgi [None req-7ccedb88-af81-48d3-ad9b-6c0de61bfd0b tempest-BackendsCapabilitiesAdminTestsJSON-1169191409 tempest-BackendsCapabilitiesAdminTestsJSON-1169191409-project-admin] Empty body provided in request {{(pid=117174) get_body /opt/stack/cinder/cinder/api/openstack/wsgi.py:715}}
Mar 24 15:47:52.523591 dv-cinder-790535-34-iscsi devstack@c-api.service[117174]: DEBUG cinder.api.openstack.wsgi [None req-7ccedb88-af81-48d3-ad9b-6c0de61bfd0b tempest-BackendsCapabilitiesAdminTestsJSON-1169191409 tempest-BackendsCapabilitiesAdminTestsJSON-1169191409-project-admin] Calling method 'get_pools' {{(pid=117174) _process_stack /opt/stack/cinder/cinder/api/openstack/wsgi.py:868}}
Mar 24 15:47:52.549797 dv-cinder-790535-34-iscsi devstack@c-api.service[117174]: INFO cinder.api.openstack.wsgi [None req-7ccedb88-af81-48d3-ad9b-6c0de61bfd0b tempest-BackendsCapabilitiesAdminTestsJSON-1169191409 tempest-BackendsCapabilitiesAdminTestsJSON-1169191409-project-admin] http://10.222.0.31/volume/v3/fd46e784f2ed440a8e5c09e7d2e77c9e/scheduler-stats/get_pools?detail=True returned with HTTP 200
Mar 24 15:47:52.551504 dv-cinder-790535-34-iscsi devstack@c-api.service[117174]: [pid: 117174|app: 0|req: 75/146] 10.222.0.31 () {58 vars in 1290 bytes} [Thu Mar 24 15:47:52 2022] GET /volume/v3/fd46e784f2ed440a8e5c09e7d2e77c9e/scheduler-stats/get_pools?detail=True => generated 482 bytes in 36 msecs (HTTP/1.1 200) 7 headers in 285 bytes (1 switches on core 0)
Mar 24 15:47:52.554335 dv-cinder-790535-34-iscsi devstack@c-api.service[117175]: DEBUG cinder.volume.api [None req-6bfb9767-a4c6-4411-9255-460ba0a49e65 tempest-GroupSnapshotsTest-508892385 tempest-GroupSnapshotsTest-508892385-project] Task 'cinder.volume.flows.api.create_volume.QuotaCommitTask;volume:create' (22ab175b-5847-4210-ab64-2a0e7a6bd2b2) transitioned into state 'SUCCESS' from state 'RUNNING' with result '{'volume_properties': VolumeProperties(attach_status='detached',availability_zone='nova',cgsnapshot_id=None,consistencygroup_id=None,display_description=None,display_name=None,encryption_key_id=None,group_id=9d208acb-b1de-4288-aace-4046f776477b,group_type_id=,metadata={},multiattach=False,project_id='4ead0008c47a4e61a1e00f3227cdecfd',qos_specs=None,replication_status=,reservations=['0524f493-1966-4e93-9dc4-2e4a2d7582be','16dde2b9-2c6e-4e90-a689-8f5988cd4449'],size=1,snapshot_id=e03be519-1039-45be-abe4-8f7e671c367c,source_replicaid=,source_volid=None,status='creating',user_id='197e05d643974223a4e12fe6b527c615',volume_type_id=1afd02d9-83e3-4d70-8a4f-879e953bbcbe)}' {{(pid=117175) _task_receiver /usr/local/lib/python3.8/dist-packages/taskflow/listeners/logging.py:178}}
Mar 24 15:47:52.559370 dv-cinder-790535-34-iscsi devstack@c-api.service[117175]: DEBUG cinder.volume.api [None req-6bfb9767-a4c6-4411-9255-460ba0a49e65 tempest-GroupSnapshotsTest-508892385 tempest-GroupSnapshotsTest-508892385-project] Flow 'volume_create_api' (84c22631-5a1e-43d6-bbee-0fd7bc8a8a94) transitioned into state 'SUCCESS' from state 'RUNNING' {{(pid=117175) _flow_receiver /usr/local/lib/python3.8/dist-packages/taskflow/listeners/logging.py:141}}
Mar 24 15:47:52.560183 dv-cinder-790535-34-iscsi devstack@c-api.service[117175]: INFO cinder.volume.api [None req-6bfb9767-a4c6-4411-9255-460ba0a49e65 tempest-GroupSnapshotsTest-508892385 tempest-GroupSnapshotsTest-508892385-project] Create volume request issued successfully.
Mar 24 15:47:52.565289 dv-cinder-790535-34-iscsi devstack@c-api.service[117174]: DEBUG cinder.api.middleware.request_id [None req-88786942-b601-4437-8f52-f43fd7b4c10d None None] RequestId filter calling following filter/app {{(pid=117174) _context_setter /opt/stack/cinder/cinder/api/middleware/request_id.py:62}}
Mar 24 15:47:52.571949 dv-cinder-790535-34-iscsi devstack@c-api.service[117174]: INFO cinder.api.openstack.wsgi [None req-88786942-b601-4437-8f52-f43fd7b4c10d tempest-BackendsCapabilitiesAdminTestsJSON-1169191409 tempest-BackendsCapabilitiesAdminTestsJSON-1169191409-project-admin] GET http://10.222.0.31/volume/v3/fd46e784f2ed440a8e5c09e7d2e77c9e/capabilities/hv-cinder-79053@wincnd
Mar 24 15:47:52.573016 dv-cinder-790535-34-iscsi devstack@c-api.service[117174]: DEBUG cinder.api.openstack.wsgi [None req-88786942-b601-4437-8f52-f43fd7b4c10d tempest-BackendsCapabilitiesAdminTestsJSON-1169191409 tempest-BackendsCapabilitiesAdminTestsJSON-1169191409-project-admin] Empty body provided in request {{(pid=117174) get_body /opt/stack/cinder/cinder/api/openstack/wsgi.py:715}}
Mar 24 15:47:52.574240 dv-cinder-790535-34-iscsi devstack@c-api.service[117174]: DEBUG cinder.api.openstack.wsgi [None req-88786942-b601-4437-8f52-f43fd7b4c10d tempest-BackendsCapabilitiesAdminTestsJSON-1169191409 tempest-BackendsCapabilitiesAdminTestsJSON-1169191409-project-admin] Calling method 'show' {{(pid=117174) _process_stack /opt/stack/cinder/cinder/api/openstack/wsgi.py:868}}
Mar 24 15:47:52.728027 dv-cinder-790535-34-iscsi devstack@c-api.service[117175]: INFO cinder.api.openstack.wsgi [None req-6bfb9767-a4c6-4411-9255-460ba0a49e65 tempest-GroupSnapshotsTest-508892385 tempest-GroupSnapshotsTest-508892385-project] http://10.222.0.31/volume/v3/4ead0008c47a4e61a1e00f3227cdecfd/groups/action returned with HTTP 202
Mar 24 15:47:52.729433 dv-cinder-790535-34-iscsi devstack@c-api.service[117175]: [pid: 117175|app: 0|req: 72/147] 10.222.0.31 () {62 vars in 1294 bytes} [Thu Mar 24 15:47:51 2022] POST /volume/v3/4ead0008c47a4e61a1e00f3227cdecfd/groups/action => generated 102 bytes in 1255 msecs (HTTP/1.1 202) 7 headers in 292 bytes (1 switches on core 0)
Mar 24 15:47:52.732572 dv-cinder-790535-34-iscsi devstack@c-api.service[117175]: DEBUG cinder.api.middleware.request_id [None req-a6f3dc8d-8411-4ce2-9b18-14257b161719 None None] RequestId filter calling following filter/app {{(pid=117175) _context_setter /opt/stack/cinder/cinder/api/middleware/request_id.py:62}}
Mar 24 15:47:52.738378 dv-cinder-790535-34-iscsi devstack@c-api.service[117175]: INFO cinder.api.openstack.wsgi [None req-a6f3dc8d-8411-4ce2-9b18-14257b161719 tempest-VolumeQuotasAdminTestJSON-1026165018 tempest-VolumeQuotasAdminTestJSON-1026165018-project] GET http://10.222.0.31/volume/v3/90c13e0720e34069838e498f7936e927/volumes/b466c01f-93c9-4d10-b06f-d4ccabe96b2d
Mar 24 15:47:52.738378 dv-cinder-790535-34-iscsi devstack@c-api.service[117175]: DEBUG cinder.api.openstack.wsgi [None req-a6f3dc8d-8411-4ce2-9b18-14257b161719 tempest-VolumeQuotasAdminTestJSON-1026165018 tempest-VolumeQuotasAdminTestJSON-1026165018-project] Empty body provided in request {{(pid=117175) get_body /opt/stack/cinder/cinder/api/openstack/wsgi.py:715}}
Mar 24 15:47:52.738378 dv-cinder-790535-34-iscsi devstack@c-api.service[117175]: DEBUG cinder.api.openstack.wsgi [None req-a6f3dc8d-8411-4ce2-9b18-14257b161719 tempest-VolumeQuotasAdminTestJSON-1026165018 tempest-VolumeQuotasAdminTestJSON-1026165018-project] Calling method 'show' {{(pid=117175) _process_stack /opt/stack/cinder/cinder/api/openstack/wsgi.py:868}}
Mar 24 15:47:52.757474 dv-cinder-790535-34-iscsi devstack@c-api.service[117175]: /usr/local/lib/python3.8/dist-packages/oslo_context/context.py:100: DeprecationWarning: Policy enforcement is depending on the value of is_admin. This key is deprecated. Please update your policy file to use the standard policy values.
Mar 24 15:47:52.757474 dv-cinder-790535-34-iscsi devstack@c-api.service[117175]: warnings.warn('Policy enforcement is depending on the value of '
Mar 24 15:47:52.766420 dv-cinder-790535-34-iscsi devstack@c-api.service[117175]: INFO cinder.volume.api [None req-a6f3dc8d-8411-4ce2-9b18-14257b161719 tempest-VolumeQuotasAdminTestJSON-1026165018 tempest-VolumeQuotasAdminTestJSON-1026165018-project] Volume info retrieved successfully.
Mar 24 15:47:52.783754 dv-cinder-790535-34-iscsi devstack@c-api.service[117175]: INFO cinder.api.openstack.wsgi [None req-a6f3dc8d-8411-4ce2-9b18-14257b161719 tempest-VolumeQuotasAdminTestJSON-1026165018 tempest-VolumeQuotasAdminTestJSON-1026165018-project] http://10.222.0.31/volume/v3/90c13e0720e34069838e498f7936e927/volumes/b466c01f-93c9-4d10-b06f-d4ccabe96b2d returned with HTTP 200
Mar 24 15:47:52.787076 dv-cinder-790535-34-iscsi devstack@c-api.service[117175]: [pid: 117175|app: 0|req: 73/148] 10.222.0.31 () {58 vars in 1324 bytes} [Thu Mar 24 15:47:52 2022] GET /volume/v3/90c13e0720e34069838e498f7936e927/volumes/b466c01f-93c9-4d10-b06f-d4ccabe96b2d => generated 917 bytes in 57 msecs (HTTP/1.1 200) 7 headers in 285 bytes (1 switches on core 0)
Mar 24 15:47:52.790150 dv-cinder-790535-34-iscsi devstack@c-api.service[117175]: DEBUG cinder.api.middleware.request_id [None req-c0e02226-b008-4310-9d7a-6349a6e88095 None None] RequestId filter calling following filter/app {{(pid=117175) _context_setter /opt/stack/cinder/cinder/api/middleware/request_id.py:62}}
Mar 24 15:47:52.797162 dv-cinder-790535-34-iscsi devstack@c-api.service[117175]: INFO cinder.api.openstack.wsgi [None req-c0e02226-b008-4310-9d7a-6349a6e88095 tempest-GroupSnapshotsTest-508892385 tempest-GroupSnapshotsTest-508892385-project] GET http://10.222.0.31/volume/v3/4ead0008c47a4e61a1e00f3227cdecfd/volumes/detail
Mar 24 15:47:52.798842 dv-cinder-790535-34-iscsi devstack@c-api.service[117175]: DEBUG cinder.api.openstack.wsgi [None req-c0e02226-b008-4310-9d7a-6349a6e88095 tempest-GroupSnapshotsTest-508892385 tempest-GroupSnapshotsTest-508892385-project] Empty body provided in request {{(pid=117175) get_body /opt/stack/cinder/cinder/api/openstack/wsgi.py:715}}
Mar 24 15:47:52.799527 dv-cinder-790535-34-iscsi devstack@c-api.service[117175]: DEBUG cinder.api.openstack.wsgi [None req-c0e02226-b008-4310-9d7a-6349a6e88095 tempest-GroupSnapshotsTest-508892385 tempest-GroupSnapshotsTest-508892385-project] Calling method 'detail' {{(pid=117175) _process_stack /opt/stack/cinder/cinder/api/openstack/wsgi.py:868}}
Mar 24 15:47:52.800821 dv-cinder-790535-34-iscsi devstack@c-api.service[117175]: DEBUG cinder.api.api_utils [None req-c0e02226-b008-4310-9d7a-6349a6e88095 tempest-GroupSnapshotsTest-508892385 tempest-GroupSnapshotsTest-508892385-project] Removing options '' from query. {{(pid=117175) remove_invalid_filter_options /opt/stack/cinder/cinder/api/api_utils.py:73}}
Mar 24 15:47:52.803070 dv-cinder-790535-34-iscsi devstack@c-api.service[117175]: DEBUG cinder.volume.api [None req-c0e02226-b008-4310-9d7a-6349a6e88095 tempest-GroupSnapshotsTest-508892385 tempest-GroupSnapshotsTest-508892385-project] Searching by: MultiDict([('no_migration_targets', True)]). {{(pid=117175) get_all /opt/stack/cinder/cinder/volume/api.py:662}}
Mar 24 15:47:52.873132 dv-cinder-790535-34-iscsi devstack@c-api.service[117175]: INFO cinder.volume.api [None req-c0e02226-b008-4310-9d7a-6349a6e88095 tempest-GroupSnapshotsTest-508892385 tempest-GroupSnapshotsTest-508892385-project] Get all volumes completed successfully.
Mar 24 15:47:52.874994 dv-cinder-790535-34-iscsi devstack@c-api.service[117175]: WARNING stevedore.named [None req-c0e02226-b008-4310-9d7a-6349a6e88095 tempest-GroupSnapshotsTest-508892385 tempest-GroupSnapshotsTest-508892385-project] Could not load cinder.keymgr.conf_key_mgr.ConfKeyManager
Mar 24 15:47:52.875392 dv-cinder-790535-34-iscsi devstack@c-api.service[117175]: WARNING castellan.key_manager [None req-c0e02226-b008-4310-9d7a-6349a6e88095 tempest-GroupSnapshotsTest-508892385 tempest-GroupSnapshotsTest-508892385-project] Deprecation Warning : cinder.keymgr.conf_key_mgr.ConfKeyManager is not a stevedore based driver, trying to load it as a class: stevedore.exception.NoMatches: No 'castellan.drivers' driver found, looking for 'cinder.keymgr.conf_key_mgr.ConfKeyManager'
Mar 24 15:47:52.883517 dv-cinder-790535-34-iscsi devstack@c-api.service[117175]: DEBUG oslo_db.sqlalchemy.engines [None req-c0e02226-b008-4310-9d7a-6349a6e88095 tempest-GroupSnapshotsTest-508892385 tempest-GroupSnapshotsTest-508892385-project] MySQL server mode set to STRICT_TRANS_TABLES,STRICT_ALL_TABLES,NO_ZERO_IN_DATE,NO_ZERO_DATE,ERROR_FOR_DIVISION_BY_ZERO,TRADITIONAL,NO_ENGINE_SUBSTITUTION {{(pid=117175) _check_effective_sql_mode /usr/local/lib/python3.8/dist-packages/oslo_db/sqlalchemy/engines.py:314}}
Mar 24 15:47:52.891069 dv-cinder-790535-34-iscsi devstack@c-api.service[117175]: /usr/local/lib/python3.8/dist-packages/oslo_context/context.py:100: DeprecationWarning: Policy enforcement is depending on the value of is_admin. This key is deprecated. Please update your policy file to use the standard policy values.
Mar 24 15:47:52.891069 dv-cinder-790535-34-iscsi devstack@c-api.service[117175]: warnings.warn('Policy enforcement is depending on the value of '
Mar 24 15:47:52.903164 dv-cinder-790535-34-iscsi devstack@c-api.service[117175]: WARNING stevedore.named [None req-c0e02226-b008-4310-9d7a-6349a6e88095 tempest-GroupSnapshotsTest-508892385 tempest-GroupSnapshotsTest-508892385-project] Could not load cinder.keymgr.conf_key_mgr.ConfKeyManager
Mar 24 15:47:52.903637 dv-cinder-790535-34-iscsi devstack@c-api.service[117175]: WARNING castellan.key_manager [None req-c0e02226-b008-4310-9d7a-6349a6e88095 tempest-GroupSnapshotsTest-508892385 tempest-GroupSnapshotsTest-508892385-project] Deprecation Warning : cinder.keymgr.conf_key_mgr.ConfKeyManager is not a stevedore based driver, trying to load it as a class: stevedore.exception.NoMatches: No 'castellan.drivers' driver found, looking for 'cinder.keymgr.conf_key_mgr.ConfKeyManager'
Mar 24 15:47:52.911013 dv-cinder-790535-34-iscsi devstack@c-api.service[117175]: DEBUG oslo_db.sqlalchemy.engines [None req-c0e02226-b008-4310-9d7a-6349a6e88095 tempest-GroupSnapshotsTest-508892385 tempest-GroupSnapshotsTest-508892385-project] MySQL server mode set to STRICT_TRANS_TABLES,STRICT_ALL_TABLES,NO_ZERO_IN_DATE,NO_ZERO_DATE,ERROR_FOR_DIVISION_BY_ZERO,TRADITIONAL,NO_ENGINE_SUBSTITUTION {{(pid=117175) _check_effective_sql_mode /usr/local/lib/python3.8/dist-packages/oslo_db/sqlalchemy/engines.py:314}}
Mar 24 15:47:52.918597 dv-cinder-790535-34-iscsi devstack@c-api.service[117175]: /usr/local/lib/python3.8/dist-packages/oslo_context/context.py:100: DeprecationWarning: Policy enforcement is depending on the value of is_admin. This key is deprecated. Please update your policy file to use the standard policy values.
Mar 24 15:47:52.918597 dv-cinder-790535-34-iscsi devstack@c-api.service[117175]: warnings.warn('Policy enforcement is depending on the value of '
Mar 24 15:47:52.934887 dv-cinder-790535-34-iscsi devstack@c-api.service[117175]: INFO cinder.api.openstack.wsgi [None req-c0e02226-b008-4310-9d7a-6349a6e88095 tempest-GroupSnapshotsTest-508892385 tempest-GroupSnapshotsTest-508892385-project] http://10.222.0.31/volume/v3/4ead0008c47a4e61a1e00f3227cdecfd/volumes/detail returned with HTTP 200
Mar 24 15:47:52.935792 dv-cinder-790535-34-iscsi devstack@c-api.service[117175]: [pid: 117175|app: 0|req: 74/149] 10.222.0.31 () {60 vars in 1275 bytes} [Thu Mar 24 15:47:52 2022] GET /volume/v3/4ead0008c47a4e61a1e00f3227cdecfd/volumes/detail => generated 1986 bytes in 148 msecs (HTTP/1.1 200) 7 headers in 287 bytes (1 switches on core 0)
Mar 24 15:47:52.952325 dv-cinder-790535-34-iscsi devstack@c-api.service[117174]: INFO cinder.api.openstack.wsgi [None req-88786942-b601-4437-8f52-f43fd7b4c10d tempest-BackendsCapabilitiesAdminTestsJSON-1169191409 tempest-BackendsCapabilitiesAdminTestsJSON-1169191409-project-admin] http://10.222.0.31/volume/v3/fd46e784f2ed440a8e5c09e7d2e77c9e/capabilities/hv-cinder-79053@wincnd returned with HTTP 200
Mar 24 15:47:52.953176 dv-cinder-790535-34-iscsi devstack@c-api.service[117175]: DEBUG cinder.api.middleware.request_id [None req-cca41152-aaed-4fe5-96e8-f4633243c22c None None] RequestId filter calling following filter/app {{(pid=117175) _context_setter /opt/stack/cinder/cinder/api/middleware/request_id.py:62}}
Mar 24 15:47:52.960836 dv-cinder-790535-34-iscsi devstack@c-api.service[117175]: INFO cinder.api.openstack.wsgi [None req-cca41152-aaed-4fe5-96e8-f4633243c22c tempest-GroupSnapshotsTest-508892385 tempest-GroupSnapshotsTest-508892385-project] GET http://10.222.0.31/volume/v3/4ead0008c47a4e61a1e00f3227cdecfd/volumes/5470d249-c11a-4501-83cc-5e608655718c
Mar 24 15:47:52.961538 dv-cinder-790535-34-iscsi devstack@c-api.service[117175]: DEBUG cinder.api.openstack.wsgi [None req-cca41152-aaed-4fe5-96e8-f4633243c22c tempest-GroupSnapshotsTest-508892385 tempest-GroupSnapshotsTest-508892385-project] Empty body provided in request {{(pid=117175) get_body /opt/stack/cinder/cinder/api/openstack/wsgi.py:715}}
Mar 24 15:47:52.962206 dv-cinder-790535-34-iscsi devstack@c-api.service[117175]: DEBUG cinder.api.openstack.wsgi [None req-cca41152-aaed-4fe5-96e8-f4633243c22c tempest-GroupSnapshotsTest-508892385 tempest-GroupSnapshotsTest-508892385-project] Calling method 'show' {{(pid=117175) _process_stack /opt/stack/cinder/cinder/api/openstack/wsgi.py:868}}
Mar 24 15:47:52.962319 dv-cinder-790535-34-iscsi devstack@c-api.service[117174]: [pid: 117174|app: 0|req: 76/150] 10.222.0.31 () {58 vars in 1297 bytes} [Thu Mar 24 15:47:52 2022] GET /volume/v3/fd46e784f2ed440a8e5c09e7d2e77c9e/capabilities/hv-cinder-79053@wincnd => generated 715 bytes in 398 msecs (HTTP/1.1 200) 7 headers in 285 bytes (1 switches on core 0)
Mar 24 15:47:52.972929 dv-cinder-790535-34-iscsi devstack@c-api.service[117174]: DEBUG cinder.api.middleware.request_id [None req-3ce26640-c95d-4a52-b920-0496550fa7fa None None] RequestId filter calling following filter/app {{(pid=117174) _context_setter /opt/stack/cinder/cinder/api/middleware/request_id.py:62}}
Mar 24 15:47:52.979097 dv-cinder-790535-34-iscsi devstack@c-api.service[117175]: /usr/local/lib/python3.8/dist-packages/oslo_context/context.py:100: DeprecationWarning: Policy enforcement is depending on the value of is_admin. This key is deprecated. Please update your policy file to use the standard policy values.
Mar 24 15:47:52.979097 dv-cinder-790535-34-iscsi devstack@c-api.service[117175]: warnings.warn('Policy enforcement is depending on the value of '
Mar 24 15:47:52.985158 dv-cinder-790535-34-iscsi devstack@c-api.service[117174]: INFO cinder.api.openstack.wsgi [None req-3ce26640-c95d-4a52-b920-0496550fa7fa tempest-BackendsCapabilitiesAdminTestsJSON-1169191409 tempest-BackendsCapabilitiesAdminTestsJSON-1169191409-project-admin] GET http://10.222.0.31/volume/v3/fd46e784f2ed440a8e5c09e7d2e77c9e/capabilities/hv-cinder-79053@wincnd
Mar 24 15:47:52.986332 dv-cinder-790535-34-iscsi devstack@c-api.service[117174]: DEBUG cinder.api.openstack.wsgi [None req-3ce26640-c95d-4a52-b920-0496550fa7fa tempest-BackendsCapabilitiesAdminTestsJSON-1169191409 tempest-BackendsCapabilitiesAdminTestsJSON-1169191409-project-admin] Empty body provided in request {{(pid=117174) get_body /opt/stack/cinder/cinder/api/openstack/wsgi.py:715}}
Mar 24 15:47:52.987243 dv-cinder-790535-34-iscsi devstack@c-api.service[117174]: DEBUG cinder.api.openstack.wsgi [None req-3ce26640-c95d-4a52-b920-0496550fa7fa tempest-BackendsCapabilitiesAdminTestsJSON-1169191409 tempest-BackendsCapabilitiesAdminTestsJSON-1169191409-project-admin] Calling method 'show' {{(pid=117174) _process_stack /opt/stack/cinder/cinder/api/openstack/wsgi.py:868}}
Mar 24 15:47:52.988813 dv-cinder-790535-34-iscsi devstack@c-api.service[117175]: INFO cinder.volume.api [None req-cca41152-aaed-4fe5-96e8-f4633243c22c tempest-GroupSnapshotsTest-508892385 tempest-GroupSnapshotsTest-508892385-project] Volume info retrieved successfully.
Mar 24 15:47:52.990278 dv-cinder-790535-34-iscsi devstack@c-api.service[117175]: WARNING stevedore.named [None req-cca41152-aaed-4fe5-96e8-f4633243c22c tempest-GroupSnapshotsTest-508892385 tempest-GroupSnapshotsTest-508892385-project] Could not load cinder.keymgr.conf_key_mgr.ConfKeyManager
Mar 24 15:47:52.990896 dv-cinder-790535-34-iscsi devstack@c-api.service[117175]: WARNING castellan.key_manager [None req-cca41152-aaed-4fe5-96e8-f4633243c22c tempest-GroupSnapshotsTest-508892385 tempest-GroupSnapshotsTest-508892385-project] Deprecation Warning : cinder.keymgr.conf_key_mgr.ConfKeyManager is not a stevedore based driver, trying to load it as a class: stevedore.exception.NoMatches: No 'castellan.drivers' driver found, looking for 'cinder.keymgr.conf_key_mgr.ConfKeyManager'
Mar 24 15:47:53.012952 dv-cinder-790535-34-iscsi devstack@c-api.service[117175]: DEBUG oslo_db.sqlalchemy.engines [None req-cca41152-aaed-4fe5-96e8-f4633243c22c tempest-GroupSnapshotsTest-508892385 tempest-GroupSnapshotsTest-508892385-project] MySQL server mode set to STRICT_TRANS_TABLES,STRICT_ALL_TABLES,NO_ZERO_IN_DATE,NO_ZERO_DATE,ERROR_FOR_DIVISION_BY_ZERO,TRADITIONAL,NO_ENGINE_SUBSTITUTION {{(pid=117175) _check_effective_sql_mode /usr/local/lib/python3.8/dist-packages/oslo_db/sqlalchemy/engines.py:314}}
Mar 24 15:47:53.016768 dv-cinder-790535-34-iscsi devstack@c-api.service[117174]: INFO cinder.api.openstack.wsgi [None req-3ce26640-c95d-4a52-b920-0496550fa7fa tempest-BackendsCapabilitiesAdminTestsJSON-1169191409 tempest-BackendsCapabilitiesAdminTestsJSON-1169191409-project-admin] http://10.222.0.31/volume/v3/fd46e784f2ed440a8e5c09e7d2e77c9e/capabilities/hv-cinder-79053@wincnd returned with HTTP 200
Mar 24 15:47:53.018438 dv-cinder-790535-34-iscsi devstack@c-api.service[117174]: [pid: 117174|app: 0|req: 77/151] 10.222.0.31 () {58 vars in 1297 bytes} [Thu Mar 24 15:47:52 2022] GET /volume/v3/fd46e784f2ed440a8e5c09e7d2e77c9e/capabilities/hv-cinder-79053@wincnd => generated 715 bytes in 48 msecs (HTTP/1.1 200) 7 headers in 285 bytes (1 switches on core 0)
Mar 24 15:47:53.028224 dv-cinder-790535-34-iscsi devstack@c-api.service[117175]: /usr/local/lib/python3.8/dist-packages/oslo_context/context.py:100: DeprecationWarning: Policy enforcement is depending on the value of is_admin. This key is deprecated. Please update your policy file to use the standard policy values.
Mar 24 15:47:53.028224 dv-cinder-790535-34-iscsi devstack@c-api.service[117175]: warnings.warn('Policy enforcement is depending on the value of '
Mar 24 15:47:53.064825 dv-cinder-790535-34-iscsi devstack@c-api.service[117175]: INFO cinder.api.openstack.wsgi [None req-cca41152-aaed-4fe5-96e8-f4633243c22c tempest-GroupSnapshotsTest-508892385 tempest-GroupSnapshotsTest-508892385-project] http://10.222.0.31/volume/v3/4ead0008c47a4e61a1e00f3227cdecfd/volumes/5470d249-c11a-4501-83cc-5e608655718c returned with HTTP 200
Mar 24 15:47:53.066187 dv-cinder-790535-34-iscsi devstack@c-api.service[117175]: [pid: 117175|app: 0|req: 75/152] 10.222.0.31 () {60 vars in 1365 bytes} [Thu Mar 24 15:47:52 2022] GET /volume/v3/4ead0008c47a4e61a1e00f3227cdecfd/volumes/5470d249-c11a-4501-83cc-5e608655718c => generated 992 bytes in 118 msecs (HTTP/1.1 200) 7 headers in 286 bytes (2 switches on core 0)
Mar 24 15:47:53.315816 dv-cinder-790535-34-iscsi devstack@c-api.service[117174]: DEBUG cinder.api.middleware.request_id [None req-f1d1e0c7-4ce9-4c97-a194-63d5727a535e None None] RequestId filter calling following filter/app {{(pid=117174) _context_setter /opt/stack/cinder/cinder/api/middleware/request_id.py:62}}
Mar 24 15:47:53.320093 dv-cinder-790535-34-iscsi devstack@c-api.service[117174]: INFO cinder.api.openstack.wsgi [None req-f1d1e0c7-4ce9-4c97-a194-63d5727a535e tempest-VolumesTestJSON-819040324 tempest-VolumesTestJSON-819040324-project] GET http://10.222.0.31/volume/v3/f44212a77ce8415db8feb0fb7392523f/volumes/76a479a8-72d7-4d51-b8b1-758522c2aa20
Mar 24 15:47:53.320903 dv-cinder-790535-34-iscsi devstack@c-api.service[117174]: DEBUG cinder.api.openstack.wsgi [None req-f1d1e0c7-4ce9-4c97-a194-63d5727a535e tempest-VolumesTestJSON-819040324 tempest-VolumesTestJSON-819040324-project] Empty body provided in request {{(pid=117174) get_body /opt/stack/cinder/cinder/api/openstack/wsgi.py:715}}
Mar 24 15:47:53.321359 dv-cinder-790535-34-iscsi devstack@c-api.service[117174]: DEBUG cinder.api.openstack.wsgi [None req-f1d1e0c7-4ce9-4c97-a194-63d5727a535e tempest-VolumesTestJSON-819040324 tempest-VolumesTestJSON-819040324-project] Calling method 'show' {{(pid=117174) _process_stack /opt/stack/cinder/cinder/api/openstack/wsgi.py:868}}
Mar 24 15:47:53.335649 dv-cinder-790535-34-iscsi devstack@c-api.service[117174]: /usr/local/lib/python3.8/dist-packages/oslo_context/context.py:100: DeprecationWarning: Policy enforcement is depending on the value of is_admin. This key is deprecated. Please update your policy file to use the standard policy values.
Mar 24 15:47:53.335649 dv-cinder-790535-34-iscsi devstack@c-api.service[117174]: warnings.warn('Policy enforcement is depending on the value of '
Mar 24 15:47:53.344236 dv-cinder-790535-34-iscsi devstack@c-api.service[117174]: INFO cinder.volume.api [None req-f1d1e0c7-4ce9-4c97-a194-63d5727a535e tempest-VolumesTestJSON-819040324 tempest-VolumesTestJSON-819040324-project] Volume info retrieved successfully.
Mar 24 15:47:53.353580 dv-cinder-790535-34-iscsi devstack@c-api.service[117174]: INFO cinder.api.openstack.wsgi [None req-f1d1e0c7-4ce9-4c97-a194-63d5727a535e tempest-VolumesTestJSON-819040324 tempest-VolumesTestJSON-819040324-project] http://10.222.0.31/volume/v3/f44212a77ce8415db8feb0fb7392523f/volumes/76a479a8-72d7-4d51-b8b1-758522c2aa20 returned with HTTP 200
Mar 24 15:47:53.363220 dv-cinder-790535-34-iscsi devstack@c-api.service[117174]: [pid: 117174|app: 0|req: 78/153] 10.222.0.31 () {58 vars in 1324 bytes} [Thu Mar 24 15:47:53 2022] GET /volume/v3/f44212a77ce8415db8feb0fb7392523f/volumes/76a479a8-72d7-4d51-b8b1-758522c2aa20 => generated 920 bytes in 42 msecs (HTTP/1.1 200) 7 headers in 285 bytes (1 switches on core 0)
Mar 24 15:47:53.529772 dv-cinder-790535-34-iscsi devstack@c-api.service[117175]: DEBUG cinder.api.middleware.request_id [None req-410be12d-f7c1-43d6-98e5-2cf25fd48b27 None None] RequestId filter calling following filter/app {{(pid=117175) _context_setter /opt/stack/cinder/cinder/api/middleware/request_id.py:62}}
Mar 24 15:47:53.534207 dv-cinder-790535-34-iscsi devstack@c-api.service[117175]: INFO cinder.api.openstack.wsgi [None req-410be12d-f7c1-43d6-98e5-2cf25fd48b27 tempest-SnapshotsActionsTest-405538590 tempest-SnapshotsActionsTest-405538590-project] GET http://10.222.0.31/volume/v3/9049b2bdd4e84806a3883f379e11eb14/snapshots/6846d05a-8e4e-4852-9021-014743739256
Mar 24 15:47:53.534653 dv-cinder-790535-34-iscsi devstack@c-api.service[117175]: DEBUG cinder.api.openstack.wsgi [None req-410be12d-f7c1-43d6-98e5-2cf25fd48b27 tempest-SnapshotsActionsTest-405538590 tempest-SnapshotsActionsTest-405538590-project] Empty body provided in request {{(pid=117175) get_body /opt/stack/cinder/cinder/api/openstack/wsgi.py:715}}
Mar 24 15:47:53.535212 dv-cinder-790535-34-iscsi devstack@c-api.service[117175]: DEBUG cinder.api.openstack.wsgi [None req-410be12d-f7c1-43d6-98e5-2cf25fd48b27 tempest-SnapshotsActionsTest-405538590 tempest-SnapshotsActionsTest-405538590-project] Calling method 'show' {{(pid=117175) _process_stack /opt/stack/cinder/cinder/api/openstack/wsgi.py:868}}
Mar 24 15:47:53.545069 dv-cinder-790535-34-iscsi devstack@c-api.service[117175]: /usr/local/lib/python3.8/dist-packages/oslo_context/context.py:100: DeprecationWarning: Policy enforcement is depending on the value of is_admin. This key is deprecated. Please update your policy file to use the standard policy values.
Mar 24 15:47:53.545069 dv-cinder-790535-34-iscsi devstack@c-api.service[117175]: warnings.warn('Policy enforcement is depending on the value of '
Mar 24 15:47:53.546105 dv-cinder-790535-34-iscsi devstack@c-api.service[117175]: INFO cinder.volume.api [None req-410be12d-f7c1-43d6-98e5-2cf25fd48b27 tempest-SnapshotsActionsTest-405538590 tempest-SnapshotsActionsTest-405538590-project] Snapshot retrieved successfully.
Mar 24 15:47:53.548181 dv-cinder-790535-34-iscsi devstack@c-api.service[117175]: INFO cinder.api.openstack.wsgi [None req-410be12d-f7c1-43d6-98e5-2cf25fd48b27 tempest-SnapshotsActionsTest-405538590 tempest-SnapshotsActionsTest-405538590-project] http://10.222.0.31/volume/v3/9049b2bdd4e84806a3883f379e11eb14/snapshots/6846d05a-8e4e-4852-9021-014743739256 returned with HTTP 200
Mar 24 15:47:53.548934 dv-cinder-790535-34-iscsi devstack@c-api.service[117175]: [pid: 117175|app: 0|req: 76/154] 10.222.0.31 () {58 vars in 1330 bytes} [Thu Mar 24 15:47:53 2022] GET /volume/v3/9049b2bdd4e84806a3883f379e11eb14/snapshots/6846d05a-8e4e-4852-9021-014743739256 => generated 466 bytes in 20 msecs (HTTP/1.1 200) 7 headers in 285 bytes (1 switches on core 0)
Mar 24 15:47:53.560062 dv-cinder-790535-34-iscsi devstack@c-api.service[117174]: DEBUG cinder.api.middleware.request_id [None req-6b164906-4b21-4f98-aef6-957986d0d9ab None None] RequestId filter calling following filter/app {{(pid=117174) _context_setter /opt/stack/cinder/cinder/api/middleware/request_id.py:62}}
Mar 24 15:47:53.567273 dv-cinder-790535-34-iscsi devstack@c-api.service[117174]: INFO cinder.api.openstack.wsgi [None req-6b164906-4b21-4f98-aef6-957986d0d9ab tempest-SnapshotsActionsTest-467615251 tempest-SnapshotsActionsTest-467615251-project-admin] POST http://10.222.0.31/volume/v3/a8bf9951f4ff406c8cce3a4b7fd11038/snapshots/6846d05a-8e4e-4852-9021-014743739256/action
Mar 24 15:47:53.570931 dv-cinder-790535-34-iscsi devstack@c-api.service[117174]: DEBUG cinder.api.openstack.wsgi [None req-6b164906-4b21-4f98-aef6-957986d0d9ab tempest-SnapshotsActionsTest-467615251 tempest-SnapshotsActionsTest-467615251-project-admin] Action body: b'{"os-reset_status": {"status": "deleting"}}' {{(pid=117174) get_method /opt/stack/cinder/cinder/api/openstack/wsgi.py:983}}
Mar 24 15:47:53.571235 dv-cinder-790535-34-iscsi devstack@c-api.service[117174]: DEBUG cinder.api.openstack.wsgi [None req-6b164906-4b21-4f98-aef6-957986d0d9ab tempest-SnapshotsActionsTest-467615251 tempest-SnapshotsActionsTest-467615251-project-admin] Action: 'action', calling method: _reset_status, body: {"os-reset_status": {"status": "deleting"}} {{(pid=117174) _process_stack /opt/stack/cinder/cinder/api/openstack/wsgi.py:866}}
Mar 24 15:47:53.572590 dv-cinder-790535-34-iscsi devstack@c-api.service[117174]: DEBUG cinder.api.contrib.admin_actions [None req-6b164906-4b21-4f98-aef6-957986d0d9ab tempest-SnapshotsActionsTest-467615251 tempest-SnapshotsActionsTest-467615251-project-admin] Updating snapshot '6846d05a-8e4e-4852-9021-014743739256' with '{'status': 'deleting'}' {{(pid=117174) _reset_status /opt/stack/cinder/cinder/api/contrib/admin_actions.py:100}}
Mar 24 15:47:53.621500 dv-cinder-790535-34-iscsi devstack@c-api.service[117174]: /usr/local/lib/python3.8/dist-packages/oslo_context/context.py:100: DeprecationWarning: Policy enforcement is depending on the value of is_admin. This key is deprecated. Please update your policy file to use the standard policy values.
Mar 24 15:47:53.621500 dv-cinder-790535-34-iscsi devstack@c-api.service[117174]: warnings.warn('Policy enforcement is depending on the value of '
Mar 24 15:47:53.798572 dv-cinder-790535-34-iscsi devstack@c-api.service[117175]: DEBUG cinder.api.middleware.request_id [None req-b356b4d0-0453-4fee-a89f-d770187a0d37 None None] RequestId filter calling following filter/app {{(pid=117175) _context_setter /opt/stack/cinder/cinder/api/middleware/request_id.py:62}}
Mar 24 15:47:53.802482 dv-cinder-790535-34-iscsi devstack@c-api.service[117175]: INFO cinder.api.openstack.wsgi [None req-b356b4d0-0453-4fee-a89f-d770187a0d37 tempest-VolumeQuotasAdminTestJSON-1026165018 tempest-VolumeQuotasAdminTestJSON-1026165018-project] GET http://10.222.0.31/volume/v3/90c13e0720e34069838e498f7936e927/volumes/b466c01f-93c9-4d10-b06f-d4ccabe96b2d
Mar 24 15:47:53.802946 dv-cinder-790535-34-iscsi devstack@c-api.service[117175]: DEBUG cinder.api.openstack.wsgi [None req-b356b4d0-0453-4fee-a89f-d770187a0d37 tempest-VolumeQuotasAdminTestJSON-1026165018 tempest-VolumeQuotasAdminTestJSON-1026165018-project] Empty body provided in request {{(pid=117175) get_body /opt/stack/cinder/cinder/api/openstack/wsgi.py:715}}
Mar 24 15:47:53.803673 dv-cinder-790535-34-iscsi devstack@c-api.service[117174]: INFO cinder.api.openstack.wsgi [None req-6b164906-4b21-4f98-aef6-957986d0d9ab tempest-SnapshotsActionsTest-467615251 tempest-SnapshotsActionsTest-467615251-project-admin] http://10.222.0.31/volume/v3/a8bf9951f4ff406c8cce3a4b7fd11038/snapshots/6846d05a-8e4e-4852-9021-014743739256/action returned with HTTP 202
Mar 24 15:47:53.803804 dv-cinder-790535-34-iscsi devstack@c-api.service[117175]: DEBUG cinder.api.openstack.wsgi [None req-b356b4d0-0453-4fee-a89f-d770187a0d37 tempest-VolumeQuotasAdminTestJSON-1026165018 tempest-VolumeQuotasAdminTestJSON-1026165018-project] Calling method 'show' {{(pid=117175) _process_stack /opt/stack/cinder/cinder/api/openstack/wsgi.py:868}}
Mar 24 15:47:53.808006 dv-cinder-790535-34-iscsi devstack@c-api.service[117174]: [pid: 117174|app: 0|req: 79/155] 10.222.0.31 () {60 vars in 1372 bytes} [Thu Mar 24 15:47:53 2022] POST /volume/v3/a8bf9951f4ff406c8cce3a4b7fd11038/snapshots/6846d05a-8e4e-4852-9021-014743739256/action => generated 0 bytes in 251 msecs (HTTP/1.1 202) 7 headers in 289 bytes (1 switches on core 0)
Mar 24 15:47:53.815631 dv-cinder-790535-34-iscsi devstack@c-api.service[117174]: DEBUG cinder.api.middleware.request_id [None req-12d1b77f-7234-4f21-ba52-677450fdb9c3 None None] RequestId filter calling following filter/app {{(pid=117174) _context_setter /opt/stack/cinder/cinder/api/middleware/request_id.py:62}}
Mar 24 15:47:53.821662 dv-cinder-790535-34-iscsi devstack@c-api.service[117174]: INFO cinder.api.openstack.wsgi [None req-12d1b77f-7234-4f21-ba52-677450fdb9c3 tempest-SnapshotsActionsTest-405538590 tempest-SnapshotsActionsTest-405538590-project] GET http://10.222.0.31/volume/v3/9049b2bdd4e84806a3883f379e11eb14/snapshots/6846d05a-8e4e-4852-9021-014743739256
Mar 24 15:47:53.822550 dv-cinder-790535-34-iscsi devstack@c-api.service[117174]: DEBUG cinder.api.openstack.wsgi [None req-12d1b77f-7234-4f21-ba52-677450fdb9c3 tempest-SnapshotsActionsTest-405538590 tempest-SnapshotsActionsTest-405538590-project] Empty body provided in request {{(pid=117174) get_body /opt/stack/cinder/cinder/api/openstack/wsgi.py:715}}
Mar 24 15:47:53.824580 dv-cinder-790535-34-iscsi devstack@c-api.service[117174]: DEBUG cinder.api.openstack.wsgi [None req-12d1b77f-7234-4f21-ba52-677450fdb9c3 tempest-SnapshotsActionsTest-405538590 tempest-SnapshotsActionsTest-405538590-project] Calling method 'show' {{(pid=117174) _process_stack /opt/stack/cinder/cinder/api/openstack/wsgi.py:868}}
Mar 24 15:47:53.830636 dv-cinder-790535-34-iscsi devstack@c-api.service[117175]: /usr/local/lib/python3.8/dist-packages/oslo_context/context.py:100: DeprecationWarning: Policy enforcement is depending on the value of is_admin. This key is deprecated. Please update your policy file to use the standard policy values.
Mar 24 15:47:53.830636 dv-cinder-790535-34-iscsi devstack@c-api.service[117175]: warnings.warn('Policy enforcement is depending on the value of '
Mar 24 15:47:53.837098 dv-cinder-790535-34-iscsi devstack@c-api.service[117174]: /usr/local/lib/python3.8/dist-packages/oslo_context/context.py:100: DeprecationWarning: Policy enforcement is depending on the value of is_admin. This key is deprecated. Please update your policy file to use the standard policy values.
Mar 24 15:47:53.837098 dv-cinder-790535-34-iscsi devstack@c-api.service[117174]: warnings.warn('Policy enforcement is depending on the value of '
Mar 24 15:47:53.839390 dv-cinder-790535-34-iscsi devstack@c-api.service[117174]: INFO cinder.volume.api [None req-12d1b77f-7234-4f21-ba52-677450fdb9c3 tempest-SnapshotsActionsTest-405538590 tempest-SnapshotsActionsTest-405538590-project] Snapshot retrieved successfully.
Mar 24 15:47:53.841767 dv-cinder-790535-34-iscsi devstack@c-api.service[117175]: INFO cinder.volume.api [None req-b356b4d0-0453-4fee-a89f-d770187a0d37 tempest-VolumeQuotasAdminTestJSON-1026165018 tempest-VolumeQuotasAdminTestJSON-1026165018-project] Volume info retrieved successfully.
Mar 24 15:47:53.842063 dv-cinder-790535-34-iscsi devstack@c-api.service[117174]: INFO cinder.api.openstack.wsgi [None req-12d1b77f-7234-4f21-ba52-677450fdb9c3 tempest-SnapshotsActionsTest-405538590 tempest-SnapshotsActionsTest-405538590-project] http://10.222.0.31/volume/v3/9049b2bdd4e84806a3883f379e11eb14/snapshots/6846d05a-8e4e-4852-9021-014743739256 returned with HTTP 200
Mar 24 15:47:53.842978 dv-cinder-790535-34-iscsi devstack@c-api.service[117174]: [pid: 117174|app: 0|req: 80/156] 10.222.0.31 () {58 vars in 1330 bytes} [Thu Mar 24 15:47:53 2022] GET /volume/v3/9049b2bdd4e84806a3883f379e11eb14/snapshots/6846d05a-8e4e-4852-9021-014743739256 => generated 465 bytes in 34 msecs (HTTP/1.1 200) 7 headers in 285 bytes (1 switches on core 0)
Mar 24 15:47:53.851238 dv-cinder-790535-34-iscsi devstack@c-api.service[117174]: DEBUG cinder.api.middleware.request_id [None req-2de3b901-bf1a-4904-8f0a-189bbe5713e1 None None] RequestId filter calling following filter/app {{(pid=117174) _context_setter /opt/stack/cinder/cinder/api/middleware/request_id.py:62}}
Mar 24 15:47:53.853175 dv-cinder-790535-34-iscsi devstack@c-api.service[117175]: INFO cinder.api.openstack.wsgi [None req-b356b4d0-0453-4fee-a89f-d770187a0d37 tempest-VolumeQuotasAdminTestJSON-1026165018 tempest-VolumeQuotasAdminTestJSON-1026165018-project] http://10.222.0.31/volume/v3/90c13e0720e34069838e498f7936e927/volumes/b466c01f-93c9-4d10-b06f-d4ccabe96b2d returned with HTTP 200
Mar 24 15:47:53.854404 dv-cinder-790535-34-iscsi devstack@c-api.service[117175]: [pid: 117175|app: 0|req: 77/157] 10.222.0.31 () {58 vars in 1324 bytes} [Thu Mar 24 15:47:53 2022] GET /volume/v3/90c13e0720e34069838e498f7936e927/volumes/b466c01f-93c9-4d10-b06f-d4ccabe96b2d => generated 918 bytes in 58 msecs (HTTP/1.1 200) 7 headers in 285 bytes (1 switches on core 0)
Mar 24 15:47:53.856485 dv-cinder-790535-34-iscsi devstack@c-api.service[117174]: INFO cinder.api.openstack.wsgi [None req-2de3b901-bf1a-4904-8f0a-189bbe5713e1 tempest-SnapshotsActionsTest-467615251 tempest-SnapshotsActionsTest-467615251-project-admin] POST http://10.222.0.31/volume/v3/a8bf9951f4ff406c8cce3a4b7fd11038/snapshots/6846d05a-8e4e-4852-9021-014743739256/action
Mar 24 15:47:53.857223 dv-cinder-790535-34-iscsi devstack@c-api.service[117174]: DEBUG cinder.api.openstack.wsgi [None req-2de3b901-bf1a-4904-8f0a-189bbe5713e1 tempest-SnapshotsActionsTest-467615251 tempest-SnapshotsActionsTest-467615251-project-admin] Action body: b'{"os-force_delete": {}}' {{(pid=117174) get_method /opt/stack/cinder/cinder/api/openstack/wsgi.py:983}}
Mar 24 15:47:53.857651 dv-cinder-790535-34-iscsi devstack@c-api.service[117174]: DEBUG cinder.api.openstack.wsgi [None req-2de3b901-bf1a-4904-8f0a-189bbe5713e1 tempest-SnapshotsActionsTest-467615251 tempest-SnapshotsActionsTest-467615251-project-admin] Action: 'action', calling method: _force_delete, body: {"os-force_delete": {}} {{(pid=117174) _process_stack /opt/stack/cinder/cinder/api/openstack/wsgi.py:866}}
Mar 24 15:47:53.868711 dv-cinder-790535-34-iscsi devstack@c-api.service[117175]: DEBUG cinder.api.middleware.request_id [None req-9274ad8d-70b9-45dd-8981-10a0e96c940a None None] RequestId filter calling following filter/app {{(pid=117175) _context_setter /opt/stack/cinder/cinder/api/middleware/request_id.py:62}}
Mar 24 15:47:53.875947 dv-cinder-790535-34-iscsi devstack@c-api.service[117174]: /usr/local/lib/python3.8/dist-packages/oslo_context/context.py:100: DeprecationWarning: Policy enforcement is depending on the value of is_admin. This key is deprecated. Please update your policy file to use the standard policy values.
Mar 24 15:47:53.875947 dv-cinder-790535-34-iscsi devstack@c-api.service[117174]: warnings.warn('Policy enforcement is depending on the value of '
Mar 24 15:47:53.876689 dv-cinder-790535-34-iscsi devstack@c-api.service[117174]: INFO cinder.volume.api [None req-2de3b901-bf1a-4904-8f0a-189bbe5713e1 tempest-SnapshotsActionsTest-467615251 tempest-SnapshotsActionsTest-467615251-project-admin] Snapshot retrieved successfully.
Mar 24 15:47:53.879837 dv-cinder-790535-34-iscsi devstack@c-api.service[117175]: INFO cinder.api.openstack.wsgi [None req-9274ad8d-70b9-45dd-8981-10a0e96c940a tempest-VolumeQuotasAdminTestJSON-1779732931 tempest-VolumeQuotasAdminTestJSON-1779732931-project-admin] GET http://10.222.0.31/volume/v3/2828d279acaa4c45938a576fe7ce4ac3/os-quota-sets/90c13e0720e34069838e498f7936e927?usage=True
Mar 24 15:47:53.880568 dv-cinder-790535-34-iscsi devstack@c-api.service[117175]: DEBUG cinder.api.openstack.wsgi [None req-9274ad8d-70b9-45dd-8981-10a0e96c940a tempest-VolumeQuotasAdminTestJSON-1779732931 tempest-VolumeQuotasAdminTestJSON-1779732931-project-admin] Empty body provided in request {{(pid=117175) get_body /opt/stack/cinder/cinder/api/openstack/wsgi.py:715}}
Mar 24 15:47:53.882452 dv-cinder-790535-34-iscsi devstack@c-api.service[117175]: DEBUG cinder.api.openstack.wsgi [None req-9274ad8d-70b9-45dd-8981-10a0e96c940a tempest-VolumeQuotasAdminTestJSON-1779732931 tempest-VolumeQuotasAdminTestJSON-1779732931-project-admin] Calling method 'show' {{(pid=117175) _process_stack /opt/stack/cinder/cinder/api/openstack/wsgi.py:868}}
Mar 24 15:47:53.924695 dv-cinder-790535-34-iscsi devstack@c-api.service[117174]: INFO cinder.volume.api [None req-2de3b901-bf1a-4904-8f0a-189bbe5713e1 tempest-SnapshotsActionsTest-467615251 tempest-SnapshotsActionsTest-467615251-project-admin] Snapshot delete request issued successfully.
