Mar 23 11:04:08.762738 dv-cinder-790535-33-iscsi devstack@n-api.service[117423]: DEBUG nova.api.openstack.wsgi [None req-2d4b4c4b-1a24-4601-9521-1ace6761757d tempest-VolumesActionsTest-846513497 tempest-VolumesActionsTest-846513497-project] Calling method '>' {{(pid=117423) _process_stack /opt/stack/nova/nova/api/openstack/wsgi.py:513}}
Mar 23 11:04:08.763278 dv-cinder-790535-33-iscsi devstack@n-api.service[117423]: DEBUG nova.compute.api [None req-2d4b4c4b-1a24-4601-9521-1ace6761757d tempest-VolumesActionsTest-846513497 tempest-VolumesActionsTest-846513497-project] [instance: 0f898a12-0170-48e4-9cc5-7d6fe8be30d3] Fetching instance by UUID {{(pid=117423) get /opt/stack/nova/nova/compute/api.py:2918}}
Mar 23 11:04:08.769494 dv-cinder-790535-33-iscsi devstack@n-api.service[117423]: DEBUG oslo_concurrency.lockutils [None req-2d4b4c4b-1a24-4601-9521-1ace6761757d tempest-VolumesActionsTest-846513497 tempest-VolumesActionsTest-846513497-project] Lock "23ca12b8-d06a-45f3-8b17-43bb936cd805" acquired by "nova.context.set_target_cell..get_or_set_cached_cell_and_set_connections" :: waited 0.000s {{(pid=117423) inner /usr/local/lib/python3.8/dist-packages/oslo_concurrency/lockutils.py:386}}
Mar 23 11:04:08.769945 dv-cinder-790535-33-iscsi devstack@n-api.service[117423]: DEBUG oslo_concurrency.lockutils [None req-2d4b4c4b-1a24-4601-9521-1ace6761757d tempest-VolumesActionsTest-846513497 tempest-VolumesActionsTest-846513497-project] Lock "23ca12b8-d06a-45f3-8b17-43bb936cd805" "released" by "nova.context.set_target_cell..get_or_set_cached_cell_and_set_connections" :: held 0.001s {{(pid=117423) inner /usr/local/lib/python3.8/dist-packages/oslo_concurrency/lockutils.py:400}}
Mar 23 11:04:08.770710 dv-cinder-790535-33-iscsi devstack@n-api.service[117423]: DEBUG oslo_concurrency.lockutils [None req-2d4b4c4b-1a24-4601-9521-1ace6761757d tempest-VolumesActionsTest-846513497 tempest-VolumesActionsTest-846513497-project] Lock "23ca12b8-d06a-45f3-8b17-43bb936cd805" acquired by "nova.context.set_target_cell..get_or_set_cached_cell_and_set_connections" :: waited 0.000s {{(pid=117423) inner /usr/local/lib/python3.8/dist-packages/oslo_concurrency/lockutils.py:386}}
Mar 23 11:04:08.771150 dv-cinder-790535-33-iscsi devstack@n-api.service[117423]: DEBUG oslo_concurrency.lockutils [None req-2d4b4c4b-1a24-4601-9521-1ace6761757d tempest-VolumesActionsTest-846513497 tempest-VolumesActionsTest-846513497-project] Lock "23ca12b8-d06a-45f3-8b17-43bb936cd805" "released" by "nova.context.set_target_cell..get_or_set_cached_cell_and_set_connections" :: held 0.000s {{(pid=117423) inner /usr/local/lib/python3.8/dist-packages/oslo_concurrency/lockutils.py:400}}
Mar 23 11:04:08.905578 dv-cinder-790535-33-iscsi devstack@n-api.service[117423]: DEBUG nova.policy [None req-2d4b4c4b-1a24-4601-9521-1ace6761757d tempest-VolumesActionsTest-846513497 tempest-VolumesActionsTest-846513497-project] Policy check for os_compute_api:os-extended-server-attributes failed with credentials {'is_admin': False, 'user_id': '7d413ceaf58a472fb33889a6b1bf4f7c', 'user_domain_id': 'default', 'system_scope': None, 'domain_id': None, 'project_id': '0d24d22e17244e13b58f43371ba9ca2e', 'project_domain_id': 'default', 'roles': ['member', 'reader'], 'is_admin_project': True, 'service_user_id': None, 'service_user_domain_id': None, 'service_project_id': None, 'service_project_domain_id': None, 'service_roles': []} {{(pid=117423) authorize /opt/stack/nova/nova/policy.py:199}}
Mar 23 11:04:08.912926 dv-cinder-790535-33-iscsi devstack@n-api.service[117423]: INFO nova.api.openstack.requestlog [None req-2d4b4c4b-1a24-4601-9521-1ace6761757d tempest-VolumesActionsTest-846513497 tempest-VolumesActionsTest-846513497-project] 10.222.0.41 "GET /compute/v2.1/servers/0f898a12-0170-48e4-9cc5-7d6fe8be30d3" status: 200 len: 1496 microversion: 2.1 time: 0.154270
Mar 23 11:04:08.913782 dv-cinder-790535-33-iscsi devstack@n-api.service[117423]: [pid: 117423|app: 0|req: 95/198] 10.222.0.41 () {58 vars in 1235 bytes} [Wed Mar 23 11:04:08 2022] GET /compute/v2.1/servers/0f898a12-0170-48e4-9cc5-7d6fe8be30d3 => generated 1496 bytes in 155 msecs (HTTP/1.1 200) 9 headers in 358 bytes (1 switches on core 0)
Mar 23 11:04:09.683301 dv-cinder-790535-33-iscsi devstack@n-api.service[117424]: DEBUG nova.api.openstack.wsgi [None req-da60f619-f540-46d9-ba11-2b0fb279596b tempest-ServerRescueNegativeTestJSON-646569935 tempest-ServerRescueNegativeTestJSON-646569935-project] Action: 'create', calling method: .version_select at 0x7f79c8cb8040>, body: {"keypair": {"name": "tempest-keypair-1261432178"}} {{(pid=117424) _process_stack /opt/stack/nova/nova/api/openstack/wsgi.py:511}}
Mar 23 11:04:09.696483 dv-cinder-790535-33-iscsi devstack@n-api.service[117424]: DEBUG nova.quota [None req-da60f619-f540-46d9-ba11-2b0fb279596b tempest-ServerRescueNegativeTestJSON-646569935 tempest-ServerRescueNegativeTestJSON-646569935-project] Getting quotas for project dd7b67e58e9840e182631ae128c31dc5. Resources: {'key_pairs'} {{(pid=117424) _get_quotas /opt/stack/nova/nova/quota.py:393}}
Mar 23 11:04:09.700255 dv-cinder-790535-33-iscsi devstack@n-api.service[117424]: DEBUG nova.quota [None req-da60f619-f540-46d9-ba11-2b0fb279596b tempest-ServerRescueNegativeTestJSON-646569935 tempest-ServerRescueNegativeTestJSON-646569935-project] Getting quotas for user d22eb3a8503c4d0d90e58f703128fc62 and project dd7b67e58e9840e182631ae128c31dc5. Resources: {'key_pairs'} {{(pid=117424) _get_quotas /opt/stack/nova/nova/quota.py:383}}
Mar 23 11:04:09.960850 dv-cinder-790535-33-iscsi devstack@n-api.service[117424]: DEBUG nova.quota [None req-da60f619-f540-46d9-ba11-2b0fb279596b tempest-ServerRescueNegativeTestJSON-646569935 tempest-ServerRescueNegativeTestJSON-646569935-project] Getting quotas for project dd7b67e58e9840e182631ae128c31dc5. Resources: {'key_pairs'} {{(pid=117424) _get_quotas /opt/stack/nova/nova/quota.py:393}}
Mar 23 11:04:09.965168 dv-cinder-790535-33-iscsi devstack@n-api.service[117424]: DEBUG nova.quota [None req-da60f619-f540-46d9-ba11-2b0fb279596b tempest-ServerRescueNegativeTestJSON-646569935 tempest-ServerRescueNegativeTestJSON-646569935-project] Getting quotas for user d22eb3a8503c4d0d90e58f703128fc62 and project dd7b67e58e9840e182631ae128c31dc5. Resources: {'key_pairs'} {{(pid=117424) _get_quotas /opt/stack/nova/nova/quota.py:383}}
Mar 23 11:04:09.978623 dv-cinder-790535-33-iscsi devstack@n-api.service[117424]: INFO nova.api.openstack.requestlog [None req-da60f619-f540-46d9-ba11-2b0fb279596b tempest-ServerRescueNegativeTestJSON-646569935 tempest-ServerRescueNegativeTestJSON-646569935-project] 10.222.0.41 "POST /compute/v2.1/os-keypairs" status: 200 len: 2301 microversion: 2.1 time: 0.299121
Mar 23 11:04:09.984507 dv-cinder-790535-33-iscsi devstack@n-api.service[117424]: [pid: 117424|app: 0|req: 104/199] 10.222.0.41 () {60 vars in 1157 bytes} [Wed Mar 23 11:04:09 2022] POST /compute/v2.1/os-keypairs => generated 2301 bytes in 301 msecs (HTTP/1.1 200) 9 headers in 358 bytes (1 switches on core 0)
Mar 23 11:04:10.035708 dv-cinder-790535-33-iscsi devstack@n-api.service[117423]: DEBUG nova.api.openstack.wsgi [None req-05a63d54-850f-417a-b276-61b0337cde6e tempest-VolumesActionsTest-846513497 tempest-VolumesActionsTest-846513497-project] Calling method '>' {{(pid=117423) _process_stack /opt/stack/nova/nova/api/openstack/wsgi.py:513}}
Mar 23 11:04:10.035708 dv-cinder-790535-33-iscsi devstack@n-api.service[117423]: DEBUG nova.compute.api [None req-05a63d54-850f-417a-b276-61b0337cde6e tempest-VolumesActionsTest-846513497 tempest-VolumesActionsTest-846513497-project] [instance: 0f898a12-0170-48e4-9cc5-7d6fe8be30d3] Fetching instance by UUID {{(pid=117423) get /opt/stack/nova/nova/compute/api.py:2918}}
Mar 23 11:04:10.042044 dv-cinder-790535-33-iscsi devstack@n-api.service[117423]: DEBUG oslo_concurrency.lockutils [None req-05a63d54-850f-417a-b276-61b0337cde6e tempest-VolumesActionsTest-846513497 tempest-VolumesActionsTest-846513497-project] Lock "23ca12b8-d06a-45f3-8b17-43bb936cd805" acquired by "nova.context.set_target_cell..get_or_set_cached_cell_and_set_connections" :: waited 0.000s {{(pid=117423) inner /usr/local/lib/python3.8/dist-packages/oslo_concurrency/lockutils.py:386}}
Mar 23 11:04:10.042413 dv-cinder-790535-33-iscsi devstack@n-api.service[117423]: DEBUG oslo_concurrency.lockutils [None req-05a63d54-850f-417a-b276-61b0337cde6e tempest-VolumesActionsTest-846513497 tempest-VolumesActionsTest-846513497-project] Lock "23ca12b8-d06a-45f3-8b17-43bb936cd805" "released" by "nova.context.set_target_cell..get_or_set_cached_cell_and_set_connections" :: held 0.001s {{(pid=117423) inner /usr/local/lib/python3.8/dist-packages/oslo_concurrency/lockutils.py:400}}
Mar 23 11:04:10.043175 dv-cinder-790535-33-iscsi devstack@n-api.service[117423]: DEBUG oslo_concurrency.lockutils [None req-05a63d54-850f-417a-b276-61b0337cde6e tempest-VolumesActionsTest-846513497 tempest-VolumesActionsTest-846513497-project] Lock "23ca12b8-d06a-45f3-8b17-43bb936cd805" acquired by "nova.context.set_target_cell..get_or_set_cached_cell_and_set_connections" :: waited 0.000s {{(pid=117423) inner /usr/local/lib/python3.8/dist-packages/oslo_concurrency/lockutils.py:386}}
Mar 23 11:04:10.043613 dv-cinder-790535-33-iscsi devstack@n-api.service[117423]: DEBUG oslo_concurrency.lockutils [None req-05a63d54-850f-417a-b276-61b0337cde6e tempest-VolumesActionsTest-846513497 tempest-VolumesActionsTest-846513497-project] Lock "23ca12b8-d06a-45f3-8b17-43bb936cd805" "released" by "nova.context.set_target_cell..get_or_set_cached_cell_and_set_connections" :: held 0.000s {{(pid=117423) inner /usr/local/lib/python3.8/dist-packages/oslo_concurrency/lockutils.py:400}}
Mar 23 11:04:10.068145 dv-cinder-790535-33-iscsi devstack@n-api.service[117423]: DEBUG nova.compute.api [None req-05a63d54-850f-417a-b276-61b0337cde6e tempest-VolumesActionsTest-846513497 tempest-VolumesActionsTest-846513497-project] [instance: 0f898a12-0170-48e4-9cc5-7d6fe8be30d3] Going to try to terminate instance {{(pid=117423) delete /opt/stack/nova/nova/compute/api.py:2664}}
Mar 23 11:04:10.540404 dv-cinder-790535-33-iscsi devstack@n-api.service[117423]: INFO nova.api.openstack.requestlog [None req-05a63d54-850f-417a-b276-61b0337cde6e tempest-VolumesActionsTest-846513497 tempest-VolumesActionsTest-846513497-project] 10.222.0.41 "DELETE /compute/v2.1/servers/0f898a12-0170-48e4-9cc5-7d6fe8be30d3" status: 204 len: 0 microversion: 2.1 time: 0.508491
Mar 23 11:04:10.541044 dv-cinder-790535-33-iscsi devstack@n-api.service[117423]: [pid: 117423|app: 0|req: 96/200] 10.222.0.41 () {58 vars in 1238 bytes} [Wed Mar 23 11:04:10 2022] DELETE /compute/v2.1/servers/0f898a12-0170-48e4-9cc5-7d6fe8be30d3 => generated 0 bytes in 510 msecs (HTTP/1.1 204) 9 headers in 363 bytes (1 switches on core 0)
Mar 23 11:04:10.569122 dv-cinder-790535-33-iscsi devstack@n-api.service[117424]: DEBUG nova.api.openstack.wsgi [None req-4f3433b8-141b-4a68-b3a2-9a5f388fdbbb tempest-VolumesActionsTest-846513497 tempest-VolumesActionsTest-846513497-project] Calling method '>' {{(pid=117424) _process_stack /opt/stack/nova/nova/api/openstack/wsgi.py:513}}
Mar 23 11:04:10.569122 dv-cinder-790535-33-iscsi devstack@n-api.service[117424]: DEBUG nova.compute.api [None req-4f3433b8-141b-4a68-b3a2-9a5f388fdbbb tempest-VolumesActionsTest-846513497 tempest-VolumesActionsTest-846513497-project] [instance: 0f898a12-0170-48e4-9cc5-7d6fe8be30d3] Fetching instance by UUID {{(pid=117424) get /opt/stack/nova/nova/compute/api.py:2918}}
Mar 23 11:04:10.578482 dv-cinder-790535-33-iscsi devstack@n-api.service[117424]: DEBUG oslo_concurrency.lockutils [None req-4f3433b8-141b-4a68-b3a2-9a5f388fdbbb tempest-VolumesActionsTest-846513497 tempest-VolumesActionsTest-846513497-project] Lock "23ca12b8-d06a-45f3-8b17-43bb936cd805" acquired by "nova.context.set_target_cell..get_or_set_cached_cell_and_set_connections" :: waited 0.000s {{(pid=117424) inner /usr/local/lib/python3.8/dist-packages/oslo_concurrency/lockutils.py:386}}
Mar 23 11:04:10.579261 dv-cinder-790535-33-iscsi devstack@n-api.service[117424]: DEBUG oslo_concurrency.lockutils [None req-4f3433b8-141b-4a68-b3a2-9a5f388fdbbb tempest-VolumesActionsTest-846513497 tempest-VolumesActionsTest-846513497-project] Lock "23ca12b8-d06a-45f3-8b17-43bb936cd805" "released" by "nova.context.set_target_cell..get_or_set_cached_cell_and_set_connections" :: held 0.001s {{(pid=117424) inner /usr/local/lib/python3.8/dist-packages/oslo_concurrency/lockutils.py:400}}
Mar 23 11:04:10.580213 dv-cinder-790535-33-iscsi devstack@n-api.service[117424]: DEBUG oslo_concurrency.lockutils [None req-4f3433b8-141b-4a68-b3a2-9a5f388fdbbb tempest-VolumesActionsTest-846513497 tempest-VolumesActionsTest-846513497-project] Lock "23ca12b8-d06a-45f3-8b17-43bb936cd805" acquired by "nova.context.set_target_cell..get_or_set_cached_cell_and_set_connections" :: waited 0.000s {{(pid=117424) inner /usr/local/lib/python3.8/dist-packages/oslo_concurrency/lockutils.py:386}}
Mar 23 11:04:10.580907 dv-cinder-790535-33-iscsi devstack@n-api.service[117424]: DEBUG oslo_concurrency.lockutils [None req-4f3433b8-141b-4a68-b3a2-9a5f388fdbbb tempest-VolumesActionsTest-846513497 tempest-VolumesActionsTest-846513497-project] Lock "23ca12b8-d06a-45f3-8b17-43bb936cd805" "released" by "nova.context.set_target_cell..get_or_set_cached_cell_and_set_connections" :: held 0.001s {{(pid=117424) inner /usr/local/lib/python3.8/dist-packages/oslo_concurrency/lockutils.py:400}}
Mar 23 11:04:10.744294 dv-cinder-790535-33-iscsi devstack@n-api.service[117423]: DEBUG nova.api.openstack.wsgi [None req-8a6edd3f-78d7-4787-ae21-2c5d0d0984a2 tempest-AttachVolumeShelveTestJSON-847801335 tempest-AttachVolumeShelveTestJSON-847801335-project] Action: 'action', calling method: >, body: {"shelve": {}} {{(pid=117423) _process_stack /opt/stack/nova/nova/api/openstack/wsgi.py:511}}
Mar 23 11:04:10.744958 dv-cinder-790535-33-iscsi devstack@n-api.service[117423]: DEBUG nova.compute.api [None req-8a6edd3f-78d7-4787-ae21-2c5d0d0984a2 tempest-AttachVolumeShelveTestJSON-847801335 tempest-AttachVolumeShelveTestJSON-847801335-project] [instance: cd3be861-f7ed-4e23-9d00-09c761095f41] Fetching instance by UUID {{(pid=117423) get /opt/stack/nova/nova/compute/api.py:2918}}
Mar 23 11:04:10.751864 dv-cinder-790535-33-iscsi devstack@n-api.service[117423]: DEBUG oslo_concurrency.lockutils [None req-8a6edd3f-78d7-4787-ae21-2c5d0d0984a2 tempest-AttachVolumeShelveTestJSON-847801335 tempest-AttachVolumeShelveTestJSON-847801335-project] Lock "23ca12b8-d06a-45f3-8b17-43bb936cd805" acquired by "nova.context.set_target_cell..get_or_set_cached_cell_and_set_connections" :: waited 0.000s {{(pid=117423) inner /usr/local/lib/python3.8/dist-packages/oslo_concurrency/lockutils.py:386}}
Mar 23 11:04:10.752620 dv-cinder-790535-33-iscsi devstack@n-api.service[117423]: DEBUG oslo_concurrency.lockutils [None req-8a6edd3f-78d7-4787-ae21-2c5d0d0984a2 tempest-AttachVolumeShelveTestJSON-847801335 tempest-AttachVolumeShelveTestJSON-847801335-project] Lock "23ca12b8-d06a-45f3-8b17-43bb936cd805" "released" by "nova.context.set_target_cell..get_or_set_cached_cell_and_set_connections" :: held 0.001s {{(pid=117423) inner /usr/local/lib/python3.8/dist-packages/oslo_concurrency/lockutils.py:400}}
Mar 23 11:04:10.753683 dv-cinder-790535-33-iscsi devstack@n-api.service[117423]: DEBUG oslo_concurrency.lockutils [None req-8a6edd3f-78d7-4787-ae21-2c5d0d0984a2 tempest-AttachVolumeShelveTestJSON-847801335 tempest-AttachVolumeShelveTestJSON-847801335-project] Lock "23ca12b8-d06a-45f3-8b17-43bb936cd805" acquired by "nova.context.set_target_cell..get_or_set_cached_cell_and_set_connections" :: waited 0.000s {{(pid=117423) inner /usr/local/lib/python3.8/dist-packages/oslo_concurrency/lockutils.py:386}}
Mar 23 11:04:10.753873 dv-cinder-790535-33-iscsi devstack@n-api.service[117424]: DEBUG nova.policy [None req-4f3433b8-141b-4a68-b3a2-9a5f388fdbbb tempest-VolumesActionsTest-846513497 tempest-VolumesActionsTest-846513497-project] Policy check for os_compute_api:os-extended-server-attributes failed with credentials {'is_admin': False, 'user_id': '7d413ceaf58a472fb33889a6b1bf4f7c', 'user_domain_id': 'default', 'system_scope': None, 'domain_id': None, 'project_id': '0d24d22e17244e13b58f43371ba9ca2e', 'project_domain_id': 'default', 'roles': ['member', 'reader'], 'is_admin_project': True, 'service_user_id': None, 'service_user_domain_id': None, 'service_project_id': None, 'service_project_domain_id': None, 'service_roles': []} {{(pid=117424) authorize /opt/stack/nova/nova/policy.py:199}}
Mar 23 11:04:10.754909 dv-cinder-790535-33-iscsi devstack@n-api.service[117423]: DEBUG oslo_concurrency.lockutils [None req-8a6edd3f-78d7-4787-ae21-2c5d0d0984a2 tempest-AttachVolumeShelveTestJSON-847801335 tempest-AttachVolumeShelveTestJSON-847801335-project] Lock "23ca12b8-d06a-45f3-8b17-43bb936cd805" "released" by "nova.context.set_target_cell..get_or_set_cached_cell_and_set_connections" :: held 0.001s {{(pid=117423) inner /usr/local/lib/python3.8/dist-packages/oslo_concurrency/lockutils.py:400}}
Mar 23 11:04:10.762055 dv-cinder-790535-33-iscsi devstack@n-api.service[117424]: INFO nova.api.openstack.requestlog [None req-4f3433b8-141b-4a68-b3a2-9a5f388fdbbb tempest-VolumesActionsTest-846513497 tempest-VolumesActionsTest-846513497-project] 10.222.0.41 "GET /compute/v2.1/servers/0f898a12-0170-48e4-9cc5-7d6fe8be30d3" status: 200 len: 1502 microversion: 2.1 time: 0.204300
Mar 23 11:04:10.763584 dv-cinder-790535-33-iscsi devstack@n-api.service[117424]: [pid: 117424|app: 0|req: 105/201] 10.222.0.41 () {58 vars in 1235 bytes} [Wed Mar 23 11:04:10 2022] GET /compute/v2.1/servers/0f898a12-0170-48e4-9cc5-7d6fe8be30d3 => generated 1502 bytes in 207 msecs (HTTP/1.1 200) 9 headers in 358 bytes (1 switches on core 0)
Mar 23 11:04:10.785692 dv-cinder-790535-33-iscsi devstack@n-api.service[117423]: DEBUG nova.objects.instance [None req-8a6edd3f-78d7-4787-ae21-2c5d0d0984a2 tempest-AttachVolumeShelveTestJSON-847801335 tempest-AttachVolumeShelveTestJSON-847801335-project] Lazy-loading 'flavor' on Instance uuid cd3be861-f7ed-4e23-9d00-09c761095f41 {{(pid=117423) obj_load_attr /opt/stack/nova/nova/objects/instance.py:1099}}
Mar 23 11:04:11.469059 dv-cinder-790535-33-iscsi devstack@n-api.service[117423]: INFO nova.api.openstack.requestlog [None req-8a6edd3f-78d7-4787-ae21-2c5d0d0984a2 tempest-AttachVolumeShelveTestJSON-847801335 tempest-AttachVolumeShelveTestJSON-847801335-project] 10.222.0.41 "POST /compute/v2.1/servers/cd3be861-f7ed-4e23-9d00-09c761095f41/action" status: 202 len: 0 microversion: 2.20 time: 0.728975
Mar 23 11:04:11.473087 dv-cinder-790535-33-iscsi devstack@n-api.service[117423]: [pid: 117423|app: 0|req: 97/202] 10.222.0.41 () {62 vars in 1318 bytes} [Wed Mar 23 11:04:10 2022] POST /compute/v2.1/servers/cd3be861-f7ed-4e23-9d00-09c761095f41/action => generated 0 bytes in 731 msecs (HTTP/1.1 202) 9 headers in 363 bytes (2 switches on core 0)
Mar 23 11:04:11.478229 dv-cinder-790535-33-iscsi devstack@n-api.service[117424]: DEBUG nova.api.openstack.wsgi [None req-f5b13e61-ed9c-452a-8c7d-41c393dd3cca tempest-AttachVolumeShelveTestJSON-847801335 tempest-AttachVolumeShelveTestJSON-847801335-project] Calling method '>' {{(pid=117424) _process_stack /opt/stack/nova/nova/api/openstack/wsgi.py:513}}
Mar 23 11:04:11.478797 dv-cinder-790535-33-iscsi devstack@n-api.service[117424]: DEBUG nova.compute.api [None req-f5b13e61-ed9c-452a-8c7d-41c393dd3cca tempest-AttachVolumeShelveTestJSON-847801335 tempest-AttachVolumeShelveTestJSON-847801335-project] [instance: cd3be861-f7ed-4e23-9d00-09c761095f41] Fetching instance by UUID {{(pid=117424) get /opt/stack/nova/nova/compute/api.py:2918}}
Mar 23 11:04:11.485752 dv-cinder-790535-33-iscsi devstack@n-api.service[117424]: DEBUG oslo_concurrency.lockutils [None req-f5b13e61-ed9c-452a-8c7d-41c393dd3cca tempest-AttachVolumeShelveTestJSON-847801335 tempest-AttachVolumeShelveTestJSON-847801335-project] Lock "23ca12b8-d06a-45f3-8b17-43bb936cd805" acquired by "nova.context.set_target_cell..get_or_set_cached_cell_and_set_connections" :: waited 0.000s {{(pid=117424) inner /usr/local/lib/python3.8/dist-packages/oslo_concurrency/lockutils.py:386}}
Mar 23 11:04:11.486189 dv-cinder-790535-33-iscsi devstack@n-api.service[117424]: DEBUG oslo_concurrency.lockutils [None req-f5b13e61-ed9c-452a-8c7d-41c393dd3cca tempest-AttachVolumeShelveTestJSON-847801335 tempest-AttachVolumeShelveTestJSON-847801335-project] Lock "23ca12b8-d06a-45f3-8b17-43bb936cd805" "released" by "nova.context.set_target_cell..get_or_set_cached_cell_and_set_connections" :: held 0.001s {{(pid=117424) inner /usr/local/lib/python3.8/dist-packages/oslo_concurrency/lockutils.py:400}}
Mar 23 11:04:11.487699 dv-cinder-790535-33-iscsi devstack@n-api.service[117424]: DEBUG oslo_concurrency.lockutils [None req-f5b13e61-ed9c-452a-8c7d-41c393dd3cca tempest-AttachVolumeShelveTestJSON-847801335 tempest-AttachVolumeShelveTestJSON-847801335-project] Lock "23ca12b8-d06a-45f3-8b17-43bb936cd805" acquired by "nova.context.set_target_cell..get_or_set_cached_cell_and_set_connections" :: waited 0.000s {{(pid=117424) inner /usr/local/lib/python3.8/dist-packages/oslo_concurrency/lockutils.py:386}}
Mar 23 11:04:11.488135 dv-cinder-790535-33-iscsi devstack@n-api.service[117424]: DEBUG oslo_concurrency.lockutils [None req-f5b13e61-ed9c-452a-8c7d-41c393dd3cca tempest-AttachVolumeShelveTestJSON-847801335 tempest-AttachVolumeShelveTestJSON-847801335-project] Lock "23ca12b8-d06a-45f3-8b17-43bb936cd805" "released" by "nova.context.set_target_cell..get_or_set_cached_cell_and_set_connections" :: held 0.001s {{(pid=117424) inner /usr/local/lib/python3.8/dist-packages/oslo_concurrency/lockutils.py:400}}
Mar 23 11:04:11.645816 dv-cinder-790535-33-iscsi devstack@n-api.service[117424]: DEBUG nova.policy [None req-f5b13e61-ed9c-452a-8c7d-41c393dd3cca tempest-AttachVolumeShelveTestJSON-847801335 tempest-AttachVolumeShelveTestJSON-847801335-project] Policy check for os_compute_api:os-extended-server-attributes failed with credentials {'is_admin': False, 'user_id': 'f0c072e18a6345fd85c5c3515e72dbad', 'user_domain_id': 'default', 'system_scope': None, 'domain_id': None, 'project_id': '7a9722a34d004a16ae8e2fb602d551e8', 'project_domain_id': 'default', 'roles': ['member', 'reader'], 'is_admin_project': True, 'service_user_id': None, 'service_user_domain_id': None, 'service_project_id': None, 'service_project_domain_id': None, 'service_roles': []} {{(pid=117424) authorize /opt/stack/nova/nova/policy.py:199}}
Mar 23 11:04:11.655434 dv-cinder-790535-33-iscsi devstack@n-api.service[117424]: DEBUG nova.policy [None req-f5b13e61-ed9c-452a-8c7d-41c393dd3cca tempest-AttachVolumeShelveTestJSON-847801335 tempest-AttachVolumeShelveTestJSON-847801335-project] Policy check for os_compute_api:servers:show:host_status failed with credentials {'is_admin': False, 'user_id': 'f0c072e18a6345fd85c5c3515e72dbad', 'user_domain_id': 'default', 'system_scope': None, 'domain_id': None, 'project_id': '7a9722a34d004a16ae8e2fb602d551e8', 'project_domain_id': 'default', 'roles': ['member', 'reader'], 'is_admin_project': True, 'service_user_id': None, 'service_user_domain_id': None, 'service_project_id': None, 'service_project_domain_id': None, 'service_roles': []} {{(pid=117424) authorize /opt/stack/nova/nova/policy.py:199}}
Mar 23 11:04:11.657275 dv-cinder-790535-33-iscsi devstack@n-api.service[117424]: DEBUG nova.policy [None req-f5b13e61-ed9c-452a-8c7d-41c393dd3cca tempest-AttachVolumeShelveTestJSON-847801335 tempest-AttachVolumeShelveTestJSON-847801335-project] Policy check for os_compute_api:servers:show:host_status:unknown-only failed with credentials {'is_admin': False, 'user_id': 'f0c072e18a6345fd85c5c3515e72dbad', 'user_domain_id': 'default', 'system_scope': None, 'domain_id': None, 'project_id': '7a9722a34d004a16ae8e2fb602d551e8', 'project_domain_id': 'default', 'roles': ['member', 'reader'], 'is_admin_project': True, 'service_user_id': None, 'service_user_domain_id': None, 'service_project_id': None, 'service_project_domain_id': None, 'service_roles': []} {{(pid=117424) authorize /opt/stack/nova/nova/policy.py:199}}
Mar 23 11:04:11.657448 dv-cinder-790535-33-iscsi devstack@n-api.service[117423]: DEBUG nova.api.openstack.wsgi [None req-06040ae6-f546-434b-9580-36ceb99a7675 tempest-AttachVolumeTestJSON-2125466070 tempest-AttachVolumeTestJSON-2125466070-project] Action: 'create', calling method: >, body: {"volumeAttachment": {"volumeId": "218fba8e-0535-49ec-b8de-fa800dad0a3a"}} {{(pid=117423) _process_stack /opt/stack/nova/nova/api/openstack/wsgi.py:511}}
Mar 23 11:04:11.658496 dv-cinder-790535-33-iscsi devstack@n-api.service[117423]: DEBUG nova.compute.api [None req-06040ae6-f546-434b-9580-36ceb99a7675 tempest-AttachVolumeTestJSON-2125466070 tempest-AttachVolumeTestJSON-2125466070-project] [instance: d73996af-ca46-4193-9af6-c60bbfcda85a] Fetching instance by UUID {{(pid=117423) get /opt/stack/nova/nova/compute/api.py:2918}}
Mar 23 11:04:11.658689 dv-cinder-790535-33-iscsi devstack@n-api.service[117424]: INFO nova.api.openstack.requestlog [None req-f5b13e61-ed9c-452a-8c7d-41c393dd3cca tempest-AttachVolumeShelveTestJSON-847801335 tempest-AttachVolumeShelveTestJSON-847801335-project] 10.222.0.41 "GET /compute/v2.1/servers/cd3be861-f7ed-4e23-9d00-09c761095f41" status: 200 len: 1724 microversion: 2.20 time: 0.184354
Mar 23 11:04:11.659782 dv-cinder-790535-33-iscsi devstack@n-api.service[117424]: [pid: 117424|app: 0|req: 106/203] 10.222.0.41 () {60 vars in 1276 bytes} [Wed Mar 23 11:04:11 2022] GET /compute/v2.1/servers/cd3be861-f7ed-4e23-9d00-09c761095f41 => generated 1724 bytes in 186 msecs (HTTP/1.1 200) 9 headers in 360 bytes (1 switches on core 0)
Mar 23 11:04:11.677427 dv-cinder-790535-33-iscsi devstack@n-api.service[117423]: DEBUG oslo_concurrency.lockutils [None req-06040ae6-f546-434b-9580-36ceb99a7675 tempest-AttachVolumeTestJSON-2125466070 tempest-AttachVolumeTestJSON-2125466070-project] Lock "23ca12b8-d06a-45f3-8b17-43bb936cd805" acquired by "nova.context.set_target_cell..get_or_set_cached_cell_and_set_connections" :: waited 0.000s {{(pid=117423) inner /usr/local/lib/python3.8/dist-packages/oslo_concurrency/lockutils.py:386}}
Mar 23 11:04:11.679955 dv-cinder-790535-33-iscsi devstack@n-api.service[117423]: DEBUG oslo_concurrency.lockutils [None req-06040ae6-f546-434b-9580-36ceb99a7675 tempest-AttachVolumeTestJSON-2125466070 tempest-AttachVolumeTestJSON-2125466070-project] Lock "23ca12b8-d06a-45f3-8b17-43bb936cd805" "released" by "nova.context.set_target_cell..get_or_set_cached_cell_and_set_connections" :: held 0.001s {{(pid=117423) inner /usr/local/lib/python3.8/dist-packages/oslo_concurrency/lockutils.py:400}}
Mar 23 11:04:11.679955 dv-cinder-790535-33-iscsi devstack@n-api.service[117423]: DEBUG oslo_concurrency.lockutils [None req-06040ae6-f546-434b-9580-36ceb99a7675 tempest-AttachVolumeTestJSON-2125466070 tempest-AttachVolumeTestJSON-2125466070-project] Lock "23ca12b8-d06a-45f3-8b17-43bb936cd805" acquired by "nova.context.set_target_cell..get_or_set_cached_cell_and_set_connections" :: waited 0.000s {{(pid=117423) inner /usr/local/lib/python3.8/dist-packages/oslo_concurrency/lockutils.py:386}}
Mar 23 11:04:11.679955 dv-cinder-790535-33-iscsi devstack@n-api.service[117423]: DEBUG oslo_concurrency.lockutils [None req-06040ae6-f546-434b-9580-36ceb99a7675 tempest-AttachVolumeTestJSON-2125466070 tempest-AttachVolumeTestJSON-2125466070-project] Lock "23ca12b8-d06a-45f3-8b17-43bb936cd805" "released" by "nova.context.set_target_cell..get_or_set_cached_cell_and_set_connections" :: held 0.000s {{(pid=117423) inner /usr/local/lib/python3.8/dist-packages/oslo_concurrency/lockutils.py:400}}
Mar 23 11:04:11.781937 dv-cinder-790535-33-iscsi devstack@n-api.service[117424]: DEBUG nova.api.openstack.wsgi [None req-0d1d8bc4-27ba-45ce-9e64-4dd8754607c4 tempest-VolumesActionsTest-846513497 tempest-VolumesActionsTest-846513497-project] Calling method '>' {{(pid=117424) _process_stack /opt/stack/nova/nova/api/openstack/wsgi.py:513}}
Mar 23 11:04:11.782759 dv-cinder-790535-33-iscsi devstack@n-api.service[117424]: DEBUG nova.compute.api [None req-0d1d8bc4-27ba-45ce-9e64-4dd8754607c4 tempest-VolumesActionsTest-846513497 tempest-VolumesActionsTest-846513497-project] [instance: 0f898a12-0170-48e4-9cc5-7d6fe8be30d3] Fetching instance by UUID {{(pid=117424) get /opt/stack/nova/nova/compute/api.py:2918}}
Mar 23 11:04:11.789000 dv-cinder-790535-33-iscsi devstack@n-api.service[117424]: DEBUG oslo_concurrency.lockutils [None req-0d1d8bc4-27ba-45ce-9e64-4dd8754607c4 tempest-VolumesActionsTest-846513497 tempest-VolumesActionsTest-846513497-project] Lock "23ca12b8-d06a-45f3-8b17-43bb936cd805" acquired by "nova.context.set_target_cell..get_or_set_cached_cell_and_set_connections" :: waited 0.000s {{(pid=117424) inner /usr/local/lib/python3.8/dist-packages/oslo_concurrency/lockutils.py:386}}
Mar 23 11:04:11.793346 dv-cinder-790535-33-iscsi devstack@n-api.service[117424]: DEBUG oslo_concurrency.lockutils [None req-0d1d8bc4-27ba-45ce-9e64-4dd8754607c4 tempest-VolumesActionsTest-846513497 tempest-VolumesActionsTest-846513497-project] Lock "23ca12b8-d06a-45f3-8b17-43bb936cd805" "released" by "nova.context.set_target_cell..get_or_set_cached_cell_and_set_connections" :: held 0.001s {{(pid=117424) inner /usr/local/lib/python3.8/dist-packages/oslo_concurrency/lockutils.py:400}}
Mar 23 11:04:11.793346 dv-cinder-790535-33-iscsi devstack@n-api.service[117424]: DEBUG oslo_concurrency.lockutils [None req-0d1d8bc4-27ba-45ce-9e64-4dd8754607c4 tempest-VolumesActionsTest-846513497 tempest-VolumesActionsTest-846513497-project] Lock "23ca12b8-d06a-45f3-8b17-43bb936cd805" acquired by "nova.context.set_target_cell..get_or_set_cached_cell_and_set_connections" :: waited 0.000s {{(pid=117424) inner /usr/local/lib/python3.8/dist-packages/oslo_concurrency/lockutils.py:386}}
Mar 23 11:04:11.793346 dv-cinder-790535-33-iscsi devstack@n-api.service[117424]: DEBUG oslo_concurrency.lockutils [None req-0d1d8bc4-27ba-45ce-9e64-4dd8754607c4 tempest-VolumesActionsTest-846513497 tempest-VolumesActionsTest-846513497-project] Lock "23ca12b8-d06a-45f3-8b17-43bb936cd805" "released" by "nova.context.set_target_cell..get_or_set_cached_cell_and_set_connections" :: held 0.001s {{(pid=117424) inner /usr/local/lib/python3.8/dist-packages/oslo_concurrency/lockutils.py:400}}
Mar 23 11:04:11.945375 dv-cinder-790535-33-iscsi devstack@n-api.service[117424]: DEBUG nova.policy [None req-0d1d8bc4-27ba-45ce-9e64-4dd8754607c4 tempest-VolumesActionsTest-846513497 tempest-VolumesActionsTest-846513497-project] Policy check for os_compute_api:os-extended-server-attributes failed with credentials {'is_admin': False, 'user_id': '7d413ceaf58a472fb33889a6b1bf4f7c', 'user_domain_id': 'default', 'system_scope': None, 'domain_id': None, 'project_id': '0d24d22e17244e13b58f43371ba9ca2e', 'project_domain_id': 'default', 'roles': ['member', 'reader'], 'is_admin_project': True, 'service_user_id': None, 'service_user_domain_id': None, 'service_project_id': None, 'service_project_domain_id': None, 'service_roles': []} {{(pid=117424) authorize /opt/stack/nova/nova/policy.py:199}}
Mar 23 11:04:11.952358 dv-cinder-790535-33-iscsi devstack@n-api.service[117424]: INFO nova.api.openstack.requestlog [None req-0d1d8bc4-27ba-45ce-9e64-4dd8754607c4 tempest-VolumesActionsTest-846513497 tempest-VolumesActionsTest-846513497-project] 10.222.0.41 "GET /compute/v2.1/servers/0f898a12-0170-48e4-9cc5-7d6fe8be30d3" status: 200 len: 1502 microversion: 2.1 time: 0.176497
Mar 23 11:04:11.953000 dv-cinder-790535-33-iscsi devstack@n-api.service[117424]: [pid: 117424|app: 0|req: 107/204] 10.222.0.41 () {58 vars in 1235 bytes} [Wed Mar 23 11:04:11 2022] GET /compute/v2.1/servers/0f898a12-0170-48e4-9cc5-7d6fe8be30d3 => generated 1502 bytes in 178 msecs (HTTP/1.1 200) 9 headers in 358 bytes (1 switches on core 0)
Mar 23 11:04:12.678565 dv-cinder-790535-33-iscsi devstack@n-api.service[117424]: DEBUG nova.api.openstack.wsgi [None req-5f7dcb01-0128-4092-afc7-8b50ee282585 tempest-AttachVolumeShelveTestJSON-847801335 tempest-AttachVolumeShelveTestJSON-847801335-project] Calling method '>' {{(pid=117424) _process_stack /opt/stack/nova/nova/api/openstack/wsgi.py:513}}
Mar 23 11:04:12.679022 dv-cinder-790535-33-iscsi devstack@n-api.service[117424]: DEBUG nova.compute.api [None req-5f7dcb01-0128-4092-afc7-8b50ee282585 tempest-AttachVolumeShelveTestJSON-847801335 tempest-AttachVolumeShelveTestJSON-847801335-project] [instance: cd3be861-f7ed-4e23-9d00-09c761095f41] Fetching instance by UUID {{(pid=117424) get /opt/stack/nova/nova/compute/api.py:2918}}
Mar 23 11:04:12.686303 dv-cinder-790535-33-iscsi devstack@n-api.service[117424]: DEBUG oslo_concurrency.lockutils [None req-5f7dcb01-0128-4092-afc7-8b50ee282585 tempest-AttachVolumeShelveTestJSON-847801335 tempest-AttachVolumeShelveTestJSON-847801335-project] Lock "23ca12b8-d06a-45f3-8b17-43bb936cd805" acquired by "nova.context.set_target_cell..get_or_set_cached_cell_and_set_connections" :: waited 0.000s {{(pid=117424) inner /usr/local/lib/python3.8/dist-packages/oslo_concurrency/lockutils.py:386}}
Mar 23 11:04:12.692129 dv-cinder-790535-33-iscsi devstack@n-api.service[117424]: DEBUG oslo_concurrency.lockutils [None req-5f7dcb01-0128-4092-afc7-8b50ee282585 tempest-AttachVolumeShelveTestJSON-847801335 tempest-AttachVolumeShelveTestJSON-847801335-project] Lock "23ca12b8-d06a-45f3-8b17-43bb936cd805" "released" by "nova.context.set_target_cell..get_or_set_cached_cell_and_set_connections" :: held 0.006s {{(pid=117424) inner /usr/local/lib/python3.8/dist-packages/oslo_concurrency/lockutils.py:400}}
Mar 23 11:04:12.693292 dv-cinder-790535-33-iscsi devstack@n-api.service[117424]: DEBUG oslo_concurrency.lockutils [None req-5f7dcb01-0128-4092-afc7-8b50ee282585 tempest-AttachVolumeShelveTestJSON-847801335 tempest-AttachVolumeShelveTestJSON-847801335-project] Lock "23ca12b8-d06a-45f3-8b17-43bb936cd805" acquired by "nova.context.set_target_cell..get_or_set_cached_cell_and_set_connections" :: waited 0.000s {{(pid=117424) inner /usr/local/lib/python3.8/dist-packages/oslo_concurrency/lockutils.py:386}}
Mar 23 11:04:12.693735 dv-cinder-790535-33-iscsi devstack@n-api.service[117424]: DEBUG oslo_concurrency.lockutils [None req-5f7dcb01-0128-4092-afc7-8b50ee282585 tempest-AttachVolumeShelveTestJSON-847801335 tempest-AttachVolumeShelveTestJSON-847801335-project] Lock "23ca12b8-d06a-45f3-8b17-43bb936cd805" "released" by "nova.context.set_target_cell..get_or_set_cached_cell_and_set_connections" :: held 0.001s {{(pid=117424) inner /usr/local/lib/python3.8/dist-packages/oslo_concurrency/lockutils.py:400}}
Mar 23 11:04:12.859458 dv-cinder-790535-33-iscsi devstack@n-api.service[117423]: INFO nova.api.openstack.requestlog [None req-06040ae6-f546-434b-9580-36ceb99a7675 tempest-AttachVolumeTestJSON-2125466070 tempest-AttachVolumeTestJSON-2125466070-project] 10.222.0.41 "POST /compute/v2.1/servers/d73996af-ca46-4193-9af6-c60bbfcda85a/os-volume_attachments" status: 200 len: 194 microversion: 2.1 time: 1.206215
Mar 23 11:04:12.869110 dv-cinder-790535-33-iscsi devstack@n-api.service[117423]: [pid: 117423|app: 0|req: 98/205] 10.222.0.41 () {60 vars in 1322 bytes} [Wed Mar 23 11:04:11 2022] POST /compute/v2.1/servers/d73996af-ca46-4193-9af6-c60bbfcda85a/os-volume_attachments => generated 194 bytes in 1209 msecs (HTTP/1.1 200) 9 headers in 357 bytes (1 switches on core 0)
Mar 23 11:04:12.883818 dv-cinder-790535-33-iscsi devstack@n-api.service[117424]: DEBUG nova.policy [None req-5f7dcb01-0128-4092-afc7-8b50ee282585 tempest-AttachVolumeShelveTestJSON-847801335 tempest-AttachVolumeShelveTestJSON-847801335-project] Policy check for os_compute_api:os-extended-server-attributes failed with credentials {'is_admin': False, 'user_id': 'f0c072e18a6345fd85c5c3515e72dbad', 'user_domain_id': 'default', 'system_scope': None, 'domain_id': None, 'project_id': '7a9722a34d004a16ae8e2fb602d551e8', 'project_domain_id': 'default', 'roles': ['member', 'reader'], 'is_admin_project': True, 'service_user_id': None, 'service_user_domain_id': None, 'service_project_id': None, 'service_project_domain_id': None, 'service_roles': []} {{(pid=117424) authorize /opt/stack/nova/nova/policy.py:199}}
Mar 23 11:04:12.892259 dv-cinder-790535-33-iscsi devstack@n-api.service[117424]: DEBUG nova.policy [None req-5f7dcb01-0128-4092-afc7-8b50ee282585 tempest-AttachVolumeShelveTestJSON-847801335 tempest-AttachVolumeShelveTestJSON-847801335-project] Policy check for os_compute_api:servers:show:host_status failed with credentials {'is_admin': False, 'user_id': 'f0c072e18a6345fd85c5c3515e72dbad', 'user_domain_id': 'default', 'system_scope': None, 'domain_id': None, 'project_id': '7a9722a34d004a16ae8e2fb602d551e8', 'project_domain_id': 'default', 'roles': ['member', 'reader'], 'is_admin_project': True, 'service_user_id': None, 'service_user_domain_id': None, 'service_project_id': None, 'service_project_domain_id': None, 'service_roles': []} {{(pid=117424) authorize /opt/stack/nova/nova/policy.py:199}}
Mar 23 11:04:12.895852 dv-cinder-790535-33-iscsi devstack@n-api.service[117424]: DEBUG nova.policy [None req-5f7dcb01-0128-4092-afc7-8b50ee282585 tempest-AttachVolumeShelveTestJSON-847801335 tempest-AttachVolumeShelveTestJSON-847801335-project] Policy check for os_compute_api:servers:show:host_status:unknown-only failed with credentials {'is_admin': False, 'user_id': 'f0c072e18a6345fd85c5c3515e72dbad', 'user_domain_id': 'default', 'system_scope': None, 'domain_id': None, 'project_id': '7a9722a34d004a16ae8e2fb602d551e8', 'project_domain_id': 'default', 'roles': ['member', 'reader'], 'is_admin_project': True, 'service_user_id': None, 'service_user_domain_id': None, 'service_project_id': None, 'service_project_domain_id': None, 'service_roles': []} {{(pid=117424) authorize /opt/stack/nova/nova/policy.py:199}}
Mar 23 11:04:12.895852 dv-cinder-790535-33-iscsi devstack@n-api.service[117424]: INFO nova.api.openstack.requestlog [None req-5f7dcb01-0128-4092-afc7-8b50ee282585 tempest-AttachVolumeShelveTestJSON-847801335 tempest-AttachVolumeShelveTestJSON-847801335-project] 10.222.0.41 "GET /compute/v2.1/servers/cd3be861-f7ed-4e23-9d00-09c761095f41" status: 200 len: 1724 microversion: 2.20 time: 0.220722
Mar 23 11:04:12.896307 dv-cinder-790535-33-iscsi devstack@n-api.service[117424]: [pid: 117424|app: 0|req: 108/206] 10.222.0.41 () {60 vars in 1276 bytes} [Wed Mar 23 11:04:12 2022] GET /compute/v2.1/servers/cd3be861-f7ed-4e23-9d00-09c761095f41 => generated 1724 bytes in 222 msecs (HTTP/1.1 200) 9 headers in 360 bytes (2 switches on core 0)
Mar 23 11:04:12.970306 dv-cinder-790535-33-iscsi devstack@n-api.service[117423]: DEBUG nova.api.openstack.wsgi [None req-6307a6ba-16e8-47be-a7f6-489dbbcf0437 tempest-VolumesActionsTest-846513497 tempest-VolumesActionsTest-846513497-project] Calling method '>' {{(pid=117423) _process_stack /opt/stack/nova/nova/api/openstack/wsgi.py:513}}
Mar 23 11:04:12.971088 dv-cinder-790535-33-iscsi devstack@n-api.service[117423]: DEBUG nova.compute.api [None req-6307a6ba-16e8-47be-a7f6-489dbbcf0437 tempest-VolumesActionsTest-846513497 tempest-VolumesActionsTest-846513497-project] [instance: 0f898a12-0170-48e4-9cc5-7d6fe8be30d3] Fetching instance by UUID {{(pid=117423) get /opt/stack/nova/nova/compute/api.py:2918}}
Mar 23 11:04:12.988024 dv-cinder-790535-33-iscsi devstack@n-api.service[117423]: DEBUG oslo_concurrency.lockutils [None req-6307a6ba-16e8-47be-a7f6-489dbbcf0437 tempest-VolumesActionsTest-846513497 tempest-VolumesActionsTest-846513497-project] Lock "23ca12b8-d06a-45f3-8b17-43bb936cd805" acquired by "nova.context.set_target_cell..get_or_set_cached_cell_and_set_connections" :: waited 0.000s {{(pid=117423) inner /usr/local/lib/python3.8/dist-packages/oslo_concurrency/lockutils.py:386}}
Mar 23 11:04:12.988689 dv-cinder-790535-33-iscsi devstack@n-api.service[117423]: DEBUG oslo_concurrency.lockutils [None req-6307a6ba-16e8-47be-a7f6-489dbbcf0437 tempest-VolumesActionsTest-846513497 tempest-VolumesActionsTest-846513497-project] Lock "23ca12b8-d06a-45f3-8b17-43bb936cd805" "released" by "nova.context.set_target_cell..get_or_set_cached_cell_and_set_connections" :: held 0.001s {{(pid=117423) inner /usr/local/lib/python3.8/dist-packages/oslo_concurrency/lockutils.py:400}}
Mar 23 11:04:12.989670 dv-cinder-790535-33-iscsi devstack@n-api.service[117423]: DEBUG oslo_concurrency.lockutils [None req-6307a6ba-16e8-47be-a7f6-489dbbcf0437 tempest-VolumesActionsTest-846513497 tempest-VolumesActionsTest-846513497-project] Lock "23ca12b8-d06a-45f3-8b17-43bb936cd805" acquired by "nova.context.set_target_cell..get_or_set_cached_cell_and_set_connections" :: waited 0.000s {{(pid=117423) inner /usr/local/lib/python3.8/dist-packages/oslo_concurrency/lockutils.py:386}}
Mar 23 11:04:12.990305 dv-cinder-790535-33-iscsi devstack@n-api.service[117423]: DEBUG oslo_concurrency.lockutils [None req-6307a6ba-16e8-47be-a7f6-489dbbcf0437 tempest-VolumesActionsTest-846513497 tempest-VolumesActionsTest-846513497-project] Lock "23ca12b8-d06a-45f3-8b17-43bb936cd805" "released" by "nova.context.set_target_cell..get_or_set_cached_cell_and_set_connections" :: held 0.001s {{(pid=117423) inner /usr/local/lib/python3.8/dist-packages/oslo_concurrency/lockutils.py:400}}
Mar 23 11:04:13.032184 dv-cinder-790535-33-iscsi devstack@n-api.service[117424]: DEBUG nova.api.openstack.wsgi [None req-c2458ead-e3a7-4440-8fd3-223aa65a65e9 tempest-ServerRescueNegativeTestJSON-646569935 tempest-ServerRescueNegativeTestJSON-646569935-project] Action: 'create', calling method: >, body: {"server": {"name": "tempest-ServerRescueNegativeTestJSON-server-598153679", "imageRef": "8dbe585f-339b-494d-a53b-f1d5f94428eb", "flavorRef": "452", "adminPass": "***", "networks": [{"uuid": "4b8305e7-fc73-4884-8968-f1c6a05e1337"}], "security_groups": [{"name": "tempest-securitygroup--889768627"}], "key_name": "tempest-keypair-1261432178", "user_data": "}} {{(pid=117424) _process_stack /opt/stack/nova/nova/api/openstack/wsgi.py:511}}
Mar 23 11:04:13.205261 dv-cinder-790535-33-iscsi devstack@n-api.service[117424]: DEBUG nova.network.neutron [None req-c2458ead-e3a7-4440-8fd3-223aa65a65e9 tempest-ServerRescueNegativeTestJSON-646569935 tempest-ServerRescueNegativeTestJSON-646569935-project] validate_networks() for [('4b8305e7-fc73-4884-8968-f1c6a05e1337', None, None, None, None, None)] {{(pid=117424) validate_networks /opt/stack/nova/nova/network/neutron.py:2632}}
Mar 23 11:04:13.209543 dv-cinder-790535-33-iscsi devstack@n-api.service[117423]: DEBUG nova.policy [None req-6307a6ba-16e8-47be-a7f6-489dbbcf0437 tempest-VolumesActionsTest-846513497 tempest-VolumesActionsTest-846513497-project] Policy check for os_compute_api:os-extended-server-attributes failed with credentials {'is_admin': False, 'user_id': '7d413ceaf58a472fb33889a6b1bf4f7c', 'user_domain_id': 'default', 'system_scope': None, 'domain_id': None, 'project_id': '0d24d22e17244e13b58f43371ba9ca2e', 'project_domain_id': 'default', 'roles': ['member', 'reader'], 'is_admin_project': True, 'service_user_id': None, 'service_user_domain_id': None, 'service_project_id': None, 'service_project_domain_id': None, 'service_roles': []} {{(pid=117423) authorize /opt/stack/nova/nova/policy.py:199}}
Mar 23 11:04:13.218149 dv-cinder-790535-33-iscsi devstack@n-api.service[117423]: INFO nova.api.openstack.requestlog [None req-6307a6ba-16e8-47be-a7f6-489dbbcf0437 tempest-VolumesActionsTest-846513497 tempest-VolumesActionsTest-846513497-project] 10.222.0.41 "GET /compute/v2.1/servers/0f898a12-0170-48e4-9cc5-7d6fe8be30d3" status: 200 len: 1502 microversion: 2.1 time: 0.252023
Mar 23 11:04:13.218722 dv-cinder-790535-33-iscsi devstack@n-api.service[117423]: [pid: 117423|app: 0|req: 99/207] 10.222.0.41 () {58 vars in 1235 bytes} [Wed Mar 23 11:04:12 2022] GET /compute/v2.1/servers/0f898a12-0170-48e4-9cc5-7d6fe8be30d3 => generated 1502 bytes in 253 msecs (HTTP/1.1 200) 9 headers in 358 bytes (1 switches on core 0)
Mar 23 11:04:13.372951 dv-cinder-790535-33-iscsi devstack@n-api.service[117423]: DEBUG nova.api.openstack.wsgi [req-3776ac58-f26f-4778-b60c-1c1cdb62b794 req-17029f5c-d8a0-4f2e-8f11-398d53cceafa service nova] Action: 'create', calling method: >, body: {"events": [{"server_uuid": "0f898a12-0170-48e4-9cc5-7d6fe8be30d3", "name": "network-vif-deleted", "tag": "2bbd5ed1-9b8c-4849-8d91-69950b0064e1"}]} {{(pid=117423) _process_stack /opt/stack/nova/nova/api/openstack/wsgi.py:511}}
Mar 23 11:04:13.386348 dv-cinder-790535-33-iscsi devstack@n-api.service[117423]: DEBUG oslo_concurrency.lockutils [req-3776ac58-f26f-4778-b60c-1c1cdb62b794 req-17029f5c-d8a0-4f2e-8f11-398d53cceafa service nova] Lock "23ca12b8-d06a-45f3-8b17-43bb936cd805" acquired by "nova.context.set_target_cell..get_or_set_cached_cell_and_set_connections" :: waited 0.001s {{(pid=117423) inner /usr/local/lib/python3.8/dist-packages/oslo_concurrency/lockutils.py:386}}
Mar 23 11:04:13.387096 dv-cinder-790535-33-iscsi devstack@n-api.service[117423]: DEBUG oslo_concurrency.lockutils [req-3776ac58-f26f-4778-b60c-1c1cdb62b794 req-17029f5c-d8a0-4f2e-8f11-398d53cceafa service nova] Lock "23ca12b8-d06a-45f3-8b17-43bb936cd805" "released" by "nova.context.set_target_cell..get_or_set_cached_cell_and_set_connections" :: held 0.001s {{(pid=117423) inner /usr/local/lib/python3.8/dist-packages/oslo_concurrency/lockutils.py:400}}
Mar 23 11:04:13.401476 dv-cinder-790535-33-iscsi devstack@n-api.service[117423]: INFO nova.api.openstack.compute.server_external_events [req-3776ac58-f26f-4778-b60c-1c1cdb62b794 req-17029f5c-d8a0-4f2e-8f11-398d53cceafa service nova] Creating event network-vif-deleted:2bbd5ed1-9b8c-4849-8d91-69950b0064e1 for instance 0f898a12-0170-48e4-9cc5-7d6fe8be30d3 on hv-cinder-79053
Mar 23 11:04:13.407517 dv-cinder-790535-33-iscsi devstack@n-api.service[117423]: INFO nova.api.openstack.requestlog [req-3776ac58-f26f-4778-b60c-1c1cdb62b794 req-17029f5c-d8a0-4f2e-8f11-398d53cceafa service nova] 10.222.0.41 "POST /compute/v2.1/os-server-external-events" status: 200 len: 183 microversion: 2.1 time: 0.038817
Mar 23 11:04:13.408117 dv-cinder-790535-33-iscsi devstack@n-api.service[117423]: [pid: 117423|app: 0|req: 100/208] 10.222.0.41 () {64 vars in 1317 bytes} [Wed Mar 23 11:04:13 2022] POST /compute/v2.1/os-server-external-events => generated 183 bytes in 40 msecs (HTTP/1.1 200) 9 headers in 357 bytes (2 switches on core 0)
Mar 23 11:04:13.614560 dv-cinder-790535-33-iscsi devstack@n-api.service[117424]: DEBUG nova.virt.hardware [None req-c2458ead-e3a7-4440-8fd3-223aa65a65e9 tempest-ServerRescueNegativeTestJSON-646569935 tempest-ServerRescueNegativeTestJSON-646569935-project] Flavor limits 0:0:0 {{(pid=117424) get_cpu_topology_constraints /opt/stack/nova/nova/virt/hardware.py:343}}
Mar 23 11:04:13.615099 dv-cinder-790535-33-iscsi devstack@n-api.service[117424]: DEBUG nova.virt.hardware [None req-c2458ead-e3a7-4440-8fd3-223aa65a65e9 tempest-ServerRescueNegativeTestJSON-646569935 tempest-ServerRescueNegativeTestJSON-646569935-project] Image limits 0:0:0 {{(pid=117424) get_cpu_topology_constraints /opt/stack/nova/nova/virt/hardware.py:347}}
Mar 23 11:04:13.615599 dv-cinder-790535-33-iscsi devstack@n-api.service[117424]: DEBUG nova.virt.hardware [None req-c2458ead-e3a7-4440-8fd3-223aa65a65e9 tempest-ServerRescueNegativeTestJSON-646569935 tempest-ServerRescueNegativeTestJSON-646569935-project] Flavor pref 0:0:0 {{(pid=117424) get_cpu_topology_constraints /opt/stack/nova/nova/virt/hardware.py:383}}
Mar 23 11:04:13.616020 dv-cinder-790535-33-iscsi devstack@n-api.service[117424]: DEBUG nova.virt.hardware [None req-c2458ead-e3a7-4440-8fd3-223aa65a65e9 tempest-ServerRescueNegativeTestJSON-646569935 tempest-ServerRescueNegativeTestJSON-646569935-project] Image pref 0:0:0 {{(pid=117424) get_cpu_topology_constraints /opt/stack/nova/nova/virt/hardware.py:387}}
Mar 23 11:04:13.616583 dv-cinder-790535-33-iscsi devstack@n-api.service[117424]: DEBUG nova.virt.hardware [None req-c2458ead-e3a7-4440-8fd3-223aa65a65e9 tempest-ServerRescueNegativeTestJSON-646569935 tempest-ServerRescueNegativeTestJSON-646569935-project] Chose sockets=0, cores=0, threads=0; limits were sockets=65536, cores=65536, threads=65536 {{(pid=117424) get_cpu_topology_constraints /opt/stack/nova/nova/virt/hardware.py:425}}
Mar 23 11:04:13.626334 dv-cinder-790535-33-iscsi devstack@n-api.service[117424]: DEBUG oslo_concurrency.lockutils [None req-c2458ead-e3a7-4440-8fd3-223aa65a65e9 tempest-ServerRescueNegativeTestJSON-646569935 tempest-ServerRescueNegativeTestJSON-646569935-project] Lock "00000000-0000-0000-0000-000000000000" acquired by "nova.context.set_target_cell..get_or_set_cached_cell_and_set_connections" :: waited 0.000s {{(pid=117424) inner /usr/local/lib/python3.8/dist-packages/oslo_concurrency/lockutils.py:386}}
Mar 23 11:04:13.626785 dv-cinder-790535-33-iscsi devstack@n-api.service[117424]: DEBUG oslo_concurrency.lockutils [None req-c2458ead-e3a7-4440-8fd3-223aa65a65e9 tempest-ServerRescueNegativeTestJSON-646569935 tempest-ServerRescueNegativeTestJSON-646569935-project] Lock "00000000-0000-0000-0000-000000000000" "released" by "nova.context.set_target_cell..get_or_set_cached_cell_and_set_connections" :: held 0.000s {{(pid=117424) inner /usr/local/lib/python3.8/dist-packages/oslo_concurrency/lockutils.py:400}}
Mar 23 11:04:13.627596 dv-cinder-790535-33-iscsi devstack@n-api.service[117424]: DEBUG oslo_concurrency.lockutils [None req-c2458ead-e3a7-4440-8fd3-223aa65a65e9 tempest-ServerRescueNegativeTestJSON-646569935 tempest-ServerRescueNegativeTestJSON-646569935-project] Lock "23ca12b8-d06a-45f3-8b17-43bb936cd805" acquired by "nova.context.set_target_cell..get_or_set_cached_cell_and_set_connections" :: waited 0.000s {{(pid=117424) inner /usr/local/lib/python3.8/dist-packages/oslo_concurrency/lockutils.py:386}}
