Mar 18 12:36:18.487896 dv-cinder-790535-30-iscsi neutron-server[103441]: DEBUG neutron_lib.callbacks.manager [req-9bda94af-fe82-4d3b-bcf5-4cfdb028ce33 req-2753e2e0-4098-4541-9cd7-b979170a01fb service neutron] Publish callbacks ['neutron.plugins.ml2.plugin.SecurityGroupDbMixin._ensure_default_security_group_handler-599604'] for port (1470a83a-6a0d-430a-acf1-7ff68366b2e1), before_update {{(pid=103441) _notify_loop /usr/local/lib/python3.8/dist-packages/neutron_lib/callbacks/manager.py:176}}
Mar 18 12:36:18.491200 dv-cinder-790535-30-iscsi neutron-server[103442]: DEBUG neutron_lib.callbacks.manager [None req-c9435f0d-e0f5-499a-b53a-e581c46d11ba admin admin] Publish callbacks ['neutron.plugins.ml2.ovo_rpc._ObjectChangeHandler.handle_event-1688356'] for security_group (dcc1b14f-3c30-46dc-b65f-f1bcb97e5324), after_delete {{(pid=103442) _notify_loop /usr/local/lib/python3.8/dist-packages/neutron_lib/callbacks/manager.py:176}}
Mar 18 12:36:18.495051 dv-cinder-790535-30-iscsi neutron-server[103442]: DEBUG neutron_lib.callbacks.manager [None req-c9435f0d-e0f5-499a-b53a-e581c46d11ba admin admin] Publish callbacks [] for security_group (None), before_response {{(pid=103442) _notify_loop /usr/local/lib/python3.8/dist-packages/neutron_lib/callbacks/manager.py:176}}
Mar 18 12:36:18.495547 dv-cinder-790535-30-iscsi neutron-server[103441]: DEBUG neutron.db.provisioning_blocks [req-4816a275-e7f1-4fd1-9057-e38571e31a5e req-0c38744f-c274-4b09-a6e4-da3ce50b3800 service neutron] Transition to ACTIVE for port object 0e60e6ac-9952-4e24-a8bc-3cd81361a8e9 will not be triggered until provisioned by entity L2. {{(pid=103441) add_provisioning_component /opt/stack/neutron/neutron/db/provisioning_blocks.py:74}}
Mar 18 12:36:18.496668 dv-cinder-790535-30-iscsi neutron-server[103442]: INFO neutron.wsgi [None req-c9435f0d-e0f5-499a-b53a-e581c46d11ba admin admin] 10.222.0.21 "DELETE /v2.0/security-groups/dcc1b14f-3c30-46dc-b65f-f1bcb97e5324 HTTP/1.1" status: 204 len: 168 time: 0.4430997
Mar 18 12:36:18.514664 dv-cinder-790535-30-iscsi neutron-server[103441]: DEBUG neutron_lib.callbacks.manager [req-4816a275-e7f1-4fd1-9057-e38571e31a5e req-0c38744f-c274-4b09-a6e4-da3ce50b3800 service neutron] Publish callbacks ['neutron.plugins.ml2.plugin.SecurityGroupServerNotifierRpcMixin._notify_sg_on_port_change-599671', 'neutron.plugins.ml2.ovo_rpc._ObjectChangeHandler.handle_event-178977', 'neutron.api.rpc.agentnotifiers.dhcp_rpc_agent_api.DhcpAgentNotifyAPI._native_event_send_dhcp_notification-1702470', 'neutron.db.l3_db.L3RpcNotifierMixin._notify_gateway_port_ip_changed-8755722226068', 'neutron.db.l3_dvrscheduler_db._notify_l3_agent_port_update-8755721691423', 'neutron.db.l3_hascheduler_db._notify_l3_agent_ha_port_update-8755721691441', 'neutron.services.segments.plugin.NovaSegmentNotifier._notify_port_updated-3660855'] for port (0e60e6ac-9952-4e24-a8bc-3cd81361a8e9), after_update {{(pid=103441) _notify_loop /usr/local/lib/python3.8/dist-packages/neutron_lib/callbacks/manager.py:176}}
Mar 18 12:36:18.519038 dv-cinder-790535-30-iscsi neutron-server[103442]: DEBUG neutron.api.rpc.handlers.resources_rpc [None req-c9435f0d-e0f5-499a-b53a-e581c46d11ba admin admin] Pushing event deleted for resources: {'SecurityGroup': ['ID=dcc1b14f-3c30-46dc-b65f-f1bcb97e5324,revision_number=None']} {{(pid=103442) push /opt/stack/neutron/neutron/api/rpc/handlers/resources_rpc.py:237}}
Mar 18 12:36:18.521265 dv-cinder-790535-30-iscsi neutron-server[103443]: DEBUG neutron.db.provisioning_blocks [None req-b18105cc-0185-412a-9c03-cca6a920f742 None None] Provisioning complete for port 1470a83a-6a0d-430a-acf1-7ff68366b2e1 triggered by entity DHCP. {{(pid=103443) provisioning_complete /opt/stack/neutron/neutron/db/provisioning_blocks.py:140}}
Mar 18 12:36:18.525097 dv-cinder-790535-30-iscsi neutron-server[103443]: DEBUG neutron_lib.callbacks.manager [None req-b18105cc-0185-412a-9c03-cca6a920f742 None None] Publish callbacks ['neutron.plugins.ml2.plugin.Ml2Plugin._port_provisioned-701990'] for port (1470a83a-6a0d-430a-acf1-7ff68366b2e1), provisioning_complete {{(pid=103443) _notify_loop /usr/local/lib/python3.8/dist-packages/neutron_lib/callbacks/manager.py:176}}
Mar 18 12:36:18.638954 dv-cinder-790535-30-iscsi neutron-server[103443]: DEBUG neutron.plugins.ml2.plugin [None req-b18105cc-0185-412a-9c03-cca6a920f742 None None] Port 1470a83a-6a0d-430a-acf1-7ff68366b2e1 cannot update to ACTIVE because it is not bound. {{(pid=103443) _port_provisioned /opt/stack/neutron/neutron/plugins/ml2/plugin.py:343}}
Mar 18 12:36:18.734425 dv-cinder-790535-30-iscsi neutron-server[103442]: DEBUG neutron.pecan_wsgi.hooks.policy_enforcement [req-066ce386-63c1-4d7a-b7f9-eb6f3d6ac500 req-3220fef7-17c6-49f0-9099-0c77b708d7ce tempest-DeleteServersTestJSON-623202486 tempest-DeleteServersTestJSON-623202486-project] Attributes excluded by policy engine: ['standard_attr_id', 'binding:profile', 'binding:host_id', 'binding:vif_type', 'binding:vif_details'] {{(pid=103442) _exclude_attributes_by_policy /opt/stack/neutron/neutron/pecan_wsgi/hooks/policy_enforcement.py:255}}
Mar 18 12:36:18.736028 dv-cinder-790535-30-iscsi neutron-server[103442]: INFO neutron.wsgi [req-066ce386-63c1-4d7a-b7f9-eb6f3d6ac500 req-3220fef7-17c6-49f0-9099-0c77b708d7ce tempest-DeleteServersTestJSON-623202486 tempest-DeleteServersTestJSON-623202486-project] 10.222.0.21 "GET /v2.0/ports?device_id=decb7bf4-62ec-4711-afd4-8cef7c86e654 HTTP/1.1" status: 200 len: 945 time: 0.1965997
Mar 18 12:36:18.751989 dv-cinder-790535-30-iscsi neutron-server[103442]: DEBUG neutron.pecan_wsgi.hooks.policy_enforcement [req-2b5e4376-2d5f-498a-a918-a9dff53db8d6 req-eaa3083a-6c6d-4296-bb63-70c418b471b0 tempest-ServerRescueNegativeTestJSON-1475365628 tempest-ServerRescueNegativeTestJSON-1475365628-project] Attributes excluded by policy engine: ['standard_attr_id', 'binding:profile', 'binding:host_id', 'binding:vif_type', 'binding:vif_details'] {{(pid=103442) _exclude_attributes_by_policy /opt/stack/neutron/neutron/pecan_wsgi/hooks/policy_enforcement.py:255}}
Mar 18 12:36:18.759734 dv-cinder-790535-30-iscsi neutron-server[103442]: INFO neutron.wsgi [req-2b5e4376-2d5f-498a-a918-a9dff53db8d6 req-eaa3083a-6c6d-4296-bb63-70c418b471b0 tempest-ServerRescueNegativeTestJSON-1475365628 tempest-ServerRescueNegativeTestJSON-1475365628-project] 10.222.0.21 "GET /v2.0/ports?device_id=84a70fe6-1396-4136-a6b9-1dd62d1206b1 HTTP/1.1" status: 200 len: 943 time: 0.1462698
Mar 18 12:36:18.822095 dv-cinder-790535-30-iscsi neutron-server[103441]: DEBUG neutron.api.rpc.handlers.resources_rpc [None req-0c38744f-c274-4b09-a6e4-da3ce50b3800 service neutron] Pushing event updated for resources: {'Port': ['ID=0e60e6ac-9952-4e24-a8bc-3cd81361a8e9,revision_number=2']} {{(pid=103441) push /opt/stack/neutron/neutron/api/rpc/handlers/resources_rpc.py:237}}
Mar 18 12:36:18.842922 dv-cinder-790535-30-iscsi neutron-server[103442]: INFO neutron.wsgi [req-2b5e4376-2d5f-498a-a918-a9dff53db8d6 req-f85181a9-6bb7-400b-9859-814986e146ac tempest-ServerRescueNegativeTestJSON-1475365628 tempest-ServerRescueNegativeTestJSON-1475365628-project] 10.222.0.21 "GET /v2.0/security-groups?id=254de031-3239-4833-abad-de4df01bbc53&fields=id&fields=name HTTP/1.1" status: 200 len: 286 time: 0.0815840
Mar 18 12:36:18.844767 dv-cinder-790535-30-iscsi neutron-server[103441]: DEBUG neutron.plugins.ml2.managers [req-4816a275-e7f1-4fd1-9057-e38571e31a5e req-0c38744f-c274-4b09-a6e4-da3ce50b3800 service neutron] Attempting to bind port 0e60e6ac-9952-4e24-a8bc-3cd81361a8e9 on host hv-cinder-79053 for vnic_type normal with profile {{(pid=103441) bind_port /opt/stack/neutron/neutron/plugins/ml2/managers.py:795}}
Mar 18 12:36:18.845136 dv-cinder-790535-30-iscsi neutron-server[103441]: DEBUG neutron.plugins.ml2.managers [req-4816a275-e7f1-4fd1-9057-e38571e31a5e req-0c38744f-c274-4b09-a6e4-da3ce50b3800 service neutron] Attempting to bind port 0e60e6ac-9952-4e24-a8bc-3cd81361a8e9 by drivers openvswitch,hyperv on host hv-cinder-79053 at level 0 using segments [{'id': 'd050c24c-9fbf-40d3-9876-c926929ff045', 'network_type': 'vlan', 'physical_network': 'physnet1', 'segmentation_id': 290, 'network_id': '4e425e37-1ae8-48fe-b7f1-6897ad51eab6'}] {{(pid=103441) _bind_port_level /opt/stack/neutron/neutron/plugins/ml2/managers.py:820}}
Mar 18 12:36:18.845897 dv-cinder-790535-30-iscsi neutron-server[103441]: DEBUG neutron.plugins.ml2.drivers.mech_agent [req-4816a275-e7f1-4fd1-9057-e38571e31a5e req-0c38744f-c274-4b09-a6e4-da3ce50b3800 service neutron] Attempting to bind port 0e60e6ac-9952-4e24-a8bc-3cd81361a8e9 on network 4e425e37-1ae8-48fe-b7f1-6897ad51eab6 {{(pid=103441) bind_port /opt/stack/neutron/neutron/plugins/ml2/drivers/mech_agent.py:91}}
Mar 18 12:36:18.848801 dv-cinder-790535-30-iscsi neutron-server[103442]: INFO neutron.wsgi [req-066ce386-63c1-4d7a-b7f9-eb6f3d6ac500 req-a2557a06-d939-481a-add7-dee2ce7b8141 tempest-DeleteServersTestJSON-623202486 tempest-DeleteServersTestJSON-623202486-project] 10.222.0.21 "GET /v2.0/security-groups?id=36f8187c-b838-4663-a953-94dab11bf8cb&fields=id&fields=name HTTP/1.1" status: 200 len: 286 time: 0.1044455
Mar 18 12:36:18.921437 dv-cinder-790535-30-iscsi neutron-server[103441]: DEBUG neutron.plugins.ml2.drivers.mech_agent [req-4816a275-e7f1-4fd1-9057-e38571e31a5e req-0c38744f-c274-4b09-a6e4-da3ce50b3800 service neutron] Port 0e60e6ac-9952-4e24-a8bc-3cd81361a8e9 on network 4e425e37-1ae8-48fe-b7f1-6897ad51eab6 not bound, no agent of type Open vSwitch agent registered on host hv-cinder-79053 {{(pid=103441) bind_port /opt/stack/neutron/neutron/plugins/ml2/drivers/mech_agent.py:103}}
Mar 18 12:36:18.921897 dv-cinder-790535-30-iscsi neutron-server[103441]: DEBUG neutron.plugins.ml2.drivers.mech_agent [req-4816a275-e7f1-4fd1-9057-e38571e31a5e req-0c38744f-c274-4b09-a6e4-da3ce50b3800 service neutron] Attempting to bind port 0e60e6ac-9952-4e24-a8bc-3cd81361a8e9 on network 4e425e37-1ae8-48fe-b7f1-6897ad51eab6 {{(pid=103441) bind_port /opt/stack/neutron/neutron/plugins/ml2/drivers/mech_agent.py:91}}
Mar 18 12:36:18.943017 dv-cinder-790535-30-iscsi neutron-server[103441]: DEBUG neutron.plugins.ml2.drivers.mech_agent [req-4816a275-e7f1-4fd1-9057-e38571e31a5e req-0c38744f-c274-4b09-a6e4-da3ce50b3800 service neutron] Checking agent: {'id': '43725301-ef93-4fdb-abf1-73a3b2591a22', 'agent_type': 'HyperV agent', 'binary': 'neutron-hyperv-agent', 'topic': 'N/A', 'host': 'hv-cinder-79053', 'admin_state_up': True, 'created_at': datetime.datetime(2022, 3, 18, 12, 33, 52), 'started_at': datetime.datetime(2022, 3, 18, 12, 33, 52), 'heartbeat_timestamp': datetime.datetime(2022, 3, 18, 12, 35, 52), 'description': None, 'resources_synced': None, 'availability_zone': None, 'alive': True, 'configurations': {'vswitch_mappings': {'physnet1$': 'br-data'}}, 'resource_versions': {}} {{(pid=103441) bind_port /opt/stack/neutron/neutron/plugins/ml2/drivers/mech_agent.py:110}}
Mar 18 12:36:18.943472 dv-cinder-790535-30-iscsi neutron-server[103441]: DEBUG neutron.plugins.ml2.drivers.mech_agent [req-4816a275-e7f1-4fd1-9057-e38571e31a5e req-0c38744f-c274-4b09-a6e4-da3ce50b3800 service neutron] Checking segment: {'id': 'd050c24c-9fbf-40d3-9876-c926929ff045', 'network_type': 'vlan', 'physical_network': 'physnet1', 'segmentation_id': 290, 'network_id': '4e425e37-1ae8-48fe-b7f1-6897ad51eab6'} for mappings: {'physnet1$': 'br-data'} with network types: ['local', 'flat', 'vlan'] {{(pid=103441) check_segment_for_agent /opt/stack/neutron/neutron/plugins/ml2/drivers/mech_agent.py:373}}
Mar 18 12:36:18.944055 dv-cinder-790535-30-iscsi neutron-server[103441]: DEBUG neutron.plugins.ml2.drivers.mech_agent [req-4816a275-e7f1-4fd1-9057-e38571e31a5e req-0c38744f-c274-4b09-a6e4-da3ce50b3800 service neutron] Bound using segment: {'id': 'd050c24c-9fbf-40d3-9876-c926929ff045', 'network_type': 'vlan', 'physical_network': 'physnet1', 'segmentation_id': 290, 'network_id': '4e425e37-1ae8-48fe-b7f1-6897ad51eab6'} {{(pid=103441) bind_port /opt/stack/neutron/neutron/plugins/ml2/drivers/mech_agent.py:120}}
Mar 18 12:36:18.944502 dv-cinder-790535-30-iscsi neutron-server[103441]: DEBUG neutron.plugins.ml2.managers [req-4816a275-e7f1-4fd1-9057-e38571e31a5e req-0c38744f-c274-4b09-a6e4-da3ce50b3800 service neutron] Bound port: 0e60e6ac-9952-4e24-a8bc-3cd81361a8e9, host: hv-cinder-79053, vif_type: hyperv, vif_details: {"connectivity": "legacy", "port_filter": false}, binding_levels: [{'bound_driver': 'hyperv', 'bound_segment': {'id': 'd050c24c-9fbf-40d3-9876-c926929ff045', 'network_type': 'vlan', 'physical_network': 'physnet1', 'segmentation_id': 290, 'network_id': '4e425e37-1ae8-48fe-b7f1-6897ad51eab6'}}] {{(pid=103441) _bind_port_level /opt/stack/neutron/neutron/plugins/ml2/managers.py:932}}
Mar 18 12:36:18.944841 dv-cinder-790535-30-iscsi neutron-server[103441]: DEBUG neutron_lib.callbacks.manager [req-4816a275-e7f1-4fd1-9057-e38571e31a5e req-0c38744f-c274-4b09-a6e4-da3ce50b3800 service neutron] Publish callbacks ['neutron.plugins.ml2.plugin.SecurityGroupDbMixin._ensure_default_security_group_handler-599604'] for port (0e60e6ac-9952-4e24-a8bc-3cd81361a8e9), before_update {{(pid=103441) _notify_loop /usr/local/lib/python3.8/dist-packages/neutron_lib/callbacks/manager.py:176}}
Mar 18 12:36:19.003622 dv-cinder-790535-30-iscsi neutron-server[103442]: DEBUG neutron.wsgi [-] (103442) accepted ('10.222.0.21', 60034) {{(pid=103442) server /usr/local/lib/python3.8/dist-packages/eventlet/wsgi.py:1004}}
Mar 18 12:36:19.021325 dv-cinder-790535-30-iscsi neutron-server[103442]: DEBUG neutron_lib.callbacks.manager [None req-22545d8c-b095-48e6-9eee-b2978e455f6a admin admin] Publish callbacks [] for security_group (None), before_create {{(pid=103442) _notify_loop /usr/local/lib/python3.8/dist-packages/neutron_lib/callbacks/manager.py:176}}
Mar 18 12:36:19.051023 dv-cinder-790535-30-iscsi neutron-server[103443]: DEBUG neutron_lib.callbacks.manager [None req-5b8eb061-e17e-4ed2-8bdc-1676c9cd2875 None None] Publish callbacks ['neutron.services.segments.db._update_segment_host_mapping_for_agent-8755722033201', 'neutron.plugins.ml2.plugin.Ml2Plugin._retry_binding_revived_agents-702076'] for agent (17e0b50f-bb43-431f-806a-708d8322723f), after_update {{(pid=103443) _notify_loop /usr/local/lib/python3.8/dist-packages/neutron_lib/callbacks/manager.py:176}}
Mar 18 12:36:19.095712 dv-cinder-790535-30-iscsi neutron-server[103441]: DEBUG neutron.plugins.ml2.db [req-4816a275-e7f1-4fd1-9057-e38571e31a5e req-0c38744f-c274-4b09-a6e4-da3ce50b3800 service neutron] For port 0e60e6ac-9952-4e24-a8bc-3cd81361a8e9, host hv-cinder-79053, cleared binding levels {{(pid=103441) clear_binding_levels /opt/stack/neutron/neutron/plugins/ml2/db.py:87}}
Mar 18 12:36:19.109915 dv-cinder-790535-30-iscsi neutron-server[103442]: DEBUG neutron_lib.callbacks.manager [None req-22545d8c-b095-48e6-9eee-b2978e455f6a admin admin] Publish callbacks [] for security_group (0c79d9a7-378e-4302-b2c0-1bfe30ed9606), precommit_create {{(pid=103442) _notify_loop /usr/local/lib/python3.8/dist-packages/neutron_lib/callbacks/manager.py:176}}
Mar 18 12:36:19.116759 dv-cinder-790535-30-iscsi neutron-server[103442]: DEBUG neutron_lib.callbacks.manager [None req-22545d8c-b095-48e6-9eee-b2978e455f6a admin admin] Publish callbacks ['neutron.plugins.ml2.ovo_rpc._ObjectChangeHandler.handle_event-1688356'] for security_group (0c79d9a7-378e-4302-b2c0-1bfe30ed9606), after_create {{(pid=103442) _notify_loop /usr/local/lib/python3.8/dist-packages/neutron_lib/callbacks/manager.py:176}}
Mar 18 12:36:19.131139 dv-cinder-790535-30-iscsi neutron-server[103441]: DEBUG neutron.plugins.ml2.db [req-4816a275-e7f1-4fd1-9057-e38571e31a5e req-0c38744f-c274-4b09-a6e4-da3ce50b3800 service neutron] For port 0e60e6ac-9952-4e24-a8bc-3cd81361a8e9, host hv-cinder-79053, set binding levels [PortBindingLevel(driver='hyperv',host='hv-cinder-79053',level=0,port_id=0e60e6ac-9952-4e24-a8bc-3cd81361a8e9,segment=NetworkSegment(d050c24c-9fbf-40d3-9876-c926929ff045),segment_id=d050c24c-9fbf-40d3-9876-c926929ff045)] {{(pid=103441) set_binding_levels /opt/stack/neutron/neutron/plugins/ml2/db.py:59}}
Mar 18 12:36:19.147644 dv-cinder-790535-30-iscsi neutron-server[103441]: DEBUG neutron_lib.callbacks.manager [req-4816a275-e7f1-4fd1-9057-e38571e31a5e req-0c38744f-c274-4b09-a6e4-da3ce50b3800 service neutron] Publish callbacks ['neutron.plugins.ml2.plugin.SecurityGroupServerNotifierRpcMixin._notify_sg_on_port_change-599671', 'neutron.plugins.ml2.ovo_rpc._ObjectChangeHandler.handle_event-178977', 'neutron.api.rpc.agentnotifiers.dhcp_rpc_agent_api.DhcpAgentNotifyAPI._native_event_send_dhcp_notification-1702470', 'neutron.db.l3_db.L3RpcNotifierMixin._notify_gateway_port_ip_changed-8755722226068', 'neutron.db.l3_dvrscheduler_db._notify_l3_agent_port_update-8755721691423', 'neutron.db.l3_hascheduler_db._notify_l3_agent_ha_port_update-8755721691441', 'neutron.services.segments.plugin.NovaSegmentNotifier._notify_port_updated-3660855'] for port (0e60e6ac-9952-4e24-a8bc-3cd81361a8e9), after_update {{(pid=103441) _notify_loop /usr/local/lib/python3.8/dist-packages/neutron_lib/callbacks/manager.py:176}}
Mar 18 12:36:19.162105 dv-cinder-790535-30-iscsi neutron-server[103442]: INFO neutron.wsgi [None req-22545d8c-b095-48e6-9eee-b2978e455f6a admin admin] 10.222.0.21 "GET /v2.0/security-groups?tenant_id=7f1973e109c64a3a8a2cbb337a07c009&name=default HTTP/1.1" status: 200 len: 2996 time: 0.1570771
Mar 18 12:36:19.163427 dv-cinder-790535-30-iscsi neutron-server[103442]: DEBUG neutron.api.rpc.handlers.resources_rpc [None req-22545d8c-b095-48e6-9eee-b2978e455f6a admin admin] Pushing event updated for resources: {'SecurityGroup': ['ID=0c79d9a7-378e-4302-b2c0-1bfe30ed9606,revision_number=1']} {{(pid=103442) push /opt/stack/neutron/neutron/api/rpc/handlers/resources_rpc.py:237}}
Mar 18 12:36:19.165561 dv-cinder-790535-30-iscsi neutron-server[103442]: DEBUG neutron.wsgi [-] (103442) accepted ('10.222.0.21', 60038) {{(pid=103442) server /usr/local/lib/python3.8/dist-packages/eventlet/wsgi.py:1004}}
Mar 18 12:36:19.203984 dv-cinder-790535-30-iscsi neutron-server[103441]: DEBUG neutron.pecan_wsgi.hooks.policy_enforcement [req-4816a275-e7f1-4fd1-9057-e38571e31a5e req-0c38744f-c274-4b09-a6e4-da3ce50b3800 service neutron] Attributes excluded by policy engine: ['standard_attr_id'] {{(pid=103441) _exclude_attributes_by_policy /opt/stack/neutron/neutron/pecan_wsgi/hooks/policy_enforcement.py:255}}
Mar 18 12:36:19.204729 dv-cinder-790535-30-iscsi neutron-server[103441]: DEBUG neutron_lib.callbacks.manager [req-4816a275-e7f1-4fd1-9057-e38571e31a5e req-0c38744f-c274-4b09-a6e4-da3ce50b3800 service neutron] Publish callbacks ['neutron.notifiers.nova.Notifier._send_nova_notification-118245', 'neutron.api.rpc.agentnotifiers.dhcp_rpc_agent_api.DhcpAgentNotifyAPI._send_dhcp_notification-1702516'] for port (None), before_response {{(pid=103441) _notify_loop /usr/local/lib/python3.8/dist-packages/neutron_lib/callbacks/manager.py:176}}
Mar 18 12:36:19.216993 dv-cinder-790535-30-iscsi neutron-server[103441]: INFO neutron.wsgi [req-4816a275-e7f1-4fd1-9057-e38571e31a5e req-0c38744f-c274-4b09-a6e4-da3ce50b3800 service neutron] 10.222.0.37 "PUT /v2.0/ports/0e60e6ac-9952-4e24-a8bc-3cd81361a8e9 HTTP/1.1" status: 200 len: 1093 time: 1.7474000
Mar 18 12:36:19.232257 dv-cinder-790535-30-iscsi neutron-server[103441]: DEBUG neutron.notifiers.nova [-] Sending events: [{'name': 'network-changed', 'server_uuid': '84a70fe6-1396-4136-a6b9-1dd62d1206b1', 'tag': '0e60e6ac-9952-4e24-a8bc-3cd81361a8e9'}] {{(pid=103441) send_events /opt/stack/neutron/neutron/notifiers/nova.py:271}}
Mar 18 12:36:19.248758 dv-cinder-790535-30-iscsi neutron-server[103442]: DEBUG neutron_lib.callbacks.manager [None req-1ea53a88-3893-4922-87eb-459dea7b9a14 admin admin] Publish callbacks [] for security_group (0c79d9a7-378e-4302-b2c0-1bfe30ed9606), before_delete {{(pid=103442) _notify_loop /usr/local/lib/python3.8/dist-packages/neutron_lib/callbacks/manager.py:176}}
Mar 18 12:36:19.277684 dv-cinder-790535-30-iscsi neutron-server[103442]: DEBUG neutron_lib.callbacks.manager [None req-1ea53a88-3893-4922-87eb-459dea7b9a14 admin admin] Publish callbacks [] for security_group (0c79d9a7-378e-4302-b2c0-1bfe30ed9606), precommit_delete {{(pid=103442) _notify_loop /usr/local/lib/python3.8/dist-packages/neutron_lib/callbacks/manager.py:176}}
Mar 18 12:36:19.409903 dv-cinder-790535-30-iscsi neutron-server[103441]: DEBUG neutron.wsgi [-] (103441) accepted ('10.222.0.21', 60050) {{(pid=103441) server /usr/local/lib/python3.8/dist-packages/eventlet/wsgi.py:1004}}
Mar 18 12:36:19.545656 dv-cinder-790535-30-iscsi neutron-server[103442]: DEBUG neutron_lib.callbacks.manager [None req-1ea53a88-3893-4922-87eb-459dea7b9a14 admin admin] Publish callbacks ['neutron.plugins.ml2.ovo_rpc._ObjectChangeHandler.handle_event-1688356'] for security_group (0c79d9a7-378e-4302-b2c0-1bfe30ed9606), after_delete {{(pid=103442) _notify_loop /usr/local/lib/python3.8/dist-packages/neutron_lib/callbacks/manager.py:176}}
Mar 18 12:36:19.548145 dv-cinder-790535-30-iscsi neutron-server[103442]: DEBUG neutron_lib.callbacks.manager [None req-1ea53a88-3893-4922-87eb-459dea7b9a14 admin admin] Publish callbacks [] for security_group (None), before_response {{(pid=103442) _notify_loop /usr/local/lib/python3.8/dist-packages/neutron_lib/callbacks/manager.py:176}}
Mar 18 12:36:19.549245 dv-cinder-790535-30-iscsi neutron-server[103442]: INFO neutron.wsgi [None req-1ea53a88-3893-4922-87eb-459dea7b9a14 admin admin] 10.222.0.21 "DELETE /v2.0/security-groups/0c79d9a7-378e-4302-b2c0-1bfe30ed9606 HTTP/1.1" status: 204 len: 168 time: 0.3714209
Mar 18 12:36:19.579708 dv-cinder-790535-30-iscsi neutron-server[103442]: DEBUG neutron.api.rpc.handlers.resources_rpc [None req-1ea53a88-3893-4922-87eb-459dea7b9a14 admin admin] Pushing event deleted for resources: {'SecurityGroup': ['ID=0c79d9a7-378e-4302-b2c0-1bfe30ed9606,revision_number=None']} {{(pid=103442) push /opt/stack/neutron/neutron/api/rpc/handlers/resources_rpc.py:237}}
Mar 18 12:36:19.614845 dv-cinder-790535-30-iscsi neutron-server[103442]: DEBUG neutron.pecan_wsgi.hooks.policy_enforcement [req-4b052840-7fa6-4fb2-9e12-ea8ee8e4937d req-d379de8f-da21-40c2-ab3a-37383c744b43 tempest-AttachVolumeNegativeTest-49291541 tempest-AttachVolumeNegativeTest-49291541-project] Attributes excluded by policy engine: ['standard_attr_id', 'binding:profile', 'binding:host_id', 'binding:vif_type', 'binding:vif_details'] {{(pid=103442) _exclude_attributes_by_policy /opt/stack/neutron/neutron/pecan_wsgi/hooks/policy_enforcement.py:255}}
Mar 18 12:36:19.620666 dv-cinder-790535-30-iscsi neutron-server[103442]: INFO neutron.wsgi [req-4b052840-7fa6-4fb2-9e12-ea8ee8e4937d req-d379de8f-da21-40c2-ab3a-37383c744b43 tempest-AttachVolumeNegativeTest-49291541 tempest-AttachVolumeNegativeTest-49291541-project] 10.222.0.21 "GET /v2.0/ports?device_id=d895aadd-671a-4dc8-9f26-3c22850862ab HTTP/1.1" status: 200 len: 931 time: 0.0819383
Mar 18 12:36:19.662030 dv-cinder-790535-30-iscsi neutron-server[103441]: DEBUG novaclient.v2.client [-] REQ: curl -g -i --cacert "/opt/stack/data/ca-bundle.pem" -X POST http://10.222.0.21/compute/v2.1/os-server-external-events -H "Accept: application/json" -H "Content-Type: application/json" -H "User-Agent: python-novaclient" -H "X-Auth-Token: {SHA256}bfdf9cfb244aa888606ea68a958a651fb6921dd72973398e57922f92b4d71568" -H "X-OpenStack-Nova-API-Version: 2.1" -H "X-OpenStack-Request-ID: req-4cdc86f6-c04e-48f6-8c18-d8e0f962dfd8" -d '{"events": [{"name": "network-changed", "server_uuid": "84a70fe6-1396-4136-a6b9-1dd62d1206b1", "tag": "0e60e6ac-9952-4e24-a8bc-3cd81361a8e9"}]}' {{(pid=103441) _http_log_request /usr/local/lib/python3.8/dist-packages/keystoneauth1/session.py:519}}
Mar 18 12:36:19.664386 dv-cinder-790535-30-iscsi neutron-server[103441]: DEBUG neutron.api.rpc.handlers.resources_rpc [None req-0c38744f-c274-4b09-a6e4-da3ce50b3800 service neutron] Pushing event updated for resources: {'Port': ['ID=0e60e6ac-9952-4e24-a8bc-3cd81361a8e9,revision_number=3']} {{(pid=103441) push /opt/stack/neutron/neutron/api/rpc/handlers/resources_rpc.py:237}}
Mar 18 12:36:19.693789 dv-cinder-790535-30-iscsi neutron-server[103441]: DEBUG neutron_lib.callbacks.manager [None req-b6b3ff04-871e-4cbf-885e-c82d8369484d admin admin] Publish callbacks [] for security_group (None), before_create {{(pid=103441) _notify_loop /usr/local/lib/python3.8/dist-packages/neutron_lib/callbacks/manager.py:176}}
Mar 18 12:36:19.699936 dv-cinder-790535-30-iscsi neutron-server[103442]: INFO neutron.wsgi [req-4b052840-7fa6-4fb2-9e12-ea8ee8e4937d req-ef3b64d1-2904-48e6-ae91-723efeacc8c3 tempest-AttachVolumeNegativeTest-49291541 tempest-AttachVolumeNegativeTest-49291541-project] 10.222.0.21 "GET /v2.0/security-groups?id=0b303c40-68fa-4c73-ab41-df9f4ef6ea0d&fields=id&fields=name HTTP/1.1" status: 200 len: 310 time: 0.0753982
Mar 18 12:36:19.754702 dv-cinder-790535-30-iscsi neutron-server[103441]: DEBUG neutron.notifiers.nova [req-9bda94af-fe82-4d3b-bcf5-4cfdb028ce33 req-2753e2e0-4098-4541-9cd7-b979170a01fb service neutron] Ignoring state change previous_port_status: DOWN current_port_status: DOWN port_id 1470a83a-6a0d-430a-acf1-7ff68366b2e1 {{(pid=103441) record_port_status_changed /opt/stack/neutron/neutron/notifiers/nova.py:233}}
Mar 18 12:36:19.773870 dv-cinder-790535-30-iscsi neutron-server[103441]: DEBUG neutron_lib.callbacks.manager [req-9bda94af-fe82-4d3b-bcf5-4cfdb028ce33 req-2753e2e0-4098-4541-9cd7-b979170a01fb service neutron] Publish callbacks [] for port (1470a83a-6a0d-430a-acf1-7ff68366b2e1), precommit_update {{(pid=103441) _notify_loop /usr/local/lib/python3.8/dist-packages/neutron_lib/callbacks/manager.py:176}}
Mar 18 12:36:19.790985 dv-cinder-790535-30-iscsi neutron-server[103441]: DEBUG neutron.pecan_wsgi.hooks.policy_enforcement [req-4816a275-e7f1-4fd1-9057-e38571e31a5e req-0091ac6c-fe4d-4ac3-85d0-53b411b6085f service neutron] Attributes excluded by policy engine: ['standard_attr_id'] {{(pid=103441) _exclude_attributes_by_policy /opt/stack/neutron/neutron/pecan_wsgi/hooks/policy_enforcement.py:255}}
Mar 18 12:36:19.792775 dv-cinder-790535-30-iscsi neutron-server[103441]: INFO neutron.wsgi [req-4816a275-e7f1-4fd1-9057-e38571e31a5e req-0091ac6c-fe4d-4ac3-85d0-53b411b6085f service neutron] 10.222.0.37 "GET /v2.0/ports?tenant_id=888a382051c5404ba1c4d9016dc0a364&device_id=84a70fe6-1396-4136-a6b9-1dd62d1206b1 HTTP/1.1" status: 200 len: 1127 time: 0.5231960
Mar 18 12:36:19.804187 dv-cinder-790535-30-iscsi neutron-server[103441]: DEBUG neutron.db.provisioning_blocks [req-9bda94af-fe82-4d3b-bcf5-4cfdb028ce33 req-2753e2e0-4098-4541-9cd7-b979170a01fb service neutron] Transition to ACTIVE for port object 1470a83a-6a0d-430a-acf1-7ff68366b2e1 will not be triggered until provisioned by entity L2. {{(pid=103441) add_provisioning_component /opt/stack/neutron/neutron/db/provisioning_blocks.py:74}}
Mar 18 12:36:19.883237 dv-cinder-790535-30-iscsi neutron-server[103441]: DEBUG neutron_lib.callbacks.manager [req-9bda94af-fe82-4d3b-bcf5-4cfdb028ce33 req-2753e2e0-4098-4541-9cd7-b979170a01fb service neutron] Publish callbacks ['neutron.plugins.ml2.plugin.SecurityGroupServerNotifierRpcMixin._notify_sg_on_port_change-599671', 'neutron.plugins.ml2.ovo_rpc._ObjectChangeHandler.handle_event-178977', 'neutron.api.rpc.agentnotifiers.dhcp_rpc_agent_api.DhcpAgentNotifyAPI._native_event_send_dhcp_notification-1702470', 'neutron.db.l3_db.L3RpcNotifierMixin._notify_gateway_port_ip_changed-8755722226068', 'neutron.db.l3_dvrscheduler_db._notify_l3_agent_port_update-8755721691423', 'neutron.db.l3_hascheduler_db._notify_l3_agent_ha_port_update-8755721691441', 'neutron.services.segments.plugin.NovaSegmentNotifier._notify_port_updated-3660855'] for port (1470a83a-6a0d-430a-acf1-7ff68366b2e1), after_update {{(pid=103441) _notify_loop /usr/local/lib/python3.8/dist-packages/neutron_lib/callbacks/manager.py:176}}
Mar 18 12:36:19.888825 dv-cinder-790535-30-iscsi neutron-server[103441]: INFO neutron.wsgi [req-4816a275-e7f1-4fd1-9057-e38571e31a5e req-39de63a5-bef6-4ef7-86d2-1b21ce982d0a service neutron] 10.222.0.37 "GET /v2.0/floatingips?fixed_ip_address=172.20.0.4&port_id=0e60e6ac-9952-4e24-a8bc-3cd81361a8e9 HTTP/1.1" status: 200 len: 217 time: 0.0864286
Mar 18 12:36:20.032682 dv-cinder-790535-30-iscsi neutron-server[103442]: DEBUG neutron.pecan_wsgi.hooks.policy_enforcement [req-449ff97d-3110-4d87-a8f1-8492ef403d1f req-4b1bbce3-58b4-4ec3-a49c-8bc03afc6a4d tempest-ServerRescueNegativeTestJSON-1475365628 tempest-ServerRescueNegativeTestJSON-1475365628-project] Attributes excluded by policy engine: ['standard_attr_id', 'binding:profile', 'binding:host_id', 'binding:vif_type', 'binding:vif_details'] {{(pid=103442) _exclude_attributes_by_policy /opt/stack/neutron/neutron/pecan_wsgi/hooks/policy_enforcement.py:255}}
Mar 18 12:36:20.046713 dv-cinder-790535-30-iscsi neutron-server[103442]: INFO neutron.wsgi [req-449ff97d-3110-4d87-a8f1-8492ef403d1f req-4b1bbce3-58b4-4ec3-a49c-8bc03afc6a4d tempest-ServerRescueNegativeTestJSON-1475365628 tempest-ServerRescueNegativeTestJSON-1475365628-project] 10.222.0.21 "GET /v2.0/ports?device_id=84a70fe6-1396-4136-a6b9-1dd62d1206b1 HTTP/1.1" status: 200 len: 943 time: 0.0944645
Mar 18 12:36:20.061589 dv-cinder-790535-30-iscsi neutron-server[103441]: DEBUG novaclient.v2.client [-] RESP: [200] Connection: close Content-Length: 179 Content-Type: application/json Date: Fri, 18 Mar 2022 12:36:19 GMT OpenStack-API-Version: compute 2.1 Server: Apache/2.4.41 (Ubuntu) Vary: OpenStack-API-Version,X-OpenStack-Nova-API-Version X-OpenStack-Nova-API-Version: 2.1 x-compute-request-id: req-2caa440c-cfa2-4409-947e-b0196b23c780 x-openstack-request-id: req-2caa440c-cfa2-4409-947e-b0196b23c780 {{(pid=103441) _http_log_response /usr/local/lib/python3.8/dist-packages/keystoneauth1/session.py:550}}
Mar 18 12:36:20.061589 dv-cinder-790535-30-iscsi neutron-server[103441]: DEBUG novaclient.v2.client [-] RESP BODY: {"events": [{"name": "network-changed", "server_uuid": "84a70fe6-1396-4136-a6b9-1dd62d1206b1", "tag": "0e60e6ac-9952-4e24-a8bc-3cd81361a8e9", "status": "completed", "code": 200}]} {{(pid=103441) _http_log_response /usr/local/lib/python3.8/dist-packages/keystoneauth1/session.py:582}}
Mar 18 12:36:20.061903 dv-cinder-790535-30-iscsi neutron-server[103441]: DEBUG novaclient.v2.client [-] POST call to compute for http://10.222.0.21/compute/v2.1/os-server-external-events used request id req-2caa440c-cfa2-4409-947e-b0196b23c780 {{(pid=103441) request /usr/local/lib/python3.8/dist-packages/keystoneauth1/session.py:954}}
Mar 18 12:36:20.066822 dv-cinder-790535-30-iscsi neutron-server[103441]: INFO neutron.notifiers.nova [-] Nova event response: {'name': 'network-changed', 'server_uuid': '84a70fe6-1396-4136-a6b9-1dd62d1206b1', 'tag': '0e60e6ac-9952-4e24-a8bc-3cd81361a8e9', 'status': 'completed', 'code': 200}
Mar 18 12:36:20.076039 dv-cinder-790535-30-iscsi neutron-server[103441]: DEBUG neutron.api.rpc.handlers.resources_rpc [None req-2753e2e0-4098-4541-9cd7-b979170a01fb service neutron] Pushing event updated for resources: {'Port': ['ID=1470a83a-6a0d-430a-acf1-7ff68366b2e1,revision_number=2']} {{(pid=103441) push /opt/stack/neutron/neutron/api/rpc/handlers/resources_rpc.py:237}}
Mar 18 12:36:20.118380 dv-cinder-790535-30-iscsi neutron-server[103441]: DEBUG neutron.pecan_wsgi.hooks.policy_enforcement [req-4816a275-e7f1-4fd1-9057-e38571e31a5e req-fd58ba04-9f9d-47db-8453-61d2aa7d2a57 service neutron] Attributes excluded by policy engine: ['standard_attr_id', 'shared', 'segment_id'] {{(pid=103441) _exclude_attributes_by_policy /opt/stack/neutron/neutron/pecan_wsgi/hooks/policy_enforcement.py:255}}
Mar 18 12:36:20.119387 dv-cinder-790535-30-iscsi neutron-server[103441]: INFO neutron.wsgi [req-4816a275-e7f1-4fd1-9057-e38571e31a5e req-fd58ba04-9f9d-47db-8453-61d2aa7d2a57 service neutron] 10.222.0.37 "GET /v2.0/subnets?id=289be181-b3d4-4be5-b12a-204f9a7fe221 HTTP/1.1" status: 200 len: 859 time: 0.1931882
Mar 18 12:36:20.161103 dv-cinder-790535-30-iscsi neutron-server[103442]: INFO neutron.wsgi [req-449ff97d-3110-4d87-a8f1-8492ef403d1f req-c600df91-a5d1-4f46-8783-fb661dd0cf50 tempest-ServerRescueNegativeTestJSON-1475365628 tempest-ServerRescueNegativeTestJSON-1475365628-project] 10.222.0.21 "GET /v2.0/security-groups?id=254de031-3239-4833-abad-de4df01bbc53&fields=id&fields=name HTTP/1.1" status: 200 len: 286 time: 0.1134818
Mar 18 12:36:20.167510 dv-cinder-790535-30-iscsi neutron-server[103441]: DEBUG neutron_lib.callbacks.manager [None req-b6b3ff04-871e-4cbf-885e-c82d8369484d admin admin] Publish callbacks [] for security_group (2d7e5193-2edb-44a1-8ced-d0589edcd403), precommit_create {{(pid=103441) _notify_loop /usr/local/lib/python3.8/dist-packages/neutron_lib/callbacks/manager.py:176}}
Mar 18 12:36:20.218063 dv-cinder-790535-30-iscsi neutron-server[103441]: INFO neutron.wsgi [req-4816a275-e7f1-4fd1-9057-e38571e31a5e req-05b21cf4-9b56-43c7-bad3-7181b6fa6592 service neutron] 10.222.0.37 "GET /v2.0/ports?network_id=4e425e37-1ae8-48fe-b7f1-6897ad51eab6&device_owner=network%3Adhcp HTTP/1.1" status: 200 len: 210 time: 0.0910954
Mar 18 12:36:20.218710 dv-cinder-790535-30-iscsi neutron-server[103441]: DEBUG neutron_lib.callbacks.manager [None req-b6b3ff04-871e-4cbf-885e-c82d8369484d admin admin] Publish callbacks ['neutron.plugins.ml2.ovo_rpc._ObjectChangeHandler.handle_event-1688356'] for security_group (2d7e5193-2edb-44a1-8ced-d0589edcd403), after_create {{(pid=103441) _notify_loop /usr/local/lib/python3.8/dist-packages/neutron_lib/callbacks/manager.py:176}}
Mar 18 12:36:20.351217 dv-cinder-790535-30-iscsi neutron-server[103441]: INFO neutron.wsgi [None req-b6b3ff04-871e-4cbf-885e-c82d8369484d admin admin] 10.222.0.21 "GET /v2.0/security-groups?tenant_id=bfe261e28b9c4bac882e3b3c5d7f1f83&name=default HTTP/1.1" status: 200 len: 2996 time: 0.9398499
Mar 18 12:36:20.351462 dv-cinder-790535-30-iscsi neutron-server[103442]: DEBUG neutron.wsgi [-] (103442) accepted ('10.222.0.21', 60106) {{(pid=103442) server /usr/local/lib/python3.8/dist-packages/eventlet/wsgi.py:1004}}
Mar 18 12:36:20.375962 dv-cinder-790535-30-iscsi neutron-server[103441]: DEBUG neutron.api.rpc.handlers.resources_rpc [None req-b6b3ff04-871e-4cbf-885e-c82d8369484d admin admin] Pushing event updated for resources: {'SecurityGroup': ['ID=2d7e5193-2edb-44a1-8ced-d0589edcd403,revision_number=1']} {{(pid=103441) push /opt/stack/neutron/neutron/api/rpc/handlers/resources_rpc.py:237}}
Mar 18 12:36:20.382651 dv-cinder-790535-30-iscsi neutron-server[103441]: DEBUG neutron.plugins.ml2.managers [req-9bda94af-fe82-4d3b-bcf5-4cfdb028ce33 req-2753e2e0-4098-4541-9cd7-b979170a01fb service neutron] Attempting to bind port 1470a83a-6a0d-430a-acf1-7ff68366b2e1 on host hv-cinder-79053 for vnic_type normal with profile {{(pid=103441) bind_port /opt/stack/neutron/neutron/plugins/ml2/managers.py:795}}
Mar 18 12:36:20.383471 dv-cinder-790535-30-iscsi neutron-server[103441]: DEBUG neutron.plugins.ml2.managers [req-9bda94af-fe82-4d3b-bcf5-4cfdb028ce33 req-2753e2e0-4098-4541-9cd7-b979170a01fb service neutron] Attempting to bind port 1470a83a-6a0d-430a-acf1-7ff68366b2e1 by drivers openvswitch,hyperv on host hv-cinder-79053 at level 0 using segments [{'id': 'b1de89e6-a321-4a65-8498-321ffc7c515b', 'network_type': 'vlan', 'physical_network': 'physnet1', 'segmentation_id': 267, 'network_id': '64f5deaf-28d7-4001-a216-58eafeb363d7'}] {{(pid=103441) _bind_port_level /opt/stack/neutron/neutron/plugins/ml2/managers.py:820}}
Mar 18 12:36:20.384004 dv-cinder-790535-30-iscsi neutron-server[103441]: DEBUG neutron.plugins.ml2.drivers.mech_agent [req-9bda94af-fe82-4d3b-bcf5-4cfdb028ce33 req-2753e2e0-4098-4541-9cd7-b979170a01fb service neutron] Attempting to bind port 1470a83a-6a0d-430a-acf1-7ff68366b2e1 on network 64f5deaf-28d7-4001-a216-58eafeb363d7 {{(pid=103441) bind_port /opt/stack/neutron/neutron/plugins/ml2/drivers/mech_agent.py:91}}
Mar 18 12:36:20.397780 dv-cinder-790535-30-iscsi neutron-server[103441]: DEBUG neutron.plugins.ml2.drivers.mech_agent [req-9bda94af-fe82-4d3b-bcf5-4cfdb028ce33 req-2753e2e0-4098-4541-9cd7-b979170a01fb service neutron] Port 1470a83a-6a0d-430a-acf1-7ff68366b2e1 on network 64f5deaf-28d7-4001-a216-58eafeb363d7 not bound, no agent of type Open vSwitch agent registered on host hv-cinder-79053 {{(pid=103441) bind_port /opt/stack/neutron/neutron/plugins/ml2/drivers/mech_agent.py:103}}
Mar 18 12:36:20.398100 dv-cinder-790535-30-iscsi neutron-server[103441]: DEBUG neutron.plugins.ml2.drivers.mech_agent [req-9bda94af-fe82-4d3b-bcf5-4cfdb028ce33 req-2753e2e0-4098-4541-9cd7-b979170a01fb service neutron] Attempting to bind port 1470a83a-6a0d-430a-acf1-7ff68366b2e1 on network 64f5deaf-28d7-4001-a216-58eafeb363d7 {{(pid=103441) bind_port /opt/stack/neutron/neutron/plugins/ml2/drivers/mech_agent.py:91}}
Mar 18 12:36:20.399138 dv-cinder-790535-30-iscsi neutron-server[103442]: DEBUG neutron.wsgi [-] (103442) accepted ('10.222.0.21', 60108) {{(pid=103442) server /usr/local/lib/python3.8/dist-packages/eventlet/wsgi.py:1004}}
Mar 18 12:36:20.406300 dv-cinder-790535-30-iscsi neutron-server[103441]: DEBUG neutron.plugins.ml2.drivers.mech_agent [req-9bda94af-fe82-4d3b-bcf5-4cfdb028ce33 req-2753e2e0-4098-4541-9cd7-b979170a01fb service neutron] Checking agent: {'id': '43725301-ef93-4fdb-abf1-73a3b2591a22', 'agent_type': 'HyperV agent', 'binary': 'neutron-hyperv-agent', 'topic': 'N/A', 'host': 'hv-cinder-79053', 'admin_state_up': True, 'created_at': datetime.datetime(2022, 3, 18, 12, 33, 52), 'started_at': datetime.datetime(2022, 3, 18, 12, 33, 52), 'heartbeat_timestamp': datetime.datetime(2022, 3, 18, 12, 35, 52), 'description': None, 'resources_synced': None, 'availability_zone': None, 'alive': True, 'configurations': {'vswitch_mappings': {'physnet1$': 'br-data'}}, 'resource_versions': {}} {{(pid=103441) bind_port /opt/stack/neutron/neutron/plugins/ml2/drivers/mech_agent.py:110}}
Mar 18 12:36:20.406917 dv-cinder-790535-30-iscsi neutron-server[103441]: DEBUG neutron.plugins.ml2.drivers.mech_agent [req-9bda94af-fe82-4d3b-bcf5-4cfdb028ce33 req-2753e2e0-4098-4541-9cd7-b979170a01fb service neutron] Checking segment: {'id': 'b1de89e6-a321-4a65-8498-321ffc7c515b', 'network_type': 'vlan', 'physical_network': 'physnet1', 'segmentation_id': 267, 'network_id': '64f5deaf-28d7-4001-a216-58eafeb363d7'} for mappings: {'physnet1$': 'br-data'} with network types: ['local', 'flat', 'vlan'] {{(pid=103441) check_segment_for_agent /opt/stack/neutron/neutron/plugins/ml2/drivers/mech_agent.py:373}}
Mar 18 12:36:20.407450 dv-cinder-790535-30-iscsi neutron-server[103441]: DEBUG neutron.plugins.ml2.drivers.mech_agent [req-9bda94af-fe82-4d3b-bcf5-4cfdb028ce33 req-2753e2e0-4098-4541-9cd7-b979170a01fb service neutron] Bound using segment: {'id': 'b1de89e6-a321-4a65-8498-321ffc7c515b', 'network_type': 'vlan', 'physical_network': 'physnet1', 'segmentation_id': 267, 'network_id': '64f5deaf-28d7-4001-a216-58eafeb363d7'} {{(pid=103441) bind_port /opt/stack/neutron/neutron/plugins/ml2/drivers/mech_agent.py:120}}
Mar 18 12:36:20.408059 dv-cinder-790535-30-iscsi neutron-server[103441]: DEBUG neutron.plugins.ml2.managers [req-9bda94af-fe82-4d3b-bcf5-4cfdb028ce33 req-2753e2e0-4098-4541-9cd7-b979170a01fb service neutron] Bound port: 1470a83a-6a0d-430a-acf1-7ff68366b2e1, host: hv-cinder-79053, vif_type: hyperv, vif_details: {"connectivity": "legacy", "port_filter": false}, binding_levels: [{'bound_driver': 'hyperv', 'bound_segment': {'id': 'b1de89e6-a321-4a65-8498-321ffc7c515b', 'network_type': 'vlan', 'physical_network': 'physnet1', 'segmentation_id': 267, 'network_id': '64f5deaf-28d7-4001-a216-58eafeb363d7'}}] {{(pid=103441) _bind_port_level /opt/stack/neutron/neutron/plugins/ml2/managers.py:932}}
Mar 18 12:36:20.408692 dv-cinder-790535-30-iscsi neutron-server[103441]: DEBUG neutron_lib.callbacks.manager [req-9bda94af-fe82-4d3b-bcf5-4cfdb028ce33 req-2753e2e0-4098-4541-9cd7-b979170a01fb service neutron] Publish callbacks ['neutron.plugins.ml2.plugin.SecurityGroupDbMixin._ensure_default_security_group_handler-599604'] for port (1470a83a-6a0d-430a-acf1-7ff68366b2e1), before_update {{(pid=103441) _notify_loop /usr/local/lib/python3.8/dist-packages/neutron_lib/callbacks/manager.py:176}}
Mar 18 12:36:20.451608 dv-cinder-790535-30-iscsi neutron-server[103442]: DEBUG neutron.wsgi [-] (103442) accepted ('10.222.0.21', 60114) {{(pid=103442) server /usr/local/lib/python3.8/dist-packages/eventlet/wsgi.py:1004}}
Mar 18 12:36:20.505314 dv-cinder-790535-30-iscsi neutron-server[103442]: DEBUG neutron_lib.callbacks.manager [None req-53d62be5-9167-4df2-8dd9-4f5468267eec admin admin] Publish callbacks [] for security_group (2d7e5193-2edb-44a1-8ced-d0589edcd403), before_delete {{(pid=103442) _notify_loop /usr/local/lib/python3.8/dist-packages/neutron_lib/callbacks/manager.py:176}}
Mar 18 12:36:20.535784 dv-cinder-790535-30-iscsi neutron-server[103442]: DEBUG neutron_lib.callbacks.manager [None req-53d62be5-9167-4df2-8dd9-4f5468267eec admin admin] Publish callbacks [] for security_group (2d7e5193-2edb-44a1-8ced-d0589edcd403), precommit_delete {{(pid=103442) _notify_loop /usr/local/lib/python3.8/dist-packages/neutron_lib/callbacks/manager.py:176}}
Mar 18 12:36:20.536323 dv-cinder-790535-30-iscsi neutron-server[103441]: INFO neutron.wsgi [req-4816a275-e7f1-4fd1-9057-e38571e31a5e req-45e41560-b2a9-46fe-a27b-9db5f891db24 service neutron] 10.222.0.37 "GET /v2.0/networks/4e425e37-1ae8-48fe-b7f1-6897ad51eab6?fields=segments HTTP/1.1" status: 200 len: 212 time: 0.3010912
Mar 18 12:36:20.539051 dv-cinder-790535-30-iscsi neutron-server[103441]: DEBUG neutron.plugins.ml2.db [req-9bda94af-fe82-4d3b-bcf5-4cfdb028ce33 req-2753e2e0-4098-4541-9cd7-b979170a01fb service neutron] For port 1470a83a-6a0d-430a-acf1-7ff68366b2e1, host hv-cinder-79053, cleared binding levels {{(pid=103441) clear_binding_levels /opt/stack/neutron/neutron/plugins/ml2/db.py:87}}
Mar 18 12:36:20.542713 dv-cinder-790535-30-iscsi neutron-server[103441]: DEBUG neutron.plugins.ml2.db [req-9bda94af-fe82-4d3b-bcf5-4cfdb028ce33 req-2753e2e0-4098-4541-9cd7-b979170a01fb service neutron] For port 1470a83a-6a0d-430a-acf1-7ff68366b2e1, host hv-cinder-79053, set binding levels [PortBindingLevel(driver='hyperv',host='hv-cinder-79053',level=0,port_id=1470a83a-6a0d-430a-acf1-7ff68366b2e1,segment=NetworkSegment(b1de89e6-a321-4a65-8498-321ffc7c515b),segment_id=b1de89e6-a321-4a65-8498-321ffc7c515b)] {{(pid=103441) set_binding_levels /opt/stack/neutron/neutron/plugins/ml2/db.py:59}}
Mar 18 12:36:20.577552 dv-cinder-790535-30-iscsi neutron-server[103441]: DEBUG neutron_lib.callbacks.manager [req-9bda94af-fe82-4d3b-bcf5-4cfdb028ce33 req-2753e2e0-4098-4541-9cd7-b979170a01fb service neutron] Publish callbacks ['neutron.plugins.ml2.plugin.SecurityGroupServerNotifierRpcMixin._notify_sg_on_port_change-599671', 'neutron.plugins.ml2.ovo_rpc._ObjectChangeHandler.handle_event-178977', 'neutron.api.rpc.agentnotifiers.dhcp_rpc_agent_api.DhcpAgentNotifyAPI._native_event_send_dhcp_notification-1702470', 'neutron.db.l3_db.L3RpcNotifierMixin._notify_gateway_port_ip_changed-8755722226068', 'neutron.db.l3_dvrscheduler_db._notify_l3_agent_port_update-8755721691423', 'neutron.db.l3_hascheduler_db._notify_l3_agent_ha_port_update-8755721691441', 'neutron.services.segments.plugin.NovaSegmentNotifier._notify_port_updated-3660855'] for port (1470a83a-6a0d-430a-acf1-7ff68366b2e1), after_update {{(pid=103441) _notify_loop /usr/local/lib/python3.8/dist-packages/neutron_lib/callbacks/manager.py:176}}
Mar 18 12:36:20.607315 dv-cinder-790535-30-iscsi neutron-server[103442]: DEBUG neutron_lib.callbacks.manager [None req-53d62be5-9167-4df2-8dd9-4f5468267eec admin admin] Publish callbacks ['neutron.plugins.ml2.ovo_rpc._ObjectChangeHandler.handle_event-1688356'] for security_group (2d7e5193-2edb-44a1-8ced-d0589edcd403), after_delete {{(pid=103442) _notify_loop /usr/local/lib/python3.8/dist-packages/neutron_lib/callbacks/manager.py:176}}
Mar 18 12:36:20.611845 dv-cinder-790535-30-iscsi neutron-server[103442]: DEBUG neutron_lib.callbacks.manager [None req-53d62be5-9167-4df2-8dd9-4f5468267eec admin admin] Publish callbacks [] for security_group (None), before_response {{(pid=103442) _notify_loop /usr/local/lib/python3.8/dist-packages/neutron_lib/callbacks/manager.py:176}}
Mar 18 12:36:20.617260 dv-cinder-790535-30-iscsi neutron-server[103442]: INFO neutron.wsgi [None req-53d62be5-9167-4df2-8dd9-4f5468267eec admin admin] 10.222.0.21 "DELETE /v2.0/security-groups/2d7e5193-2edb-44a1-8ced-d0589edcd403 HTTP/1.1" status: 204 len: 168 time: 0.2647333
Mar 18 12:36:20.625981 dv-cinder-790535-30-iscsi neutron-server[103442]: DEBUG neutron.api.rpc.handlers.resources_rpc [None req-53d62be5-9167-4df2-8dd9-4f5468267eec admin admin] Pushing event deleted for resources: {'SecurityGroup': ['ID=2d7e5193-2edb-44a1-8ced-d0589edcd403,revision_number=None']} {{(pid=103442) push /opt/stack/neutron/neutron/api/rpc/handlers/resources_rpc.py:237}}
Mar 18 12:36:20.667250 dv-cinder-790535-30-iscsi neutron-server[103443]: DEBUG neutron_lib.callbacks.manager [None req-7c1ee0c0-6e30-4d60-8301-be981530e406 None None] Publish callbacks ['neutron.services.segments.db._update_segment_host_mapping_for_agent-8755722033201', 'neutron.plugins.ml2.plugin.Ml2Plugin._retry_binding_revived_agents-702076'] for agent (05c59311-8914-4085-b53b-d8ac1f11dd2b), after_update {{(pid=103443) _notify_loop /usr/local/lib/python3.8/dist-packages/neutron_lib/callbacks/manager.py:176}}
Mar 18 12:36:20.704763 dv-cinder-790535-30-iscsi neutron-server[103441]: DEBUG neutron.pecan_wsgi.hooks.policy_enforcement [req-9bda94af-fe82-4d3b-bcf5-4cfdb028ce33 req-2753e2e0-4098-4541-9cd7-b979170a01fb service neutron] Attributes excluded by policy engine: ['standard_attr_id'] {{(pid=103441) _exclude_attributes_by_policy /opt/stack/neutron/neutron/pecan_wsgi/hooks/policy_enforcement.py:255}}
Mar 18 12:36:20.706465 dv-cinder-790535-30-iscsi neutron-server[103441]: DEBUG neutron_lib.callbacks.manager [req-9bda94af-fe82-4d3b-bcf5-4cfdb028ce33 req-2753e2e0-4098-4541-9cd7-b979170a01fb service neutron] Publish callbacks ['neutron.notifiers.nova.Notifier._send_nova_notification-118245', 'neutron.api.rpc.agentnotifiers.dhcp_rpc_agent_api.DhcpAgentNotifyAPI._send_dhcp_notification-1702516'] for port (None), before_response {{(pid=103441) _notify_loop /usr/local/lib/python3.8/dist-packages/neutron_lib/callbacks/manager.py:176}}
Mar 18 12:36:20.709014 dv-cinder-790535-30-iscsi neutron-server[103441]: INFO neutron.wsgi [req-9bda94af-fe82-4d3b-bcf5-4cfdb028ce33 req-2753e2e0-4098-4541-9cd7-b979170a01fb service neutron] 10.222.0.37 "PUT /v2.0/ports/1470a83a-6a0d-430a-acf1-7ff68366b2e1 HTTP/1.1" status: 200 len: 1093 time: 2.3864796
Mar 18 12:36:20.725903 dv-cinder-790535-30-iscsi neutron-server[103441]: DEBUG neutron.api.rpc.handlers.resources_rpc [None req-2753e2e0-4098-4541-9cd7-b979170a01fb service neutron] Pushing event updated for resources: {'Port': ['ID=1470a83a-6a0d-430a-acf1-7ff68366b2e1,revision_number=3']} {{(pid=103441) push /opt/stack/neutron/neutron/api/rpc/handlers/resources_rpc.py:237}}
Mar 18 12:36:20.823619 dv-cinder-790535-30-iscsi neutron-server[103442]: DEBUG neutron_lib.callbacks.manager [None req-b5ed07f6-50ae-444e-9559-994c0f2cc9a5 admin admin] Publish callbacks [] for security_group (None), before_create {{(pid=103442) _notify_loop /usr/local/lib/python3.8/dist-packages/neutron_lib/callbacks/manager.py:176}}
Mar 18 12:36:20.830453 dv-cinder-790535-30-iscsi neutron-server[103443]: DEBUG neutron.plugins.ml2.rpc [None req-61622b96-7651-48fe-af41-2851e84860bb None None] Device e9ea5b89-c980-4569-9108-9b25e88c9f43 details requested by agent hyperv_hv-cinder-79053 with host hv-cinder-79053 {{(pid=103443) get_device_details /opt/stack/neutron/neutron/plugins/ml2/rpc.py:102}}
Mar 18 12:36:20.838417 dv-cinder-790535-30-iscsi neutron-server[103442]: DEBUG neutron_lib.callbacks.manager [None req-9b2563b9-1eb8-498b-a458-6445676da971 admin admin] Publish callbacks [] for security_group (None), before_create {{(pid=103442) _notify_loop /usr/local/lib/python3.8/dist-packages/neutron_lib/callbacks/manager.py:176}}
Mar 18 12:36:20.948039 dv-cinder-790535-30-iscsi neutron-server[103441]: INFO neutron.wsgi [req-4816a275-e7f1-4fd1-9057-e38571e31a5e req-b5c5d055-0b3a-4f82-ad89-7b868f64fafb service neutron] 10.222.0.37 "GET /v2.0/networks/4e425e37-1ae8-48fe-b7f1-6897ad51eab6?fields=provider%3Aphysical_network&fields=provider%3Anetwork_type HTTP/1.1" status: 200 len: 281 time: 0.4004369
Mar 18 12:36:20.978676 dv-cinder-790535-30-iscsi neutron-server[103441]: DEBUG neutron.pecan_wsgi.hooks.policy_enforcement [req-9bda94af-fe82-4d3b-bcf5-4cfdb028ce33 req-1e31c14b-3f63-4e2d-bce4-56379e6febe3 service neutron] Attributes excluded by policy engine: ['standard_attr_id'] {{(pid=103441) _exclude_attributes_by_policy /opt/stack/neutron/neutron/pecan_wsgi/hooks/policy_enforcement.py:255}}
Mar 18 12:36:20.990017 dv-cinder-790535-30-iscsi neutron-server[103441]: INFO neutron.wsgi [req-9bda94af-fe82-4d3b-bcf5-4cfdb028ce33 req-1e31c14b-3f63-4e2d-bce4-56379e6febe3 service neutron] 10.222.0.37 "GET /v2.0/ports?tenant_id=f653a780af9a483e8c92a9e22ce8cc4b&device_id=d895aadd-671a-4dc8-9f26-3c22850862ab HTTP/1.1" status: 200 len: 1127 time: 0.2066829
Mar 18 12:36:21.075283 dv-cinder-790535-30-iscsi neutron-server[103443]: DEBUG neutron.plugins.ml2.db [None req-61622b96-7651-48fe-af41-2851e84860bb None None] For port e9ea5b89-c980-4569-9108-9b25e88c9f43, host hv-cinder-79053, got binding levels [PortBindingLevel(driver='hyperv',host='hv-cinder-79053',level=0,port_id=e9ea5b89-c980-4569-9108-9b25e88c9f43,segment=NetworkSegment(d050c24c-9fbf-40d3-9876-c926929ff045),segment_id=d050c24c-9fbf-40d3-9876-c926929ff045)] {{(pid=103443) get_binding_level_objs /opt/stack/neutron/neutron/plugins/ml2/db.py:74}}
