Mar 18 12:35:50.640688 dv-cinder-790535-30-iscsi neutron-server[103442]: DEBUG neutron_lib.callbacks.manager [None req-57dbe1b7-d84d-4c11-aab5-6324737ec159 admin admin] Publish callbacks [] for security_group (ea3ce6bc-f2a5-4855-885e-5f27788f887d), precommit_create {{(pid=103442) _notify_loop /usr/local/lib/python3.8/dist-packages/neutron_lib/callbacks/manager.py:176}}
Mar 18 12:35:50.642561 dv-cinder-790535-30-iscsi neutron-server[103442]: DEBUG neutron_lib.callbacks.manager [None req-856b1243-3064-4a61-9d01-11f02862defc admin admin] Publish callbacks ['neutron.plugins.ml2.plugin.SecurityGroupServerNotifierRpcMixin._notify_sg_on_port_change-599671', 'neutron.plugins.ml2.ovo_rpc._ObjectChangeHandler.handle_event-178977', 'neutron.api.rpc.agentnotifiers.dhcp_rpc_agent_api.DhcpAgentNotifyAPI._native_event_send_dhcp_notification-1702470', 'neutron.db.l3_dvrscheduler_db._notify_l3_agent_new_port-8755721691405'] for port (58deacaa-c5f5-40b5-81de-8ac2cb6374c6), after_create {{(pid=103442) _notify_loop /usr/local/lib/python3.8/dist-packages/neutron_lib/callbacks/manager.py:176}}
Mar 18 12:35:50.662567 dv-cinder-790535-30-iscsi neutron-server[103442]: DEBUG neutron_lib.callbacks.manager [None req-57dbe1b7-d84d-4c11-aab5-6324737ec159 admin admin] Publish callbacks ['neutron.plugins.ml2.ovo_rpc._ObjectChangeHandler.handle_event-1688356'] for security_group (ea3ce6bc-f2a5-4855-885e-5f27788f887d), after_create {{(pid=103442) _notify_loop /usr/local/lib/python3.8/dist-packages/neutron_lib/callbacks/manager.py:176}}
Mar 18 12:35:50.689051 dv-cinder-790535-30-iscsi neutron-server[103443]: DEBUG neutron_lib.callbacks.manager [None req-7c1ee0c0-6e30-4d60-8301-be981530e406 None None] Publish callbacks ['neutron.services.segments.db._update_segment_host_mapping_for_agent-8755722033201', 'neutron.plugins.ml2.plugin.Ml2Plugin._retry_binding_revived_agents-702076'] for agent (05c59311-8914-4085-b53b-d8ac1f11dd2b), after_update {{(pid=103443) _notify_loop /usr/local/lib/python3.8/dist-packages/neutron_lib/callbacks/manager.py:176}}
Mar 18 12:35:50.775336 dv-cinder-790535-30-iscsi neutron-server[103442]: INFO neutron.wsgi [None req-57dbe1b7-d84d-4c11-aab5-6324737ec159 admin admin] 10.222.0.21 "GET /v2.0/security-groups?tenant_id=d8d042303d7c403592aebdd24647be54&name=default HTTP/1.1" status: 200 len: 2992 time: 0.5255208
Mar 18 12:35:50.780748 dv-cinder-790535-30-iscsi neutron-server[103441]: DEBUG neutron.wsgi [-] (103441) accepted ('10.222.0.21', 58904) {{(pid=103441) server /usr/local/lib/python3.8/dist-packages/eventlet/wsgi.py:1004}}
Mar 18 12:35:50.813942 dv-cinder-790535-30-iscsi neutron-server[103442]: DEBUG neutron.scheduler.dhcp_agent_scheduler [None req-856b1243-3064-4a61-9d01-11f02862defc admin admin] Network 5044cd2f-0dba-41bf-a014-5b4d0b85dd61 is already hosted by enough agents. {{(pid=103442) _get_dhcp_agents_hosting_network /opt/stack/neutron/neutron/scheduler/dhcp_agent_scheduler.py:275}}
Mar 18 12:35:50.820915 dv-cinder-790535-30-iscsi neutron-server[103442]: DEBUG neutron.scheduler.base_scheduler [None req-856b1243-3064-4a61-9d01-11f02862defc admin admin] Resources bound (agent type, host, resource id): {{(pid=103442) schedule /opt/stack/neutron/neutron/scheduler/base_scheduler.py:57}}
Mar 18 12:35:50.834691 dv-cinder-790535-30-iscsi neutron-server[103442]: DEBUG neutron.db.l3_dvrscheduler_db [None req-856b1243-3064-4a61-9d01-11f02862defc admin admin] Received port after_create {{(pid=103442) _notify_l3_agent_new_port /opt/stack/neutron/neutron/db/l3_dvrscheduler_db.py:536}}
Mar 18 12:35:50.914901 dv-cinder-790535-30-iscsi neutron-server[103442]: DEBUG neutron.api.rpc.handlers.resources_rpc [None req-856b1243-3064-4a61-9d01-11f02862defc admin admin] Pushing event updated for resources: {'Port': ['ID=58deacaa-c5f5-40b5-81de-8ac2cb6374c6,revision_number=1']} {{(pid=103442) push /opt/stack/neutron/neutron/api/rpc/handlers/resources_rpc.py:237}}
Mar 18 12:35:50.917739 dv-cinder-790535-30-iscsi neutron-server[103441]: DEBUG neutron_lib.callbacks.manager [None req-dec138b8-b765-4748-a7a8-747b00d7c24d admin admin] Publish callbacks [] for router_gateway (8d05ec03-9480-455a-ac1c-bed20601f324), after_create {{(pid=103441) _notify_loop /usr/local/lib/python3.8/dist-packages/neutron_lib/callbacks/manager.py:176}}
Mar 18 12:35:50.975279 dv-cinder-790535-30-iscsi neutron-server[103442]: DEBUG neutron.api.rpc.handlers.resources_rpc [None req-57dbe1b7-d84d-4c11-aab5-6324737ec159 admin admin] Pushing event updated for resources: {'SecurityGroup': ['ID=ea3ce6bc-f2a5-4855-885e-5f27788f887d,revision_number=1']} {{(pid=103442) push /opt/stack/neutron/neutron/api/rpc/handlers/resources_rpc.py:237}}
Mar 18 12:35:51.009105 dv-cinder-790535-30-iscsi neutron-server[103442]: DEBUG neutron.wsgi [-] (103442) accepted ('10.222.0.21', 58918) {{(pid=103442) server /usr/local/lib/python3.8/dist-packages/eventlet/wsgi.py:1004}}
Mar 18 12:35:51.185861 dv-cinder-790535-30-iscsi neutron-server[103441]: DEBUG neutron_lib.callbacks.manager [None req-00d50891-d9e4-4c43-8aaa-f72f34357ba6 admin admin] Publish callbacks [] for security_group (ea3ce6bc-f2a5-4855-885e-5f27788f887d), before_delete {{(pid=103441) _notify_loop /usr/local/lib/python3.8/dist-packages/neutron_lib/callbacks/manager.py:176}}
Mar 18 12:35:51.243977 dv-cinder-790535-30-iscsi neutron-server[103441]: DEBUG neutron_lib.callbacks.manager [None req-5daa8143-d6fb-4df1-8af9-6f84d2fa7278 admin admin] Publish callbacks ['neutron.plugins.ml2.ovo_rpc._ObjectChangeHandler.handle_event-1686655', 'neutron.api.rpc.agentnotifiers.dhcp_rpc_agent_api.DhcpAgentNotifyAPI._native_event_send_dhcp_notification-1702470'] for subnet (06606dd3-ba7f-49ad-9ad8-41831ef681fb), after_create {{(pid=103441) _notify_loop /usr/local/lib/python3.8/dist-packages/neutron_lib/callbacks/manager.py:176}}
Mar 18 12:35:51.307486 dv-cinder-790535-30-iscsi neutron-server[103442]: DEBUG neutron_lib.callbacks.manager [None req-3268624b-1f90-4945-ace9-76bfc24736a1 admin admin] Publish callbacks [] for security_group (None), before_create {{(pid=103442) _notify_loop /usr/local/lib/python3.8/dist-packages/neutron_lib/callbacks/manager.py:176}}
Mar 18 12:35:51.370608 dv-cinder-790535-30-iscsi neutron-server[103443]: DEBUG neutron.api.rpc.handlers.dhcp_rpc [None req-95e735c7-c06f-4746-801e-38a5f470f625 None None] Network 64f5deaf-28d7-4001-a216-58eafeb363d7 requested from dv-cinder-790535-30-iscsi {{(pid=103443) get_network_info /opt/stack/neutron/neutron/api/rpc/handlers/dhcp_rpc.py:191}}
Mar 18 12:35:51.426766 dv-cinder-790535-30-iscsi neutron-server[103441]: DEBUG neutron_lib.callbacks.manager [None req-00d50891-d9e4-4c43-8aaa-f72f34357ba6 admin admin] Publish callbacks [] for security_group (ea3ce6bc-f2a5-4855-885e-5f27788f887d), precommit_delete {{(pid=103441) _notify_loop /usr/local/lib/python3.8/dist-packages/neutron_lib/callbacks/manager.py:176}}
Mar 18 12:35:51.485801 dv-cinder-790535-30-iscsi neutron-server[103442]: DEBUG neutron_lib.callbacks.manager [None req-856b1243-3064-4a61-9d01-11f02862defc admin admin] Publish callbacks [] for router_gateway (3650dd9b-0e60-4d08-9bc3-c1aecf8d4e91), after_create {{(pid=103442) _notify_loop /usr/local/lib/python3.8/dist-packages/neutron_lib/callbacks/manager.py:176}}
Mar 18 12:35:51.534665 dv-cinder-790535-30-iscsi neutron-server[103443]: DEBUG neutron.db.provisioning_blocks [None req-fbfcddc7-208d-42a0-9ab6-f69ee599881d None None] Provisioning complete for port d44eea2e-858f-4dd4-b088-054abaf60657 triggered by entity DHCP. {{(pid=103443) provisioning_complete /opt/stack/neutron/neutron/db/provisioning_blocks.py:140}}
Mar 18 12:35:51.535054 dv-cinder-790535-30-iscsi neutron-server[103443]: DEBUG neutron_lib.callbacks.manager [None req-fbfcddc7-208d-42a0-9ab6-f69ee599881d None None] Publish callbacks ['neutron.plugins.ml2.plugin.Ml2Plugin._port_provisioned-701990'] for port (d44eea2e-858f-4dd4-b088-054abaf60657), provisioning_complete {{(pid=103443) _notify_loop /usr/local/lib/python3.8/dist-packages/neutron_lib/callbacks/manager.py:176}}
Mar 18 12:35:51.649252 dv-cinder-790535-30-iscsi neutron-server[103443]: DEBUG neutron.plugins.ml2.rpc [None req-46af5980-9b47-4e02-a4d3-c2d4374b2372 None None] Device d44eea2e-858f-4dd4-b088-054abaf60657 up at agent ovs-agent-dv-cinder-790535-30-iscsi {{(pid=103443) update_device_up /opt/stack/neutron/neutron/plugins/ml2/rpc.py:296}}
Mar 18 12:35:51.681267 dv-cinder-790535-30-iscsi neutron-server[103441]: DEBUG neutron.api.rpc.handlers.resources_rpc [None req-5daa8143-d6fb-4df1-8af9-6f84d2fa7278 admin admin] Pushing event updated for resources: {'Subnet': ['ID=06606dd3-ba7f-49ad-9ad8-41831ef681fb,revision_number=0']} {{(pid=103441) push /opt/stack/neutron/neutron/api/rpc/handlers/resources_rpc.py:237}}
Mar 18 12:35:51.734429 dv-cinder-790535-30-iscsi neutron-server[103441]: DEBUG neutron.plugins.ml2.drivers.mech_agent [None req-5daa8143-d6fb-4df1-8af9-6f84d2fa7278 admin admin] Checking segment: {'id': 'b500d319-6eda-4808-b3a0-e777e8643563', 'network_type': 'vlan', 'physical_network': 'physnet1', 'segmentation_id': 279, 'network_id': 'f23d2b46-538e-44ea-8ffc-19c4666d3444'} for mappings: {'physnet1': 'br-data'} with network types: ['local', 'flat', 'vlan'] {{(pid=103441) check_segment_for_agent /opt/stack/neutron/neutron/plugins/ml2/drivers/mech_agent.py:373}}
Mar 18 12:35:51.735432 dv-cinder-790535-30-iscsi neutron-server[103441]: DEBUG neutron.scheduler.dhcp_agent_scheduler [None req-5daa8143-d6fb-4df1-8af9-6f84d2fa7278 admin admin] Network hostable DHCP agents. Network: f23d2b46-538e-44ea-8ffc-19c4666d3444, hostable agents: ['d133da71-8c76-4dd8-8929-dc50f26983bb'], hosted agents: [] {{(pid=103441) _get_network_hostable_dhcp_agents /opt/stack/neutron/neutron/scheduler/dhcp_agent_scheduler.py:329}}
Mar 18 12:35:51.755272 dv-cinder-790535-30-iscsi neutron-server[103441]: DEBUG neutron_lib.callbacks.manager [None req-dec138b8-b765-4748-a7a8-747b00d7c24d admin admin] Publish callbacks ['neutron.services.l3_router.l3_router_plugin.L3_HA_NAT_db_mixin._after_router_create-1592511', 'neutron.services.l3_router.l3_router_plugin.DVRResourceOperationHandler._create_snat_interfaces_after_change-1590562'] for router (8d05ec03-9480-455a-ac1c-bed20601f324), after_create {{(pid=103441) _notify_loop /usr/local/lib/python3.8/dist-packages/neutron_lib/callbacks/manager.py:176}}
Mar 18 12:35:51.797065 dv-cinder-790535-30-iscsi neutron-server[103442]: INFO neutron.wsgi [req-23dce433-6c9b-4164-b005-1631ddb3aa36 req-006d47a6-259e-45e2-be61-a86d41edbc21 tempest-DeleteServersTestJSON-623202486 tempest-DeleteServersTestJSON-623202486-project] 10.222.0.21 "GET /v2.0/ports?device_id=decb7bf4-62ec-4711-afd4-8cef7c86e654 HTTP/1.1" status: 200 len: 210 time: 0.0485163
Mar 18 12:35:51.804099 dv-cinder-790535-30-iscsi neutron-server[103443]: DEBUG neutron.plugins.ml2.plugin [None req-fbfcddc7-208d-42a0-9ab6-f69ee599881d None None] Current status of the port d44eea2e-858f-4dd4-b088-054abaf60657 is: DOWN; New status is: ACTIVE {{(pid=103443) _update_individual_port_db_status /opt/stack/neutron/neutron/plugins/ml2/plugin.py:2256}}
Mar 18 12:35:51.804725 dv-cinder-790535-30-iscsi neutron-server[103443]: DEBUG neutron_lib.callbacks.manager [None req-fbfcddc7-208d-42a0-9ab6-f69ee599881d None None] Publish callbacks ['neutron.plugins.ml2.plugin.SecurityGroupDbMixin._ensure_default_security_group_handler-599604'] for port (d44eea2e-858f-4dd4-b088-054abaf60657), before_update {{(pid=103443) _notify_loop /usr/local/lib/python3.8/dist-packages/neutron_lib/callbacks/manager.py:176}}
Mar 18 12:35:51.807951 dv-cinder-790535-30-iscsi neutron-server[103441]: DEBUG neutron_lib.callbacks.manager [None req-00d50891-d9e4-4c43-8aaa-f72f34357ba6 admin admin] Publish callbacks ['neutron.plugins.ml2.ovo_rpc._ObjectChangeHandler.handle_event-1688356'] for security_group (ea3ce6bc-f2a5-4855-885e-5f27788f887d), after_delete {{(pid=103441) _notify_loop /usr/local/lib/python3.8/dist-packages/neutron_lib/callbacks/manager.py:176}}
Mar 18 12:35:51.819712 dv-cinder-790535-30-iscsi neutron-server[103442]: DEBUG neutron_lib.callbacks.manager [None req-3268624b-1f90-4945-ace9-76bfc24736a1 admin admin] Publish callbacks [] for security_group (f7e2fe73-aac6-4d56-a97d-724deb66313f), precommit_create {{(pid=103442) _notify_loop /usr/local/lib/python3.8/dist-packages/neutron_lib/callbacks/manager.py:176}}
Mar 18 12:35:51.820179 dv-cinder-790535-30-iscsi neutron-server[103441]: DEBUG neutron_lib.callbacks.manager [None req-00d50891-d9e4-4c43-8aaa-f72f34357ba6 admin admin] Publish callbacks [] for security_group (None), before_response {{(pid=103441) _notify_loop /usr/local/lib/python3.8/dist-packages/neutron_lib/callbacks/manager.py:176}}
Mar 18 12:35:51.824036 dv-cinder-790535-30-iscsi neutron-server[103441]: INFO neutron.wsgi [None req-00d50891-d9e4-4c43-8aaa-f72f34357ba6 admin admin] 10.222.0.21 "DELETE /v2.0/security-groups/ea3ce6bc-f2a5-4855-885e-5f27788f887d HTTP/1.1" status: 204 len: 168 time: 1.0385547
Mar 18 12:35:51.834136 dv-cinder-790535-30-iscsi neutron-server[103442]: DEBUG neutron_lib.callbacks.manager [None req-3268624b-1f90-4945-ace9-76bfc24736a1 admin admin] Publish callbacks ['neutron.plugins.ml2.ovo_rpc._ObjectChangeHandler.handle_event-1688356'] for security_group (f7e2fe73-aac6-4d56-a97d-724deb66313f), after_create {{(pid=103442) _notify_loop /usr/local/lib/python3.8/dist-packages/neutron_lib/callbacks/manager.py:176}}
Mar 18 12:35:51.870285 dv-cinder-790535-30-iscsi neutron-server[103442]: DEBUG neutron.api.rpc.handlers.resources_rpc [None req-3268624b-1f90-4945-ace9-76bfc24736a1 admin admin] Pushing event updated for resources: {'SecurityGroup': ['ID=f7e2fe73-aac6-4d56-a97d-724deb66313f,revision_number=1']} {{(pid=103442) push /opt/stack/neutron/neutron/api/rpc/handlers/resources_rpc.py:237}}
Mar 18 12:35:51.898380 dv-cinder-790535-30-iscsi neutron-server[103443]: DEBUG neutron.plugins.ml2.db [None req-fbfcddc7-208d-42a0-9ab6-f69ee599881d None None] For port d44eea2e-858f-4dd4-b088-054abaf60657, host dv-cinder-790535-30-iscsi, got binding levels [PortBindingLevel(driver='openvswitch',host='dv-cinder-790535-30-iscsi',level=0,port_id=d44eea2e-858f-4dd4-b088-054abaf60657,segment=NetworkSegment(b1de89e6-a321-4a65-8498-321ffc7c515b),segment_id=b1de89e6-a321-4a65-8498-321ffc7c515b)] {{(pid=103443) get_binding_level_objs /opt/stack/neutron/neutron/plugins/ml2/db.py:74}}
Mar 18 12:35:51.921581 dv-cinder-790535-30-iscsi neutron-server[103443]: DEBUG neutron_lib.callbacks.manager [None req-fbfcddc7-208d-42a0-9ab6-f69ee599881d None None] Publish callbacks ['neutron.plugins.ml2.plugin.SecurityGroupServerNotifierRpcMixin._notify_sg_on_port_change-599671', 'neutron.plugins.ml2.ovo_rpc._ObjectChangeHandler.handle_event-178977', 'neutron.api.rpc.agentnotifiers.dhcp_rpc_agent_api.DhcpAgentNotifyAPI._native_event_send_dhcp_notification-1702470', 'neutron.db.l3_db.L3RpcNotifierMixin._notify_gateway_port_ip_changed-8755722226068', 'neutron.db.l3_dvrscheduler_db._notify_l3_agent_port_update-8755721691423', 'neutron.db.l3_hascheduler_db._notify_l3_agent_ha_port_update-8755721691441'] for port (d44eea2e-858f-4dd4-b088-054abaf60657), after_update {{(pid=103443) _notify_loop /usr/local/lib/python3.8/dist-packages/neutron_lib/callbacks/manager.py:176}}
Mar 18 12:35:52.025393 dv-cinder-790535-30-iscsi neutron-server[103442]: INFO neutron.wsgi [None req-3268624b-1f90-4945-ace9-76bfc24736a1 admin admin] 10.222.0.21 "GET /v2.0/security-groups?tenant_id=e5addf079f1d4ceb9cf3677296b66c59&name=default HTTP/1.1" status: 200 len: 2992 time: 1.0124266
Mar 18 12:35:52.032358 dv-cinder-790535-30-iscsi neutron-server[103442]: DEBUG neutron.wsgi [-] (103442) accepted ('10.222.0.21', 58958) {{(pid=103442) server /usr/local/lib/python3.8/dist-packages/eventlet/wsgi.py:1004}}
Mar 18 12:35:52.042280 dv-cinder-790535-30-iscsi neutron-server[103443]: DEBUG neutron_lib.callbacks.manager [None req-61622b96-7651-48fe-af41-2851e84860bb None None] Publish callbacks ['neutron.services.segments.db._update_segment_host_mapping_for_agent-8755722033201', 'neutron.plugins.ml2.plugin.Ml2Plugin._retry_binding_revived_agents-702076'] for agent (43725301-ef93-4fdb-abf1-73a3b2591a22), after_update {{(pid=103443) _notify_loop /usr/local/lib/python3.8/dist-packages/neutron_lib/callbacks/manager.py:176}}
Mar 18 12:35:52.076478 dv-cinder-790535-30-iscsi neutron-server[103443]: DEBUG neutron.api.rpc.handlers.resources_rpc [None req-fbfcddc7-208d-42a0-9ab6-f69ee599881d None None] Pushing event updated for resources: {'Port': ['ID=d44eea2e-858f-4dd4-b088-054abaf60657,revision_number=3']} {{(pid=103443) push /opt/stack/neutron/neutron/api/rpc/handlers/resources_rpc.py:237}}
Mar 18 12:35:52.111676 dv-cinder-790535-30-iscsi neutron-server[103443]: DEBUG neutron.db.provisioning_blocks [None req-46af5980-9b47-4e02-a4d3-c2d4374b2372 None None] Provisioning complete for port d44eea2e-858f-4dd4-b088-054abaf60657 triggered by entity L2. {{(pid=103443) provisioning_complete /opt/stack/neutron/neutron/db/provisioning_blocks.py:140}}
Mar 18 12:35:52.115279 dv-cinder-790535-30-iscsi neutron-server[103443]: DEBUG neutron_lib.callbacks.manager [None req-46af5980-9b47-4e02-a4d3-c2d4374b2372 None None] Publish callbacks ['neutron.plugins.ml2.plugin.Ml2Plugin._port_provisioned-701990'] for port (d44eea2e-858f-4dd4-b088-054abaf60657), provisioning_complete {{(pid=103443) _notify_loop /usr/local/lib/python3.8/dist-packages/neutron_lib/callbacks/manager.py:176}}
Mar 18 12:35:52.121761 dv-cinder-790535-30-iscsi neutron-server[103441]: DEBUG neutron.scheduler.dhcp_agent_scheduler [None req-5daa8143-d6fb-4df1-8af9-6f84d2fa7278 admin admin] Network f23d2b46-538e-44ea-8ffc-19c4666d3444 is scheduled to be hosted by DHCP agent d133da71-8c76-4dd8-8929-dc50f26983bb with binding_index 1 {{(pid=103441) bind /opt/stack/neutron/neutron/scheduler/dhcp_agent_scheduler.py:227}}
Mar 18 12:35:52.147198 dv-cinder-790535-30-iscsi neutron-server[103441]: DEBUG neutron.api.rpc.handlers.resources_rpc [None req-00d50891-d9e4-4c43-8aaa-f72f34357ba6 admin admin] Pushing event deleted for resources: {'SecurityGroup': ['ID=ea3ce6bc-f2a5-4855-885e-5f27788f887d,revision_number=None']} {{(pid=103441) push /opt/stack/neutron/neutron/api/rpc/handlers/resources_rpc.py:237}}
Mar 18 12:35:52.155982 dv-cinder-790535-30-iscsi neutron-server[103441]: DEBUG neutron.scheduler.base_scheduler [None req-5daa8143-d6fb-4df1-8af9-6f84d2fa7278 admin admin] Resources bound (agent type, host, resource id): (DHCP agent, dv-cinder-790535-30-iscsi, f23d2b46-538e-44ea-8ffc-19c4666d3444) {{(pid=103441) schedule /opt/stack/neutron/neutron/scheduler/base_scheduler.py:57}}
Mar 18 12:35:52.166268 dv-cinder-790535-30-iscsi neutron-server[103441]: DEBUG neutron.pecan_wsgi.hooks.policy_enforcement [None req-5daa8143-d6fb-4df1-8af9-6f84d2fa7278 admin admin] Attributes excluded by policy engine: ['standard_attr_id', 'shared', 'network'] {{(pid=103441) _exclude_attributes_by_policy /opt/stack/neutron/neutron/pecan_wsgi/hooks/policy_enforcement.py:255}}
Mar 18 12:35:52.167199 dv-cinder-790535-30-iscsi neutron-server[103441]: DEBUG neutron_lib.callbacks.manager [None req-5daa8143-d6fb-4df1-8af9-6f84d2fa7278 admin admin] Publish callbacks ['neutron.api.rpc.agentnotifiers.dhcp_rpc_agent_api.DhcpAgentNotifyAPI._send_dhcp_notification-1702516'] for subnet (None), before_response {{(pid=103441) _notify_loop /usr/local/lib/python3.8/dist-packages/neutron_lib/callbacks/manager.py:176}}
Mar 18 12:35:52.168727 dv-cinder-790535-30-iscsi neutron-server[103442]: DEBUG neutron.wsgi [-] (103442) accepted ('10.222.0.37', 53493) {{(pid=103442) server /usr/local/lib/python3.8/dist-packages/eventlet/wsgi.py:1004}}
Mar 18 12:35:52.218363 dv-cinder-790535-30-iscsi neutron-server[103441]: INFO neutron.wsgi [None req-5daa8143-d6fb-4df1-8af9-6f84d2fa7278 admin admin] 10.222.0.21 "POST /v2.0/subnets HTTP/1.1" status: 201 len: 862 time: 2.0468295
Mar 18 12:35:52.220580 dv-cinder-790535-30-iscsi neutron-server[103443]: DEBUG neutron.api.rpc.handlers.dhcp_rpc [None req-bbaece63-3e67-4617-a391-2aaf5651f123 None None] Network f23d2b46-538e-44ea-8ffc-19c4666d3444 requested from dv-cinder-790535-30-iscsi {{(pid=103443) get_network_info /opt/stack/neutron/neutron/api/rpc/handlers/dhcp_rpc.py:191}}
Mar 18 12:35:52.311366 dv-cinder-790535-30-iscsi neutron-server[103441]: DEBUG neutron.scheduler.l3_agent_scheduler [None req-dec138b8-b765-4748-a7a8-747b00d7c24d admin admin] Router 8d05ec03-9480-455a-ac1c-bed20601f324 is scheduled to L3 agent 7c5978e1-5ad8-4c18-a905-3b533f3bb1aa with binding_index 1 {{(pid=103441) bind_router /opt/stack/neutron/neutron/scheduler/l3_agent_scheduler.py:209}}
Mar 18 12:35:52.314753 dv-cinder-790535-30-iscsi neutron-server[103442]: DEBUG neutron_lib.callbacks.manager [None req-13a1217e-8cf9-4372-af7a-b2615d61c6a1 admin admin] Publish callbacks [] for security_group (f7e2fe73-aac6-4d56-a97d-724deb66313f), before_delete {{(pid=103442) _notify_loop /usr/local/lib/python3.8/dist-packages/neutron_lib/callbacks/manager.py:176}}
Mar 18 12:35:52.357972 dv-cinder-790535-30-iscsi neutron-server[103442]: DEBUG neutron_lib.callbacks.manager [None req-13a1217e-8cf9-4372-af7a-b2615d61c6a1 admin admin] Publish callbacks [] for security_group (f7e2fe73-aac6-4d56-a97d-724deb66313f), precommit_delete {{(pid=103442) _notify_loop /usr/local/lib/python3.8/dist-packages/neutron_lib/callbacks/manager.py:176}}
Mar 18 12:35:52.471752 dv-cinder-790535-30-iscsi neutron-server[103443]: DEBUG neutron_lib.callbacks.manager [None req-46af5980-9b47-4e02-a4d3-c2d4374b2372 None None] Publish callbacks ['neutron.services.segments.db._update_segment_host_mapping_for_agent-8755722033201', 'neutron.plugins.ml2.plugin.Ml2Plugin._retry_binding_revived_agents-702076'] for agent (325aad4a-19fe-4986-8094-a81fedfa5ff8), after_update {{(pid=103443) _notify_loop /usr/local/lib/python3.8/dist-packages/neutron_lib/callbacks/manager.py:176}}
Mar 18 12:35:52.504567 dv-cinder-790535-30-iscsi neutron-server[103442]: DEBUG neutron_lib.callbacks.manager [None req-13a1217e-8cf9-4372-af7a-b2615d61c6a1 admin admin] Publish callbacks ['neutron.plugins.ml2.ovo_rpc._ObjectChangeHandler.handle_event-1688356'] for security_group (f7e2fe73-aac6-4d56-a97d-724deb66313f), after_delete {{(pid=103442) _notify_loop /usr/local/lib/python3.8/dist-packages/neutron_lib/callbacks/manager.py:176}}
Mar 18 12:35:52.507112 dv-cinder-790535-30-iscsi neutron-server[103442]: DEBUG neutron_lib.callbacks.manager [None req-13a1217e-8cf9-4372-af7a-b2615d61c6a1 admin admin] Publish callbacks [] for security_group (None), before_response {{(pid=103442) _notify_loop /usr/local/lib/python3.8/dist-packages/neutron_lib/callbacks/manager.py:176}}
Mar 18 12:35:52.511622 dv-cinder-790535-30-iscsi neutron-server[103441]: DEBUG neutron.wsgi [-] (103441) accepted ('10.222.0.21', 58978) {{(pid=103441) server /usr/local/lib/python3.8/dist-packages/eventlet/wsgi.py:1004}}
Mar 18 12:35:52.515939 dv-cinder-790535-30-iscsi neutron-server[103442]: INFO neutron.wsgi [None req-13a1217e-8cf9-4372-af7a-b2615d61c6a1 admin admin] 10.222.0.21 "DELETE /v2.0/security-groups/f7e2fe73-aac6-4d56-a97d-724deb66313f HTTP/1.1" status: 204 len: 168 time: 0.4826534
Mar 18 12:35:52.561276 dv-cinder-790535-30-iscsi neutron-server[103442]: DEBUG neutron.api.rpc.handlers.resources_rpc [None req-13a1217e-8cf9-4372-af7a-b2615d61c6a1 admin admin] Pushing event deleted for resources: {'SecurityGroup': ['ID=f7e2fe73-aac6-4d56-a97d-724deb66313f,revision_number=None']} {{(pid=103442) push /opt/stack/neutron/neutron/api/rpc/handlers/resources_rpc.py:237}}
Mar 18 12:35:52.595305 dv-cinder-790535-30-iscsi neutron-server[103442]: DEBUG neutron_lib.callbacks.manager [None req-856b1243-3064-4a61-9d01-11f02862defc admin admin] Publish callbacks ['neutron.services.l3_router.l3_router_plugin.L3_HA_NAT_db_mixin._after_router_create-1592511', 'neutron.services.l3_router.l3_router_plugin.DVRResourceOperationHandler._create_snat_interfaces_after_change-1590562'] for router (3650dd9b-0e60-4d08-9bc3-c1aecf8d4e91), after_create {{(pid=103442) _notify_loop /usr/local/lib/python3.8/dist-packages/neutron_lib/callbacks/manager.py:176}}
Mar 18 12:35:52.622072 dv-cinder-790535-30-iscsi neutron-server[103443]: DEBUG neutron.plugins.ml2.plugin [None req-46af5980-9b47-4e02-a4d3-c2d4374b2372 None None] Current status of the port d44eea2e-858f-4dd4-b088-054abaf60657 is: ACTIVE; New status is: ACTIVE {{(pid=103443) _update_individual_port_db_status /opt/stack/neutron/neutron/plugins/ml2/plugin.py:2256}}
Mar 18 12:35:52.687712 dv-cinder-790535-30-iscsi neutron-server[103441]: DEBUG neutron.db.db_base_plugin_v2 [None req-412fa9b5-3e34-43c5-ad28-782769d9fccf admin admin] Deleting subnet e1aa132d-9f83-4631-94b7-5e42d08de940 {{(pid=103441) delete_subnet /opt/stack/neutron/neutron/db/db_base_plugin_v2.py:1066}}
Mar 18 12:35:52.694020 dv-cinder-790535-30-iscsi neutron-server[103441]: DEBUG neutron_lib.callbacks.manager [None req-412fa9b5-3e34-43c5-ad28-782769d9fccf admin admin] Publish callbacks [] for subnet (e1aa132d-9f83-4631-94b7-5e42d08de940), before_delete {{(pid=103441) _notify_loop /usr/local/lib/python3.8/dist-packages/neutron_lib/callbacks/manager.py:176}}
Mar 18 12:35:52.734343 dv-cinder-790535-30-iscsi neutron-server[103443]: DEBUG neutron.db.provisioning_blocks [None req-8a8d20fe-7afc-4dae-b9bf-fab1263a27a3 None None] Provisioning complete for port d44eea2e-858f-4dd4-b088-054abaf60657 triggered by entity DHCP. {{(pid=103443) provisioning_complete /opt/stack/neutron/neutron/db/provisioning_blocks.py:140}}
Mar 18 12:35:52.734776 dv-cinder-790535-30-iscsi neutron-server[103443]: DEBUG neutron_lib.callbacks.manager [None req-8a8d20fe-7afc-4dae-b9bf-fab1263a27a3 None None] Publish callbacks ['neutron.plugins.ml2.plugin.Ml2Plugin._port_provisioned-701990'] for port (d44eea2e-858f-4dd4-b088-054abaf60657), provisioning_complete {{(pid=103443) _notify_loop /usr/local/lib/python3.8/dist-packages/neutron_lib/callbacks/manager.py:176}}
Mar 18 12:35:52.744276 dv-cinder-790535-30-iscsi neutron-server[103442]: DEBUG neutron.pecan_wsgi.hooks.policy_enforcement [req-4206134c-33c0-4e42-9b13-35bc68b62e4d req-321d08ab-000e-494a-92ac-ec9d56258dcf tempest-DeleteServersTestJSON-623202486 tempest-DeleteServersTestJSON-623202486-project] Attributes excluded by policy engine: ['standard_attr_id', 'vlan_transparent', 'provider:network_type', 'provider:physical_network', 'provider:segmentation_id'] {{(pid=103442) _exclude_attributes_by_policy /opt/stack/neutron/neutron/pecan_wsgi/hooks/policy_enforcement.py:255}}
Mar 18 12:35:52.749956 dv-cinder-790535-30-iscsi neutron-server[103442]: INFO neutron.wsgi [req-4206134c-33c0-4e42-9b13-35bc68b62e4d req-321d08ab-000e-494a-92ac-ec9d56258dcf tempest-DeleteServersTestJSON-623202486 tempest-DeleteServersTestJSON-623202486-project] 10.222.0.37 "GET /v2.0/networks?id=d61dd74d-2ec0-41f9-a39f-f2707abf7135 HTTP/1.1" status: 200 len: 811 time: 0.5659022
Mar 18 12:35:52.779643 dv-cinder-790535-30-iscsi neutron-server[103441]: DEBUG neutron.api.rpc.agentnotifiers.l3_rpc_agent_api [None req-dec138b8-b765-4748-a7a8-747b00d7c24d admin admin] Notify agent at l3_agent.dv-cinder-790535-30-iscsi the message routers_updated {{(pid=103441) _agent_notification /opt/stack/neutron/neutron/api/rpc/agentnotifiers/l3_rpc_agent_api.py:65}}
Mar 18 12:35:52.801129 dv-cinder-790535-30-iscsi neutron-server[103444]: DEBUG neutron.api.rpc.handlers.l3_rpc [None req-9f27e788-97c7-44b5-927f-f76e5ed1c8e9 None None] Sync routers for ids ['8d05ec03-9480-455a-ac1c-bed20601f324'] in dv-cinder-790535-30-iscsi {{(pid=103444) sync_routers /opt/stack/neutron/neutron/api/rpc/handlers/l3_rpc.py:125}}
Mar 18 12:35:52.815039 dv-cinder-790535-30-iscsi neutron-server[103441]: DEBUG neutron_lib.callbacks.manager [None req-412fa9b5-3e34-43c5-ad28-782769d9fccf admin admin] Publish callbacks [] for subnet (e1aa132d-9f83-4631-94b7-5e42d08de940), precommit_delete_associations {{(pid=103441) _notify_loop /usr/local/lib/python3.8/dist-packages/neutron_lib/callbacks/manager.py:176}}
Mar 18 12:35:52.822817 dv-cinder-790535-30-iscsi neutron-server[103444]: DEBUG neutron.db.l3_dvrscheduler_db [None req-9f27e788-97c7-44b5-927f-f76e5ed1c8e9 None None] Routers {'8d05ec03-9480-455a-ac1c-bed20601f324'} bound to L3 agent in host dv-cinder-790535-30-iscsi {{(pid=103444) _get_router_ids_for_agent /opt/stack/neutron/neutron/db/l3_dvrscheduler_db.py:421}}
Mar 18 12:35:52.823516 dv-cinder-790535-30-iscsi neutron-server[103444]: DEBUG neutron.db.l3_hamode_db [None req-9f27e788-97c7-44b5-927f-f76e5ed1c8e9 None None] neutron.services.l3_router.l3_router_plugin.L3RouterPlugin method get_ha_sync_data_for_host called with arguments (, 'dv-cinder-790535-30-iscsi', Agent(admin_state_up=True,agent_type='L3 agent',availability_zone='nova',binary='neutron-l3-agent',configurations={"agent_mode": "legacy", "ex_gw_ports": 1, "extensions": [], "floating_ips": 0, "handle_internal_only_routers": true, "interface_driver": "openvswitch", "interfaces": 1, "log_agent_heartbeats": false, "routers": 1},created_at=2022-03-18T12:27:48Z,description=,heartbeat_timestamp=2022-03-18T12:35:48Z,host='dv-cinder-790535-30-iscsi',id=7c5978e1-5ad8-4c18-a905-3b533f3bb1aa,load=0,resource_versions=,resources_synced=,started_at=2022-03-18T12:27:48Z,topic='l3_agent')) {'router_ids': ['8d05ec03-9480-455a-ac1c-bed20601f324'], 'active': True} {{(pid=103444) wrapper /usr/local/lib/python3.8/dist-packages/oslo_log/helpers.py:65}}
Mar 18 12:35:52.825552 dv-cinder-790535-30-iscsi neutron-server[103442]: DEBUG neutron.api.v2.base [req-4206134c-33c0-4e42-9b13-35bc68b62e4d req-5b76589e-8e28-4c51-b036-248ee51738bd tempest-DeleteServersTestJSON-623202486 tempest-DeleteServersTestJSON-623202486-project] Request body: {'port': {'device_id': 'decb7bf4-62ec-4711-afd4-8cef7c86e654', 'network_id': 'd61dd74d-2ec0-41f9-a39f-f2707abf7135', 'admin_state_up': True, 'tenant_id': '736d6b2d15bb465c99f09f7f7b9a2f75'}} {{(pid=103442) prepare_request_body /opt/stack/neutron/neutron/api/v2/base.py:729}}
Mar 18 12:35:52.880571 dv-cinder-790535-30-iscsi neutron-server[103441]: DEBUG neutron_lib.callbacks.manager [None req-412fa9b5-3e34-43c5-ad28-782769d9fccf admin admin] Publish callbacks ['neutron.plugins.ml2.plugin.Ml2Plugin._subnet_delete_precommit_handler-755466'] for subnet (e1aa132d-9f83-4631-94b7-5e42d08de940), precommit_delete {{(pid=103441) _notify_loop /usr/local/lib/python3.8/dist-packages/neutron_lib/callbacks/manager.py:176}}
Mar 18 12:35:52.922831 dv-cinder-790535-30-iscsi neutron-server[103443]: DEBUG neutron.api.rpc.handlers.dhcp_rpc [None req-c050c3db-b8b9-4075-947f-7fd9d256b07c None None] Network f23d2b46-538e-44ea-8ffc-19c4666d3444 requested from dv-cinder-790535-30-iscsi {{(pid=103443) get_network_info /opt/stack/neutron/neutron/api/rpc/handlers/dhcp_rpc.py:191}}
Mar 18 12:35:52.959142 dv-cinder-790535-30-iscsi neutron-server[103441]: DEBUG neutron_lib.callbacks.manager [None req-dec138b8-b765-4748-a7a8-747b00d7c24d admin admin] Publish callbacks [] for router (None), before_response {{(pid=103441) _notify_loop /usr/local/lib/python3.8/dist-packages/neutron_lib/callbacks/manager.py:176}}
Mar 18 12:35:52.959142 dv-cinder-790535-30-iscsi neutron-server[103441]: INFO neutron.wsgi [None req-dec138b8-b765-4748-a7a8-747b00d7c24d admin admin] 10.222.0.21 "POST /v2.0/routers HTTP/1.1" status: 201 len: 927 time: 5.8191969
Mar 18 12:35:52.987821 dv-cinder-790535-30-iscsi neutron-server[103441]: DEBUG neutron.wsgi [-] (103441) accepted ('10.222.0.21', 59014) {{(pid=103441) server /usr/local/lib/python3.8/dist-packages/eventlet/wsgi.py:1004}}
Mar 18 12:35:53.057440 dv-cinder-790535-30-iscsi neutron-server[103443]: DEBUG neutron.plugins.ml2.plugin [None req-8a8d20fe-7afc-4dae-b9bf-fab1263a27a3 None None] Current status of the port d44eea2e-858f-4dd4-b088-054abaf60657 is: ACTIVE; New status is: ACTIVE {{(pid=103443) _update_individual_port_db_status /opt/stack/neutron/neutron/plugins/ml2/plugin.py:2256}}
Mar 18 12:35:53.065347 dv-cinder-790535-30-iscsi neutron-server[103442]: INFO neutron.wsgi [req-0bc9a938-ab32-428a-90ae-f44a3d3f82ea req-85096fee-6444-4724-a21b-48f3d7c0e416 tempest-DeleteServersTestJSON-623202486 tempest-DeleteServersTestJSON-623202486-project] 10.222.0.21 "GET /v2.0/ports?device_id=decb7bf4-62ec-4711-afd4-8cef7c86e654 HTTP/1.1" status: 200 len: 210 time: 0.0397673
Mar 18 12:35:53.098476 dv-cinder-790535-30-iscsi neutron-server[103442]: DEBUG neutron.pecan_wsgi.hooks.quota_enforcement [req-4206134c-33c0-4e42-9b13-35bc68b62e4d req-5b76589e-8e28-4c51-b036-248ee51738bd tempest-DeleteServersTestJSON-623202486 tempest-DeleteServersTestJSON-623202486-project] Made reservation on behalf of 736d6b2d15bb465c99f09f7f7b9a2f75 for: {'port': 1} {{(pid=103442) before /opt/stack/neutron/neutron/pecan_wsgi/hooks/quota_enforcement.py:53}}
Mar 18 12:35:53.105187 dv-cinder-790535-30-iscsi neutron-server[103442]: DEBUG neutron_lib.callbacks.manager [req-4206134c-33c0-4e42-9b13-35bc68b62e4d req-5b76589e-8e28-4c51-b036-248ee51738bd tempest-DeleteServersTestJSON-623202486 tempest-DeleteServersTestJSON-623202486-project] Publish callbacks ['neutron.plugins.ml2.plugin.SecurityGroupDbMixin._ensure_default_security_group_handler-599604'] for port (None), before_create {{(pid=103442) _notify_loop /usr/local/lib/python3.8/dist-packages/neutron_lib/callbacks/manager.py:176}}
Mar 18 12:35:53.109454 dv-cinder-790535-30-iscsi neutron-server[103442]: DEBUG neutron.scheduler.l3_agent_scheduler [None req-856b1243-3064-4a61-9d01-11f02862defc admin admin] Router 3650dd9b-0e60-4d08-9bc3-c1aecf8d4e91 is scheduled to L3 agent 7c5978e1-5ad8-4c18-a905-3b533f3bb1aa with binding_index 1 {{(pid=103442) bind_router /opt/stack/neutron/neutron/scheduler/l3_agent_scheduler.py:209}}
Mar 18 12:35:53.268253 dv-cinder-790535-30-iscsi neutron-server[103442]: DEBUG neutron.api.rpc.agentnotifiers.l3_rpc_agent_api [None req-856b1243-3064-4a61-9d01-11f02862defc admin admin] Notify agent at l3_agent.dv-cinder-790535-30-iscsi the message routers_updated {{(pid=103442) _agent_notification /opt/stack/neutron/neutron/api/rpc/agentnotifiers/l3_rpc_agent_api.py:65}}
Mar 18 12:35:53.284072 dv-cinder-790535-30-iscsi neutron-server[103443]: DEBUG neutron.api.rpc.handlers.l3_rpc [None req-31c78f4a-a244-41f7-9578-08346d616c3d None None] Sync routers for ids ['3650dd9b-0e60-4d08-9bc3-c1aecf8d4e91'] in dv-cinder-790535-30-iscsi {{(pid=103443) sync_routers /opt/stack/neutron/neutron/api/rpc/handlers/l3_rpc.py:125}}
Mar 18 12:35:53.292432 dv-cinder-790535-30-iscsi neutron-server[103441]: DEBUG neutron_lib.callbacks.manager [None req-412fa9b5-3e34-43c5-ad28-782769d9fccf admin admin] Publish callbacks ['neutron.plugins.ml2.plugin.Ml2Plugin._subnet_delete_after_delete_handler-755475', 'neutron.plugins.ml2.ovo_rpc._ObjectChangeHandler.handle_event-1686655', 'neutron.api.rpc.agentnotifiers.dhcp_rpc_agent_api.DhcpAgentNotifyAPI._native_event_send_dhcp_notification-1702470'] for subnet (e1aa132d-9f83-4631-94b7-5e42d08de940), after_delete {{(pid=103441) _notify_loop /usr/local/lib/python3.8/dist-packages/neutron_lib/callbacks/manager.py:176}}
Mar 18 12:35:53.312571 dv-cinder-790535-30-iscsi neutron-server[103443]: DEBUG neutron.db.l3_dvrscheduler_db [None req-31c78f4a-a244-41f7-9578-08346d616c3d None None] Routers {'3650dd9b-0e60-4d08-9bc3-c1aecf8d4e91'} bound to L3 agent in host dv-cinder-790535-30-iscsi {{(pid=103443) _get_router_ids_for_agent /opt/stack/neutron/neutron/db/l3_dvrscheduler_db.py:421}}
Mar 18 12:35:53.313544 dv-cinder-790535-30-iscsi neutron-server[103443]: DEBUG neutron.db.l3_hamode_db [None req-31c78f4a-a244-41f7-9578-08346d616c3d None None] neutron.services.l3_router.l3_router_plugin.L3RouterPlugin method get_ha_sync_data_for_host called with arguments (, 'dv-cinder-790535-30-iscsi', Agent(admin_state_up=True,agent_type='L3 agent',availability_zone='nova',binary='neutron-l3-agent',configurations={"agent_mode": "legacy", "ex_gw_ports": 1, "extensions": [], "floating_ips": 0, "handle_internal_only_routers": true, "interface_driver": "openvswitch", "interfaces": 1, "log_agent_heartbeats": false, "routers": 1},created_at=2022-03-18T12:27:48Z,description=,heartbeat_timestamp=2022-03-18T12:35:48Z,host='dv-cinder-790535-30-iscsi',id=7c5978e1-5ad8-4c18-a905-3b533f3bb1aa,load=0,resource_versions=,resources_synced=,started_at=2022-03-18T12:27:48Z,topic='l3_agent')) {'router_ids': ['3650dd9b-0e60-4d08-9bc3-c1aecf8d4e91'], 'active': True} {{(pid=103443) wrapper /usr/local/lib/python3.8/dist-packages/oslo_log/helpers.py:65}}
Mar 18 12:35:53.329230 dv-cinder-790535-30-iscsi neutron-server[103444]: DEBUG neutron.db.l3_dvr_db [None req-9f27e788-97c7-44b5-927f-f76e5ed1c8e9 None None] Set router 8d05ec03-9480-455a-ac1c-bed20601f324 gateway port host: dv-cinder-790535-30-iscsi {{(pid=103444) _build_routers_list /opt/stack/neutron/neutron/db/l3_dvr_db.py:906}}
Mar 18 12:35:53.380722 dv-cinder-790535-30-iscsi neutron-server[103441]: DEBUG neutron.wsgi [-] (103441) accepted ('10.222.0.21', 59028) {{(pid=103441) server /usr/local/lib/python3.8/dist-packages/eventlet/wsgi.py:1004}}
Mar 18 12:35:53.508015 dv-cinder-790535-30-iscsi neutron-server[103443]: DEBUG neutron.db.l3_dvr_db [None req-31c78f4a-a244-41f7-9578-08346d616c3d None None] Set router 3650dd9b-0e60-4d08-9bc3-c1aecf8d4e91 gateway port host: dv-cinder-790535-30-iscsi {{(pid=103443) _build_routers_list /opt/stack/neutron/neutron/db/l3_dvr_db.py:906}}
Mar 18 12:35:53.570905 dv-cinder-790535-30-iscsi neutron-server[103443]: DEBUG neutron.plugins.ml2.rpc [None req-46af5980-9b47-4e02-a4d3-c2d4374b2372 None None] Device d44eea2e-858f-4dd4-b088-054abaf60657 up at agent ovs-agent-dv-cinder-790535-30-iscsi {{(pid=103443) update_device_up /opt/stack/neutron/neutron/plugins/ml2/rpc.py:296}}
Mar 18 12:35:53.576106 dv-cinder-790535-30-iscsi neutron-server[103441]: DEBUG neutron.api.rpc.handlers.resources_rpc [None req-412fa9b5-3e34-43c5-ad28-782769d9fccf admin admin] Pushing event deleted for resources: {'Subnet': ['ID=e1aa132d-9f83-4631-94b7-5e42d08de940,revision_number=None']} {{(pid=103441) push /opt/stack/neutron/neutron/api/rpc/handlers/resources_rpc.py:237}}
Mar 18 12:35:53.591851 dv-cinder-790535-30-iscsi neutron-server[103441]: DEBUG neutron_lib.callbacks.manager [None req-412fa9b5-3e34-43c5-ad28-782769d9fccf admin admin] Publish callbacks [] for subnet (None), before_response {{(pid=103441) _notify_loop /usr/local/lib/python3.8/dist-packages/neutron_lib/callbacks/manager.py:176}}
Mar 18 12:35:53.602090 dv-cinder-790535-30-iscsi neutron-server[103441]: INFO neutron.wsgi [None req-412fa9b5-3e34-43c5-ad28-782769d9fccf admin admin] 10.222.0.21 "DELETE /v2.0/subnets/e1aa132d-9f83-4631-94b7-5e42d08de940 HTTP/1.1" status: 204 len: 168 time: 1.0855618
Mar 18 12:35:53.611414 dv-cinder-790535-30-iscsi neutron-server[103441]: DEBUG neutron_lib.callbacks.manager [None req-3a4b01c6-b57a-4f76-9e6f-31527266c3bd admin admin] Publish callbacks [] for security_group (None), before_create {{(pid=103441) _notify_loop /usr/local/lib/python3.8/dist-packages/neutron_lib/callbacks/manager.py:176}}
Mar 18 12:35:53.616787 dv-cinder-790535-30-iscsi neutron-server[103441]: DEBUG neutron.wsgi [-] (103441) accepted ('10.222.0.21', 59040) {{(pid=103441) server /usr/local/lib/python3.8/dist-packages/eventlet/wsgi.py:1004}}
Mar 18 12:35:53.657526 dv-cinder-790535-30-iscsi neutron-server[103444]: DEBUG neutron.db.l3_hamode_db [None req-9f27e788-97c7-44b5-927f-f76e5ed1c8e9 None None] neutron.services.l3_router.l3_router_plugin.L3RouterPlugin method _process_sync_ha_data called with arguments (, [{'id': '8d05ec03-9480-455a-ac1c-bed20601f324', 'name': 'tempest-AttachVolumeNegativeTest-1285141514-router', 'tenant_id': 'f653a780af9a483e8c92a9e22ce8cc4b', 'admin_state_up': True, 'status': 'ACTIVE', 'external_gateway_info': {'network_id': '5044cd2f-0dba-41bf-a014-5b4d0b85dd61', 'external_fixed_ips': [{'subnet_id': '719059c2-ea77-4cbb-81fb-cd4fcad88200', 'ip_address': '172.27.2.150'}], 'enable_snat': True}, 'gw_port_id': '1fdcfcd9-15c6-4f71-a456-4c22ce3f1119', 'description': '', 'availability_zones': ['nova'], 'distributed': False, 'ha': False, 'ha_vr_id': 0, 'availability_zone_hints': [], 'routes': [], 'flavor_id': None, 'tags': [], 'created_at': '2022-03-18T12:35:47Z', 'updated_at': '2022-03-18T12:35:50Z', 'revision_number': 3, 'project_id': 'f653a780af9a483e8c92a9e22ce8cc4b', 'gw_port': {'id': '1fdcfcd9-15c6-4f71-a456-4c22ce3f1119', 'name': '', 'network_id': '5044cd2f-0dba-41bf-a014-5b4d0b85dd61', 'tenant_id': '', 'mac_address': 'fa:16:3e:5e:19:94', 'admin_state_up': True, 'status': 'DOWN', 'device_id': '8d05ec03-9480-455a-ac1c-bed20601f324', 'device_owner': 'network:router_gateway', 'standard_attr_id': 68, 'fixed_ips': [{'subnet_id': '719059c2-ea77-4cbb-81fb-cd4fcad88200', 'ip_address': '172.27.2.150', 'prefixlen': 24}], 'allowed_address_pairs': [], 'extra_dhcp_opts': [], 'security_groups': [], 'description': '', 'binding:vnic_type': 'normal', 'binding:profile': {}, 'binding:host_id': '', 'binding:vif_type': 'unbound', 'binding:vif_details': {}, 'port_security_enabled': False, 'tags': [], 'created_at': '2022-03-18T12:35:48Z', 'updated_at': '2022-03-18T12:35:49Z', 'revision_number': 1, 'project_id': '', 'subnets': [{'id': '719059c2-ea77-4cbb-81fb-cd4fcad88200', 'cidr': '172.27.2.0/24', 'gateway_ip': '172.27.2.1', 'dns_nameservers': [], 'ipv6_ra_mode': None, 'subnetpool_id': None}], 'extra_subnets': [], 'address_scopes': {4: None, 6: None}, 'mtu': 1500}, 'enable_snat': True, 'gw_port_host': 'dv-cinder-790535-30-iscsi'}], 'dv-cinder-790535-30-iscsi', False) {} {{(pid=103444) wrapper /usr/local/lib/python3.8/dist-packages/oslo_log/helpers.py:65}}
Mar 18 12:35:53.690093 dv-cinder-790535-30-iscsi neutron-server[103442]: DEBUG neutron_lib.callbacks.manager [None req-856b1243-3064-4a61-9d01-11f02862defc admin admin] Publish callbacks [] for router (None), before_response {{(pid=103442) _notify_loop /usr/local/lib/python3.8/dist-packages/neutron_lib/callbacks/manager.py:176}}
Mar 18 12:35:53.698269 dv-cinder-790535-30-iscsi neutron-server[103442]: INFO neutron.wsgi [None req-856b1243-3064-4a61-9d01-11f02862defc admin admin] 10.222.0.21 "POST /v2.0/routers HTTP/1.1" status: 201 len: 931 time: 5.9152858
Mar 18 12:35:53.708091 dv-cinder-790535-30-iscsi neutron-server[103444]: DEBUG neutron.api.rpc.handlers.l3_rpc [None req-9f27e788-97c7-44b5-927f-f76e5ed1c8e9 None None] Checking router: 8d05ec03-9480-455a-ac1c-bed20601f324 for host: dv-cinder-790535-30-iscsi {{(pid=103444) _ensure_host_set_on_ports /opt/stack/neutron/neutron/api/rpc/handlers/l3_rpc.py:155}}
Mar 18 12:35:53.712799 dv-cinder-790535-30-iscsi neutron-server[103442]: DEBUG neutron.wsgi [-] (103442) accepted ('10.222.0.21', 59042) {{(pid=103442) server /usr/local/lib/python3.8/dist-packages/eventlet/wsgi.py:1004}}
Mar 18 12:35:53.714173 dv-cinder-790535-30-iscsi neutron-server[103444]: DEBUG neutron.api.rpc.handlers.l3_rpc [None req-9f27e788-97c7-44b5-927f-f76e5ed1c8e9 None None] Updating router 8d05ec03-9480-455a-ac1c-bed20601f324 port 1fdcfcd9-15c6-4f71-a456-4c22ce3f1119 binding host dv-cinder-790535-30-iscsi {{(pid=103444) _ensure_host_set_on_port /opt/stack/neutron/neutron/api/rpc/handlers/l3_rpc.py:205}}
Mar 18 12:35:53.775320 dv-cinder-790535-30-iscsi neutron-server[103444]: DEBUG neutron_lib.callbacks.manager [None req-9f27e788-97c7-44b5-927f-f76e5ed1c8e9 None None] Publish callbacks ['neutron.plugins.ml2.plugin.SecurityGroupDbMixin._ensure_default_security_group_handler-599604'] for port (1fdcfcd9-15c6-4f71-a456-4c22ce3f1119), before_update {{(pid=103444) _notify_loop /usr/local/lib/python3.8/dist-packages/neutron_lib/callbacks/manager.py:176}}
Mar 18 12:35:54.096023 dv-cinder-790535-30-iscsi neutron-server[103441]: DEBUG neutron_lib.callbacks.manager [None req-3a4b01c6-b57a-4f76-9e6f-31527266c3bd admin admin] Publish callbacks [] for security_group (7e125662-ade1-49ac-ba42-f0471261ed81), precommit_create {{(pid=103441) _notify_loop /usr/local/lib/python3.8/dist-packages/neutron_lib/callbacks/manager.py:176}}
Mar 18 12:35:54.126146 dv-cinder-790535-30-iscsi neutron-server[103441]: DEBUG neutron_lib.callbacks.manager [None req-3a4b01c6-b57a-4f76-9e6f-31527266c3bd admin admin] Publish callbacks ['neutron.plugins.ml2.ovo_rpc._ObjectChangeHandler.handle_event-1688356'] for security_group (7e125662-ade1-49ac-ba42-f0471261ed81), after_create {{(pid=103441) _notify_loop /usr/local/lib/python3.8/dist-packages/neutron_lib/callbacks/manager.py:176}}
Mar 18 12:35:54.228915 dv-cinder-790535-30-iscsi neutron-server[103441]: INFO neutron.wsgi [None req-3a4b01c6-b57a-4f76-9e6f-31527266c3bd admin admin] 10.222.0.21 "GET /v2.0/security-groups?tenant_id=a2e3d21815284e71a832851755d1a93e&name=default HTTP/1.1" status: 200 len: 2994 time: 0.8421931
Mar 18 12:35:54.236055 dv-cinder-790535-30-iscsi neutron-server[103441]: DEBUG neutron.wsgi [-] (103441) accepted ('10.222.0.21', 59066) {{(pid=103441) server /usr/local/lib/python3.8/dist-packages/eventlet/wsgi.py:1004}}
Mar 18 12:35:54.353972 dv-cinder-790535-30-iscsi neutron-server[103441]: DEBUG neutron_lib.callbacks.manager [None req-6ca57e12-ffed-446a-9924-a089a2f8575c admin admin] Publish callbacks ['neutron.plugins.ml2.plugin.External_net_db_mixin._before_network_delete_handler-813893'] for network (24732539-0f9c-44d2-80f8-1c8dc66e66e7), before_delete {{(pid=103441) _notify_loop /usr/local/lib/python3.8/dist-packages/neutron_lib/callbacks/manager.py:176}}
Mar 18 12:35:54.381387 dv-cinder-790535-30-iscsi neutron-server[103441]: DEBUG neutron.api.rpc.handlers.resources_rpc [None req-3a4b01c6-b57a-4f76-9e6f-31527266c3bd admin admin] Pushing event updated for resources: {'SecurityGroup': ['ID=7e125662-ade1-49ac-ba42-f0471261ed81,revision_number=1']} {{(pid=103441) push /opt/stack/neutron/neutron/api/rpc/handlers/resources_rpc.py:237}}
Mar 18 12:35:54.401533 dv-cinder-790535-30-iscsi neutron-server[103444]: DEBUG neutron_lib.callbacks.manager [None req-9f27e788-97c7-44b5-927f-f76e5ed1c8e9 None None] Publish callbacks [] for port (1fdcfcd9-15c6-4f71-a456-4c22ce3f1119), precommit_update {{(pid=103444) _notify_loop /usr/local/lib/python3.8/dist-packages/neutron_lib/callbacks/manager.py:176}}
Mar 18 12:35:54.412121 dv-cinder-790535-30-iscsi neutron-server[103444]: DEBUG neutron_lib.callbacks.manager [None req-9f27e788-97c7-44b5-927f-f76e5ed1c8e9 None None] Publish callbacks ['neutron.plugins.ml2.plugin.SecurityGroupServerNotifierRpcMixin._notify_sg_on_port_change-599671', 'neutron.plugins.ml2.ovo_rpc._ObjectChangeHandler.handle_event-178977', 'neutron.api.rpc.agentnotifiers.dhcp_rpc_agent_api.DhcpAgentNotifyAPI._native_event_send_dhcp_notification-1702470', 'neutron.db.l3_db.L3RpcNotifierMixin._notify_gateway_port_ip_changed-8755722226068', 'neutron.db.l3_dvrscheduler_db._notify_l3_agent_port_update-8755721691423', 'neutron.db.l3_hascheduler_db._notify_l3_agent_ha_port_update-8755721691441'] for port (1fdcfcd9-15c6-4f71-a456-4c22ce3f1119), after_update {{(pid=103444) _notify_loop /usr/local/lib/python3.8/dist-packages/neutron_lib/callbacks/manager.py:176}}
Mar 18 12:35:54.530302 dv-cinder-790535-30-iscsi neutron-server[103443]: DEBUG neutron.db.provisioning_blocks [None req-46af5980-9b47-4e02-a4d3-c2d4374b2372 None None] Provisioning complete for port d44eea2e-858f-4dd4-b088-054abaf60657 triggered by entity L2. {{(pid=103443) provisioning_complete /opt/stack/neutron/neutron/db/provisioning_blocks.py:140}}
Mar 18 12:35:54.538466 dv-cinder-790535-30-iscsi neutron-server[103443]: DEBUG neutron_lib.callbacks.manager [None req-46af5980-9b47-4e02-a4d3-c2d4374b2372 None None] Publish callbacks ['neutron.plugins.ml2.plugin.Ml2Plugin._port_provisioned-701990'] for port (d44eea2e-858f-4dd4-b088-054abaf60657), provisioning_complete {{(pid=103443) _notify_loop /usr/local/lib/python3.8/dist-packages/neutron_lib/callbacks/manager.py:176}}
Mar 18 12:35:54.684792 dv-cinder-790535-30-iscsi neutron-server[103444]: DEBUG neutron.api.rpc.handlers.resources_rpc [None req-e60cf67e-683b-4bb1-8e67-f9a739193e34 None None] Pushing event updated for resources: {'Port': ['ID=1fdcfcd9-15c6-4f71-a456-4c22ce3f1119,revision_number=2']} {{(pid=103444) push /opt/stack/neutron/neutron/api/rpc/handlers/resources_rpc.py:237}}
Mar 18 12:35:54.690440 dv-cinder-790535-30-iscsi neutron-server[103444]: DEBUG neutron.plugins.ml2.managers [None req-9f27e788-97c7-44b5-927f-f76e5ed1c8e9 None None] Attempting to bind port 1fdcfcd9-15c6-4f71-a456-4c22ce3f1119 on host dv-cinder-790535-30-iscsi for vnic_type normal with profile {{(pid=103444) bind_port /opt/stack/neutron/neutron/plugins/ml2/managers.py:795}}
Mar 18 12:35:54.690440 dv-cinder-790535-30-iscsi neutron-server[103444]: DEBUG neutron.plugins.ml2.managers [None req-9f27e788-97c7-44b5-927f-f76e5ed1c8e9 None None] Attempting to bind port 1fdcfcd9-15c6-4f71-a456-4c22ce3f1119 by drivers openvswitch,hyperv on host dv-cinder-790535-30-iscsi at level 0 using segments [{'id': '290a2388-6566-44e5-89ae-c235bef8beee', 'network_type': 'flat', 'physical_network': 'physnet1', 'segmentation_id': None, 'network_id': '5044cd2f-0dba-41bf-a014-5b4d0b85dd61'}] {{(pid=103444) _bind_port_level /opt/stack/neutron/neutron/plugins/ml2/managers.py:820}}
Mar 18 12:35:54.693662 dv-cinder-790535-30-iscsi neutron-server[103444]: DEBUG neutron.plugins.ml2.drivers.mech_agent [None req-9f27e788-97c7-44b5-927f-f76e5ed1c8e9 None None] Attempting to bind port 1fdcfcd9-15c6-4f71-a456-4c22ce3f1119 on network 5044cd2f-0dba-41bf-a014-5b4d0b85dd61 {{(pid=103444) bind_port /opt/stack/neutron/neutron/plugins/ml2/drivers/mech_agent.py:91}}
Mar 18 12:35:54.699684 dv-cinder-790535-30-iscsi neutron-server[103441]: DEBUG neutron_lib.callbacks.manager [None req-c903b23f-9930-4844-b5e6-f0da3d5a6178 admin admin] Publish callbacks [] for security_group (7e125662-ade1-49ac-ba42-f0471261ed81), before_delete {{(pid=103441) _notify_loop /usr/local/lib/python3.8/dist-packages/neutron_lib/callbacks/manager.py:176}}
