Jun 11 19:49:26.623215 dv-cinder-790535-3-smb devstack@c-api.service[105574]: INFO cinder.api.openstack.wsgi [req-89ba9858-4d45-42ee-92d4-06e96cf89c36 req-f3220ec0-fcee-4d21-bce2-2a8674e04973 tempest-AttachVolumeNegativeTest-2073237197 tempest-AttachVolumeNegativeTest-2073237197-project] POST http://10.222.0.37/volume/v3/c7bbdea526ad478f8c2c53883fa20609/attachments
Jun 11 19:49:26.624171 dv-cinder-790535-3-smb devstack@c-api.service[105574]: DEBUG cinder.api.openstack.wsgi [req-89ba9858-4d45-42ee-92d4-06e96cf89c36 req-f3220ec0-fcee-4d21-bce2-2a8674e04973 tempest-AttachVolumeNegativeTest-2073237197 tempest-AttachVolumeNegativeTest-2073237197-project] Action: 'create', calling method: version_select, body: {"attachment": {"volume_uuid": "6edbfb69-10d9-4949-949f-a42b1a2f4699", "instance_uuid": "73954679-9889-415a-a8b3-b31c436e285c", "connector": null}} {{(pid=105574) _process_stack /opt/stack/cinder/cinder/api/openstack/wsgi.py:864}}
Jun 11 19:49:26.643898 dv-cinder-790535-3-smb devstack@c-api.service[105574]: /usr/local/lib/python3.8/dist-packages/oslo_context/context.py:105: DeprecationWarning: Policy enforcement is depending on the value of is_admin. This key is deprecated. Please update your policy file to use the standard policy values.
Jun 11 19:49:26.643898 dv-cinder-790535-3-smb devstack@c-api.service[105574]: warnings.warn('Policy enforcement is depending on the value of '
Jun 11 19:49:26.649088 dv-cinder-790535-3-smb devstack@c-api.service[105573]: DEBUG cinder.quota [None req-c4b7d8e0-4ae8-4590-b943-a8f0ea9c4bca tempest-GroupSnapshotsTest-1644235538 tempest-GroupSnapshotsTest-1644235538-project] Created reservations ['de3d716b-1ea7-4e6e-aa19-6fcebc938214', 'e22553c7-0f87-4f90-a281-386dc0e7e1ef', '2c8db011-4429-4f7a-a488-da4eb3d1aeb0', 'a67e12a8-336b-454b-9a2f-151858ba2a26'] {{(pid=105573) reserve /opt/stack/cinder/cinder/quota.py:755}}
Jun 11 19:49:26.887487 dv-cinder-790535-3-smb devstack@c-api.service[105573]: INFO cinder.api.openstack.wsgi [None req-c4b7d8e0-4ae8-4590-b943-a8f0ea9c4bca tempest-GroupSnapshotsTest-1644235538 tempest-GroupSnapshotsTest-1644235538-project] http://10.222.0.37/volume/v3/4de935d1b2fe45b49f529ff4220682d7/group_snapshots returned with HTTP 202
Jun 11 19:49:26.894533 dv-cinder-790535-3-smb devstack@c-api.service[105573]: [pid: 105573|app: 0|req: 130/274] 10.222.0.37 () {62 vars in 1301 bytes} [Fri Jun 11 19:49:26 2021] POST /volume/v3/4de935d1b2fe45b49f529ff4220682d7/group_snapshots => generated 168 bytes in 582 msecs (HTTP/1.1 202) 7 headers in 292 bytes (1 switches on core 0)
Jun 11 19:49:26.910524 dv-cinder-790535-3-smb devstack@c-api.service[105573]: INFO cinder.api.openstack.wsgi [None req-6ce71f8f-89af-4b9e-b9cb-2d9168a70a33 tempest-DeleteServersTestJSON-672862427 tempest-DeleteServersTestJSON-672862427-project] GET http://10.222.0.37/volume/v3/8619c2a3569f46dfbd8e2457977460b2/volumes/0e3b59b9-4161-4fc5-a9a8-33d54468cb72
Jun 11 19:49:26.911207 dv-cinder-790535-3-smb devstack@c-api.service[105573]: DEBUG cinder.api.openstack.wsgi [None req-6ce71f8f-89af-4b9e-b9cb-2d9168a70a33 tempest-DeleteServersTestJSON-672862427 tempest-DeleteServersTestJSON-672862427-project] Empty body provided in request {{(pid=105573) get_body /opt/stack/cinder/cinder/api/openstack/wsgi.py:713}}
Jun 11 19:49:26.911518 dv-cinder-790535-3-smb devstack@c-api.service[105573]: /usr/local/lib/python3.8/dist-packages/webob/acceptparse.py:1047: DeprecationWarning: The behavior of AcceptValidHeader.best_match is currently being maintained for backward compatibility, but it will be deprecated in the future, as it does not conform to the RFC.
Jun 11 19:49:26.911518 dv-cinder-790535-3-smb devstack@c-api.service[105573]: warnings.warn(
Jun 11 19:49:26.912012 dv-cinder-790535-3-smb devstack@c-api.service[105573]: DEBUG cinder.api.openstack.wsgi [None req-6ce71f8f-89af-4b9e-b9cb-2d9168a70a33 tempest-DeleteServersTestJSON-672862427 tempest-DeleteServersTestJSON-672862427-project] Calling method 'show' {{(pid=105573) _process_stack /opt/stack/cinder/cinder/api/openstack/wsgi.py:866}}
Jun 11 19:49:26.947675 dv-cinder-790535-3-smb devstack@c-api.service[105573]: /usr/local/lib/python3.8/dist-packages/oslo_context/context.py:105: DeprecationWarning: Policy enforcement is depending on the value of is_admin. This key is deprecated. Please update your policy file to use the standard policy values.
Jun 11 19:49:26.947675 dv-cinder-790535-3-smb devstack@c-api.service[105573]: warnings.warn('Policy enforcement is depending on the value of '
Jun 11 19:49:26.955937 dv-cinder-790535-3-smb devstack@c-api.service[105573]: INFO cinder.volume.api [None req-6ce71f8f-89af-4b9e-b9cb-2d9168a70a33 tempest-DeleteServersTestJSON-672862427 tempest-DeleteServersTestJSON-672862427-project] Volume info retrieved successfully.
Jun 11 19:49:26.971147 dv-cinder-790535-3-smb devstack@c-api.service[105573]: INFO cinder.api.openstack.wsgi [None req-6ce71f8f-89af-4b9e-b9cb-2d9168a70a33 tempest-DeleteServersTestJSON-672862427 tempest-DeleteServersTestJSON-672862427-project] http://10.222.0.37/volume/v3/8619c2a3569f46dfbd8e2457977460b2/volumes/0e3b59b9-4161-4fc5-a9a8-33d54468cb72 returned with HTTP 200
Jun 11 19:49:26.972235 dv-cinder-790535-3-smb devstack@c-api.service[105573]: [pid: 105573|app: 0|req: 131/275] 10.222.0.37 () {58 vars in 1325 bytes} [Fri Jun 11 19:49:26 2021] GET /volume/v3/8619c2a3569f46dfbd8e2457977460b2/volumes/0e3b59b9-4161-4fc5-a9a8-33d54468cb72 => generated 914 bytes in 77 msecs (HTTP/1.1 200) 7 headers in 285 bytes (1 switches on core 0)
Jun 11 19:49:26.976444 dv-cinder-790535-3-smb devstack@c-api.service[105573]: INFO cinder.api.openstack.wsgi [None req-c7a5fccb-aee1-4aa5-9d6e-d2a7109003cc tempest-GroupsTest-1031457783 tempest-GroupsTest-1031457783-project] GET http://10.222.0.37/volume/v3/c83555be9feb47dda33006ebd0d2b6b1/groups/5bbd0b41-cba2-4921-88c0-aed3bc7237ea
Jun 11 19:49:26.977097 dv-cinder-790535-3-smb devstack@c-api.service[105573]: DEBUG cinder.api.openstack.wsgi [None req-c7a5fccb-aee1-4aa5-9d6e-d2a7109003cc tempest-GroupsTest-1031457783 tempest-GroupsTest-1031457783-project] Empty body provided in request {{(pid=105573) get_body /opt/stack/cinder/cinder/api/openstack/wsgi.py:713}}
Jun 11 19:49:26.977404 dv-cinder-790535-3-smb devstack@c-api.service[105573]: /usr/local/lib/python3.8/dist-packages/webob/acceptparse.py:1047: DeprecationWarning: The behavior of AcceptValidHeader.best_match is currently being maintained for backward compatibility, but it will be deprecated in the future, as it does not conform to the RFC.
Jun 11 19:49:26.977404 dv-cinder-790535-3-smb devstack@c-api.service[105573]: warnings.warn(
Jun 11 19:49:26.977939 dv-cinder-790535-3-smb devstack@c-api.service[105573]: DEBUG cinder.api.openstack.wsgi [None req-c7a5fccb-aee1-4aa5-9d6e-d2a7109003cc tempest-GroupsTest-1031457783 tempest-GroupsTest-1031457783-project] Calling method 'version_select' {{(pid=105573) _process_stack /opt/stack/cinder/cinder/api/openstack/wsgi.py:866}}
Jun 11 19:49:26.978522 dv-cinder-790535-3-smb devstack@c-api.service[105573]: DEBUG cinder.api.v3.groups [None req-c7a5fccb-aee1-4aa5-9d6e-d2a7109003cc tempest-GroupsTest-1031457783 tempest-GroupsTest-1031457783-project] show called for member 5bbd0b41-cba2-4921-88c0-aed3bc7237ea {{(pid=105573) show /opt/stack/cinder/cinder/api/v3/groups.py:58}}
Jun 11 19:49:26.983789 dv-cinder-790535-3-smb devstack@c-api.service[105574]: INFO cinder.api.openstack.wsgi [req-89ba9858-4d45-42ee-92d4-06e96cf89c36 req-f3220ec0-fcee-4d21-bce2-2a8674e04973 tempest-AttachVolumeNegativeTest-2073237197 tempest-AttachVolumeNegativeTest-2073237197-project] http://10.222.0.37/volume/v3/c7bbdea526ad478f8c2c53883fa20609/attachments returned with HTTP 200
Jun 11 19:49:26.984387 dv-cinder-790535-3-smb devstack@c-api.service[105574]: [pid: 105574|app: 0|req: 145/276] 10.222.0.37 () {66 vars in 1575 bytes} [Fri Jun 11 19:49:26 2021] POST /volume/v3/c7bbdea526ad478f8c2c53883fa20609/attachments => generated 273 bytes in 369 msecs (HTTP/1.1 200) 7 headers in 286 bytes (2 switches on core 0)
Jun 11 19:49:26.990499 dv-cinder-790535-3-smb devstack@c-api.service[105574]: INFO cinder.api.openstack.wsgi [None req-0b5ed9e7-2b03-4c71-8df4-f959366cd6fb tempest-GroupSnapshotsTest-1644235538 tempest-GroupSnapshotsTest-1644235538-project] GET http://10.222.0.37/volume/v3/4de935d1b2fe45b49f529ff4220682d7/group_snapshots/593fb192-6c2b-44f8-87ec-2221390ecb7d
Jun 11 19:49:26.991573 dv-cinder-790535-3-smb devstack@c-api.service[105574]: DEBUG cinder.api.openstack.wsgi [None req-0b5ed9e7-2b03-4c71-8df4-f959366cd6fb tempest-GroupSnapshotsTest-1644235538 tempest-GroupSnapshotsTest-1644235538-project] Empty body provided in request {{(pid=105574) get_body /opt/stack/cinder/cinder/api/openstack/wsgi.py:713}}
Jun 11 19:49:26.991752 dv-cinder-790535-3-smb devstack@c-api.service[105574]: /usr/local/lib/python3.8/dist-packages/webob/acceptparse.py:1047: DeprecationWarning: The behavior of AcceptValidHeader.best_match is currently being maintained for backward compatibility, but it will be deprecated in the future, as it does not conform to the RFC.
Jun 11 19:49:26.991752 dv-cinder-790535-3-smb devstack@c-api.service[105574]: warnings.warn(
Jun 11 19:49:26.992100 dv-cinder-790535-3-smb devstack@c-api.service[105574]: DEBUG cinder.api.openstack.wsgi [None req-0b5ed9e7-2b03-4c71-8df4-f959366cd6fb tempest-GroupSnapshotsTest-1644235538 tempest-GroupSnapshotsTest-1644235538-project] Calling method 'version_select' {{(pid=105574) _process_stack /opt/stack/cinder/cinder/api/openstack/wsgi.py:866}}
Jun 11 19:49:26.992586 dv-cinder-790535-3-smb devstack@c-api.service[105574]: DEBUG cinder.api.v3.group_snapshots [None req-0b5ed9e7-2b03-4c71-8df4-f959366cd6fb tempest-GroupSnapshotsTest-1644235538 tempest-GroupSnapshotsTest-1644235538-project] show called for member 593fb192-6c2b-44f8-87ec-2221390ecb7d {{(pid=105574) show /opt/stack/cinder/cinder/api/v3/group_snapshots.py:58}}
Jun 11 19:49:26.995177 dv-cinder-790535-3-smb devstack@c-api.service[105573]: /usr/local/lib/python3.8/dist-packages/oslo_context/context.py:105: DeprecationWarning: Policy enforcement is depending on the value of is_admin. This key is deprecated. Please update your policy file to use the standard policy values.
Jun 11 19:49:26.995177 dv-cinder-790535-3-smb devstack@c-api.service[105573]: warnings.warn('Policy enforcement is depending on the value of '
Jun 11 19:49:27.001075 dv-cinder-790535-3-smb devstack@c-api.service[105574]: /usr/local/lib/python3.8/dist-packages/oslo_context/context.py:105: DeprecationWarning: Policy enforcement is depending on the value of is_admin. This key is deprecated. Please update your policy file to use the standard policy values.
Jun 11 19:49:27.001075 dv-cinder-790535-3-smb devstack@c-api.service[105574]: warnings.warn('Policy enforcement is depending on the value of '
Jun 11 19:49:27.012017 dv-cinder-790535-3-smb devstack@c-api.service[105573]: INFO cinder.api.openstack.wsgi [None req-c7a5fccb-aee1-4aa5-9d6e-d2a7109003cc tempest-GroupsTest-1031457783 tempest-GroupsTest-1031457783-project] http://10.222.0.37/volume/v3/c83555be9feb47dda33006ebd0d2b6b1/groups/5bbd0b41-cba2-4921-88c0-aed3bc7237ea returned with HTTP 200
Jun 11 19:49:27.012900 dv-cinder-790535-3-smb devstack@c-api.service[105573]: [pid: 105573|app: 0|req: 132/277] 10.222.0.37 () {60 vars in 1363 bytes} [Fri Jun 11 19:49:26 2021] GET /volume/v3/c83555be9feb47dda33006ebd0d2b6b1/groups/5bbd0b41-cba2-4921-88c0-aed3bc7237ea => generated 324 bytes in 40 msecs (HTTP/1.1 200) 7 headers in 286 bytes (1 switches on core 0)
Jun 11 19:49:27.021545 dv-cinder-790535-3-smb devstack@c-api.service[105574]: INFO cinder.api.openstack.wsgi [None req-0b5ed9e7-2b03-4c71-8df4-f959366cd6fb tempest-GroupSnapshotsTest-1644235538 tempest-GroupSnapshotsTest-1644235538-project] http://10.222.0.37/volume/v3/4de935d1b2fe45b49f529ff4220682d7/group_snapshots/593fb192-6c2b-44f8-87ec-2221390ecb7d returned with HTTP 200
Jun 11 19:49:27.023549 dv-cinder-790535-3-smb devstack@c-api.service[105573]: INFO cinder.api.openstack.wsgi [None req-1c6939ed-0206-49cb-8c90-5900265e81cf tempest-GroupsTest-1031457783 tempest-GroupsTest-1031457783-project] GET http://10.222.0.37/volume/v3/c83555be9feb47dda33006ebd0d2b6b1/volumes/detail
Jun 11 19:49:27.024156 dv-cinder-790535-3-smb devstack@c-api.service[105573]: DEBUG cinder.api.openstack.wsgi [None req-1c6939ed-0206-49cb-8c90-5900265e81cf tempest-GroupsTest-1031457783 tempest-GroupsTest-1031457783-project] Empty body provided in request {{(pid=105573) get_body /opt/stack/cinder/cinder/api/openstack/wsgi.py:713}}
Jun 11 19:49:27.024385 dv-cinder-790535-3-smb devstack@c-api.service[105573]: /usr/local/lib/python3.8/dist-packages/webob/acceptparse.py:1047: DeprecationWarning: The behavior of AcceptValidHeader.best_match is currently being maintained for backward compatibility, but it will be deprecated in the future, as it does not conform to the RFC.
Jun 11 19:49:27.024385 dv-cinder-790535-3-smb devstack@c-api.service[105573]: warnings.warn(
Jun 11 19:49:27.024973 dv-cinder-790535-3-smb devstack@c-api.service[105573]: DEBUG cinder.api.openstack.wsgi [None req-1c6939ed-0206-49cb-8c90-5900265e81cf tempest-GroupsTest-1031457783 tempest-GroupsTest-1031457783-project] Calling method 'detail' {{(pid=105573) _process_stack /opt/stack/cinder/cinder/api/openstack/wsgi.py:866}}
Jun 11 19:49:27.025625 dv-cinder-790535-3-smb devstack@c-api.service[105573]: DEBUG cinder.api.api_utils [None req-1c6939ed-0206-49cb-8c90-5900265e81cf tempest-GroupsTest-1031457783 tempest-GroupsTest-1031457783-project] Removing options '' from query. {{(pid=105573) remove_invalid_filter_options /opt/stack/cinder/cinder/api/api_utils.py:73}}
Jun 11 19:49:27.025973 dv-cinder-790535-3-smb devstack@c-api.service[105574]: [pid: 105574|app: 0|req: 146/278] 10.222.0.37 () {60 vars in 1390 bytes} [Fri Jun 11 19:49:26 2021] GET /volume/v3/4de935d1b2fe45b49f529ff4220682d7/group_snapshots/593fb192-6c2b-44f8-87ec-2221390ecb7d => generated 307 bytes in 41 msecs (HTTP/1.1 200) 7 headers in 286 bytes (1 switches on core 0)
Jun 11 19:49:27.026597 dv-cinder-790535-3-smb devstack@c-api.service[105573]: /usr/local/lib/python3.8/dist-packages/oslo_context/context.py:105: DeprecationWarning: Policy enforcement is depending on the value of is_admin. This key is deprecated. Please update your policy file to use the standard policy values.
Jun 11 19:49:27.026597 dv-cinder-790535-3-smb devstack@c-api.service[105573]: warnings.warn('Policy enforcement is depending on the value of '
Jun 11 19:49:27.027564 dv-cinder-790535-3-smb devstack@c-api.service[105573]: DEBUG cinder.volume.api [None req-1c6939ed-0206-49cb-8c90-5900265e81cf tempest-GroupsTest-1031457783 tempest-GroupsTest-1031457783-project] Searching by: MultiDict([('no_migration_targets', True)]). {{(pid=105573) get_all /opt/stack/cinder/cinder/volume/api.py:617}}
Jun 11 19:49:27.089249 dv-cinder-790535-3-smb devstack@c-api.service[105573]: INFO cinder.volume.api [None req-1c6939ed-0206-49cb-8c90-5900265e81cf tempest-GroupsTest-1031457783 tempest-GroupsTest-1031457783-project] Get all volumes completed successfully.
Jun 11 19:49:27.092560 dv-cinder-790535-3-smb devstack@c-api.service[105573]: WARNING stevedore.named [None req-1c6939ed-0206-49cb-8c90-5900265e81cf tempest-GroupsTest-1031457783 tempest-GroupsTest-1031457783-project] Could not load cinder.keymgr.conf_key_mgr.ConfKeyManager
Jun 11 19:49:27.093237 dv-cinder-790535-3-smb devstack@c-api.service[105573]: WARNING castellan.key_manager [None req-1c6939ed-0206-49cb-8c90-5900265e81cf tempest-GroupsTest-1031457783 tempest-GroupsTest-1031457783-project] Deprecation Warning : cinder.keymgr.conf_key_mgr.ConfKeyManager is not a stevedore based driver, trying to load it as a class: stevedore.exception.NoMatches: No 'castellan.drivers' driver found, looking for 'cinder.keymgr.conf_key_mgr.ConfKeyManager'
Jun 11 19:49:27.102137 dv-cinder-790535-3-smb devstack@c-api.service[105573]: DEBUG oslo_db.sqlalchemy.engines [None req-1c6939ed-0206-49cb-8c90-5900265e81cf tempest-GroupsTest-1031457783 tempest-GroupsTest-1031457783-project] MySQL server mode set to STRICT_TRANS_TABLES,STRICT_ALL_TABLES,NO_ZERO_IN_DATE,NO_ZERO_DATE,ERROR_FOR_DIVISION_BY_ZERO,TRADITIONAL,NO_ENGINE_SUBSTITUTION {{(pid=105573) _check_effective_sql_mode /usr/local/lib/python3.8/dist-packages/oslo_db/sqlalchemy/engines.py:314}}
Jun 11 19:49:27.107906 dv-cinder-790535-3-smb devstack@c-api.service[105573]: /usr/local/lib/python3.8/dist-packages/oslo_context/context.py:105: DeprecationWarning: Policy enforcement is depending on the value of is_admin. This key is deprecated. Please update your policy file to use the standard policy values.
Jun 11 19:49:27.107906 dv-cinder-790535-3-smb devstack@c-api.service[105573]: warnings.warn('Policy enforcement is depending on the value of '
Jun 11 19:49:27.115140 dv-cinder-790535-3-smb devstack@c-api.service[105573]: WARNING stevedore.named [None req-1c6939ed-0206-49cb-8c90-5900265e81cf tempest-GroupsTest-1031457783 tempest-GroupsTest-1031457783-project] Could not load cinder.keymgr.conf_key_mgr.ConfKeyManager
Jun 11 19:49:27.115667 dv-cinder-790535-3-smb devstack@c-api.service[105573]: WARNING castellan.key_manager [None req-1c6939ed-0206-49cb-8c90-5900265e81cf tempest-GroupsTest-1031457783 tempest-GroupsTest-1031457783-project] Deprecation Warning : cinder.keymgr.conf_key_mgr.ConfKeyManager is not a stevedore based driver, trying to load it as a class: stevedore.exception.NoMatches: No 'castellan.drivers' driver found, looking for 'cinder.keymgr.conf_key_mgr.ConfKeyManager'
Jun 11 19:49:27.126447 dv-cinder-790535-3-smb devstack@c-api.service[105573]: DEBUG oslo_db.sqlalchemy.engines [None req-1c6939ed-0206-49cb-8c90-5900265e81cf tempest-GroupsTest-1031457783 tempest-GroupsTest-1031457783-project] MySQL server mode set to STRICT_TRANS_TABLES,STRICT_ALL_TABLES,NO_ZERO_IN_DATE,NO_ZERO_DATE,ERROR_FOR_DIVISION_BY_ZERO,TRADITIONAL,NO_ENGINE_SUBSTITUTION {{(pid=105573) _check_effective_sql_mode /usr/local/lib/python3.8/dist-packages/oslo_db/sqlalchemy/engines.py:314}}
Jun 11 19:49:27.132368 dv-cinder-790535-3-smb devstack@c-api.service[105573]: /usr/local/lib/python3.8/dist-packages/oslo_context/context.py:105: DeprecationWarning: Policy enforcement is depending on the value of is_admin. This key is deprecated. Please update your policy file to use the standard policy values.
Jun 11 19:49:27.132368 dv-cinder-790535-3-smb devstack@c-api.service[105573]: warnings.warn('Policy enforcement is depending on the value of '
Jun 11 19:49:27.154663 dv-cinder-790535-3-smb devstack@c-api.service[105573]: INFO cinder.api.openstack.wsgi [None req-1c6939ed-0206-49cb-8c90-5900265e81cf tempest-GroupsTest-1031457783 tempest-GroupsTest-1031457783-project] http://10.222.0.37/volume/v3/c83555be9feb47dda33006ebd0d2b6b1/volumes/detail returned with HTTP 200
Jun 11 19:49:27.156125 dv-cinder-790535-3-smb devstack@c-api.service[105573]: [pid: 105573|app: 0|req: 133/279] 10.222.0.37 () {60 vars in 1276 bytes} [Fri Jun 11 19:49:27 2021] GET /volume/v3/c83555be9feb47dda33006ebd0d2b6b1/volumes/detail => generated 1961 bytes in 137 msecs (HTTP/1.1 200) 7 headers in 287 bytes (2 switches on core 0)
Jun 11 19:49:27.177352 dv-cinder-790535-3-smb devstack@c-api.service[105574]: INFO cinder.api.openstack.wsgi [None req-b049f348-b497-42a3-b661-3e55d6739c0d tempest-GroupsTest-1031457783 tempest-GroupsTest-1031457783-project] GET http://10.222.0.37/volume/v3/c83555be9feb47dda33006ebd0d2b6b1/volumes/detail
Jun 11 19:49:27.177931 dv-cinder-790535-3-smb devstack@c-api.service[105574]: DEBUG cinder.api.openstack.wsgi [None req-b049f348-b497-42a3-b661-3e55d6739c0d tempest-GroupsTest-1031457783 tempest-GroupsTest-1031457783-project] Empty body provided in request {{(pid=105574) get_body /opt/stack/cinder/cinder/api/openstack/wsgi.py:713}}
Jun 11 19:49:27.178742 dv-cinder-790535-3-smb devstack@c-api.service[105574]: /usr/local/lib/python3.8/dist-packages/webob/acceptparse.py:1047: DeprecationWarning: The behavior of AcceptValidHeader.best_match is currently being maintained for backward compatibility, but it will be deprecated in the future, as it does not conform to the RFC.
Jun 11 19:49:27.178742 dv-cinder-790535-3-smb devstack@c-api.service[105574]: warnings.warn(
Jun 11 19:49:27.179159 dv-cinder-790535-3-smb devstack@c-api.service[105574]: DEBUG cinder.api.openstack.wsgi [None req-b049f348-b497-42a3-b661-3e55d6739c0d tempest-GroupsTest-1031457783 tempest-GroupsTest-1031457783-project] Calling method 'detail' {{(pid=105574) _process_stack /opt/stack/cinder/cinder/api/openstack/wsgi.py:866}}
Jun 11 19:49:27.179868 dv-cinder-790535-3-smb devstack@c-api.service[105574]: DEBUG cinder.api.api_utils [None req-b049f348-b497-42a3-b661-3e55d6739c0d tempest-GroupsTest-1031457783 tempest-GroupsTest-1031457783-project] Removing options '' from query. {{(pid=105574) remove_invalid_filter_options /opt/stack/cinder/cinder/api/api_utils.py:73}}
Jun 11 19:49:27.181604 dv-cinder-790535-3-smb devstack@c-api.service[105574]: DEBUG cinder.volume.api [None req-b049f348-b497-42a3-b661-3e55d6739c0d tempest-GroupsTest-1031457783 tempest-GroupsTest-1031457783-project] Searching by: MultiDict([('no_migration_targets', True)]). {{(pid=105574) get_all /opt/stack/cinder/cinder/volume/api.py:617}}
Jun 11 19:49:27.232015 dv-cinder-790535-3-smb devstack@c-api.service[105573]: INFO cinder.api.openstack.wsgi [req-18a10974-ee09-44d0-a320-b19de2834554 req-10c19466-aef2-436a-bc4a-3b16212e48f6 tempest-DeleteServersTestJSON-672862427 tempest-DeleteServersTestJSON-672862427-project] GET http://10.222.0.37/volume/v3/8619c2a3569f46dfbd8e2457977460b2/volumes/0e3b59b9-4161-4fc5-a9a8-33d54468cb72
Jun 11 19:49:27.233687 dv-cinder-790535-3-smb devstack@c-api.service[105573]: DEBUG cinder.api.openstack.wsgi [req-18a10974-ee09-44d0-a320-b19de2834554 req-10c19466-aef2-436a-bc4a-3b16212e48f6 tempest-DeleteServersTestJSON-672862427 tempest-DeleteServersTestJSON-672862427-project] Empty body provided in request {{(pid=105573) get_body /opt/stack/cinder/cinder/api/openstack/wsgi.py:713}}
Jun 11 19:49:27.234274 dv-cinder-790535-3-smb devstack@c-api.service[105573]: /usr/local/lib/python3.8/dist-packages/webob/acceptparse.py:1047: DeprecationWarning: The behavior of AcceptValidHeader.best_match is currently being maintained for backward compatibility, but it will be deprecated in the future, as it does not conform to the RFC.
Jun 11 19:49:27.234274 dv-cinder-790535-3-smb devstack@c-api.service[105573]: warnings.warn(
Jun 11 19:49:27.234806 dv-cinder-790535-3-smb devstack@c-api.service[105573]: DEBUG cinder.api.openstack.wsgi [req-18a10974-ee09-44d0-a320-b19de2834554 req-10c19466-aef2-436a-bc4a-3b16212e48f6 tempest-DeleteServersTestJSON-672862427 tempest-DeleteServersTestJSON-672862427-project] Calling method 'show' {{(pid=105573) _process_stack /opt/stack/cinder/cinder/api/openstack/wsgi.py:866}}
Jun 11 19:49:27.238305 dv-cinder-790535-3-smb devstack@c-api.service[105574]: INFO cinder.volume.api [None req-b049f348-b497-42a3-b661-3e55d6739c0d tempest-GroupsTest-1031457783 tempest-GroupsTest-1031457783-project] Get all volumes completed successfully.
Jun 11 19:49:27.241621 dv-cinder-790535-3-smb devstack@c-api.service[105574]: WARNING stevedore.named [None req-b049f348-b497-42a3-b661-3e55d6739c0d tempest-GroupsTest-1031457783 tempest-GroupsTest-1031457783-project] Could not load cinder.keymgr.conf_key_mgr.ConfKeyManager
Jun 11 19:49:27.242022 dv-cinder-790535-3-smb devstack@c-api.service[105574]: WARNING castellan.key_manager [None req-b049f348-b497-42a3-b661-3e55d6739c0d tempest-GroupsTest-1031457783 tempest-GroupsTest-1031457783-project] Deprecation Warning : cinder.keymgr.conf_key_mgr.ConfKeyManager is not a stevedore based driver, trying to load it as a class: stevedore.exception.NoMatches: No 'castellan.drivers' driver found, looking for 'cinder.keymgr.conf_key_mgr.ConfKeyManager'
Jun 11 19:49:27.249035 dv-cinder-790535-3-smb devstack@c-api.service[105574]: DEBUG oslo_db.sqlalchemy.engines [None req-b049f348-b497-42a3-b661-3e55d6739c0d tempest-GroupsTest-1031457783 tempest-GroupsTest-1031457783-project] MySQL server mode set to STRICT_TRANS_TABLES,STRICT_ALL_TABLES,NO_ZERO_IN_DATE,NO_ZERO_DATE,ERROR_FOR_DIVISION_BY_ZERO,TRADITIONAL,NO_ENGINE_SUBSTITUTION {{(pid=105574) _check_effective_sql_mode /usr/local/lib/python3.8/dist-packages/oslo_db/sqlalchemy/engines.py:314}}
Jun 11 19:49:27.249802 dv-cinder-790535-3-smb devstack@c-api.service[105573]: /usr/local/lib/python3.8/dist-packages/oslo_context/context.py:105: DeprecationWarning: Policy enforcement is depending on the value of is_admin. This key is deprecated. Please update your policy file to use the standard policy values.
Jun 11 19:49:27.249802 dv-cinder-790535-3-smb devstack@c-api.service[105573]: warnings.warn('Policy enforcement is depending on the value of '
Jun 11 19:49:27.254342 dv-cinder-790535-3-smb devstack@c-api.service[105574]: /usr/local/lib/python3.8/dist-packages/oslo_context/context.py:105: DeprecationWarning: Policy enforcement is depending on the value of is_admin. This key is deprecated. Please update your policy file to use the standard policy values.
Jun 11 19:49:27.254342 dv-cinder-790535-3-smb devstack@c-api.service[105574]: warnings.warn('Policy enforcement is depending on the value of '
Jun 11 19:49:27.256901 dv-cinder-790535-3-smb devstack@c-api.service[105573]: INFO cinder.volume.api [req-18a10974-ee09-44d0-a320-b19de2834554 req-10c19466-aef2-436a-bc4a-3b16212e48f6 tempest-DeleteServersTestJSON-672862427 tempest-DeleteServersTestJSON-672862427-project] Volume info retrieved successfully.
Jun 11 19:49:27.260834 dv-cinder-790535-3-smb devstack@c-api.service[105574]: WARNING stevedore.named [None req-b049f348-b497-42a3-b661-3e55d6739c0d tempest-GroupsTest-1031457783 tempest-GroupsTest-1031457783-project] Could not load cinder.keymgr.conf_key_mgr.ConfKeyManager
Jun 11 19:49:27.261279 dv-cinder-790535-3-smb devstack@c-api.service[105574]: WARNING castellan.key_manager [None req-b049f348-b497-42a3-b661-3e55d6739c0d tempest-GroupsTest-1031457783 tempest-GroupsTest-1031457783-project] Deprecation Warning : cinder.keymgr.conf_key_mgr.ConfKeyManager is not a stevedore based driver, trying to load it as a class: stevedore.exception.NoMatches: No 'castellan.drivers' driver found, looking for 'cinder.keymgr.conf_key_mgr.ConfKeyManager'
Jun 11 19:49:27.267595 dv-cinder-790535-3-smb devstack@c-api.service[105574]: DEBUG oslo_db.sqlalchemy.engines [None req-b049f348-b497-42a3-b661-3e55d6739c0d tempest-GroupsTest-1031457783 tempest-GroupsTest-1031457783-project] MySQL server mode set to STRICT_TRANS_TABLES,STRICT_ALL_TABLES,NO_ZERO_IN_DATE,NO_ZERO_DATE,ERROR_FOR_DIVISION_BY_ZERO,TRADITIONAL,NO_ENGINE_SUBSTITUTION {{(pid=105574) _check_effective_sql_mode /usr/local/lib/python3.8/dist-packages/oslo_db/sqlalchemy/engines.py:314}}
Jun 11 19:49:27.270633 dv-cinder-790535-3-smb devstack@c-api.service[105573]: INFO cinder.api.openstack.wsgi [req-18a10974-ee09-44d0-a320-b19de2834554 req-10c19466-aef2-436a-bc4a-3b16212e48f6 tempest-DeleteServersTestJSON-672862427 tempest-DeleteServersTestJSON-672862427-project] http://10.222.0.37/volume/v3/8619c2a3569f46dfbd8e2457977460b2/volumes/0e3b59b9-4161-4fc5-a9a8-33d54468cb72 returned with HTTP 200
Jun 11 19:49:27.271417 dv-cinder-790535-3-smb devstack@c-api.service[105573]: [pid: 105573|app: 0|req: 134/280] 10.222.0.37 () {60 vars in 1579 bytes} [Fri Jun 11 19:49:27 2021] GET /volume/v3/8619c2a3569f46dfbd8e2457977460b2/volumes/0e3b59b9-4161-4fc5-a9a8-33d54468cb72 => generated 914 bytes in 46 msecs (HTTP/1.1 200) 7 headers in 285 bytes (1 switches on core 0)
Jun 11 19:49:27.272853 dv-cinder-790535-3-smb devstack@c-api.service[105574]: /usr/local/lib/python3.8/dist-packages/oslo_context/context.py:105: DeprecationWarning: Policy enforcement is depending on the value of is_admin. This key is deprecated. Please update your policy file to use the standard policy values.
Jun 11 19:49:27.272853 dv-cinder-790535-3-smb devstack@c-api.service[105574]: warnings.warn('Policy enforcement is depending on the value of '
Jun 11 19:49:27.275086 dv-cinder-790535-3-smb devstack@c-api.service[105573]: INFO cinder.api.openstack.wsgi [None req-dabf981b-86d9-4047-b035-44b58b7f5fd1 tempest-AttachVolumeNegativeTest-2073237197 tempest-AttachVolumeNegativeTest-2073237197-project] GET http://10.222.0.37/volume/v3/c7bbdea526ad478f8c2c53883fa20609/volumes/6edbfb69-10d9-4949-949f-a42b1a2f4699
Jun 11 19:49:27.275476 dv-cinder-790535-3-smb devstack@c-api.service[105573]: DEBUG cinder.api.openstack.wsgi [None req-dabf981b-86d9-4047-b035-44b58b7f5fd1 tempest-AttachVolumeNegativeTest-2073237197 tempest-AttachVolumeNegativeTest-2073237197-project] Empty body provided in request {{(pid=105573) get_body /opt/stack/cinder/cinder/api/openstack/wsgi.py:713}}
Jun 11 19:49:27.275798 dv-cinder-790535-3-smb devstack@c-api.service[105573]: /usr/local/lib/python3.8/dist-packages/webob/acceptparse.py:1047: DeprecationWarning: The behavior of AcceptValidHeader.best_match is currently being maintained for backward compatibility, but it will be deprecated in the future, as it does not conform to the RFC.
Jun 11 19:49:27.275798 dv-cinder-790535-3-smb devstack@c-api.service[105573]: warnings.warn(
Jun 11 19:49:27.276371 dv-cinder-790535-3-smb devstack@c-api.service[105573]: DEBUG cinder.api.openstack.wsgi [None req-dabf981b-86d9-4047-b035-44b58b7f5fd1 tempest-AttachVolumeNegativeTest-2073237197 tempest-AttachVolumeNegativeTest-2073237197-project] Calling method 'show' {{(pid=105573) _process_stack /opt/stack/cinder/cinder/api/openstack/wsgi.py:866}}
Jun 11 19:49:27.290481 dv-cinder-790535-3-smb devstack@c-api.service[105573]: /usr/local/lib/python3.8/dist-packages/oslo_context/context.py:105: DeprecationWarning: Policy enforcement is depending on the value of is_admin. This key is deprecated. Please update your policy file to use the standard policy values.
Jun 11 19:49:27.290481 dv-cinder-790535-3-smb devstack@c-api.service[105573]: warnings.warn('Policy enforcement is depending on the value of '
Jun 11 19:49:27.296427 dv-cinder-790535-3-smb devstack@c-api.service[105574]: INFO cinder.api.openstack.wsgi [None req-b049f348-b497-42a3-b661-3e55d6739c0d tempest-GroupsTest-1031457783 tempest-GroupsTest-1031457783-project] http://10.222.0.37/volume/v3/c83555be9feb47dda33006ebd0d2b6b1/volumes/detail returned with HTTP 200
Jun 11 19:49:27.300128 dv-cinder-790535-3-smb devstack@c-api.service[105574]: [pid: 105574|app: 0|req: 147/281] 10.222.0.37 () {60 vars in 1276 bytes} [Fri Jun 11 19:49:27 2021] GET /volume/v3/c83555be9feb47dda33006ebd0d2b6b1/volumes/detail => generated 1961 bytes in 123 msecs (HTTP/1.1 200) 7 headers in 287 bytes (1 switches on core 0)
Jun 11 19:49:27.301086 dv-cinder-790535-3-smb devstack@c-api.service[105573]: INFO cinder.volume.api [None req-dabf981b-86d9-4047-b035-44b58b7f5fd1 tempest-AttachVolumeNegativeTest-2073237197 tempest-AttachVolumeNegativeTest-2073237197-project] Volume info retrieved successfully.
Jun 11 19:49:27.315116 dv-cinder-790535-3-smb devstack@c-api.service[105574]: INFO cinder.api.openstack.wsgi [None req-1d5adb38-aa68-476e-ade8-cebee738751f tempest-GroupsTest-1031457783 tempest-GroupsTest-1031457783-project] POST http://10.222.0.37/volume/v3/c83555be9feb47dda33006ebd0d2b6b1/groups/5bbd0b41-cba2-4921-88c0-aed3bc7237ea/action
Jun 11 19:49:27.315891 dv-cinder-790535-3-smb devstack@c-api.service[105574]: /usr/local/lib/python3.8/dist-packages/webob/acceptparse.py:1047: DeprecationWarning: The behavior of AcceptValidHeader.best_match is currently being maintained for backward compatibility, but it will be deprecated in the future, as it does not conform to the RFC.
Jun 11 19:49:27.315891 dv-cinder-790535-3-smb devstack@c-api.service[105574]: warnings.warn(
Jun 11 19:49:27.316325 dv-cinder-790535-3-smb devstack@c-api.service[105574]: DEBUG cinder.api.openstack.wsgi [None req-1d5adb38-aa68-476e-ade8-cebee738751f tempest-GroupsTest-1031457783 tempest-GroupsTest-1031457783-project] Action body: b'{"delete": {"delete-volumes": true}}' {{(pid=105574) get_method /opt/stack/cinder/cinder/api/openstack/wsgi.py:981}}
Jun 11 19:49:27.316669 dv-cinder-790535-3-smb devstack@c-api.service[105574]: DEBUG cinder.api.openstack.wsgi [None req-1d5adb38-aa68-476e-ade8-cebee738751f tempest-GroupsTest-1031457783 tempest-GroupsTest-1031457783-project] Action: 'action', calling method: delete_group, body: {"delete": {"delete-volumes": true}} {{(pid=105574) _process_stack /opt/stack/cinder/cinder/api/openstack/wsgi.py:864}}
Jun 11 19:49:27.317694 dv-cinder-790535-3-smb devstack@c-api.service[105574]: DEBUG cinder.api.v3.groups [None req-1d5adb38-aa68-476e-ade8-cebee738751f tempest-GroupsTest-1031457783 tempest-GroupsTest-1031457783-project] delete called for group 5bbd0b41-cba2-4921-88c0-aed3bc7237ea {{(pid=105574) _delete /opt/stack/cinder/cinder/api/v3/groups.py:117}}
Jun 11 19:49:27.318013 dv-cinder-790535-3-smb devstack@c-api.service[105574]: INFO cinder.api.v3.groups [None req-1d5adb38-aa68-476e-ade8-cebee738751f tempest-GroupsTest-1031457783 tempest-GroupsTest-1031457783-project] Delete group with id: 5bbd0b41-cba2-4921-88c0-aed3bc7237ea
Jun 11 19:49:27.324215 dv-cinder-790535-3-smb devstack@c-api.service[105573]: /usr/local/lib/python3.8/dist-packages/oslo_context/context.py:105: DeprecationWarning: Policy enforcement is depending on the value of is_admin. This key is deprecated. Please update your policy file to use the standard policy values.
Jun 11 19:49:27.324215 dv-cinder-790535-3-smb devstack@c-api.service[105573]: warnings.warn('Policy enforcement is depending on the value of '
Jun 11 19:49:27.324550 dv-cinder-790535-3-smb devstack@c-api.service[105574]: /usr/local/lib/python3.8/dist-packages/oslo_context/context.py:105: DeprecationWarning: Policy enforcement is depending on the value of is_admin. This key is deprecated. Please update your policy file to use the standard policy values.
Jun 11 19:49:27.324550 dv-cinder-790535-3-smb devstack@c-api.service[105574]: warnings.warn('Policy enforcement is depending on the value of '
Jun 11 19:49:27.333709 dv-cinder-790535-3-smb devstack@c-api.service[105573]: INFO cinder.api.openstack.wsgi [None req-dabf981b-86d9-4047-b035-44b58b7f5fd1 tempest-AttachVolumeNegativeTest-2073237197 tempest-AttachVolumeNegativeTest-2073237197-project] http://10.222.0.37/volume/v3/c7bbdea526ad478f8c2c53883fa20609/volumes/6edbfb69-10d9-4949-949f-a42b1a2f4699 returned with HTTP 200
Jun 11 19:49:27.334523 dv-cinder-790535-3-smb devstack@c-api.service[105573]: [pid: 105573|app: 0|req: 135/282] 10.222.0.37 () {58 vars in 1325 bytes} [Fri Jun 11 19:49:27 2021] GET /volume/v3/c7bbdea526ad478f8c2c53883fa20609/volumes/6edbfb69-10d9-4949-949f-a42b1a2f4699 => generated 915 bytes in 63 msecs (HTTP/1.1 200) 7 headers in 285 bytes (1 switches on core 0)
Jun 11 19:49:27.337367 dv-cinder-790535-3-smb devstack@c-api.service[105573]: INFO cinder.api.openstack.wsgi [None req-dabf981b-86d9-4047-b035-44b58b7f5fd1 tempest-AttachVolumeNegativeTest-2073237197 tempest-AttachVolumeNegativeTest-2073237197-project] GET http://10.222.0.37/volume//
Jun 11 19:49:27.337844 dv-cinder-790535-3-smb devstack@c-api.service[105573]: DEBUG cinder.api.openstack.wsgi [None req-dabf981b-86d9-4047-b035-44b58b7f5fd1 tempest-AttachVolumeNegativeTest-2073237197 tempest-AttachVolumeNegativeTest-2073237197-project] Empty body provided in request {{(pid=105573) get_body /opt/stack/cinder/cinder/api/openstack/wsgi.py:713}}
Jun 11 19:49:27.338072 dv-cinder-790535-3-smb devstack@c-api.service[105573]: /usr/local/lib/python3.8/dist-packages/webob/acceptparse.py:1047: DeprecationWarning: The behavior of AcceptValidHeader.best_match is currently being maintained for backward compatibility, but it will be deprecated in the future, as it does not conform to the RFC.
Jun 11 19:49:27.338072 dv-cinder-790535-3-smb devstack@c-api.service[105573]: warnings.warn(
Jun 11 19:49:27.338407 dv-cinder-790535-3-smb devstack@c-api.service[105573]: DEBUG cinder.api.openstack.wsgi [None req-dabf981b-86d9-4047-b035-44b58b7f5fd1 tempest-AttachVolumeNegativeTest-2073237197 tempest-AttachVolumeNegativeTest-2073237197-project] Calling method 'all' {{(pid=105573) _process_stack /opt/stack/cinder/cinder/api/openstack/wsgi.py:866}}
Jun 11 19:49:27.340932 dv-cinder-790535-3-smb devstack@c-api.service[105573]: INFO cinder.api.openstack.wsgi [None req-dabf981b-86d9-4047-b035-44b58b7f5fd1 tempest-AttachVolumeNegativeTest-2073237197 tempest-AttachVolumeNegativeTest-2073237197-project] http://10.222.0.37/volume// returned with HTTP 300
Jun 11 19:49:27.342219 dv-cinder-790535-3-smb devstack@c-api.service[105573]: [pid: 105573|app: 0|req: 136/283] 10.222.0.43 () {56 vars in 1099 bytes} [Fri Jun 11 19:49:27 2021] GET /volume/ => generated 754 bytes in 5 msecs (HTTP/1.1 300) 5 headers in 169 bytes (1 switches on core 0)
Jun 11 19:49:27.408778 dv-cinder-790535-3-smb devstack@c-api.service[105573]: INFO cinder.api.openstack.wsgi [req-89ba9858-4d45-42ee-92d4-06e96cf89c36 req-ad5e46e9-b089-44d9-b690-bdca76771400 tempest-AttachVolumeNegativeTest-2073237197 tempest-AttachVolumeNegativeTest-2073237197-project] GET http://10.222.0.37/volume/v3/c7bbdea526ad478f8c2c53883fa20609/volumes/6edbfb69-10d9-4949-949f-a42b1a2f4699
Jun 11 19:49:27.410906 dv-cinder-790535-3-smb devstack@c-api.service[105573]: DEBUG cinder.api.openstack.wsgi [req-89ba9858-4d45-42ee-92d4-06e96cf89c36 req-ad5e46e9-b089-44d9-b690-bdca76771400 tempest-AttachVolumeNegativeTest-2073237197 tempest-AttachVolumeNegativeTest-2073237197-project] Empty body provided in request {{(pid=105573) get_body /opt/stack/cinder/cinder/api/openstack/wsgi.py:713}}
Jun 11 19:49:27.410906 dv-cinder-790535-3-smb devstack@c-api.service[105573]: DEBUG cinder.api.openstack.wsgi [req-89ba9858-4d45-42ee-92d4-06e96cf89c36 req-ad5e46e9-b089-44d9-b690-bdca76771400 tempest-AttachVolumeNegativeTest-2073237197 tempest-AttachVolumeNegativeTest-2073237197-project] Calling method 'show' {{(pid=105573) _process_stack /opt/stack/cinder/cinder/api/openstack/wsgi.py:866}}
Jun 11 19:49:27.426077 dv-cinder-790535-3-smb devstack@c-api.service[105573]: /usr/local/lib/python3.8/dist-packages/oslo_context/context.py:105: DeprecationWarning: Policy enforcement is depending on the value of is_admin. This key is deprecated. Please update your policy file to use the standard policy values.
Jun 11 19:49:27.426077 dv-cinder-790535-3-smb devstack@c-api.service[105573]: warnings.warn('Policy enforcement is depending on the value of '
Jun 11 19:49:27.434142 dv-cinder-790535-3-smb devstack@c-api.service[105573]: INFO cinder.volume.api [req-89ba9858-4d45-42ee-92d4-06e96cf89c36 req-ad5e46e9-b089-44d9-b690-bdca76771400 tempest-AttachVolumeNegativeTest-2073237197 tempest-AttachVolumeNegativeTest-2073237197-project] Volume info retrieved successfully.
Jun 11 19:49:27.449607 dv-cinder-790535-3-smb devstack@c-api.service[105573]: /usr/local/lib/python3.8/dist-packages/oslo_context/context.py:105: DeprecationWarning: Policy enforcement is depending on the value of is_admin. This key is deprecated. Please update your policy file to use the standard policy values.
Jun 11 19:49:27.449607 dv-cinder-790535-3-smb devstack@c-api.service[105573]: warnings.warn('Policy enforcement is depending on the value of '
Jun 11 19:49:27.457720 dv-cinder-790535-3-smb devstack@c-api.service[105573]: INFO cinder.api.openstack.wsgi [req-89ba9858-4d45-42ee-92d4-06e96cf89c36 req-ad5e46e9-b089-44d9-b690-bdca76771400 tempest-AttachVolumeNegativeTest-2073237197 tempest-AttachVolumeNegativeTest-2073237197-project] http://10.222.0.37/volume/v3/c7bbdea526ad478f8c2c53883fa20609/volumes/6edbfb69-10d9-4949-949f-a42b1a2f4699 returned with HTTP 200
Jun 11 19:49:27.459541 dv-cinder-790535-3-smb devstack@c-api.service[105573]: [pid: 105573|app: 0|req: 137/284] 10.222.0.43 () {60 vars in 1413 bytes} [Fri Jun 11 19:49:27 2021] GET /volume/v3/c7bbdea526ad478f8c2c53883fa20609/volumes/6edbfb69-10d9-4949-949f-a42b1a2f4699 => generated 1014 bytes in 54 msecs (HTTP/1.1 200) 7 headers in 287 bytes (2 switches on core 0)
Jun 11 19:49:27.524995 dv-cinder-790535-3-smb devstack@c-api.service[105573]: INFO cinder.api.openstack.wsgi [req-89ba9858-4d45-42ee-92d4-06e96cf89c36 req-c0346f53-85c2-4a03-a4b2-795b0a709eea tempest-AttachVolumeNegativeTest-2073237197 tempest-AttachVolumeNegativeTest-2073237197-project] PUT http://10.222.0.37/volume/v3/c7bbdea526ad478f8c2c53883fa20609/attachments/3febaab6-0ad3-4a47-830c-182ab815101f
Jun 11 19:49:27.525692 dv-cinder-790535-3-smb devstack@c-api.service[105573]: /usr/local/lib/python3.8/dist-packages/webob/acceptparse.py:1047: DeprecationWarning: The behavior of AcceptValidHeader.best_match is currently being maintained for backward compatibility, but it will be deprecated in the future, as it does not conform to the RFC.
Jun 11 19:49:27.525692 dv-cinder-790535-3-smb devstack@c-api.service[105573]: warnings.warn(
Jun 11 19:49:27.526071 dv-cinder-790535-3-smb devstack@c-api.service[105573]: DEBUG cinder.api.openstack.wsgi [req-89ba9858-4d45-42ee-92d4-06e96cf89c36 req-c0346f53-85c2-4a03-a4b2-795b0a709eea tempest-AttachVolumeNegativeTest-2073237197 tempest-AttachVolumeNegativeTest-2073237197-project] Action: 'update', calling method: version_select, body: {"attachment": {"connector": {"platform": "AMD64", "os_type": "win32", "ip": "10.222.0.43", "host": "hv-cinder-79053", "multipath": false, "initiator": "iqn.1991-05.com.microsoft:hv-cinder-79053", "mountpoint": "/dev/sdb"}}} {{(pid=105573) _process_stack /opt/stack/cinder/cinder/api/openstack/wsgi.py:864}}
Jun 11 19:49:27.569945 dv-cinder-790535-3-smb devstack@c-api.service[105573]: /usr/local/lib/python3.8/dist-packages/tenacity/__init__.py:333: DeprecationWarning: "retry" function must accept single "retry_state" parameter, please update tooz._retry.retry..
Jun 11 19:49:27.569945 dv-cinder-790535-3-smb devstack@c-api.service[105573]: return self(f, *args, **kw)
Jun 11 19:49:27.570441 dv-cinder-790535-3-smb devstack@c-api.service[105573]: DEBUG cinder.coordination [req-89ba9858-4d45-42ee-92d4-06e96cf89c36 req-c0346f53-85c2-4a03-a4b2-795b0a709eea tempest-AttachVolumeNegativeTest-2073237197 tempest-AttachVolumeNegativeTest-2073237197-project] Lock "b'cinder-attachment_update-6edbfb69-10d9-4949-949f-a42b1a2f4699-hv-cinder-79053'" acquired by "attachment_update" :: waited 0.025s {{(pid=105573) _synchronized /opt/stack/cinder/cinder/coordination.py:146}}
Jun 11 19:49:27.572668 dv-cinder-790535-3-smb devstack@c-api.service[105573]: /usr/local/lib/python3.8/dist-packages/oslo_context/context.py:105: DeprecationWarning: Policy enforcement is depending on the value of is_admin. This key is deprecated. Please update your policy file to use the standard policy values.
Jun 11 19:49:27.572668 dv-cinder-790535-3-smb devstack@c-api.service[105573]: warnings.warn('Policy enforcement is depending on the value of '
Jun 11 19:49:27.619469 dv-cinder-790535-3-smb devstack@c-api.service[105574]: INFO cinder.api.openstack.wsgi [None req-1d5adb38-aa68-476e-ade8-cebee738751f tempest-GroupsTest-1031457783 tempest-GroupsTest-1031457783-project] http://10.222.0.37/volume/v3/c83555be9feb47dda33006ebd0d2b6b1/groups/5bbd0b41-cba2-4921-88c0-aed3bc7237ea/action returned with HTTP 202
Jun 11 19:49:27.620486 dv-cinder-790535-3-smb devstack@c-api.service[105574]: [pid: 105574|app: 0|req: 148/285] 10.222.0.37 () {62 vars in 1405 bytes} [Fri Jun 11 19:49:27 2021] POST /volume/v3/c83555be9feb47dda33006ebd0d2b6b1/groups/5bbd0b41-cba2-4921-88c0-aed3bc7237ea/action => generated 0 bytes in 311 msecs (HTTP/1.1 202) 6 headers in 234 bytes (1 switches on core 0)
Jun 11 19:49:27.781981 dv-cinder-790535-3-smb devstack@c-api.service[105574]: INFO cinder.api.openstack.wsgi [None req-f785b469-c482-467a-81e7-1c084a583235 tempest-VolumesListAdminTestJSON-1363333923 tempest-VolumesListAdminTestJSON-1363333923-project] GET http://10.222.0.37/volume/v3/eb158cf4bc354916a582e0b1abc4b657/volumes
Jun 11 19:49:27.783408 dv-cinder-790535-3-smb devstack@c-api.service[105574]: DEBUG cinder.api.openstack.wsgi [None req-f785b469-c482-467a-81e7-1c084a583235 tempest-VolumesListAdminTestJSON-1363333923 tempest-VolumesListAdminTestJSON-1363333923-project] Empty body provided in request {{(pid=105574) get_body /opt/stack/cinder/cinder/api/openstack/wsgi.py:713}}
Jun 11 19:49:27.783408 dv-cinder-790535-3-smb devstack@c-api.service[105574]: /usr/local/lib/python3.8/dist-packages/webob/acceptparse.py:1047: DeprecationWarning: The behavior of AcceptValidHeader.best_match is currently being maintained for backward compatibility, but it will be deprecated in the future, as it does not conform to the RFC.
Jun 11 19:49:27.783408 dv-cinder-790535-3-smb devstack@c-api.service[105574]: warnings.warn(
Jun 11 19:49:27.783408 dv-cinder-790535-3-smb devstack@c-api.service[105574]: DEBUG cinder.api.openstack.wsgi [None req-f785b469-c482-467a-81e7-1c084a583235 tempest-VolumesListAdminTestJSON-1363333923 tempest-VolumesListAdminTestJSON-1363333923-project] Calling method 'index' {{(pid=105574) _process_stack /opt/stack/cinder/cinder/api/openstack/wsgi.py:866}}
Jun 11 19:49:27.783665 dv-cinder-790535-3-smb devstack@c-api.service[105574]: DEBUG cinder.api.api_utils [None req-f785b469-c482-467a-81e7-1c084a583235 tempest-VolumesListAdminTestJSON-1363333923 tempest-VolumesListAdminTestJSON-1363333923-project] Removing options '' from query. {{(pid=105574) remove_invalid_filter_options /opt/stack/cinder/cinder/api/api_utils.py:73}}
Jun 11 19:49:27.785171 dv-cinder-790535-3-smb devstack@c-api.service[105574]: DEBUG cinder.volume.api [None req-f785b469-c482-467a-81e7-1c084a583235 tempest-VolumesListAdminTestJSON-1363333923 tempest-VolumesListAdminTestJSON-1363333923-project] Searching by: MultiDict([('no_migration_targets', True)]). {{(pid=105574) get_all /opt/stack/cinder/cinder/volume/api.py:617}}
Jun 11 19:49:27.834643 dv-cinder-790535-3-smb devstack@c-api.service[105574]: INFO cinder.volume.api [None req-f785b469-c482-467a-81e7-1c084a583235 tempest-VolumesListAdminTestJSON-1363333923 tempest-VolumesListAdminTestJSON-1363333923-project] Get all volumes completed successfully.
Jun 11 19:49:27.835410 dv-cinder-790535-3-smb devstack@c-api.service[105574]: INFO cinder.api.openstack.wsgi [None req-f785b469-c482-467a-81e7-1c084a583235 tempest-VolumesListAdminTestJSON-1363333923 tempest-VolumesListAdminTestJSON-1363333923-project] http://10.222.0.37/volume/v3/eb158cf4bc354916a582e0b1abc4b657/volumes returned with HTTP 200
Jun 11 19:49:27.836389 dv-cinder-790535-3-smb devstack@c-api.service[105574]: [pid: 105574|app: 0|req: 149/286] 10.222.0.37 () {58 vars in 1214 bytes} [Fri Jun 11 19:49:27 2021] GET /volume/v3/eb158cf4bc354916a582e0b1abc4b657/volumes => generated 15 bytes in 215 msecs (HTTP/1.1 200) 7 headers in 284 bytes (1 switches on core 0)
Jun 11 19:49:27.837224 dv-cinder-790535-3-smb devstack@c-api.service[105574]: INFO cinder.api.openstack.wsgi [None req-f785b469-c482-467a-81e7-1c084a583235 tempest-VolumesListAdminTestJSON-1363333923 tempest-VolumesListAdminTestJSON-1363333923-project] GET http://10.222.0.37/volume//
Jun 11 19:49:27.837625 dv-cinder-790535-3-smb devstack@c-api.service[105574]: DEBUG cinder.api.openstack.wsgi [None req-f785b469-c482-467a-81e7-1c084a583235 tempest-VolumesListAdminTestJSON-1363333923 tempest-VolumesListAdminTestJSON-1363333923-project] Empty body provided in request {{(pid=105574) get_body /opt/stack/cinder/cinder/api/openstack/wsgi.py:713}}
Jun 11 19:49:27.838042 dv-cinder-790535-3-smb devstack@c-api.service[105574]: DEBUG cinder.api.openstack.wsgi [None req-f785b469-c482-467a-81e7-1c084a583235 tempest-VolumesListAdminTestJSON-1363333923 tempest-VolumesListAdminTestJSON-1363333923-project] Calling method 'all' {{(pid=105574) _process_stack /opt/stack/cinder/cinder/api/openstack/wsgi.py:866}}
Jun 11 19:49:27.839123 dv-cinder-790535-3-smb devstack@c-api.service[105574]: INFO cinder.api.openstack.wsgi [None req-f785b469-c482-467a-81e7-1c084a583235 tempest-VolumesListAdminTestJSON-1363333923 tempest-VolumesListAdminTestJSON-1363333923-project] http://10.222.0.37/volume// returned with HTTP 300
Jun 11 19:49:27.839609 dv-cinder-790535-3-smb devstack@c-api.service[105574]: [pid: 105574|app: 0|req: 150/287] 10.222.0.37 () {58 vars in 1299 bytes} [Fri Jun 11 19:49:27 2021] GET /volume/ => generated 754 bytes in 3 msecs (HTTP/1.1 300) 5 headers in 169 bytes (1 switches on core 0)
Jun 11 19:49:27.852045 dv-cinder-790535-3-smb devstack@c-api.service[105574]: INFO cinder.api.openstack.wsgi [None req-547d1b34-80af-4fd2-a115-3ccfbb2d6e92 tempest-GroupsTest-1031457783 tempest-GroupsTest-1031457783-project] GET http://10.222.0.37/volume/v3/c83555be9feb47dda33006ebd0d2b6b1/volumes/c8a9b703-0fa8-4a8a-a66d-a76a761fe7b4
Jun 11 19:49:27.852722 dv-cinder-790535-3-smb devstack@c-api.service[105574]: DEBUG cinder.api.openstack.wsgi [None req-547d1b34-80af-4fd2-a115-3ccfbb2d6e92 tempest-GroupsTest-1031457783 tempest-GroupsTest-1031457783-project] Empty body provided in request {{(pid=105574) get_body /opt/stack/cinder/cinder/api/openstack/wsgi.py:713}}
Jun 11 19:49:27.853135 dv-cinder-790535-3-smb devstack@c-api.service[105574]: DEBUG cinder.api.openstack.wsgi [None req-547d1b34-80af-4fd2-a115-3ccfbb2d6e92 tempest-GroupsTest-1031457783 tempest-GroupsTest-1031457783-project] Calling method 'show' {{(pid=105574) _process_stack /opt/stack/cinder/cinder/api/openstack/wsgi.py:866}}
Jun 11 19:49:27.869576 dv-cinder-790535-3-smb devstack@c-api.service[105574]: /usr/local/lib/python3.8/dist-packages/oslo_context/context.py:105: DeprecationWarning: Policy enforcement is depending on the value of is_admin. This key is deprecated. Please update your policy file to use the standard policy values.
Jun 11 19:49:27.869576 dv-cinder-790535-3-smb devstack@c-api.service[105574]: warnings.warn('Policy enforcement is depending on the value of '
