Mar 14 14:30:45.394312 dv-cinder-790535-28-iscsi neutron-server[103622]: INFO neutron.wsgi [req-3196b26b-d2a8-4276-a6e8-68b75c61b12c req-5f81d290-dcc8-48e1-85f4-7b87c2df4763 tempest-AttachVolumeShelveTestJSON-717654633 tempest-AttachVolumeShelveTestJSON-717654633-project] 10.222.0.53 "POST /v2.0/ports HTTP/1.1" status: 201 len: 933 time: 3.5412517
Mar 14 14:30:45.445838 dv-cinder-790535-28-iscsi neutron-server[103622]: DEBUG neutron.notifiers.nova [req-b5048e87-3d9b-4e85-9278-b4c2efebeb00 req-7e67c898-285e-4101-aa35-33eb5ac986c4 service neutron] Ignoring state change previous_port_status: DOWN current_port_status: DOWN port_id 61188475-4d2d-47b9-a978-95b60e7ae27e {{(pid=103622) record_port_status_changed /opt/stack/neutron/neutron/notifiers/nova.py:233}}
Mar 14 14:30:45.482555 dv-cinder-790535-28-iscsi neutron-server[103624]: DEBUG neutron.db.provisioning_blocks [None req-cf412d2d-8f52-4b89-8728-50182d06db64 None None] Provisioning complete for port a2b15213-cff0-480b-90c2-bca0b327197d triggered by entity DHCP. {{(pid=103624) provisioning_complete /opt/stack/neutron/neutron/db/provisioning_blocks.py:140}}
Mar 14 14:30:45.483115 dv-cinder-790535-28-iscsi neutron-server[103622]: DEBUG neutron_lib.callbacks.manager [req-b5048e87-3d9b-4e85-9278-b4c2efebeb00 req-7e67c898-285e-4101-aa35-33eb5ac986c4 service neutron] Publish callbacks [] for port (61188475-4d2d-47b9-a978-95b60e7ae27e), precommit_update {{(pid=103622) _notify_loop /usr/local/lib/python3.8/dist-packages/neutron_lib/callbacks/manager.py:176}}
Mar 14 14:30:45.483211 dv-cinder-790535-28-iscsi neutron-server[103624]: DEBUG neutron_lib.callbacks.manager [None req-cf412d2d-8f52-4b89-8728-50182d06db64 None None] Publish callbacks ['neutron.plugins.ml2.plugin.Ml2Plugin._port_provisioned-4050429'] for port (a2b15213-cff0-480b-90c2-bca0b327197d), provisioning_complete {{(pid=103624) _notify_loop /usr/local/lib/python3.8/dist-packages/neutron_lib/callbacks/manager.py:176}}
Mar 14 14:30:45.529846 dv-cinder-790535-28-iscsi neutron-server[103623]: DEBUG neutron.wsgi [-] (103623) accepted ('10.222.0.30', 47148) {{(pid=103623) server /usr/local/lib/python3.8/dist-packages/eventlet/wsgi.py:1004}}
Mar 14 14:30:45.587095 dv-cinder-790535-28-iscsi neutron-server[103624]: DEBUG neutron.plugins.ml2.plugin [None req-cf412d2d-8f52-4b89-8728-50182d06db64 None None] Port a2b15213-cff0-480b-90c2-bca0b327197d cannot update to ACTIVE because it is not bound. {{(pid=103624) _port_provisioned /opt/stack/neutron/neutron/plugins/ml2/plugin.py:343}}
Mar 14 14:30:45.597507 dv-cinder-790535-28-iscsi neutron-server[103622]: DEBUG neutron.api.v2.base [req-3196b26b-d2a8-4276-a6e8-68b75c61b12c req-4ec778dc-e914-4e40-8ffe-44a8170624c8 service neutron] Request body: {'port': {'device_id': 'e9d95549-fcd5-4fba-85d8-28aefe200d0f', 'device_owner': 'compute:nova', 'binding:host_id': 'hv-cinder-79053'}} {{(pid=103622) prepare_request_body /opt/stack/neutron/neutron/api/v2/base.py:729}}
Mar 14 14:30:45.604737 dv-cinder-790535-28-iscsi neutron-server[103622]: DEBUG neutron.db.provisioning_blocks [req-b5048e87-3d9b-4e85-9278-b4c2efebeb00 req-7e67c898-285e-4101-aa35-33eb5ac986c4 service neutron] Transition to ACTIVE for port object 61188475-4d2d-47b9-a978-95b60e7ae27e will not be triggered until provisioned by entity L2. {{(pid=103622) add_provisioning_component /opt/stack/neutron/neutron/db/provisioning_blocks.py:74}}
Mar 14 14:30:45.610413 dv-cinder-790535-28-iscsi neutron-server[103623]: DEBUG neutron.plugins.ml2.db [req-156e09d8-18f3-4017-8f4e-f636bfc0b635 req-b3e688d7-a255-4e8f-bd18-4d93d9df175b service neutron] For port 8976d53e-4967-4afc-ae45-2583fc9c7810, host hv-cinder-79053, cleared binding levels {{(pid=103623) clear_binding_levels /opt/stack/neutron/neutron/plugins/ml2/db.py:87}}
Mar 14 14:30:45.617561 dv-cinder-790535-28-iscsi neutron-server[103623]: INFO neutron.wsgi [req-c31e2326-f77f-44e5-8aff-5fe05fa3e446 req-c48ac932-b0f8-4c59-82cd-df1422cf1480 tempest-AttachVolumeShelveTestJSON-717654633 tempest-AttachVolumeShelveTestJSON-717654633-project] 10.222.0.30 "GET /v2.0/security-groups?id=34326e36-b8dc-48f6-b92e-ba1ccc9af5ec&fields=id&fields=name HTTP/1.1" status: 200 len: 312 time: 0.4677866
Mar 14 14:30:45.643811 dv-cinder-790535-28-iscsi neutron-server[103623]: DEBUG neutron.plugins.ml2.db [req-44ee57a5-5b06-4f31-a656-c6f4d6d5293e req-e2749727-279b-46d3-a8b6-4d5a832be2bf service neutron] For port 9a4135bd-8f17-40d3-9692-d78aaac56042, host hv-cinder-79053, cleared binding levels {{(pid=103623) clear_binding_levels /opt/stack/neutron/neutron/plugins/ml2/db.py:87}}
Mar 14 14:30:45.648931 dv-cinder-790535-28-iscsi neutron-server[103623]: DEBUG neutron.plugins.ml2.db [req-156e09d8-18f3-4017-8f4e-f636bfc0b635 req-b3e688d7-a255-4e8f-bd18-4d93d9df175b service neutron] For port 8976d53e-4967-4afc-ae45-2583fc9c7810, host hv-cinder-79053, set binding levels [PortBindingLevel(driver='hyperv',host='hv-cinder-79053',level=0,port_id=8976d53e-4967-4afc-ae45-2583fc9c7810,segment=NetworkSegment(976584a4-a2c1-444a-b4a3-a0c12bf31c15),segment_id=976584a4-a2c1-444a-b4a3-a0c12bf31c15)] {{(pid=103623) set_binding_levels /opt/stack/neutron/neutron/plugins/ml2/db.py:59}}
Mar 14 14:30:45.685069 dv-cinder-790535-28-iscsi neutron-server[103624]: DEBUG neutron_lib.callbacks.manager [None req-1c698f9c-d5f5-417c-8aed-53119f5c7f8c None None] Publish callbacks ['neutron.services.segments.db._update_segment_host_mapping_for_agent-8783327332356', 'neutron.plugins.ml2.plugin.Ml2Plugin._retry_binding_revived_agents-4049439'] for agent (e9a25be3-49a6-4102-919a-2da65ba16f5e), after_update {{(pid=103624) _notify_loop /usr/local/lib/python3.8/dist-packages/neutron_lib/callbacks/manager.py:176}}
Mar 14 14:30:45.733206 dv-cinder-790535-28-iscsi neutron-server[103623]: DEBUG neutron.plugins.ml2.db [req-44ee57a5-5b06-4f31-a656-c6f4d6d5293e req-e2749727-279b-46d3-a8b6-4d5a832be2bf service neutron] For port 9a4135bd-8f17-40d3-9692-d78aaac56042, host hv-cinder-79053, set binding levels [PortBindingLevel(driver='hyperv',host='hv-cinder-79053',level=0,port_id=9a4135bd-8f17-40d3-9692-d78aaac56042,segment=NetworkSegment(32d16234-1423-4456-8bad-ccfe0a3e14fe),segment_id=32d16234-1423-4456-8bad-ccfe0a3e14fe)] {{(pid=103623) set_binding_levels /opt/stack/neutron/neutron/plugins/ml2/db.py:59}}
Mar 14 14:30:45.768160 dv-cinder-790535-28-iscsi neutron-server[103623]: DEBUG neutron_lib.callbacks.manager [req-156e09d8-18f3-4017-8f4e-f636bfc0b635 req-b3e688d7-a255-4e8f-bd18-4d93d9df175b service neutron] Publish callbacks ['neutron.plugins.ml2.plugin.SecurityGroupServerNotifierRpcMixin._notify_sg_on_port_change-3705217', 'neutron.plugins.ml2.ovo_rpc._ObjectChangeHandler.handle_event-982503', 'neutron.api.rpc.agentnotifiers.dhcp_rpc_agent_api.DhcpAgentNotifyAPI._native_event_send_dhcp_notification-565441', 'neutron.db.l3_db.L3RpcNotifierMixin._notify_gateway_port_ip_changed-8783327377511', 'neutron.db.l3_dvrscheduler_db._notify_l3_agent_port_update-8783326808495', 'neutron.db.l3_hascheduler_db._notify_l3_agent_ha_port_update-8783326808513'] for port (8976d53e-4967-4afc-ae45-2583fc9c7810), after_update {{(pid=103623) _notify_loop /usr/local/lib/python3.8/dist-packages/neutron_lib/callbacks/manager.py:176}}
Mar 14 14:30:45.901091 dv-cinder-790535-28-iscsi neutron-server[103623]: DEBUG neutron_lib.callbacks.manager [req-44ee57a5-5b06-4f31-a656-c6f4d6d5293e req-e2749727-279b-46d3-a8b6-4d5a832be2bf service neutron] Publish callbacks ['neutron.plugins.ml2.plugin.SecurityGroupServerNotifierRpcMixin._notify_sg_on_port_change-3705217', 'neutron.plugins.ml2.ovo_rpc._ObjectChangeHandler.handle_event-982503', 'neutron.api.rpc.agentnotifiers.dhcp_rpc_agent_api.DhcpAgentNotifyAPI._native_event_send_dhcp_notification-565441', 'neutron.db.l3_db.L3RpcNotifierMixin._notify_gateway_port_ip_changed-8783327377511', 'neutron.db.l3_dvrscheduler_db._notify_l3_agent_port_update-8783326808495', 'neutron.db.l3_hascheduler_db._notify_l3_agent_ha_port_update-8783326808513'] for port (9a4135bd-8f17-40d3-9692-d78aaac56042), after_update {{(pid=103623) _notify_loop /usr/local/lib/python3.8/dist-packages/neutron_lib/callbacks/manager.py:176}}
Mar 14 14:30:45.932199 dv-cinder-790535-28-iscsi neutron-server[103622]: DEBUG neutron_lib.callbacks.manager [req-b5048e87-3d9b-4e85-9278-b4c2efebeb00 req-7e67c898-285e-4101-aa35-33eb5ac986c4 service neutron] Publish callbacks ['neutron.plugins.ml2.plugin.SecurityGroupServerNotifierRpcMixin._notify_sg_on_port_change-3705217', 'neutron.plugins.ml2.ovo_rpc._ObjectChangeHandler.handle_event-982503', 'neutron.api.rpc.agentnotifiers.dhcp_rpc_agent_api.DhcpAgentNotifyAPI._native_event_send_dhcp_notification-565441', 'neutron.db.l3_db.L3RpcNotifierMixin._notify_gateway_port_ip_changed-8783327377511', 'neutron.db.l3_dvrscheduler_db._notify_l3_agent_port_update-8783326808495', 'neutron.db.l3_hascheduler_db._notify_l3_agent_ha_port_update-8783326808513'] for port (61188475-4d2d-47b9-a978-95b60e7ae27e), after_update {{(pid=103622) _notify_loop /usr/local/lib/python3.8/dist-packages/neutron_lib/callbacks/manager.py:176}}
Mar 14 14:30:46.018808 dv-cinder-790535-28-iscsi neutron-server[103623]: DEBUG neutron.pecan_wsgi.hooks.policy_enforcement [req-156e09d8-18f3-4017-8f4e-f636bfc0b635 req-b3e688d7-a255-4e8f-bd18-4d93d9df175b service neutron] Attributes excluded by policy engine: ['standard_attr_id'] {{(pid=103623) _exclude_attributes_by_policy /opt/stack/neutron/neutron/pecan_wsgi/hooks/policy_enforcement.py:255}}
Mar 14 14:30:46.019898 dv-cinder-790535-28-iscsi neutron-server[103623]: DEBUG neutron_lib.callbacks.manager [req-156e09d8-18f3-4017-8f4e-f636bfc0b635 req-b3e688d7-a255-4e8f-bd18-4d93d9df175b service neutron] Publish callbacks ['neutron.notifiers.nova.Notifier._send_nova_notification-75730', 'neutron.api.rpc.agentnotifiers.dhcp_rpc_agent_api.DhcpAgentNotifyAPI._send_dhcp_notification-565471'] for port (None), before_response {{(pid=103623) _notify_loop /usr/local/lib/python3.8/dist-packages/neutron_lib/callbacks/manager.py:176}}
Mar 14 14:30:46.024354 dv-cinder-790535-28-iscsi neutron-server[103622]: DEBUG neutron.pecan_wsgi.hooks.policy_enforcement [req-aa90f40b-2915-4fa6-a091-5e785f790af6 req-9f9661ff-c98a-4ce6-92d2-dd651d092e67 tempest-ServerRescueNegativeTestJSON-389025975 tempest-ServerRescueNegativeTestJSON-389025975-project] Attributes excluded by policy engine: ['standard_attr_id', 'binding:profile', 'binding:host_id', 'binding:vif_type', 'binding:vif_details'] {{(pid=103622) _exclude_attributes_by_policy /opt/stack/neutron/neutron/pecan_wsgi/hooks/policy_enforcement.py:255}}
Mar 14 14:30:46.031381 dv-cinder-790535-28-iscsi neutron-server[103623]: INFO neutron.wsgi [req-156e09d8-18f3-4017-8f4e-f636bfc0b635 req-b3e688d7-a255-4e8f-bd18-4d93d9df175b service neutron] 10.222.0.53 "PUT /v2.0/ports/8976d53e-4967-4afc-ae45-2583fc9c7810 HTTP/1.1" status: 200 len: 1094 time: 3.2766306
Mar 14 14:30:46.031705 dv-cinder-790535-28-iscsi neutron-server[103622]: INFO neutron.wsgi [req-aa90f40b-2915-4fa6-a091-5e785f790af6 req-9f9661ff-c98a-4ce6-92d2-dd651d092e67 tempest-ServerRescueNegativeTestJSON-389025975 tempest-ServerRescueNegativeTestJSON-389025975-project] 10.222.0.30 "GET /v2.0/ports?device_id=adff449c-252a-42a0-9860-286c63ab6776 HTTP/1.1" status: 200 len: 931 time: 1.7436423
Mar 14 14:30:46.038808 dv-cinder-790535-28-iscsi neutron-server[103623]: DEBUG neutron.notifiers.nova [-] Sending events: [{'name': 'network-changed', 'server_uuid': 'f3f4bdea-fecb-4bf6-8f43-f20187ce8966', 'tag': '8976d53e-4967-4afc-ae45-2583fc9c7810'}] {{(pid=103623) send_events /opt/stack/neutron/neutron/notifiers/nova.py:271}}
Mar 14 14:30:46.145935 dv-cinder-790535-28-iscsi neutron-server[103623]: DEBUG neutron.pecan_wsgi.hooks.policy_enforcement [req-44ee57a5-5b06-4f31-a656-c6f4d6d5293e req-e2749727-279b-46d3-a8b6-4d5a832be2bf service neutron] Attributes excluded by policy engine: ['standard_attr_id'] {{(pid=103623) _exclude_attributes_by_policy /opt/stack/neutron/neutron/pecan_wsgi/hooks/policy_enforcement.py:255}}
Mar 14 14:30:46.149350 dv-cinder-790535-28-iscsi neutron-server[103623]: DEBUG neutron_lib.callbacks.manager [req-44ee57a5-5b06-4f31-a656-c6f4d6d5293e req-e2749727-279b-46d3-a8b6-4d5a832be2bf service neutron] Publish callbacks ['neutron.notifiers.nova.Notifier._send_nova_notification-75730', 'neutron.api.rpc.agentnotifiers.dhcp_rpc_agent_api.DhcpAgentNotifyAPI._send_dhcp_notification-565471'] for port (None), before_response {{(pid=103623) _notify_loop /usr/local/lib/python3.8/dist-packages/neutron_lib/callbacks/manager.py:176}}
Mar 14 14:30:46.149658 dv-cinder-790535-28-iscsi neutron-server[103623]: INFO neutron.wsgi [req-44ee57a5-5b06-4f31-a656-c6f4d6d5293e req-e2749727-279b-46d3-a8b6-4d5a832be2bf service neutron] 10.222.0.53 "PUT /v2.0/ports/9a4135bd-8f17-40d3-9692-d78aaac56042 HTTP/1.1" status: 200 len: 1093 time: 5.3095763
Mar 14 14:30:46.301949 dv-cinder-790535-28-iscsi neutron-server[103624]: DEBUG neutron.plugins.ml2.rpc [None req-9114c6f2-2311-4436-adb3-4623c9657dc4 None None] Device 48ffd565-6604-4417-876e-dafe2deb935e up at agent hyperv_hv-cinder-79053 {{(pid=103624) update_device_up /opt/stack/neutron/neutron/plugins/ml2/rpc.py:296}}
Mar 14 14:30:46.387816 dv-cinder-790535-28-iscsi neutron-server[103623]: DEBUG neutron.api.rpc.handlers.resources_rpc [None req-b3e688d7-a255-4e8f-bd18-4d93d9df175b service neutron] Pushing event updated for resources: {'Port': ['ID=8976d53e-4967-4afc-ae45-2583fc9c7810,revision_number=3']} {{(pid=103623) push /opt/stack/neutron/neutron/api/rpc/handlers/resources_rpc.py:237}}
Mar 14 14:30:46.459206 dv-cinder-790535-28-iscsi neutron-server[103622]: DEBUG neutron.api.rpc.handlers.resources_rpc [None req-7e67c898-285e-4101-aa35-33eb5ac986c4 service neutron] Pushing event updated for resources: {'Port': ['ID=61188475-4d2d-47b9-a978-95b60e7ae27e,revision_number=2']} {{(pid=103622) push /opt/stack/neutron/neutron/api/rpc/handlers/resources_rpc.py:237}}
Mar 14 14:30:46.597016 dv-cinder-790535-28-iscsi neutron-server[103622]: DEBUG neutron_lib.callbacks.manager [req-3196b26b-d2a8-4276-a6e8-68b75c61b12c req-4ec778dc-e914-4e40-8ffe-44a8170624c8 service neutron] Publish callbacks ['neutron.plugins.ml2.plugin.SecurityGroupDbMixin._ensure_default_security_group_handler-4173361'] for port (a2b15213-cff0-480b-90c2-bca0b327197d), before_update {{(pid=103622) _notify_loop /usr/local/lib/python3.8/dist-packages/neutron_lib/callbacks/manager.py:176}}
Mar 14 14:30:46.597293 dv-cinder-790535-28-iscsi neutron-server[103623]: DEBUG neutron_lib.callbacks.manager [None req-4ea0cb36-79f1-457c-92e4-687ba993ea25 admin admin] Publish callbacks [] for security_group (None), before_create {{(pid=103623) _notify_loop /usr/local/lib/python3.8/dist-packages/neutron_lib/callbacks/manager.py:176}}
Mar 14 14:30:46.597661 dv-cinder-790535-28-iscsi neutron-server[103622]: INFO neutron.wsgi [req-aa90f40b-2915-4fa6-a091-5e785f790af6 req-cd35fcd2-ccbf-4a63-8209-dce8c833e46f tempest-ServerRescueNegativeTestJSON-389025975 tempest-ServerRescueNegativeTestJSON-389025975-project] 10.222.0.30 "GET /v2.0/security-groups?id=27ba74b2-6a3f-40fa-981b-8a14a8e50d04&fields=id&fields=name HTTP/1.1" status: 200 len: 286 time: 0.5024838
Mar 14 14:30:46.621434 dv-cinder-790535-28-iscsi neutron-server[103622]: DEBUG neutron.plugins.ml2.managers [req-b5048e87-3d9b-4e85-9278-b4c2efebeb00 req-7e67c898-285e-4101-aa35-33eb5ac986c4 service neutron] Attempting to bind port 61188475-4d2d-47b9-a978-95b60e7ae27e on host hv-cinder-79053 for vnic_type normal with profile {{(pid=103622) bind_port /opt/stack/neutron/neutron/plugins/ml2/managers.py:795}}
Mar 14 14:30:46.621992 dv-cinder-790535-28-iscsi neutron-server[103622]: DEBUG neutron.plugins.ml2.managers [req-b5048e87-3d9b-4e85-9278-b4c2efebeb00 req-7e67c898-285e-4101-aa35-33eb5ac986c4 service neutron] Attempting to bind port 61188475-4d2d-47b9-a978-95b60e7ae27e by drivers openvswitch,hyperv on host hv-cinder-79053 at level 0 using segments [{'id': '840607a6-0e86-4828-9e51-f7f2249f8855', 'network_type': 'vlan', 'physical_network': 'physnet1', 'segmentation_id': 522, 'network_id': '9e997901-0a19-42b4-9214-a40430524c50'}] {{(pid=103622) _bind_port_level /opt/stack/neutron/neutron/plugins/ml2/managers.py:820}}
Mar 14 14:30:46.622706 dv-cinder-790535-28-iscsi neutron-server[103622]: DEBUG neutron.plugins.ml2.drivers.mech_agent [req-b5048e87-3d9b-4e85-9278-b4c2efebeb00 req-7e67c898-285e-4101-aa35-33eb5ac986c4 service neutron] Attempting to bind port 61188475-4d2d-47b9-a978-95b60e7ae27e on network 9e997901-0a19-42b4-9214-a40430524c50 {{(pid=103622) bind_port /opt/stack/neutron/neutron/plugins/ml2/drivers/mech_agent.py:91}}
Mar 14 14:30:46.622815 dv-cinder-790535-28-iscsi neutron-server[103623]: DEBUG novaclient.v2.client [-] REQ: curl -g -i --cacert "/opt/stack/data/ca-bundle.pem" -X POST http://10.222.0.30/compute/v2.1/os-server-external-events -H "Accept: application/json" -H "Content-Type: application/json" -H "User-Agent: python-novaclient" -H "X-Auth-Token: {SHA256}d6ea4971741ef63c02434dee9f510b9730b5ea138a6e40e0481dc92d0261a406" -H "X-OpenStack-Nova-API-Version: 2.1" -H "X-OpenStack-Request-ID: req-0d6a3a7e-835c-49f9-ad55-46475b18e64a" -d '{"events": [{"name": "network-changed", "server_uuid": "f3f4bdea-fecb-4bf6-8f43-f20187ce8966", "tag": "8976d53e-4967-4afc-ae45-2583fc9c7810"}]}' {{(pid=103623) _http_log_request /usr/local/lib/python3.8/dist-packages/keystoneauth1/session.py:519}}
Mar 14 14:30:46.781762 dv-cinder-790535-28-iscsi neutron-server[103622]: DEBUG neutron.plugins.ml2.drivers.mech_agent [req-b5048e87-3d9b-4e85-9278-b4c2efebeb00 req-7e67c898-285e-4101-aa35-33eb5ac986c4 service neutron] Port 61188475-4d2d-47b9-a978-95b60e7ae27e on network 9e997901-0a19-42b4-9214-a40430524c50 not bound, no agent of type Open vSwitch agent registered on host hv-cinder-79053 {{(pid=103622) bind_port /opt/stack/neutron/neutron/plugins/ml2/drivers/mech_agent.py:103}}
Mar 14 14:30:46.782479 dv-cinder-790535-28-iscsi neutron-server[103622]: DEBUG neutron.plugins.ml2.drivers.mech_agent [req-b5048e87-3d9b-4e85-9278-b4c2efebeb00 req-7e67c898-285e-4101-aa35-33eb5ac986c4 service neutron] Attempting to bind port 61188475-4d2d-47b9-a978-95b60e7ae27e on network 9e997901-0a19-42b4-9214-a40430524c50 {{(pid=103622) bind_port /opt/stack/neutron/neutron/plugins/ml2/drivers/mech_agent.py:91}}
Mar 14 14:30:46.816487 dv-cinder-790535-28-iscsi neutron-server[103624]: DEBUG neutron.db.provisioning_blocks [None req-9114c6f2-2311-4436-adb3-4623c9657dc4 None None] Provisioning for port 48ffd565-6604-4417-876e-dafe2deb935e completed by entity L2. {{(pid=103624) provisioning_complete /opt/stack/neutron/neutron/db/provisioning_blocks.py:134}}
Mar 14 14:30:46.822142 dv-cinder-790535-28-iscsi neutron-server[103624]: DEBUG neutron.db.provisioning_blocks [None req-9114c6f2-2311-4436-adb3-4623c9657dc4 None None] Provisioning complete for port 48ffd565-6604-4417-876e-dafe2deb935e triggered by entity L2. {{(pid=103624) provisioning_complete /opt/stack/neutron/neutron/db/provisioning_blocks.py:140}}
Mar 14 14:30:46.822757 dv-cinder-790535-28-iscsi neutron-server[103624]: DEBUG neutron_lib.callbacks.manager [None req-9114c6f2-2311-4436-adb3-4623c9657dc4 None None] Publish callbacks ['neutron.plugins.ml2.plugin.Ml2Plugin._port_provisioned-4050429'] for port (48ffd565-6604-4417-876e-dafe2deb935e), provisioning_complete {{(pid=103624) _notify_loop /usr/local/lib/python3.8/dist-packages/neutron_lib/callbacks/manager.py:176}}
Mar 14 14:30:46.900126 dv-cinder-790535-28-iscsi neutron-server[103622]: DEBUG neutron.plugins.ml2.drivers.mech_agent [req-b5048e87-3d9b-4e85-9278-b4c2efebeb00 req-7e67c898-285e-4101-aa35-33eb5ac986c4 service neutron] Checking agent: {'id': '5470b19e-42a6-405f-bc3a-727cc5708ae7', 'agent_type': 'HyperV agent', 'binary': 'neutron-hyperv-agent', 'topic': 'N/A', 'host': 'hv-cinder-79053', 'admin_state_up': True, 'created_at': datetime.datetime(2022, 3, 14, 14, 27, 46), 'started_at': datetime.datetime(2022, 3, 14, 14, 27, 46), 'heartbeat_timestamp': datetime.datetime(2022, 3, 14, 14, 30, 17), 'description': None, 'resources_synced': None, 'availability_zone': None, 'alive': True, 'configurations': {'vswitch_mappings': {'physnet1$': 'br-data'}}, 'resource_versions': {}} {{(pid=103622) bind_port /opt/stack/neutron/neutron/plugins/ml2/drivers/mech_agent.py:110}}
Mar 14 14:30:46.901166 dv-cinder-790535-28-iscsi neutron-server[103622]: DEBUG neutron.plugins.ml2.drivers.mech_agent [req-b5048e87-3d9b-4e85-9278-b4c2efebeb00 req-7e67c898-285e-4101-aa35-33eb5ac986c4 service neutron] Checking segment: {'id': '840607a6-0e86-4828-9e51-f7f2249f8855', 'network_type': 'vlan', 'physical_network': 'physnet1', 'segmentation_id': 522, 'network_id': '9e997901-0a19-42b4-9214-a40430524c50'} for mappings: {'physnet1$': 'br-data'} with network types: ['local', 'flat', 'vlan'] {{(pid=103622) check_segment_for_agent /opt/stack/neutron/neutron/plugins/ml2/drivers/mech_agent.py:373}}
Mar 14 14:30:46.901552 dv-cinder-790535-28-iscsi neutron-server[103622]: DEBUG neutron.plugins.ml2.drivers.mech_agent [req-b5048e87-3d9b-4e85-9278-b4c2efebeb00 req-7e67c898-285e-4101-aa35-33eb5ac986c4 service neutron] Bound using segment: {'id': '840607a6-0e86-4828-9e51-f7f2249f8855', 'network_type': 'vlan', 'physical_network': 'physnet1', 'segmentation_id': 522, 'network_id': '9e997901-0a19-42b4-9214-a40430524c50'} {{(pid=103622) bind_port /opt/stack/neutron/neutron/plugins/ml2/drivers/mech_agent.py:120}}
Mar 14 14:30:46.902188 dv-cinder-790535-28-iscsi neutron-server[103622]: DEBUG neutron.plugins.ml2.managers [req-b5048e87-3d9b-4e85-9278-b4c2efebeb00 req-7e67c898-285e-4101-aa35-33eb5ac986c4 service neutron] Bound port: 61188475-4d2d-47b9-a978-95b60e7ae27e, host: hv-cinder-79053, vif_type: hyperv, vif_details: {"connectivity": "legacy", "port_filter": false}, binding_levels: [{'bound_driver': 'hyperv', 'bound_segment': {'id': '840607a6-0e86-4828-9e51-f7f2249f8855', 'network_type': 'vlan', 'physical_network': 'physnet1', 'segmentation_id': 522, 'network_id': '9e997901-0a19-42b4-9214-a40430524c50'}}] {{(pid=103622) _bind_port_level /opt/stack/neutron/neutron/plugins/ml2/managers.py:932}}
Mar 14 14:30:46.902674 dv-cinder-790535-28-iscsi neutron-server[103622]: DEBUG neutron_lib.callbacks.manager [req-b5048e87-3d9b-4e85-9278-b4c2efebeb00 req-7e67c898-285e-4101-aa35-33eb5ac986c4 service neutron] Publish callbacks ['neutron.plugins.ml2.plugin.SecurityGroupDbMixin._ensure_default_security_group_handler-4173361'] for port (61188475-4d2d-47b9-a978-95b60e7ae27e), before_update {{(pid=103622) _notify_loop /usr/local/lib/python3.8/dist-packages/neutron_lib/callbacks/manager.py:176}}
Mar 14 14:30:46.923468 dv-cinder-790535-28-iscsi neutron-server[103623]: DEBUG neutron.api.rpc.handlers.resources_rpc [None req-e2749727-279b-46d3-a8b6-4d5a832be2bf service neutron] Pushing event updated for resources: {'Port': ['ID=9a4135bd-8f17-40d3-9692-d78aaac56042,revision_number=3']} {{(pid=103623) push /opt/stack/neutron/neutron/api/rpc/handlers/resources_rpc.py:237}}
Mar 14 14:30:46.960905 dv-cinder-790535-28-iscsi neutron-server[103623]: DEBUG neutron.pecan_wsgi.hooks.policy_enforcement [req-db740270-0160-46dd-9bd7-d6965558cd5a req-786dc9a9-876b-4987-bafd-bd56f5ac3a77 tempest-AttachVolumeNegativeTest-375562417 tempest-AttachVolumeNegativeTest-375562417-project] Attributes excluded by policy engine: ['standard_attr_id', 'binding:profile', 'binding:host_id', 'binding:vif_type', 'binding:vif_details'] {{(pid=103623) _exclude_attributes_by_policy /opt/stack/neutron/neutron/pecan_wsgi/hooks/policy_enforcement.py:255}}
Mar 14 14:30:46.963404 dv-cinder-790535-28-iscsi neutron-server[103623]: INFO neutron.wsgi [req-db740270-0160-46dd-9bd7-d6965558cd5a req-786dc9a9-876b-4987-bafd-bd56f5ac3a77 tempest-AttachVolumeNegativeTest-375562417 tempest-AttachVolumeNegativeTest-375562417-project] 10.222.0.30 "GET /v2.0/ports?device_id=f3f4bdea-fecb-4bf6-8f43-f20187ce8966 HTTP/1.1" status: 200 len: 944 time: 0.8371089
Mar 14 14:30:46.998650 dv-cinder-790535-28-iscsi neutron-server[103623]: DEBUG neutron.pecan_wsgi.hooks.policy_enforcement [req-156e09d8-18f3-4017-8f4e-f636bfc0b635 req-2ba26ab4-0da7-48fd-913d-7262740b2bc2 service neutron] Attributes excluded by policy engine: ['standard_attr_id'] {{(pid=103623) _exclude_attributes_by_policy /opt/stack/neutron/neutron/pecan_wsgi/hooks/policy_enforcement.py:255}}
Mar 14 14:30:47.000839 dv-cinder-790535-28-iscsi neutron-server[103624]: DEBUG neutron.plugins.ml2.plugin [None req-9114c6f2-2311-4436-adb3-4623c9657dc4 None None] Current status of the port 48ffd565-6604-4417-876e-dafe2deb935e is: BUILD; New status is: ACTIVE {{(pid=103624) _update_individual_port_db_status /opt/stack/neutron/neutron/plugins/ml2/plugin.py:2256}}
Mar 14 14:30:47.001239 dv-cinder-790535-28-iscsi neutron-server[103624]: DEBUG neutron_lib.callbacks.manager [None req-9114c6f2-2311-4436-adb3-4623c9657dc4 None None] Publish callbacks ['neutron.plugins.ml2.plugin.SecurityGroupDbMixin._ensure_default_security_group_handler-4173361'] for port (48ffd565-6604-4417-876e-dafe2deb935e), before_update {{(pid=103624) _notify_loop /usr/local/lib/python3.8/dist-packages/neutron_lib/callbacks/manager.py:176}}
Mar 14 14:30:47.001404 dv-cinder-790535-28-iscsi neutron-server[103623]: INFO neutron.wsgi [req-156e09d8-18f3-4017-8f4e-f636bfc0b635 req-2ba26ab4-0da7-48fd-913d-7262740b2bc2 service neutron] 10.222.0.53 "GET /v2.0/ports?tenant_id=36030daf77aa4eb9a4c6ab533dd481b7&device_id=f3f4bdea-fecb-4bf6-8f43-f20187ce8966 HTTP/1.1" status: 200 len: 1128 time: 0.7205806
Mar 14 14:30:47.015077 dv-cinder-790535-28-iscsi neutron-server[103622]: DEBUG neutron.notifiers.nova [req-c477d4b2-73b1-451a-9cdb-34e918ac7234 req-711ecaf6-3015-4928-ba60-b839acddf987 service neutron] Ignoring state change previous_port_status: DOWN current_port_status: DOWN port_id a8c223b1-6ef7-4267-875e-fd15abcc9436 {{(pid=103622) record_port_status_changed /opt/stack/neutron/neutron/notifiers/nova.py:233}}
Mar 14 14:30:47.034439 dv-cinder-790535-28-iscsi neutron-server[103624]: DEBUG neutron.notifiers.nova [-] Sending events: [{'server_uuid': '6ee2d201-a1bd-4453-9f03-72c1d3043ffe', 'name': 'network-vif-plugged', 'status': 'completed', 'tag': '48ffd565-6604-4417-876e-dafe2deb935e'}] {{(pid=103624) send_events /opt/stack/neutron/neutron/notifiers/nova.py:271}}
Mar 14 14:30:47.035497 dv-cinder-790535-28-iscsi neutron-server[103622]: DEBUG neutron_lib.callbacks.manager [req-c477d4b2-73b1-451a-9cdb-34e918ac7234 req-711ecaf6-3015-4928-ba60-b839acddf987 service neutron] Publish callbacks [] for port (a8c223b1-6ef7-4267-875e-fd15abcc9436), precommit_update {{(pid=103622) _notify_loop /usr/local/lib/python3.8/dist-packages/neutron_lib/callbacks/manager.py:176}}
Mar 14 14:30:47.089973 dv-cinder-790535-28-iscsi neutron-server[103622]: DEBUG neutron.db.provisioning_blocks [req-c477d4b2-73b1-451a-9cdb-34e918ac7234 req-711ecaf6-3015-4928-ba60-b839acddf987 service neutron] Transition to ACTIVE for port object a8c223b1-6ef7-4267-875e-fd15abcc9436 will not be triggered until provisioned by entity L2. {{(pid=103622) add_provisioning_component /opt/stack/neutron/neutron/db/provisioning_blocks.py:74}}
Mar 14 14:30:47.136375 dv-cinder-790535-28-iscsi neutron-server[103622]: DEBUG neutron.pecan_wsgi.hooks.policy_enforcement [req-370a263f-927d-405d-bf97-df055bee9807 req-80422fa0-4f1d-4070-b8f9-9d416d5af990 tempest-AttachVolumeTestJSON-1820970895 tempest-AttachVolumeTestJSON-1820970895-project] Attributes excluded by policy engine: ['standard_attr_id', 'binding:profile', 'binding:host_id', 'binding:vif_type', 'binding:vif_details'] {{(pid=103622) _exclude_attributes_by_policy /opt/stack/neutron/neutron/pecan_wsgi/hooks/policy_enforcement.py:255}}
Mar 14 14:30:47.139422 dv-cinder-790535-28-iscsi neutron-server[103622]: INFO neutron.wsgi [req-370a263f-927d-405d-bf97-df055bee9807 req-80422fa0-4f1d-4070-b8f9-9d416d5af990 tempest-AttachVolumeTestJSON-1820970895 tempest-AttachVolumeTestJSON-1820970895-project] 10.222.0.30 "GET /v2.0/ports?device_id=a391d343-c4df-4f81-852c-93a877b35ee4 HTTP/1.1" status: 200 len: 944 time: 0.3599350
Mar 14 14:30:47.141944 dv-cinder-790535-28-iscsi neutron-server[103622]: DEBUG neutron.plugins.ml2.db [req-b5048e87-3d9b-4e85-9278-b4c2efebeb00 req-7e67c898-285e-4101-aa35-33eb5ac986c4 service neutron] For port 61188475-4d2d-47b9-a978-95b60e7ae27e, host hv-cinder-79053, cleared binding levels {{(pid=103622) clear_binding_levels /opt/stack/neutron/neutron/plugins/ml2/db.py:87}}
Mar 14 14:30:47.175362 dv-cinder-790535-28-iscsi neutron-server[103624]: DEBUG neutron.plugins.ml2.db [None req-9114c6f2-2311-4436-adb3-4623c9657dc4 None None] For port 48ffd565-6604-4417-876e-dafe2deb935e, host hv-cinder-79053, got binding levels [PortBindingLevel(driver='hyperv',host='hv-cinder-79053',level=0,port_id=48ffd565-6604-4417-876e-dafe2deb935e,segment=NetworkSegment(07a5dc32-2740-42ae-9695-912f4c8dc058),segment_id=07a5dc32-2740-42ae-9695-912f4c8dc058)] {{(pid=103624) get_binding_level_objs /opt/stack/neutron/neutron/plugins/ml2/db.py:74}}
Mar 14 14:30:47.216386 dv-cinder-790535-28-iscsi neutron-server[103624]: DEBUG novaclient.v2.client [-] REQ: curl -g -i --cacert "/opt/stack/data/ca-bundle.pem" -X POST http://10.222.0.30/compute/v2.1/os-server-external-events -H "Accept: application/json" -H "Content-Type: application/json" -H "User-Agent: python-novaclient" -H "X-Auth-Token: {SHA256}300b972dbb9b1333bead68e8d6d0348f05ccb7ee24d2793bd188a176336480d3" -H "X-OpenStack-Nova-API-Version: 2.1" -H "X-OpenStack-Request-ID: req-2c9093d5-c32a-499e-b5a3-d237d4eb6972" -d '{"events": [{"server_uuid": "6ee2d201-a1bd-4453-9f03-72c1d3043ffe", "name": "network-vif-plugged", "status": "completed", "tag": "48ffd565-6604-4417-876e-dafe2deb935e"}]}' {{(pid=103624) _http_log_request /usr/local/lib/python3.8/dist-packages/keystoneauth1/session.py:519}}
Mar 14 14:30:47.234805 dv-cinder-790535-28-iscsi neutron-server[103622]: DEBUG neutron.plugins.ml2.db [req-b5048e87-3d9b-4e85-9278-b4c2efebeb00 req-7e67c898-285e-4101-aa35-33eb5ac986c4 service neutron] For port 61188475-4d2d-47b9-a978-95b60e7ae27e, host hv-cinder-79053, set binding levels [PortBindingLevel(driver='hyperv',host='hv-cinder-79053',level=0,port_id=61188475-4d2d-47b9-a978-95b60e7ae27e,segment=NetworkSegment(840607a6-0e86-4828-9e51-f7f2249f8855),segment_id=840607a6-0e86-4828-9e51-f7f2249f8855)] {{(pid=103622) set_binding_levels /opt/stack/neutron/neutron/plugins/ml2/db.py:59}}
Mar 14 14:30:47.313256 dv-cinder-790535-28-iscsi neutron-server[103622]: INFO neutron.wsgi [req-370a263f-927d-405d-bf97-df055bee9807 req-56c9af90-a997-4453-a641-5f75c24cea40 tempest-AttachVolumeTestJSON-1820970895 tempest-AttachVolumeTestJSON-1820970895-project] 10.222.0.30 "GET /v2.0/security-groups?id=5ff01fd2-e13f-4f10-994c-4fb525237b9b&fields=id&fields=name HTTP/1.1" status: 200 len: 312 time: 0.1198049
Mar 14 14:30:47.317304 dv-cinder-790535-28-iscsi neutron-server[103622]: DEBUG neutron_lib.callbacks.manager [req-c477d4b2-73b1-451a-9cdb-34e918ac7234 req-711ecaf6-3015-4928-ba60-b839acddf987 service neutron] Publish callbacks ['neutron.plugins.ml2.plugin.SecurityGroupServerNotifierRpcMixin._notify_sg_on_port_change-3705217', 'neutron.plugins.ml2.ovo_rpc._ObjectChangeHandler.handle_event-982503', 'neutron.api.rpc.agentnotifiers.dhcp_rpc_agent_api.DhcpAgentNotifyAPI._native_event_send_dhcp_notification-565441', 'neutron.db.l3_db.L3RpcNotifierMixin._notify_gateway_port_ip_changed-8783327377511', 'neutron.db.l3_dvrscheduler_db._notify_l3_agent_port_update-8783326808495', 'neutron.db.l3_hascheduler_db._notify_l3_agent_ha_port_update-8783326808513'] for port (a8c223b1-6ef7-4267-875e-fd15abcc9436), after_update {{(pid=103622) _notify_loop /usr/local/lib/python3.8/dist-packages/neutron_lib/callbacks/manager.py:176}}
Mar 14 14:30:47.319871 dv-cinder-790535-28-iscsi neutron-server[103624]: DEBUG neutron_lib.callbacks.manager [None req-9114c6f2-2311-4436-adb3-4623c9657dc4 None None] Publish callbacks ['neutron.plugins.ml2.plugin.SecurityGroupServerNotifierRpcMixin._notify_sg_on_port_change-3705217', 'neutron.plugins.ml2.ovo_rpc._ObjectChangeHandler.handle_event-982503', 'neutron.api.rpc.agentnotifiers.dhcp_rpc_agent_api.DhcpAgentNotifyAPI._native_event_send_dhcp_notification-565441', 'neutron.db.l3_db.L3RpcNotifierMixin._notify_gateway_port_ip_changed-8783327377511', 'neutron.db.l3_dvrscheduler_db._notify_l3_agent_port_update-8783326808495', 'neutron.db.l3_hascheduler_db._notify_l3_agent_ha_port_update-8783326808513'] for port (48ffd565-6604-4417-876e-dafe2deb935e), after_update {{(pid=103624) _notify_loop /usr/local/lib/python3.8/dist-packages/neutron_lib/callbacks/manager.py:176}}
Mar 14 14:30:47.334842 dv-cinder-790535-28-iscsi neutron-server[103624]: DEBUG neutron_lib.callbacks.manager [None req-9114c6f2-2311-4436-adb3-4623c9657dc4 None None] Publish callbacks ['neutron.services.segments.db._update_segment_host_mapping_for_agent-8783327332356', 'neutron.plugins.ml2.plugin.Ml2Plugin._retry_binding_revived_agents-4049439'] for agent (5470b19e-42a6-405f-bc3a-727cc5708ae7), after_update {{(pid=103624) _notify_loop /usr/local/lib/python3.8/dist-packages/neutron_lib/callbacks/manager.py:176}}
Mar 14 14:30:47.346107 dv-cinder-790535-28-iscsi neutron-server[103623]: DEBUG neutron.pecan_wsgi.hooks.policy_enforcement [req-44ee57a5-5b06-4f31-a656-c6f4d6d5293e req-8fd3adfd-f10f-43d0-9c80-55a094d021b0 service neutron] Attributes excluded by policy engine: ['standard_attr_id'] {{(pid=103623) _exclude_attributes_by_policy /opt/stack/neutron/neutron/pecan_wsgi/hooks/policy_enforcement.py:255}}
Mar 14 14:30:47.353250 dv-cinder-790535-28-iscsi neutron-server[103623]: INFO neutron.wsgi [req-44ee57a5-5b06-4f31-a656-c6f4d6d5293e req-8fd3adfd-f10f-43d0-9c80-55a094d021b0 service neutron] 10.222.0.53 "GET /v2.0/ports?tenant_id=42912984ea684c75b0fc95e65a89a674&device_id=dab0c858-7a57-4154-8ab6-ffdfb66ddbed HTTP/1.1" status: 200 len: 1127 time: 0.6403148
Mar 14 14:30:47.406499 dv-cinder-790535-28-iscsi neutron-server[103622]: DEBUG neutron_lib.callbacks.manager [req-b5048e87-3d9b-4e85-9278-b4c2efebeb00 req-7e67c898-285e-4101-aa35-33eb5ac986c4 service neutron] Publish callbacks ['neutron.plugins.ml2.plugin.SecurityGroupServerNotifierRpcMixin._notify_sg_on_port_change-3705217', 'neutron.plugins.ml2.ovo_rpc._ObjectChangeHandler.handle_event-982503', 'neutron.api.rpc.agentnotifiers.dhcp_rpc_agent_api.DhcpAgentNotifyAPI._native_event_send_dhcp_notification-565441', 'neutron.db.l3_db.L3RpcNotifierMixin._notify_gateway_port_ip_changed-8783327377511', 'neutron.db.l3_dvrscheduler_db._notify_l3_agent_port_update-8783326808495', 'neutron.db.l3_hascheduler_db._notify_l3_agent_ha_port_update-8783326808513'] for port (61188475-4d2d-47b9-a978-95b60e7ae27e), after_update {{(pid=103622) _notify_loop /usr/local/lib/python3.8/dist-packages/neutron_lib/callbacks/manager.py:176}}
Mar 14 14:30:47.413094 dv-cinder-790535-28-iscsi neutron-server[103624]: DEBUG neutron.api.rpc.handlers.resources_rpc [None req-9114c6f2-2311-4436-adb3-4623c9657dc4 None None] Pushing event updated for resources: {'Port': ['ID=48ffd565-6604-4417-876e-dafe2deb935e,revision_number=5']} {{(pid=103624) push /opt/stack/neutron/neutron/api/rpc/handlers/resources_rpc.py:237}}
Mar 14 14:30:47.443716 dv-cinder-790535-28-iscsi neutron-server[103623]: INFO neutron.wsgi [req-156e09d8-18f3-4017-8f4e-f636bfc0b635 req-c08c17ea-fef6-4f04-8e55-f1ece31344b3 service neutron] 10.222.0.53 "GET /v2.0/floatingips?fixed_ip_address=172.20.0.13&port_id=8976d53e-4967-4afc-ae45-2583fc9c7810 HTTP/1.1" status: 200 len: 217 time: 0.4238226
Mar 14 14:30:47.463340 dv-cinder-790535-28-iscsi neutron-server[103623]: INFO neutron.wsgi [req-db740270-0160-46dd-9bd7-d6965558cd5a req-603faf02-0594-41cf-a7b1-703b756e16e4 tempest-AttachVolumeNegativeTest-375562417 tempest-AttachVolumeNegativeTest-375562417-project] 10.222.0.30 "GET /v2.0/security-groups?id=a5207479-12d5-4437-bddf-d4f9924ddef6&fields=id&fields=name HTTP/1.1" status: 200 len: 313 time: 0.4688745
Mar 14 14:30:47.470720 dv-cinder-790535-28-iscsi neutron-server[103622]: DEBUG neutron.api.rpc.handlers.resources_rpc [None req-711ecaf6-3015-4928-ba60-b839acddf987 service neutron] Pushing event updated for resources: {'Port': ['ID=a8c223b1-6ef7-4267-875e-fd15abcc9436,revision_number=2']} {{(pid=103622) push /opt/stack/neutron/neutron/api/rpc/handlers/resources_rpc.py:237}}
Mar 14 14:30:47.484116 dv-cinder-790535-28-iscsi neutron-server[103622]: DEBUG neutron.notifiers.nova [req-3196b26b-d2a8-4276-a6e8-68b75c61b12c req-4ec778dc-e914-4e40-8ffe-44a8170624c8 service neutron] Ignoring state change previous_port_status: DOWN current_port_status: DOWN port_id a2b15213-cff0-480b-90c2-bca0b327197d {{(pid=103622) record_port_status_changed /opt/stack/neutron/neutron/notifiers/nova.py:233}}
Mar 14 14:30:47.544596 dv-cinder-790535-28-iscsi neutron-server[103622]: DEBUG neutron.pecan_wsgi.hooks.policy_enforcement [req-b5048e87-3d9b-4e85-9278-b4c2efebeb00 req-7e67c898-285e-4101-aa35-33eb5ac986c4 service neutron] Attributes excluded by policy engine: ['standard_attr_id'] {{(pid=103622) _exclude_attributes_by_policy /opt/stack/neutron/neutron/pecan_wsgi/hooks/policy_enforcement.py:255}}
Mar 14 14:30:47.545235 dv-cinder-790535-28-iscsi neutron-server[103622]: DEBUG neutron_lib.callbacks.manager [req-b5048e87-3d9b-4e85-9278-b4c2efebeb00 req-7e67c898-285e-4101-aa35-33eb5ac986c4 service neutron] Publish callbacks ['neutron.notifiers.nova.Notifier._send_nova_notification-75730', 'neutron.api.rpc.agentnotifiers.dhcp_rpc_agent_api.DhcpAgentNotifyAPI._send_dhcp_notification-565471'] for port (None), before_response {{(pid=103622) _notify_loop /usr/local/lib/python3.8/dist-packages/neutron_lib/callbacks/manager.py:176}}
Mar 14 14:30:47.547545 dv-cinder-790535-28-iscsi neutron-server[103622]: INFO neutron.wsgi [req-b5048e87-3d9b-4e85-9278-b4c2efebeb00 req-7e67c898-285e-4101-aa35-33eb5ac986c4 service neutron] 10.222.0.53 "PUT /v2.0/ports/61188475-4d2d-47b9-a978-95b60e7ae27e HTTP/1.1" status: 200 len: 1094 time: 3.7916036
Mar 14 14:30:47.553225 dv-cinder-790535-28-iscsi neutron-server[103622]: DEBUG neutron_lib.callbacks.manager [req-3196b26b-d2a8-4276-a6e8-68b75c61b12c req-4ec778dc-e914-4e40-8ffe-44a8170624c8 service neutron] Publish callbacks [] for port (a2b15213-cff0-480b-90c2-bca0b327197d), precommit_update {{(pid=103622) _notify_loop /usr/local/lib/python3.8/dist-packages/neutron_lib/callbacks/manager.py:176}}
Mar 14 14:30:47.573422 dv-cinder-790535-28-iscsi neutron-server[103622]: DEBUG neutron.db.provisioning_blocks [req-3196b26b-d2a8-4276-a6e8-68b75c61b12c req-4ec778dc-e914-4e40-8ffe-44a8170624c8 service neutron] Transition to ACTIVE for port object a2b15213-cff0-480b-90c2-bca0b327197d will not be triggered until provisioned by entity L2. {{(pid=103622) add_provisioning_component /opt/stack/neutron/neutron/db/provisioning_blocks.py:74}}
Mar 14 14:30:47.574323 dv-cinder-790535-28-iscsi neutron-server[103622]: DEBUG neutron.notifiers.nova [-] Sending events: [{'name': 'network-changed', 'server_uuid': 'a391d343-c4df-4f81-852c-93a877b35ee4', 'tag': '61188475-4d2d-47b9-a978-95b60e7ae27e'}] {{(pid=103622) send_events /opt/stack/neutron/neutron/notifiers/nova.py:271}}
Mar 14 14:30:47.576942 dv-cinder-790535-28-iscsi neutron-server[103622]: DEBUG novaclient.v2.client [-] REQ: curl -g -i --cacert "/opt/stack/data/ca-bundle.pem" -X POST http://10.222.0.30/compute/v2.1/os-server-external-events -H "Accept: application/json" -H "Content-Type: application/json" -H "User-Agent: python-novaclient" -H "X-Auth-Token: {SHA256}d5027662686dc359b09eab412db4e73ae0f8beafbb860cdb65e3f9ac44904bad" -H "X-OpenStack-Nova-API-Version: 2.1" -H "X-OpenStack-Request-ID: req-0b33d9b6-1581-4f9d-aefd-1ce588ac6bb6" -d '{"events": [{"name": "network-changed", "server_uuid": "a391d343-c4df-4f81-852c-93a877b35ee4", "tag": "61188475-4d2d-47b9-a978-95b60e7ae27e"}]}' {{(pid=103622) _http_log_request /usr/local/lib/python3.8/dist-packages/keystoneauth1/session.py:519}}
Mar 14 14:30:47.659914 dv-cinder-790535-28-iscsi neutron-server[103622]: DEBUG neutron.api.rpc.handlers.resources_rpc [None req-7e67c898-285e-4101-aa35-33eb5ac986c4 service neutron] Pushing event updated for resources: {'Port': ['ID=61188475-4d2d-47b9-a978-95b60e7ae27e,revision_number=3']} {{(pid=103622) push /opt/stack/neutron/neutron/api/rpc/handlers/resources_rpc.py:237}}
Mar 14 14:30:47.712475 dv-cinder-790535-28-iscsi neutron-server[103623]: DEBUG neutron_lib.callbacks.manager [None req-4ea0cb36-79f1-457c-92e4-687ba993ea25 admin admin] Publish callbacks [] for security_group (f9b9ab7f-39a8-44a3-b21e-bac554c155a9), precommit_create {{(pid=103623) _notify_loop /usr/local/lib/python3.8/dist-packages/neutron_lib/callbacks/manager.py:176}}
Mar 14 14:30:47.717352 dv-cinder-790535-28-iscsi neutron-server[103623]: INFO neutron.wsgi [req-44ee57a5-5b06-4f31-a656-c6f4d6d5293e req-7a08392e-04af-4827-b563-be3525098f08 service neutron] 10.222.0.53 "GET /v2.0/floatingips?fixed_ip_address=172.20.0.7&port_id=9a4135bd-8f17-40d3-9692-d78aaac56042 HTTP/1.1" status: 200 len: 217 time: 0.1987817
Mar 14 14:30:47.724449 dv-cinder-790535-28-iscsi neutron-server[103622]: DEBUG neutron.plugins.ml2.managers [req-c477d4b2-73b1-451a-9cdb-34e918ac7234 req-711ecaf6-3015-4928-ba60-b839acddf987 service neutron] Attempting to bind port a8c223b1-6ef7-4267-875e-fd15abcc9436 on host hv-cinder-79053 for vnic_type normal with profile {{(pid=103622) bind_port /opt/stack/neutron/neutron/plugins/ml2/managers.py:795}}
Mar 14 14:30:47.725174 dv-cinder-790535-28-iscsi neutron-server[103622]: DEBUG neutron.plugins.ml2.managers [req-c477d4b2-73b1-451a-9cdb-34e918ac7234 req-711ecaf6-3015-4928-ba60-b839acddf987 service neutron] Attempting to bind port a8c223b1-6ef7-4267-875e-fd15abcc9436 by drivers openvswitch,hyperv on host hv-cinder-79053 at level 0 using segments [{'id': '32d16234-1423-4456-8bad-ccfe0a3e14fe', 'network_type': 'vlan', 'physical_network': 'physnet1', 'segmentation_id': 548, 'network_id': 'eed5ed98-289d-4322-96d2-6a3965cac58b'}] {{(pid=103622) _bind_port_level /opt/stack/neutron/neutron/plugins/ml2/managers.py:820}}
Mar 14 14:30:47.725740 dv-cinder-790535-28-iscsi neutron-server[103622]: DEBUG neutron.plugins.ml2.drivers.mech_agent [req-c477d4b2-73b1-451a-9cdb-34e918ac7234 req-711ecaf6-3015-4928-ba60-b839acddf987 service neutron] Attempting to bind port a8c223b1-6ef7-4267-875e-fd15abcc9436 on network eed5ed98-289d-4322-96d2-6a3965cac58b {{(pid=103622) bind_port /opt/stack/neutron/neutron/plugins/ml2/drivers/mech_agent.py:91}}
Mar 14 14:30:47.736255 dv-cinder-790535-28-iscsi neutron-server[103622]: DEBUG neutron.plugins.ml2.drivers.mech_agent [req-c477d4b2-73b1-451a-9cdb-34e918ac7234 req-711ecaf6-3015-4928-ba60-b839acddf987 service neutron] Port a8c223b1-6ef7-4267-875e-fd15abcc9436 on network eed5ed98-289d-4322-96d2-6a3965cac58b not bound, no agent of type Open vSwitch agent registered on host hv-cinder-79053 {{(pid=103622) bind_port /opt/stack/neutron/neutron/plugins/ml2/drivers/mech_agent.py:103}}
Mar 14 14:30:47.740326 dv-cinder-790535-28-iscsi neutron-server[103622]: DEBUG neutron.plugins.ml2.drivers.mech_agent [req-c477d4b2-73b1-451a-9cdb-34e918ac7234 req-711ecaf6-3015-4928-ba60-b839acddf987 service neutron] Attempting to bind port a8c223b1-6ef7-4267-875e-fd15abcc9436 on network eed5ed98-289d-4322-96d2-6a3965cac58b {{(pid=103622) bind_port /opt/stack/neutron/neutron/plugins/ml2/drivers/mech_agent.py:91}}
Mar 14 14:30:47.750351 dv-cinder-790535-28-iscsi neutron-server[103622]: DEBUG neutron_lib.callbacks.manager [req-3196b26b-d2a8-4276-a6e8-68b75c61b12c req-4ec778dc-e914-4e40-8ffe-44a8170624c8 service neutron] Publish callbacks ['neutron.plugins.ml2.plugin.SecurityGroupServerNotifierRpcMixin._notify_sg_on_port_change-3705217', 'neutron.plugins.ml2.ovo_rpc._ObjectChangeHandler.handle_event-982503', 'neutron.api.rpc.agentnotifiers.dhcp_rpc_agent_api.DhcpAgentNotifyAPI._native_event_send_dhcp_notification-565441', 'neutron.db.l3_db.L3RpcNotifierMixin._notify_gateway_port_ip_changed-8783327377511', 'neutron.db.l3_dvrscheduler_db._notify_l3_agent_port_update-8783326808495', 'neutron.db.l3_hascheduler_db._notify_l3_agent_ha_port_update-8783326808513'] for port (a2b15213-cff0-480b-90c2-bca0b327197d), after_update {{(pid=103622) _notify_loop /usr/local/lib/python3.8/dist-packages/neutron_lib/callbacks/manager.py:176}}
Mar 14 14:30:47.764201 dv-cinder-790535-28-iscsi neutron-server[103623]: DEBUG novaclient.v2.client [-] RESP: [200] Connection: close Content-Length: 179 Content-Type: application/json Date: Mon, 14 Mar 2022 14:30:46 GMT OpenStack-API-Version: compute 2.1 Server: Apache/2.4.41 (Ubuntu) Vary: OpenStack-API-Version,X-OpenStack-Nova-API-Version X-OpenStack-Nova-API-Version: 2.1 x-compute-request-id: req-25e3c5f6-ee0f-4233-b669-e470ef2597f0 x-openstack-request-id: req-25e3c5f6-ee0f-4233-b669-e470ef2597f0 {{(pid=103623) _http_log_response /usr/local/lib/python3.8/dist-packages/keystoneauth1/session.py:550}}
Mar 14 14:30:47.764839 dv-cinder-790535-28-iscsi neutron-server[103623]: DEBUG novaclient.v2.client [-] RESP BODY: {"events": [{"name": "network-changed", "server_uuid": "f3f4bdea-fecb-4bf6-8f43-f20187ce8966", "tag": "8976d53e-4967-4afc-ae45-2583fc9c7810", "status": "completed", "code": 200}]} {{(pid=103623) _http_log_response /usr/local/lib/python3.8/dist-packages/keystoneauth1/session.py:582}}
Mar 14 14:30:47.765421 dv-cinder-790535-28-iscsi neutron-server[103623]: DEBUG novaclient.v2.client [-] POST call to compute for http://10.222.0.30/compute/v2.1/os-server-external-events used request id req-25e3c5f6-ee0f-4233-b669-e470ef2597f0 {{(pid=103623) request /usr/local/lib/python3.8/dist-packages/keystoneauth1/session.py:954}}
Mar 14 14:30:47.766261 dv-cinder-790535-28-iscsi neutron-server[103623]: INFO neutron.notifiers.nova [-] Nova event response: {'name': 'network-changed', 'server_uuid': 'f3f4bdea-fecb-4bf6-8f43-f20187ce8966', 'tag': '8976d53e-4967-4afc-ae45-2583fc9c7810', 'status': 'completed', 'code': 200}
Mar 14 14:30:47.812461 dv-cinder-790535-28-iscsi neutron-server[103623]: DEBUG neutron.pecan_wsgi.hooks.policy_enforcement [req-156e09d8-18f3-4017-8f4e-f636bfc0b635 req-2a3e2d6f-4935-4173-9725-4862bf21b01a service neutron] Attributes excluded by policy engine: ['standard_attr_id', 'shared'] {{(pid=103623) _exclude_attributes_by_policy /opt/stack/neutron/neutron/pecan_wsgi/hooks/policy_enforcement.py:255}}
Mar 14 14:30:47.814666 dv-cinder-790535-28-iscsi neutron-server[103623]: INFO neutron.wsgi [req-156e09d8-18f3-4017-8f4e-f636bfc0b635 req-2a3e2d6f-4935-4173-9725-4862bf21b01a service neutron] 10.222.0.53 "GET /v2.0/subnets?id=b7b35dcc-5c95-488b-88c3-c2f5bfeda88b HTTP/1.1" status: 200 len: 853 time: 0.2963843
Mar 14 14:30:47.834431 dv-cinder-790535-28-iscsi neutron-server[103622]: DEBUG neutron.plugins.ml2.drivers.mech_agent [req-c477d4b2-73b1-451a-9cdb-34e918ac7234 req-711ecaf6-3015-4928-ba60-b839acddf987 service neutron] Checking agent: {'id': '5470b19e-42a6-405f-bc3a-727cc5708ae7', 'agent_type': 'HyperV agent', 'binary': 'neutron-hyperv-agent', 'topic': 'N/A', 'host': 'hv-cinder-79053', 'admin_state_up': True, 'created_at': datetime.datetime(2022, 3, 14, 14, 27, 46), 'started_at': datetime.datetime(2022, 3, 14, 14, 27, 46), 'heartbeat_timestamp': datetime.datetime(2022, 3, 14, 14, 30, 47), 'description': None, 'resources_synced': None, 'availability_zone': None, 'alive': True, 'configurations': {'vswitch_mappings': {'physnet1$': 'br-data'}}, 'resource_versions': {}} {{(pid=103622) bind_port /opt/stack/neutron/neutron/plugins/ml2/drivers/mech_agent.py:110}}
Mar 14 14:30:47.835156 dv-cinder-790535-28-iscsi neutron-server[103622]: DEBUG neutron.plugins.ml2.drivers.mech_agent [req-c477d4b2-73b1-451a-9cdb-34e918ac7234 req-711ecaf6-3015-4928-ba60-b839acddf987 service neutron] Checking segment: {'id': '32d16234-1423-4456-8bad-ccfe0a3e14fe', 'network_type': 'vlan', 'physical_network': 'physnet1', 'segmentation_id': 548, 'network_id': 'eed5ed98-289d-4322-96d2-6a3965cac58b'} for mappings: {'physnet1$': 'br-data'} with network types: ['local', 'flat', 'vlan'] {{(pid=103622) check_segment_for_agent /opt/stack/neutron/neutron/plugins/ml2/drivers/mech_agent.py:373}}
Mar 14 14:30:47.835932 dv-cinder-790535-28-iscsi neutron-server[103622]: DEBUG neutron.plugins.ml2.drivers.mech_agent [req-c477d4b2-73b1-451a-9cdb-34e918ac7234 req-711ecaf6-3015-4928-ba60-b839acddf987 service neutron] Bound using segment: {'id': '32d16234-1423-4456-8bad-ccfe0a3e14fe', 'network_type': 'vlan', 'physical_network': 'physnet1', 'segmentation_id': 548, 'network_id': 'eed5ed98-289d-4322-96d2-6a3965cac58b'} {{(pid=103622) bind_port /opt/stack/neutron/neutron/plugins/ml2/drivers/mech_agent.py:120}}
Mar 14 14:30:47.836890 dv-cinder-790535-28-iscsi neutron-server[103622]: DEBUG neutron.plugins.ml2.managers [req-c477d4b2-73b1-451a-9cdb-34e918ac7234 req-711ecaf6-3015-4928-ba60-b839acddf987 service neutron] Bound port: a8c223b1-6ef7-4267-875e-fd15abcc9436, host: hv-cinder-79053, vif_type: hyperv, vif_details: {"connectivity": "legacy", "port_filter": false}, binding_levels: [{'bound_driver': 'hyperv', 'bound_segment': {'id': '32d16234-1423-4456-8bad-ccfe0a3e14fe', 'network_type': 'vlan', 'physical_network': 'physnet1', 'segmentation_id': 548, 'network_id': 'eed5ed98-289d-4322-96d2-6a3965cac58b'}}] {{(pid=103622) _bind_port_level /opt/stack/neutron/neutron/plugins/ml2/managers.py:932}}
Mar 14 14:30:47.837624 dv-cinder-790535-28-iscsi neutron-server[103622]: DEBUG neutron_lib.callbacks.manager [req-c477d4b2-73b1-451a-9cdb-34e918ac7234 req-711ecaf6-3015-4928-ba60-b839acddf987 service neutron] Publish callbacks ['neutron.plugins.ml2.plugin.SecurityGroupDbMixin._ensure_default_security_group_handler-4173361'] for port (a8c223b1-6ef7-4267-875e-fd15abcc9436), before_update {{(pid=103622) _notify_loop /usr/local/lib/python3.8/dist-packages/neutron_lib/callbacks/manager.py:176}}
