Mar 03 20:35:40.789602 dv-cinder-790535-27-iscsi neutron-server[103181]: DEBUG neutron.db.l3_hamode_db [None req-5f71d16b-dfaf-4beb-85e9-82de6d1b39ea None None] neutron.services.l3_router.l3_router_plugin.L3RouterPlugin method _process_sync_ha_data called with arguments (, [{'id': '2ed3278a-7f51-4463-a31d-3496e41faeb0', 'name': 'tempest-AttachVolumeShelveTestJSON-1918589167-router', 'tenant_id': '5e4ff5e032a94c54b459a1e3075e9e10', 'admin_state_up': True, 'status': 'ACTIVE', 'external_gateway_info': {'network_id': 'c63d0fa3-fa4c-4dda-82bd-8dad13105519', 'external_fixed_ips': [{'subnet_id': 'ffab4e3b-eac0-46f0-9aa4-c210cfa3b06c', 'ip_address': '172.27.0.70'}], 'enable_snat': True}, 'gw_port_id': '4447f811-8e51-4531-9c0d-3da125a73dae', 'description': '', 'availability_zones': ['nova'], 'distributed': False, 'ha': False, 'ha_vr_id': 0, 'availability_zone_hints': [], 'routes': [], 'flavor_id': None, 'tags': [], 'created_at': '2022-03-03T20:34:47Z', 'updated_at': '2022-03-03T20:35:07Z', 'revision_number': 4, 'project_id': '5e4ff5e032a94c54b459a1e3075e9e10', 'gw_port': {'id': '4447f811-8e51-4531-9c0d-3da125a73dae', 'name': '', 'network_id': 'c63d0fa3-fa4c-4dda-82bd-8dad13105519', 'tenant_id': '', 'mac_address': 'fa:16:3e:52:fb:8a', 'admin_state_up': True, 'status': 'ACTIVE', 'device_id': '2ed3278a-7f51-4463-a31d-3496e41faeb0', 'device_owner': 'network:router_gateway', 'standard_attr_id': 88, 'fixed_ips': [{'subnet_id': 'ffab4e3b-eac0-46f0-9aa4-c210cfa3b06c', 'ip_address': '172.27.0.70', 'prefixlen': 24}], 'allowed_address_pairs': [], 'extra_dhcp_opts': [], 'security_groups': [], 'description': '', 'binding:vnic_type': 'normal', 'binding:profile': {}, 'binding:host_id': 'dv-cinder-790535-27-iscsi', 'binding:vif_type': 'ovs', 'binding:vif_details': {'connectivity': 'l2', 'port_filter': True, 'ovs_hybrid_plug': False, 'datapath_type': 'system', 'bridge_name': 'br-int', 'bound_drivers': {'0': 'openvswitch'}}, 'port_security_enabled': False, 'tags': [], 'created_at': '2022-03-03T20:34:49Z', 'updated_at': '2022-03-03T20:35:03Z', 'revision_number': 4, 'project_id': '', 'subnets': [{'id': 'ffab4e3b-eac0-46f0-9aa4-c210cfa3b06c', 'cidr': '172.27.0.0/24', 'gateway_ip': '172.27.0.1', 'dns_nameservers': [], 'ipv6_ra_mode': None, 'subnetpool_id': None}], 'extra_subnets': [], 'address_scopes': {4: None, 6: None}, 'mtu': 1500}, 'enable_snat': True, 'gw_port_host': 'dv-cinder-790535-27-iscsi', '_floatingips': [{'id': '2268bfc2-6f37-443f-a4aa-09439c2ccef1', 'tenant_id': '5e4ff5e032a94c54b459a1e3075e9e10', 'floating_ip_address': '172.27.0.2', 'floating_network_id': 'c63d0fa3-fa4c-4dda-82bd-8dad13105519', 'router_id': '2ed3278a-7f51-4463-a31d-3496e41faeb0', 'port_id': '760860bd-eb3d-40cd-a289-ae5fd118131a', 'fixed_ip_address': '172.20.0.11', 'status': 'DOWN', 'standard_attr_id': 159, 'description': '', 'qos_policy_id': None, 'qos_network_policy_id': None, 'port_details': {'name': '', 'network_id': '0ba510b0-0545-4e6b-ac7f-60a203df3351', 'mac_address': 'fa:16:3e:3b:0b:9d', 'admin_state_up': True, 'status': 'ACTIVE', 'device_id': '8aae73f1-20bb-4c3e-8f38-ad789184344a', 'device_owner': 'compute:nova'}, 'dns_domain': '', 'dns_name': '', 'tags': [], 'created_at': '2022-03-03T20:35:16Z', 'updated_at': '2022-03-03T20:35:38Z', 'revision_number': 1, 'project_id': '5e4ff5e032a94c54b459a1e3075e9e10', 'fixed_ip_address_scope': None}], '_interfaces': [{'id': 'd7092383-7c57-4a43-b89c-3cf385e6b888', 'name': '', 'network_id': '0ba510b0-0545-4e6b-ac7f-60a203df3351', 'tenant_id': '5e4ff5e032a94c54b459a1e3075e9e10', 'mac_address': 'fa:16:3e:37:53:1a', 'admin_state_up': True, 'status': 'ACTIVE', 'device_id': '2ed3278a-7f51-4463-a31d-3496e41faeb0', 'device_owner': 'network:router_interface', 'standard_attr_id': 113, 'fixed_ips': [{'subnet_id': '1fdbc09d-ba7e-44d4-ba4b-42ca9c1f6b79', 'ip_address': '172.20.0.1', 'prefixlen': 28}], 'allowed_address_pairs': [], 'extra_dhcp_opts': [], 'security_groups': [], 'description': '', 'binding:vnic_type': 'normal', 'binding:profile': {}, 'binding:host_id': 'dv-cinder-790535-27-iscsi', 'binding:vif_type': 'ovs', 'binding:vif_details': {'connectivity': 'l2', 'port_filter': True, 'ovs_hybrid_plug': False, 'datapath_type': 'system', 'bridge_name': 'br-int', 'bound_drivers': {'0': 'openvswitch'}}, 'port_security_enabled': False, 'tags': [], 'created_at': '2022-03-03T20:35:02Z', 'updated_at': '2022-03-03T20:35:12Z', 'revision_number': 5, 'project_id': '5e4ff5e032a94c54b459a1e3075e9e10', 'subnets': [{'id': '1fdbc09d-ba7e-44d4-ba4b-42ca9c1f6b79', 'cidr': '172.20.0.0/28', 'gateway_ip': '172.20.0.1', 'dns_nameservers': [], 'ipv6_ra_mode': None, 'subnetpool_id': None}], 'extra_subnets': [], 'address_scopes': {4: None, 6: None}, 'mtu': 1500}]}], 'dv-cinder-790535-27-iscsi', False) {} {{(pid=103181) wrapper /usr/local/lib/python3.8/dist-packages/oslo_log/helpers.py:65}}
Mar 03 20:35:40.849517 dv-cinder-790535-27-iscsi neutron-server[103181]: DEBUG neutron.api.rpc.handlers.l3_rpc [None req-5f71d16b-dfaf-4beb-85e9-82de6d1b39ea None None] The sync data for ids ['2ed3278a-7f51-4463-a31d-3496e41faeb0'] in dv-cinder-790535-27-iscsi is: [{'id': '2ed3278a-7f51-4463-a31d-3496e41faeb0', 'name': 'tempest-AttachVolumeShelveTestJSON-1918589167-router', 'tenant_id': '5e4ff5e032a94c54b459a1e3075e9e10', 'admin_state_up': True, 'status': 'ACTIVE', 'external_gateway_info': {'network_id': 'c63d0fa3-fa4c-4dda-82bd-8dad13105519', 'external_fixed_ips': [{'subnet_id': 'ffab4e3b-eac0-46f0-9aa4-c210cfa3b06c', 'ip_address': '172.27.0.70'}], 'enable_snat': True}, 'gw_port_id': '4447f811-8e51-4531-9c0d-3da125a73dae', 'description': '', 'availability_zones': ['nova'], 'distributed': False, 'ha': False, 'ha_vr_id': 0, 'availability_zone_hints': [], 'routes': [], 'flavor_id': None, 'tags': [], 'created_at': '2022-03-03T20:34:47Z', 'updated_at': '2022-03-03T20:35:07Z', 'revision_number': 4, 'project_id': '5e4ff5e032a94c54b459a1e3075e9e10', 'gw_port': {'id': '4447f811-8e51-4531-9c0d-3da125a73dae', 'name': '', 'network_id': 'c63d0fa3-fa4c-4dda-82bd-8dad13105519', 'tenant_id': '', 'mac_address': 'fa:16:3e:52:fb:8a', 'admin_state_up': True, 'status': 'ACTIVE', 'device_id': '2ed3278a-7f51-4463-a31d-3496e41faeb0', 'device_owner': 'network:router_gateway', 'standard_attr_id': 88, 'fixed_ips': [{'subnet_id': 'ffab4e3b-eac0-46f0-9aa4-c210cfa3b06c', 'ip_address': '172.27.0.70', 'prefixlen': 24}], 'allowed_address_pairs': [], 'extra_dhcp_opts': [], 'security_groups': [], 'description': '', 'binding:vnic_type': 'normal', 'binding:profile': {}, 'binding:host_id': 'dv-cinder-790535-27-iscsi', 'binding:vif_type': 'ovs', 'binding:vif_details': {'connectivity': 'l2', 'port_filter': True, 'ovs_hybrid_plug': False, 'datapath_type': 'system', 'bridge_name': 'br-int', 'bound_drivers': {'0': 'openvswitch'}}, 'port_security_enabled': False, 'tags': [], 'created_at': '2022-03-03T20:34:49Z', 'updated_at': '2022-03-03T20:35:03Z', 'revision_number': 4, 'project_id': '', 'subnets': [{'id': 'ffab4e3b-eac0-46f0-9aa4-c210cfa3b06c', 'cidr': '172.27.0.0/24', 'gateway_ip': '172.27.0.1', 'dns_nameservers': [], 'ipv6_ra_mode': None, 'subnetpool_id': None}], 'extra_subnets': [], 'address_scopes': {4: None, 6: None}, 'mtu': 1500}, 'enable_snat': True, 'gw_port_host': 'dv-cinder-790535-27-iscsi', '_floatingips': [{'id': '2268bfc2-6f37-443f-a4aa-09439c2ccef1', 'tenant_id': '5e4ff5e032a94c54b459a1e3075e9e10', 'floating_ip_address': '172.27.0.2', 'floating_network_id': 'c63d0fa3-fa4c-4dda-82bd-8dad13105519', 'router_id': '2ed3278a-7f51-4463-a31d-3496e41faeb0', 'port_id': '760860bd-eb3d-40cd-a289-ae5fd118131a', 'fixed_ip_address': '172.20.0.11', 'status': 'DOWN', 'standard_attr_id': 159, 'description': '', 'qos_policy_id': None, 'qos_network_policy_id': None, 'port_details': {'name': '', 'network_id': '0ba510b0-0545-4e6b-ac7f-60a203df3351', 'mac_address': 'fa:16:3e:3b:0b:9d', 'admin_state_up': True, 'status': 'ACTIVE', 'device_id': '8aae73f1-20bb-4c3e-8f38-ad789184344a', 'device_owner': 'compute:nova'}, 'dns_domain': '', 'dns_name': '', 'tags': [], 'created_at': '2022-03-03T20:35:16Z', 'updated_at': '2022-03-03T20:35:38Z', 'revision_number': 1, 'project_id': '5e4ff5e032a94c54b459a1e3075e9e10', 'fixed_ip_address_scope': None}], '_interfaces': [{'id': 'd7092383-7c57-4a43-b89c-3cf385e6b888', 'name': '', 'network_id': '0ba510b0-0545-4e6b-ac7f-60a203df3351', 'tenant_id': '5e4ff5e032a94c54b459a1e3075e9e10', 'mac_address': 'fa:16:3e:37:53:1a', 'admin_state_up': True, 'status': 'ACTIVE', 'device_id': '2ed3278a-7f51-4463-a31d-3496e41faeb0', 'device_owner': 'network:router_interface', 'standard_attr_id': 113, 'fixed_ips': [{'subnet_id': '1fdbc09d-ba7e-44d4-ba4b-42ca9c1f6b79', 'ip_address': '172.20.0.1', 'prefixlen': 28}], 'allowed_address_pairs': [], 'extra_dhcp_opts': [], 'security_groups': [], 'description': '', 'binding:vnic_type': 'normal', 'binding:profile': {}, 'binding:host_id': 'dv-cinder-790535-27-iscsi', 'binding:vif_type': 'ovs', 'binding:vif_details': {'connectivity': 'l2', 'port_filter': True, 'ovs_hybrid_plug': False, 'datapath_type': 'system', 'bridge_name': 'br-int', 'bound_drivers': {'0': 'openvswitch'}}, 'port_security_enabled': False, 'tags': [], 'created_at': '2022-03-03T20:35:02Z', 'updated_at': '2022-03-03T20:35:12Z', 'revision_number': 5, 'project_id': '5e4ff5e032a94c54b459a1e3075e9e10', 'subnets': [{'id': '1fdbc09d-ba7e-44d4-ba4b-42ca9c1f6b79', 'cidr': '172.20.0.0/28', 'gateway_ip': '172.20.0.1', 'dns_nameservers': [], 'ipv6_ra_mode': None, 'subnetpool_id': None}], 'extra_subnets': [], 'address_scopes': {4: None, 6: None}, 'mtu': 1500}]}] {{(pid=103181) sync_routers /opt/stack/neutron/neutron/api/rpc/handlers/l3_rpc.py:137}}
Mar 03 20:35:40.856401 dv-cinder-790535-27-iscsi neutron-server[103179]: DEBUG neutron.pecan_wsgi.hooks.policy_enforcement [req-8377c354-e0e3-486a-b3bd-aafde42b8602 req-c037b9a9-b54f-4c04-b5c2-49e0afb3d9bf tempest-DeleteServersTestJSON-1263743456 tempest-DeleteServersTestJSON-1263743456-project] Attributes excluded by policy engine: ['standard_attr_id', 'binding:profile', 'binding:host_id', 'binding:vif_type', 'binding:vif_details'] {{(pid=103179) _exclude_attributes_by_policy /opt/stack/neutron/neutron/pecan_wsgi/hooks/policy_enforcement.py:255}}
Mar 03 20:35:40.857990 dv-cinder-790535-27-iscsi neutron-server[103179]: INFO neutron.wsgi [req-8377c354-e0e3-486a-b3bd-aafde42b8602 req-c037b9a9-b54f-4c04-b5c2-49e0afb3d9bf tempest-DeleteServersTestJSON-1263743456 tempest-DeleteServersTestJSON-1263743456-project] 10.222.0.36 "GET /v2.0/ports?device_id=93b8a42d-a2dc-4dce-99e9-d6a458bd557d HTTP/1.1" status: 200 len: 945 time: 0.3764799
Mar 03 20:35:40.866438 dv-cinder-790535-27-iscsi neutron-server[103179]: DEBUG neutron.pecan_wsgi.hooks.policy_enforcement [req-052a64d2-f325-4954-b29b-9d2107426197 req-78ae341e-c68f-480f-9c0b-00797e6412b9 tempest-VolumesNegativeTest-1374561112 tempest-VolumesNegativeTest-1374561112-project] Attributes excluded by policy engine: ['standard_attr_id', 'vlan_transparent', 'provider:network_type', 'provider:physical_network', 'provider:segmentation_id'] {{(pid=103179) _exclude_attributes_by_policy /opt/stack/neutron/neutron/pecan_wsgi/hooks/policy_enforcement.py:255}}
Mar 03 20:35:40.868109 dv-cinder-790535-27-iscsi neutron-server[103179]: INFO neutron.wsgi [req-052a64d2-f325-4954-b29b-9d2107426197 req-78ae341e-c68f-480f-9c0b-00797e6412b9 tempest-VolumesNegativeTest-1374561112 tempest-VolumesNegativeTest-1374561112-project] 10.222.0.26 "GET /v2.0/networks?shared=True HTTP/1.1" status: 200 len: 769 time: 0.5642385
Mar 03 20:35:40.896337 dv-cinder-790535-27-iscsi neutron-server[103179]: DEBUG neutron.api.v2.base [req-052a64d2-f325-4954-b29b-9d2107426197 req-79b7a2e3-878f-4bea-88bd-0f6fdaf94828 tempest-VolumesNegativeTest-1374561112 tempest-VolumesNegativeTest-1374561112-project] Request body: {'port': {'device_id': '917a3035-5169-46fb-8af5-e35d92584797', 'network_id': '1c804cb0-018d-4e1b-825b-490786a4dfa2', 'admin_state_up': True, 'tenant_id': '124bf8629aea467aa4ad08d9ac121c4a'}} {{(pid=103179) prepare_request_body /opt/stack/neutron/neutron/api/v2/base.py:729}}
Mar 03 20:35:40.901529 dv-cinder-790535-27-iscsi neutron-server[103181]: DEBUG neutron.db.agents_db [None req-8155993e-da6c-44d4-91f9-175f7fa5080c None None] Agent healthcheck: found 6 active agents {{(pid=103181) agent_health_check /opt/stack/neutron/neutron/db/agents_db.py:317}}
Mar 03 20:35:40.923547 dv-cinder-790535-27-iscsi neutron-server[103178]: DEBUG neutron_lib.callbacks.manager [req-5e86298a-7978-49c5-823c-98bd6217b798 req-2c64cae3-b0e2-4c0f-98b9-c70784935f32 tempest-DeleteServersTestJSON-1263743456 tempest-DeleteServersTestJSON-1263743456-project] Publish callbacks ['neutron.plugins.ml2.plugin.SecurityGroupServerNotifierRpcMixin._notify_sg_on_port_change-1392556', 'neutron.plugins.ml2.ovo_rpc._ObjectChangeHandler.handle_event-162328', 'neutron.api.rpc.agentnotifiers.dhcp_rpc_agent_api.DhcpAgentNotifyAPI._native_event_send_dhcp_notification-649716', 'neutron.db.l3_db.L3RpcNotifierMixin._notify_routers_callback-8741767252188', 'neutron.db.l3_dvrscheduler_db._notify_port_delete-8741766712046'] for port (50715d12-6bbe-411d-a634-3b742e24ee97), after_delete {{(pid=103178) _notify_loop /usr/local/lib/python3.8/dist-packages/neutron_lib/callbacks/manager.py:176}}
Mar 03 20:35:40.942245 dv-cinder-790535-27-iscsi neutron-server[103180]: DEBUG neutron.plugins.ml2.db [None req-15a75fcd-9acc-4121-b76b-afd8ba54cd6f None None] get_ports_and_sgs() called for port_ids ['50715d12-6bbe-411d-a634-3b742e24ee97'] {{(pid=103180) get_ports_and_sgs /opt/stack/neutron/neutron/plugins/ml2/db.py:156}}
Mar 03 20:35:40.985367 dv-cinder-790535-27-iscsi neutron-server[103178]: DEBUG neutron.api.rpc.handlers.resources_rpc [None req-2c64cae3-b0e2-4c0f-98b9-c70784935f32 tempest-DeleteServersTestJSON-1263743456 tempest-DeleteServersTestJSON-1263743456-project] Pushing event deleted for resources: {'Port': ['ID=50715d12-6bbe-411d-a634-3b742e24ee97,revision_number=None']} {{(pid=103178) push /opt/stack/neutron/neutron/api/rpc/handlers/resources_rpc.py:237}}
Mar 03 20:35:41.014786 dv-cinder-790535-27-iscsi neutron-server[103179]: INFO neutron.wsgi [req-0cbc3b4b-5c5a-4038-9d10-678134156824 req-b73a1b05-5c3e-4fa5-aec8-3b862b5e516b service neutron] 10.222.0.26 "GET /v2.0/networks/0ba510b0-0545-4e6b-ac7f-60a203df3351?fields=provider%3Aphysical_network&fields=provider%3Anetwork_type HTTP/1.1" status: 200 len: 281 time: 0.2725165
Mar 03 20:35:41.022839 dv-cinder-790535-27-iscsi neutron-server[103179]: INFO neutron.wsgi [req-8377c354-e0e3-486a-b3bd-aafde42b8602 req-16745f04-843e-423e-9801-e99417824dad tempest-DeleteServersTestJSON-1263743456 tempest-DeleteServersTestJSON-1263743456-project] 10.222.0.36 "GET /v2.0/security-groups?id=446aa432-53f7-4d4d-b5ee-50fc0870aca1&fields=id&fields=name HTTP/1.1" status: 200 len: 286 time: 0.1452477
Mar 03 20:35:41.069589 dv-cinder-790535-27-iscsi neutron-server[103178]: DEBUG neutron.db.l3_dvrscheduler_db [req-5e86298a-7978-49c5-823c-98bd6217b798 req-2c64cae3-b0e2-4c0f-98b9-c70784935f32 tempest-DeleteServersTestJSON-1263743456 tempest-DeleteServersTestJSON-1263743456-project] No DVR routers for this DVR port 50715d12-6bbe-411d-a634-3b742e24ee97 on host hv-cinder-79053 {{(pid=103178) get_dvr_routers_to_remove /opt/stack/neutron/neutron/db/l3_dvrscheduler_db.py:214}}
Mar 03 20:35:41.073906 dv-cinder-790535-27-iscsi neutron-server[103178]: DEBUG neutron_lib.callbacks.manager [req-5e86298a-7978-49c5-823c-98bd6217b798 req-2c64cae3-b0e2-4c0f-98b9-c70784935f32 tempest-DeleteServersTestJSON-1263743456 tempest-DeleteServersTestJSON-1263743456-project] Publish callbacks ['neutron.notifiers.nova.Notifier._send_nova_notification-80658'] for port (None), before_response {{(pid=103178) _notify_loop /usr/local/lib/python3.8/dist-packages/neutron_lib/callbacks/manager.py:176}}
Mar 03 20:35:41.078380 dv-cinder-790535-27-iscsi neutron-server[103178]: INFO neutron.wsgi [req-5e86298a-7978-49c5-823c-98bd6217b798 req-2c64cae3-b0e2-4c0f-98b9-c70784935f32 tempest-DeleteServersTestJSON-1263743456 tempest-DeleteServersTestJSON-1263743456-project] 10.222.0.26 "DELETE /v2.0/ports/50715d12-6bbe-411d-a634-3b742e24ee97 HTTP/1.1" status: 204 len: 173 time: 0.8689437
Mar 03 20:35:41.079056 dv-cinder-790535-27-iscsi neutron-server[103178]: DEBUG neutron.notifiers.nova [-] Sending events: [{'server_uuid': '93b8a42d-a2dc-4dce-99e9-d6a458bd557d', 'name': 'network-vif-deleted', 'tag': '50715d12-6bbe-411d-a634-3b742e24ee97'}] {{(pid=103178) send_events /opt/stack/neutron/neutron/notifiers/nova.py:271}}
Mar 03 20:35:41.081549 dv-cinder-790535-27-iscsi neutron-server[103178]: DEBUG novaclient.v2.client [-] REQ: curl -g -i --cacert "/opt/stack/data/ca-bundle.pem" -X POST http://10.222.0.36/compute/v2.1/os-server-external-events -H "Accept: application/json" -H "Content-Type: application/json" -H "User-Agent: python-novaclient" -H "X-Auth-Token: {SHA256}a1818c70bdae0baa5bed6f2a515403f5b5a4df10c707727d5dd7a039c70bf77a" -H "X-OpenStack-Nova-API-Version: 2.1" -H "X-OpenStack-Request-ID: req-29f769cc-5df3-4b3e-bf94-be6a96888cc6" -d '{"events": [{"server_uuid": "93b8a42d-a2dc-4dce-99e9-d6a458bd557d", "name": "network-vif-deleted", "tag": "50715d12-6bbe-411d-a634-3b742e24ee97"}]}' {{(pid=103178) _http_log_request /usr/local/lib/python3.8/dist-packages/keystoneauth1/session.py:519}}
Mar 03 20:35:41.103770 dv-cinder-790535-27-iscsi neutron-server[103179]: DEBUG neutron.pecan_wsgi.hooks.quota_enforcement [req-052a64d2-f325-4954-b29b-9d2107426197 req-79b7a2e3-878f-4bea-88bd-0f6fdaf94828 tempest-VolumesNegativeTest-1374561112 tempest-VolumesNegativeTest-1374561112-project] Made reservation on behalf of 124bf8629aea467aa4ad08d9ac121c4a for: {'port': 1} {{(pid=103179) before /opt/stack/neutron/neutron/pecan_wsgi/hooks/quota_enforcement.py:53}}
Mar 03 20:35:41.108264 dv-cinder-790535-27-iscsi neutron-server[103179]: DEBUG neutron_lib.callbacks.manager [req-052a64d2-f325-4954-b29b-9d2107426197 req-79b7a2e3-878f-4bea-88bd-0f6fdaf94828 tempest-VolumesNegativeTest-1374561112 tempest-VolumesNegativeTest-1374561112-project] Publish callbacks ['neutron.plugins.ml2.plugin.SecurityGroupDbMixin._ensure_default_security_group_handler-1392495'] for port (None), before_create {{(pid=103179) _notify_loop /usr/local/lib/python3.8/dist-packages/neutron_lib/callbacks/manager.py:176}}
Mar 03 20:35:41.120017 dv-cinder-790535-27-iscsi neutron-server[103179]: DEBUG neutron_lib.callbacks.manager [req-052a64d2-f325-4954-b29b-9d2107426197 req-79b7a2e3-878f-4bea-88bd-0f6fdaf94828 tempest-VolumesNegativeTest-1374561112 tempest-VolumesNegativeTest-1374561112-project] Publish callbacks [] for security_group (None), before_create {{(pid=103179) _notify_loop /usr/local/lib/python3.8/dist-packages/neutron_lib/callbacks/manager.py:176}}
Mar 03 20:35:41.165912 dv-cinder-790535-27-iscsi neutron-server[103178]: DEBUG neutron.pecan_wsgi.hooks.policy_enforcement [req-e32b790e-88d4-4378-a3b1-43393bb17b51 req-ed018387-80ec-415d-adb2-8dc9890bb118 tempest-ServerRescueNegativeTestJSON-128314029 tempest-ServerRescueNegativeTestJSON-128314029-project] Attributes excluded by policy engine: ['standard_attr_id', 'binding:profile', 'binding:host_id', 'binding:vif_type', 'binding:vif_details'] {{(pid=103178) _exclude_attributes_by_policy /opt/stack/neutron/neutron/pecan_wsgi/hooks/policy_enforcement.py:255}}
Mar 03 20:35:41.168000 dv-cinder-790535-27-iscsi neutron-server[103178]: INFO neutron.wsgi [req-e32b790e-88d4-4378-a3b1-43393bb17b51 req-ed018387-80ec-415d-adb2-8dc9890bb118 tempest-ServerRescueNegativeTestJSON-128314029 tempest-ServerRescueNegativeTestJSON-128314029-project] 10.222.0.36 "GET /v2.0/ports?device_id=26ec762e-fcde-47c6-bc80-6c135ed02992 HTTP/1.1" status: 200 len: 945 time: 0.0815399
Mar 03 20:35:41.169974 dv-cinder-790535-27-iscsi neutron-server[103178]: DEBUG novaclient.v2.client [-] RESP: [200] Connection: close Content-Length: 183 Content-Type: application/json Date: Thu, 03 Mar 2022 20:35:41 GMT OpenStack-API-Version: compute 2.1 Server: Apache/2.4.41 (Ubuntu) Vary: OpenStack-API-Version,X-OpenStack-Nova-API-Version X-OpenStack-Nova-API-Version: 2.1 x-compute-request-id: req-bd36d93c-71e4-4c52-86ce-1b7a1e0da952 x-openstack-request-id: req-bd36d93c-71e4-4c52-86ce-1b7a1e0da952 {{(pid=103178) _http_log_response /usr/local/lib/python3.8/dist-packages/keystoneauth1/session.py:550}}
Mar 03 20:35:41.170942 dv-cinder-790535-27-iscsi neutron-server[103178]: DEBUG novaclient.v2.client [-] RESP BODY: {"events": [{"server_uuid": "93b8a42d-a2dc-4dce-99e9-d6a458bd557d", "name": "network-vif-deleted", "tag": "50715d12-6bbe-411d-a634-3b742e24ee97", "status": "completed", "code": 200}]} {{(pid=103178) _http_log_response /usr/local/lib/python3.8/dist-packages/keystoneauth1/session.py:582}}
Mar 03 20:35:41.171205 dv-cinder-790535-27-iscsi neutron-server[103178]: DEBUG novaclient.v2.client [-] POST call to compute for http://10.222.0.36/compute/v2.1/os-server-external-events used request id req-bd36d93c-71e4-4c52-86ce-1b7a1e0da952 {{(pid=103178) request /usr/local/lib/python3.8/dist-packages/keystoneauth1/session.py:954}}
Mar 03 20:35:41.171594 dv-cinder-790535-27-iscsi neutron-server[103178]: INFO neutron.notifiers.nova [-] Nova event response: {'server_uuid': '93b8a42d-a2dc-4dce-99e9-d6a458bd557d', 'name': 'network-vif-deleted', 'tag': '50715d12-6bbe-411d-a634-3b742e24ee97', 'status': 'completed', 'code': 200}
Mar 03 20:35:41.245877 dv-cinder-790535-27-iscsi neutron-server[103178]: INFO neutron.wsgi [req-e32b790e-88d4-4378-a3b1-43393bb17b51 req-89aeb9f5-680d-4697-9fbf-097677d8375b tempest-ServerRescueNegativeTestJSON-128314029 tempest-ServerRescueNegativeTestJSON-128314029-project] 10.222.0.36 "GET /v2.0/security-groups?id=38faac16-8098-4194-8ab7-b64651da4209&fields=id&fields=name HTTP/1.1" status: 200 len: 286 time: 0.0704870
Mar 03 20:35:41.284215 dv-cinder-790535-27-iscsi neutron-server[103180]: DEBUG neutron.api.rpc.handlers.l3_rpc [None req-65817679-c017-4623-9195-3809ed93b7a9 None None] New status for floating IP 2268bfc2-6f37-443f-a4aa-09439c2ccef1: ACTIVE {{(pid=103180) update_floatingip_statuses /opt/stack/neutron/neutron/api/rpc/handlers/l3_rpc.py:270}}
Mar 03 20:35:41.308608 dv-cinder-790535-27-iscsi neutron-server[103179]: DEBUG neutron_lib.callbacks.manager [req-052a64d2-f325-4954-b29b-9d2107426197 req-79b7a2e3-878f-4bea-88bd-0f6fdaf94828 tempest-VolumesNegativeTest-1374561112 tempest-VolumesNegativeTest-1374561112-project] Publish callbacks [] for security_group (608983cd-fb77-4438-9fca-56ff55dff599), precommit_create {{(pid=103179) _notify_loop /usr/local/lib/python3.8/dist-packages/neutron_lib/callbacks/manager.py:176}}
Mar 03 20:35:41.325277 dv-cinder-790535-27-iscsi neutron-server[103179]: DEBUG neutron_lib.callbacks.manager [req-052a64d2-f325-4954-b29b-9d2107426197 req-79b7a2e3-878f-4bea-88bd-0f6fdaf94828 tempest-VolumesNegativeTest-1374561112 tempest-VolumesNegativeTest-1374561112-project] Publish callbacks ['neutron.plugins.ml2.ovo_rpc._ObjectChangeHandler.handle_event-561799'] for security_group (608983cd-fb77-4438-9fca-56ff55dff599), after_create {{(pid=103179) _notify_loop /usr/local/lib/python3.8/dist-packages/neutron_lib/callbacks/manager.py:176}}
Mar 03 20:35:41.367988 dv-cinder-790535-27-iscsi neutron-server[103179]: INFO neutron.wsgi [req-326190d1-83ec-40bb-b903-3544acf23af9 req-7814f344-e499-4970-81cf-3701b138a901 tempest-VolumesNegativeTest-1374561112 tempest-VolumesNegativeTest-1374561112-project] 10.222.0.36 "GET /v2.0/ports?device_id=917a3035-5169-46fb-8af5-e35d92584797 HTTP/1.1" status: 200 len: 210 time: 0.0667253
Mar 03 20:35:41.438348 dv-cinder-790535-27-iscsi neutron-server[103179]: DEBUG neutron.api.rpc.handlers.resources_rpc [None req-79b7a2e3-878f-4bea-88bd-0f6fdaf94828 tempest-VolumesNegativeTest-1374561112 tempest-VolumesNegativeTest-1374561112-project] Pushing event updated for resources: {'SecurityGroup': ['ID=608983cd-fb77-4438-9fca-56ff55dff599,revision_number=1']} {{(pid=103179) push /opt/stack/neutron/neutron/api/rpc/handlers/resources_rpc.py:237}}
Mar 03 20:35:41.495915 dv-cinder-790535-27-iscsi neutron-server[103180]: DEBUG neutron_lib.callbacks.manager [None req-ce5aa7da-2783-482f-b941-f29444de94d2 None None] Publish callbacks ['neutron.services.segments.db._update_segment_host_mapping_for_agent-8741767122315', 'neutron.plugins.ml2.plugin.Ml2Plugin._retry_binding_revived_agents-1102750'] for agent (5bfe139e-2bbb-4e28-80d8-31f3c1d4f142), after_update {{(pid=103180) _notify_loop /usr/local/lib/python3.8/dist-packages/neutron_lib/callbacks/manager.py:176}}
Mar 03 20:35:41.513215 dv-cinder-790535-27-iscsi neutron-server[103179]: DEBUG neutron.db.db_base_plugin_common [req-052a64d2-f325-4954-b29b-9d2107426197 req-79b7a2e3-878f-4bea-88bd-0f6fdaf94828 tempest-VolumesNegativeTest-1374561112 tempest-VolumesNegativeTest-1374561112-project] Allocated IP 192.168.233.233 (1c804cb0-018d-4e1b-825b-490786a4dfa2/a3ce5f60-1c6c-4556-885e-a293648edbd8/a53663e8-4bbc-4c44-a032-93330b84e5e6) {{(pid=103179) _store_ip_allocation /opt/stack/neutron/neutron/db/db_base_plugin_common.py:131}}
Mar 03 20:35:41.684547 dv-cinder-790535-27-iscsi neutron-server[103179]: DEBUG neutron_lib.callbacks.manager [req-052a64d2-f325-4954-b29b-9d2107426197 req-79b7a2e3-878f-4bea-88bd-0f6fdaf94828 tempest-VolumesNegativeTest-1374561112 tempest-VolumesNegativeTest-1374561112-project] Publish callbacks [] for port (a53663e8-4bbc-4c44-a032-93330b84e5e6), precommit_create {{(pid=103179) _notify_loop /usr/local/lib/python3.8/dist-packages/neutron_lib/callbacks/manager.py:176}}
Mar 03 20:35:41.718222 dv-cinder-790535-27-iscsi neutron-server[103179]: DEBUG neutron_lib.callbacks.manager [req-052a64d2-f325-4954-b29b-9d2107426197 req-79b7a2e3-878f-4bea-88bd-0f6fdaf94828 tempest-VolumesNegativeTest-1374561112 tempest-VolumesNegativeTest-1374561112-project] Publish callbacks ['neutron.plugins.ml2.plugin.SecurityGroupServerNotifierRpcMixin._notify_sg_on_port_change-1392556', 'neutron.plugins.ml2.ovo_rpc._ObjectChangeHandler.handle_event-162328', 'neutron.api.rpc.agentnotifiers.dhcp_rpc_agent_api.DhcpAgentNotifyAPI._native_event_send_dhcp_notification-649716', 'neutron.db.l3_dvrscheduler_db._notify_l3_agent_new_port-8741766712037'] for port (a53663e8-4bbc-4c44-a032-93330b84e5e6), after_create {{(pid=103179) _notify_loop /usr/local/lib/python3.8/dist-packages/neutron_lib/callbacks/manager.py:176}}
Mar 03 20:35:41.762717 dv-cinder-790535-27-iscsi neutron-server[103179]: DEBUG neutron.scheduler.dhcp_agent_scheduler [req-052a64d2-f325-4954-b29b-9d2107426197 req-79b7a2e3-878f-4bea-88bd-0f6fdaf94828 tempest-VolumesNegativeTest-1374561112 tempest-VolumesNegativeTest-1374561112-project] Network 1c804cb0-018d-4e1b-825b-490786a4dfa2 is already hosted by enough agents. {{(pid=103179) _get_dhcp_agents_hosting_network /opt/stack/neutron/neutron/scheduler/dhcp_agent_scheduler.py:275}}
Mar 03 20:35:41.766016 dv-cinder-790535-27-iscsi neutron-server[103179]: DEBUG neutron.scheduler.base_scheduler [req-052a64d2-f325-4954-b29b-9d2107426197 req-79b7a2e3-878f-4bea-88bd-0f6fdaf94828 tempest-VolumesNegativeTest-1374561112 tempest-VolumesNegativeTest-1374561112-project] Resources bound (agent type, host, resource id): {{(pid=103179) schedule /opt/stack/neutron/neutron/scheduler/base_scheduler.py:57}}
Mar 03 20:35:41.768425 dv-cinder-790535-27-iscsi neutron-server[103179]: DEBUG neutron.db.l3_dvrscheduler_db [req-052a64d2-f325-4954-b29b-9d2107426197 req-79b7a2e3-878f-4bea-88bd-0f6fdaf94828 tempest-VolumesNegativeTest-1374561112 tempest-VolumesNegativeTest-1374561112-project] Received port after_create {{(pid=103179) _notify_l3_agent_new_port /opt/stack/neutron/neutron/db/l3_dvrscheduler_db.py:536}}
Mar 03 20:35:41.774281 dv-cinder-790535-27-iscsi neutron-server[103179]: DEBUG neutron.pecan_wsgi.hooks.policy_enforcement [req-052a64d2-f325-4954-b29b-9d2107426197 req-79b7a2e3-878f-4bea-88bd-0f6fdaf94828 tempest-VolumesNegativeTest-1374561112 tempest-VolumesNegativeTest-1374561112-project] Attributes excluded by policy engine: ['standard_attr_id', 'binding:profile', 'binding:host_id', 'binding:vif_type', 'binding:vif_details', 'network'] {{(pid=103179) _exclude_attributes_by_policy /opt/stack/neutron/neutron/pecan_wsgi/hooks/policy_enforcement.py:255}}
Mar 03 20:35:41.774967 dv-cinder-790535-27-iscsi neutron-server[103179]: DEBUG neutron_lib.callbacks.manager [req-052a64d2-f325-4954-b29b-9d2107426197 req-79b7a2e3-878f-4bea-88bd-0f6fdaf94828 tempest-VolumesNegativeTest-1374561112 tempest-VolumesNegativeTest-1374561112-project] Publish callbacks ['neutron.notifiers.nova.Notifier._send_nova_notification-80658', 'neutron.api.rpc.agentnotifiers.dhcp_rpc_agent_api.DhcpAgentNotifyAPI._send_dhcp_notification-649698'] for port (None), before_response {{(pid=103179) _notify_loop /usr/local/lib/python3.8/dist-packages/neutron_lib/callbacks/manager.py:176}}
Mar 03 20:35:41.789824 dv-cinder-790535-27-iscsi neutron-server[103179]: DEBUG neutron.api.rpc.handlers.resources_rpc [None req-79b7a2e3-878f-4bea-88bd-0f6fdaf94828 tempest-VolumesNegativeTest-1374561112 tempest-VolumesNegativeTest-1374561112-project] Pushing event updated for resources: {'Port': ['ID=a53663e8-4bbc-4c44-a032-93330b84e5e6,revision_number=1']} {{(pid=103179) push /opt/stack/neutron/neutron/api/rpc/handlers/resources_rpc.py:237}}
Mar 03 20:35:41.800288 dv-cinder-790535-27-iscsi neutron-server[103179]: INFO neutron.wsgi [req-052a64d2-f325-4954-b29b-9d2107426197 req-79b7a2e3-878f-4bea-88bd-0f6fdaf94828 tempest-VolumesNegativeTest-1374561112 tempest-VolumesNegativeTest-1374561112-project] 10.222.0.26 "POST /v2.0/ports HTTP/1.1" status: 201 len: 938 time: 0.9076347
Mar 03 20:35:41.812791 dv-cinder-790535-27-iscsi neutron-server[103179]: DEBUG neutron.api.v2.base [req-052a64d2-f325-4954-b29b-9d2107426197 req-f51534af-b1fd-4919-85ab-bd9ea9e1bc7f service neutron] Request body: {'port': {'device_id': '917a3035-5169-46fb-8af5-e35d92584797', 'device_owner': 'compute:nova', 'binding:host_id': 'hv-cinder-79053'}} {{(pid=103179) prepare_request_body /opt/stack/neutron/neutron/api/v2/base.py:729}}
Mar 03 20:35:41.880787 dv-cinder-790535-27-iscsi neutron-server[103179]: DEBUG neutron_lib.callbacks.manager [req-052a64d2-f325-4954-b29b-9d2107426197 req-f51534af-b1fd-4919-85ab-bd9ea9e1bc7f service neutron] Publish callbacks ['neutron.plugins.ml2.plugin.SecurityGroupDbMixin._ensure_default_security_group_handler-1392495'] for port (a53663e8-4bbc-4c44-a032-93330b84e5e6), before_update {{(pid=103179) _notify_loop /usr/local/lib/python3.8/dist-packages/neutron_lib/callbacks/manager.py:176}}
Mar 03 20:35:42.058511 dv-cinder-790535-27-iscsi neutron-server[103178]: DEBUG neutron.wsgi [-] (103178) accepted ('10.222.0.36', 52068) {{(pid=103178) server /usr/local/lib/python3.8/dist-packages/eventlet/wsgi.py:1004}}
Mar 03 20:35:42.063816 dv-cinder-790535-27-iscsi neutron-server[103180]: DEBUG neutron.db.provisioning_blocks [None req-b48ec8d5-82a1-4f47-8d2f-153a995b5436 None None] Provisioning complete for port a53663e8-4bbc-4c44-a032-93330b84e5e6 triggered by entity DHCP. {{(pid=103180) provisioning_complete /opt/stack/neutron/neutron/db/provisioning_blocks.py:140}}
Mar 03 20:35:42.064322 dv-cinder-790535-27-iscsi neutron-server[103180]: DEBUG neutron_lib.callbacks.manager [None req-b48ec8d5-82a1-4f47-8d2f-153a995b5436 None None] Publish callbacks ['neutron.plugins.ml2.plugin.Ml2Plugin._port_provisioned-1102692'] for port (a53663e8-4bbc-4c44-a032-93330b84e5e6), provisioning_complete {{(pid=103180) _notify_loop /usr/local/lib/python3.8/dist-packages/neutron_lib/callbacks/manager.py:176}}
Mar 03 20:35:42.134508 dv-cinder-790535-27-iscsi neutron-server[103180]: DEBUG neutron.plugins.ml2.plugin [None req-b48ec8d5-82a1-4f47-8d2f-153a995b5436 None None] Port a53663e8-4bbc-4c44-a032-93330b84e5e6 cannot update to ACTIVE because it is not bound. {{(pid=103180) _port_provisioned /opt/stack/neutron/neutron/plugins/ml2/plugin.py:343}}
Mar 03 20:35:42.169403 dv-cinder-790535-27-iscsi neutron-server[103178]: DEBUG neutron.db.db_base_plugin_v2 [None req-7211c4db-7a73-4133-b545-fb7d97ac33f4 admin admin] Deleting subnet 67772715-63ef-4196-9c73-a9676494b006 {{(pid=103178) delete_subnet /opt/stack/neutron/neutron/db/db_base_plugin_v2.py:1066}}
Mar 03 20:35:42.174158 dv-cinder-790535-27-iscsi neutron-server[103178]: DEBUG neutron_lib.callbacks.manager [None req-7211c4db-7a73-4133-b545-fb7d97ac33f4 admin admin] Publish callbacks [] for subnet (67772715-63ef-4196-9c73-a9676494b006), before_delete {{(pid=103178) _notify_loop /usr/local/lib/python3.8/dist-packages/neutron_lib/callbacks/manager.py:176}}
Mar 03 20:35:42.227605 dv-cinder-790535-27-iscsi neutron-server[103178]: INFO neutron.wsgi [req-27655957-75d3-45a4-94bb-40520635dd58 req-926377bc-f1ff-49dd-bcd3-eeffa8fa2a37 tempest-DeleteServersTestJSON-1263743456 tempest-DeleteServersTestJSON-1263743456-project] 10.222.0.36 "GET /v2.0/ports?device_id=93b8a42d-a2dc-4dce-99e9-d6a458bd557d HTTP/1.1" status: 200 len: 210 time: 0.0629015
Mar 03 20:35:42.242340 dv-cinder-790535-27-iscsi neutron-server[103178]: DEBUG neutron_lib.callbacks.manager [None req-7211c4db-7a73-4133-b545-fb7d97ac33f4 admin admin] Publish callbacks [] for subnet (67772715-63ef-4196-9c73-a9676494b006), precommit_delete_associations {{(pid=103178) _notify_loop /usr/local/lib/python3.8/dist-packages/neutron_lib/callbacks/manager.py:176}}
Mar 03 20:35:42.253080 dv-cinder-790535-27-iscsi neutron-server[103178]: DEBUG neutron_lib.callbacks.manager [None req-7211c4db-7a73-4133-b545-fb7d97ac33f4 admin admin] Publish callbacks ['neutron.plugins.ml2.plugin.Ml2Plugin._subnet_delete_precommit_handler-1514866'] for subnet (67772715-63ef-4196-9c73-a9676494b006), precommit_delete {{(pid=103178) _notify_loop /usr/local/lib/python3.8/dist-packages/neutron_lib/callbacks/manager.py:176}}
Mar 03 20:35:42.261835 dv-cinder-790535-27-iscsi neutron-server[103179]: DEBUG neutron.notifiers.nova [req-052a64d2-f325-4954-b29b-9d2107426197 req-f51534af-b1fd-4919-85ab-bd9ea9e1bc7f service neutron] Ignoring state change previous_port_status: DOWN current_port_status: DOWN port_id a53663e8-4bbc-4c44-a032-93330b84e5e6 {{(pid=103179) record_port_status_changed /opt/stack/neutron/neutron/notifiers/nova.py:233}}
Mar 03 20:35:42.272205 dv-cinder-790535-27-iscsi neutron-server[103179]: DEBUG neutron_lib.callbacks.manager [req-052a64d2-f325-4954-b29b-9d2107426197 req-f51534af-b1fd-4919-85ab-bd9ea9e1bc7f service neutron] Publish callbacks [] for port (a53663e8-4bbc-4c44-a032-93330b84e5e6), precommit_update {{(pid=103179) _notify_loop /usr/local/lib/python3.8/dist-packages/neutron_lib/callbacks/manager.py:176}}
Mar 03 20:35:42.285546 dv-cinder-790535-27-iscsi neutron-server[103179]: DEBUG neutron.db.provisioning_blocks [req-052a64d2-f325-4954-b29b-9d2107426197 req-f51534af-b1fd-4919-85ab-bd9ea9e1bc7f service neutron] Transition to ACTIVE for port object a53663e8-4bbc-4c44-a032-93330b84e5e6 will not be triggered until provisioned by entity L2. {{(pid=103179) add_provisioning_component /opt/stack/neutron/neutron/db/provisioning_blocks.py:74}}
Mar 03 20:35:42.291044 dv-cinder-790535-27-iscsi neutron-server[103179]: DEBUG neutron_lib.callbacks.manager [req-052a64d2-f325-4954-b29b-9d2107426197 req-f51534af-b1fd-4919-85ab-bd9ea9e1bc7f service neutron] Publish callbacks ['neutron.plugins.ml2.plugin.SecurityGroupServerNotifierRpcMixin._notify_sg_on_port_change-1392556', 'neutron.plugins.ml2.ovo_rpc._ObjectChangeHandler.handle_event-162328', 'neutron.api.rpc.agentnotifiers.dhcp_rpc_agent_api.DhcpAgentNotifyAPI._native_event_send_dhcp_notification-649716', 'neutron.db.l3_db.L3RpcNotifierMixin._notify_gateway_port_ip_changed-8741767252206', 'neutron.db.l3_dvrscheduler_db._notify_l3_agent_port_update-8741766712055', 'neutron.db.l3_hascheduler_db._notify_l3_agent_ha_port_update-8741766714125'] for port (a53663e8-4bbc-4c44-a032-93330b84e5e6), after_update {{(pid=103179) _notify_loop /usr/local/lib/python3.8/dist-packages/neutron_lib/callbacks/manager.py:176}}
Mar 03 20:35:42.329387 dv-cinder-790535-27-iscsi neutron-server[103178]: DEBUG neutron_lib.callbacks.manager [None req-7211c4db-7a73-4133-b545-fb7d97ac33f4 admin admin] Publish callbacks ['neutron.plugins.ml2.plugin.Ml2Plugin._subnet_delete_after_delete_handler-1514877', 'neutron.plugins.ml2.ovo_rpc._ObjectChangeHandler.handle_event-561138', 'neutron.api.rpc.agentnotifiers.dhcp_rpc_agent_api.DhcpAgentNotifyAPI._native_event_send_dhcp_notification-649716'] for subnet (67772715-63ef-4196-9c73-a9676494b006), after_delete {{(pid=103178) _notify_loop /usr/local/lib/python3.8/dist-packages/neutron_lib/callbacks/manager.py:176}}
Mar 03 20:35:42.351843 dv-cinder-790535-27-iscsi neutron-server[103178]: DEBUG neutron_lib.callbacks.manager [None req-7211c4db-7a73-4133-b545-fb7d97ac33f4 admin admin] Publish callbacks ['neutron.api.rpc.agentnotifiers.dhcp_rpc_agent_api.DhcpAgentNotifyAPI._send_dhcp_notification-649698'] for subnet (None), before_response {{(pid=103178) _notify_loop /usr/local/lib/python3.8/dist-packages/neutron_lib/callbacks/manager.py:176}}
Mar 03 20:35:42.367507 dv-cinder-790535-27-iscsi neutron-server[103178]: INFO neutron.wsgi [None req-7211c4db-7a73-4133-b545-fb7d97ac33f4 admin admin] 10.222.0.36 "DELETE /v2.0/subnets/67772715-63ef-4196-9c73-a9676494b006 HTTP/1.1" status: 204 len: 168 time: 0.3076432
Mar 03 20:35:42.368127 dv-cinder-790535-27-iscsi neutron-server[103178]: DEBUG neutron.wsgi [-] (103178) accepted ('10.222.0.36', 52076) {{(pid=103178) server /usr/local/lib/python3.8/dist-packages/eventlet/wsgi.py:1004}}
Mar 03 20:35:42.402094 dv-cinder-790535-27-iscsi neutron-server[103178]: DEBUG neutron.api.rpc.handlers.resources_rpc [None req-7211c4db-7a73-4133-b545-fb7d97ac33f4 admin admin] Pushing event deleted for resources: {'Subnet': ['ID=67772715-63ef-4196-9c73-a9676494b006,revision_number=None']} {{(pid=103178) push /opt/stack/neutron/neutron/api/rpc/handlers/resources_rpc.py:237}}
Mar 03 20:35:42.407939 dv-cinder-790535-27-iscsi neutron-server[103179]: DEBUG neutron.api.rpc.handlers.resources_rpc [None req-f51534af-b1fd-4919-85ab-bd9ea9e1bc7f service neutron] Pushing event updated for resources: {'Port': ['ID=a53663e8-4bbc-4c44-a032-93330b84e5e6,revision_number=2']} {{(pid=103179) push /opt/stack/neutron/neutron/api/rpc/handlers/resources_rpc.py:237}}
Mar 03 20:35:42.496358 dv-cinder-790535-27-iscsi neutron-server[103179]: DEBUG neutron.plugins.ml2.managers [req-052a64d2-f325-4954-b29b-9d2107426197 req-f51534af-b1fd-4919-85ab-bd9ea9e1bc7f service neutron] Attempting to bind port a53663e8-4bbc-4c44-a032-93330b84e5e6 on host hv-cinder-79053 for vnic_type normal with profile {{(pid=103179) bind_port /opt/stack/neutron/neutron/plugins/ml2/managers.py:795}}
Mar 03 20:35:42.496358 dv-cinder-790535-27-iscsi neutron-server[103179]: DEBUG neutron.plugins.ml2.managers [req-052a64d2-f325-4954-b29b-9d2107426197 req-f51534af-b1fd-4919-85ab-bd9ea9e1bc7f service neutron] Attempting to bind port a53663e8-4bbc-4c44-a032-93330b84e5e6 by drivers openvswitch,hyperv on host hv-cinder-79053 at level 0 using segments [{'id': 'decba513-82c6-4b0a-be3c-213eea0d9622', 'network_type': 'vlan', 'physical_network': 'physnet1', 'segmentation_id': 155, 'network_id': '1c804cb0-018d-4e1b-825b-490786a4dfa2'}] {{(pid=103179) _bind_port_level /opt/stack/neutron/neutron/plugins/ml2/managers.py:820}}
Mar 03 20:35:42.501387 dv-cinder-790535-27-iscsi neutron-server[103179]: DEBUG neutron.plugins.ml2.drivers.mech_agent [req-052a64d2-f325-4954-b29b-9d2107426197 req-f51534af-b1fd-4919-85ab-bd9ea9e1bc7f service neutron] Attempting to bind port a53663e8-4bbc-4c44-a032-93330b84e5e6 on network 1c804cb0-018d-4e1b-825b-490786a4dfa2 {{(pid=103179) bind_port /opt/stack/neutron/neutron/plugins/ml2/drivers/mech_agent.py:91}}
Mar 03 20:35:42.508893 dv-cinder-790535-27-iscsi neutron-server[103179]: DEBUG neutron.plugins.ml2.drivers.mech_agent [req-052a64d2-f325-4954-b29b-9d2107426197 req-f51534af-b1fd-4919-85ab-bd9ea9e1bc7f service neutron] Port a53663e8-4bbc-4c44-a032-93330b84e5e6 on network 1c804cb0-018d-4e1b-825b-490786a4dfa2 not bound, no agent of type Open vSwitch agent registered on host hv-cinder-79053 {{(pid=103179) bind_port /opt/stack/neutron/neutron/plugins/ml2/drivers/mech_agent.py:103}}
Mar 03 20:35:42.509176 dv-cinder-790535-27-iscsi neutron-server[103179]: DEBUG neutron.plugins.ml2.drivers.mech_agent [req-052a64d2-f325-4954-b29b-9d2107426197 req-f51534af-b1fd-4919-85ab-bd9ea9e1bc7f service neutron] Attempting to bind port a53663e8-4bbc-4c44-a032-93330b84e5e6 on network 1c804cb0-018d-4e1b-825b-490786a4dfa2 {{(pid=103179) bind_port /opt/stack/neutron/neutron/plugins/ml2/drivers/mech_agent.py:91}}
Mar 03 20:35:42.527853 dv-cinder-790535-27-iscsi neutron-server[103179]: DEBUG neutron.pecan_wsgi.hooks.policy_enforcement [req-235d2fec-bd2c-4ea5-ad48-ee867b40b223 req-5e020a58-2686-44df-95fb-e0b8a3dfde93 tempest-ServerRescueNegativeTestJSON-128314029 tempest-ServerRescueNegativeTestJSON-128314029-project] Attributes excluded by policy engine: ['standard_attr_id', 'binding:profile', 'binding:host_id', 'binding:vif_type', 'binding:vif_details'] {{(pid=103179) _exclude_attributes_by_policy /opt/stack/neutron/neutron/pecan_wsgi/hooks/policy_enforcement.py:255}}
Mar 03 20:35:42.529499 dv-cinder-790535-27-iscsi neutron-server[103179]: INFO neutron.wsgi [req-235d2fec-bd2c-4ea5-ad48-ee867b40b223 req-5e020a58-2686-44df-95fb-e0b8a3dfde93 tempest-ServerRescueNegativeTestJSON-128314029 tempest-ServerRescueNegativeTestJSON-128314029-project] 10.222.0.36 "GET /v2.0/ports?device_id=26ec762e-fcde-47c6-bc80-6c135ed02992 HTTP/1.1" status: 200 len: 945 time: 0.1940854
Mar 03 20:35:42.530816 dv-cinder-790535-27-iscsi neutron-server[103179]: DEBUG neutron.plugins.ml2.drivers.mech_agent [req-052a64d2-f325-4954-b29b-9d2107426197 req-f51534af-b1fd-4919-85ab-bd9ea9e1bc7f service neutron] Checking agent: {'id': '26505d56-401c-4a87-b3c4-d80a38a25560', 'agent_type': 'HyperV agent', 'binary': 'neutron-hyperv-agent', 'topic': 'N/A', 'host': 'hv-cinder-79053', 'admin_state_up': True, 'created_at': datetime.datetime(2022, 3, 3, 20, 32, 52), 'started_at': datetime.datetime(2022, 3, 3, 20, 32, 52), 'heartbeat_timestamp': datetime.datetime(2022, 3, 3, 20, 35, 22), 'description': None, 'resources_synced': None, 'availability_zone': None, 'alive': True, 'configurations': {'vswitch_mappings': {'physnet1$': 'br-data'}}, 'resource_versions': {}} {{(pid=103179) bind_port /opt/stack/neutron/neutron/plugins/ml2/drivers/mech_agent.py:110}}
Mar 03 20:35:42.531140 dv-cinder-790535-27-iscsi neutron-server[103179]: DEBUG neutron.plugins.ml2.drivers.mech_agent [req-052a64d2-f325-4954-b29b-9d2107426197 req-f51534af-b1fd-4919-85ab-bd9ea9e1bc7f service neutron] Checking segment: {'id': 'decba513-82c6-4b0a-be3c-213eea0d9622', 'network_type': 'vlan', 'physical_network': 'physnet1', 'segmentation_id': 155, 'network_id': '1c804cb0-018d-4e1b-825b-490786a4dfa2'} for mappings: {'physnet1$': 'br-data'} with network types: ['local', 'flat', 'vlan'] {{(pid=103179) check_segment_for_agent /opt/stack/neutron/neutron/plugins/ml2/drivers/mech_agent.py:373}}
Mar 03 20:35:42.531526 dv-cinder-790535-27-iscsi neutron-server[103179]: DEBUG neutron.plugins.ml2.drivers.mech_agent [req-052a64d2-f325-4954-b29b-9d2107426197 req-f51534af-b1fd-4919-85ab-bd9ea9e1bc7f service neutron] Bound using segment: {'id': 'decba513-82c6-4b0a-be3c-213eea0d9622', 'network_type': 'vlan', 'physical_network': 'physnet1', 'segmentation_id': 155, 'network_id': '1c804cb0-018d-4e1b-825b-490786a4dfa2'} {{(pid=103179) bind_port /opt/stack/neutron/neutron/plugins/ml2/drivers/mech_agent.py:120}}
Mar 03 20:35:42.532029 dv-cinder-790535-27-iscsi neutron-server[103179]: DEBUG neutron.plugins.ml2.managers [req-052a64d2-f325-4954-b29b-9d2107426197 req-f51534af-b1fd-4919-85ab-bd9ea9e1bc7f service neutron] Bound port: a53663e8-4bbc-4c44-a032-93330b84e5e6, host: hv-cinder-79053, vif_type: hyperv, vif_details: {"connectivity": "legacy", "port_filter": false}, binding_levels: [{'bound_driver': 'hyperv', 'bound_segment': {'id': 'decba513-82c6-4b0a-be3c-213eea0d9622', 'network_type': 'vlan', 'physical_network': 'physnet1', 'segmentation_id': 155, 'network_id': '1c804cb0-018d-4e1b-825b-490786a4dfa2'}}] {{(pid=103179) _bind_port_level /opt/stack/neutron/neutron/plugins/ml2/managers.py:932}}
Mar 03 20:35:42.532392 dv-cinder-790535-27-iscsi neutron-server[103179]: DEBUG neutron_lib.callbacks.manager [req-052a64d2-f325-4954-b29b-9d2107426197 req-f51534af-b1fd-4919-85ab-bd9ea9e1bc7f service neutron] Publish callbacks ['neutron.plugins.ml2.plugin.SecurityGroupDbMixin._ensure_default_security_group_handler-1392495'] for port (a53663e8-4bbc-4c44-a032-93330b84e5e6), before_update {{(pid=103179) _notify_loop /usr/local/lib/python3.8/dist-packages/neutron_lib/callbacks/manager.py:176}}
Mar 03 20:35:42.540743 dv-cinder-790535-27-iscsi neutron-server[103178]: DEBUG neutron_lib.callbacks.manager [None req-9290ac7a-13e5-46c1-8a6a-f565ae41024d admin admin] Publish callbacks ['neutron.plugins.ml2.plugin.External_net_db_mixin._before_network_delete_handler-1572233'] for network (77f4b2e4-5ee6-46af-a1d2-4deada34708f), before_delete {{(pid=103178) _notify_loop /usr/local/lib/python3.8/dist-packages/neutron_lib/callbacks/manager.py:176}}
Mar 03 20:35:42.647548 dv-cinder-790535-27-iscsi neutron-server[103178]: DEBUG neutron.pecan_wsgi.hooks.policy_enforcement [req-e192c469-906f-4e9a-97cd-b29b554db42d req-b2fdc975-3298-42f4-8654-21a4f331bda2 tempest-VolumesNegativeTest-1374561112 tempest-VolumesNegativeTest-1374561112-project] Attributes excluded by policy engine: ['standard_attr_id', 'binding:profile', 'binding:host_id', 'binding:vif_type', 'binding:vif_details'] {{(pid=103178) _exclude_attributes_by_policy /opt/stack/neutron/neutron/pecan_wsgi/hooks/policy_enforcement.py:255}}
Mar 03 20:35:42.650291 dv-cinder-790535-27-iscsi neutron-server[103180]: DEBUG neutron_lib.callbacks.manager [None req-f95acac4-9b1e-4a36-9efd-ad92a62126a2 None None] Publish callbacks ['neutron.services.segments.db._update_segment_host_mapping_for_agent-8741767122315', 'neutron.plugins.ml2.plugin.Ml2Plugin._retry_binding_revived_agents-1102750'] for agent (a104751a-a173-4b9e-9c90-668b6780f89e), after_update {{(pid=103180) _notify_loop /usr/local/lib/python3.8/dist-packages/neutron_lib/callbacks/manager.py:176}}
Mar 03 20:35:42.651038 dv-cinder-790535-27-iscsi neutron-server[103178]: INFO neutron.wsgi [req-e192c469-906f-4e9a-97cd-b29b554db42d req-b2fdc975-3298-42f4-8654-21a4f331bda2 tempest-VolumesNegativeTest-1374561112 tempest-VolumesNegativeTest-1374561112-project] 10.222.0.36 "GET /v2.0/ports?device_id=917a3035-5169-46fb-8af5-e35d92584797 HTTP/1.1" status: 200 len: 948 time: 0.1625042
Mar 03 20:35:42.694021 dv-cinder-790535-27-iscsi neutron-server[103179]: INFO neutron.wsgi [req-235d2fec-bd2c-4ea5-ad48-ee867b40b223 req-fe18ba64-d37c-43d0-bb62-b84544a302ba tempest-ServerRescueNegativeTestJSON-128314029 tempest-ServerRescueNegativeTestJSON-128314029-project] 10.222.0.36 "GET /v2.0/security-groups?id=38faac16-8098-4194-8ab7-b64651da4209&fields=id&fields=name HTTP/1.1" status: 200 len: 286 time: 0.1499915
Mar 03 20:35:42.708269 dv-cinder-790535-27-iscsi neutron-server[103179]: DEBUG neutron.plugins.ml2.db [req-052a64d2-f325-4954-b29b-9d2107426197 req-f51534af-b1fd-4919-85ab-bd9ea9e1bc7f service neutron] For port a53663e8-4bbc-4c44-a032-93330b84e5e6, host hv-cinder-79053, cleared binding levels {{(pid=103179) clear_binding_levels /opt/stack/neutron/neutron/plugins/ml2/db.py:87}}
Mar 03 20:35:42.712320 dv-cinder-790535-27-iscsi neutron-server[103179]: DEBUG neutron.plugins.ml2.db [req-052a64d2-f325-4954-b29b-9d2107426197 req-f51534af-b1fd-4919-85ab-bd9ea9e1bc7f service neutron] For port a53663e8-4bbc-4c44-a032-93330b84e5e6, host hv-cinder-79053, set binding levels [PortBindingLevel(driver='hyperv',host='hv-cinder-79053',level=0,port_id=a53663e8-4bbc-4c44-a032-93330b84e5e6,segment=NetworkSegment(decba513-82c6-4b0a-be3c-213eea0d9622),segment_id=decba513-82c6-4b0a-be3c-213eea0d9622)] {{(pid=103179) set_binding_levels /opt/stack/neutron/neutron/plugins/ml2/db.py:59}}
Mar 03 20:35:42.719500 dv-cinder-790535-27-iscsi neutron-server[103179]: DEBUG neutron_lib.callbacks.manager [req-052a64d2-f325-4954-b29b-9d2107426197 req-f51534af-b1fd-4919-85ab-bd9ea9e1bc7f service neutron] Publish callbacks ['neutron.plugins.ml2.plugin.SecurityGroupServerNotifierRpcMixin._notify_sg_on_port_change-1392556', 'neutron.plugins.ml2.ovo_rpc._ObjectChangeHandler.handle_event-162328', 'neutron.api.rpc.agentnotifiers.dhcp_rpc_agent_api.DhcpAgentNotifyAPI._native_event_send_dhcp_notification-649716', 'neutron.db.l3_db.L3RpcNotifierMixin._notify_gateway_port_ip_changed-8741767252206', 'neutron.db.l3_dvrscheduler_db._notify_l3_agent_port_update-8741766712055', 'neutron.db.l3_hascheduler_db._notify_l3_agent_ha_port_update-8741766714125'] for port (a53663e8-4bbc-4c44-a032-93330b84e5e6), after_update {{(pid=103179) _notify_loop /usr/local/lib/python3.8/dist-packages/neutron_lib/callbacks/manager.py:176}}
Mar 03 20:35:42.757475 dv-cinder-790535-27-iscsi neutron-server[103179]: DEBUG neutron.pecan_wsgi.hooks.policy_enforcement [req-052a64d2-f325-4954-b29b-9d2107426197 req-f51534af-b1fd-4919-85ab-bd9ea9e1bc7f service neutron] Attributes excluded by policy engine: ['standard_attr_id'] {{(pid=103179) _exclude_attributes_by_policy /opt/stack/neutron/neutron/pecan_wsgi/hooks/policy_enforcement.py:255}}
Mar 03 20:35:42.758336 dv-cinder-790535-27-iscsi neutron-server[103179]: DEBUG neutron_lib.callbacks.manager [req-052a64d2-f325-4954-b29b-9d2107426197 req-f51534af-b1fd-4919-85ab-bd9ea9e1bc7f service neutron] Publish callbacks ['neutron.notifiers.nova.Notifier._send_nova_notification-80658', 'neutron.api.rpc.agentnotifiers.dhcp_rpc_agent_api.DhcpAgentNotifyAPI._send_dhcp_notification-649698'] for port (None), before_response {{(pid=103179) _notify_loop /usr/local/lib/python3.8/dist-packages/neutron_lib/callbacks/manager.py:176}}
