Jan 13 18:59:53.580049 dv-cinder-790535-23-iscsi neutron-server[102497]: INFO neutron.wsgi [req-b81136fb-cadb-403f-912a-243abfa21a9e req-0bbdc430-6647-422d-853a-5baf69d3271b tempest-AttachVolumeTestJSON-168335051 tempest-AttachVolumeTestJSON-168335051-project] 10.222.0.42 "GET /v2.0/security-groups?id=52a82861-3459-46f0-a475-68a226a97f8d&fields=id&fields=name HTTP/1.1" status: 200 len: 312 time: 0.0707994
Jan 13 18:59:53.887586 dv-cinder-790535-23-iscsi neutron-server[102498]: DEBUG neutron.pecan_wsgi.hooks.policy_enforcement [req-6b1ebee6-e7cd-47b4-8c86-0fd4dcc4bf1b req-5ea6a2b7-0995-47a0-ac5a-786cb58dd6c0 tempest-ServerRescueNegativeTestJSON-746436101 tempest-ServerRescueNegativeTestJSON-746436101-project] Attributes excluded by policy engine: ['standard_attr_id', 'binding:profile', 'binding:host_id', 'binding:vif_type', 'binding:vif_details'] {{(pid=102498) _exclude_attributes_by_policy /opt/stack/neutron/neutron/pecan_wsgi/hooks/policy_enforcement.py:255}}
Jan 13 18:59:53.889718 dv-cinder-790535-23-iscsi neutron-server[102498]: INFO neutron.wsgi [req-6b1ebee6-e7cd-47b4-8c86-0fd4dcc4bf1b req-5ea6a2b7-0995-47a0-ac5a-786cb58dd6c0 tempest-ServerRescueNegativeTestJSON-746436101 tempest-ServerRescueNegativeTestJSON-746436101-project] 10.222.0.42 "GET /v2.0/ports?device_id=2c2c1005-13f9-421d-b565-d9960439d8b2 HTTP/1.1" status: 200 len: 944 time: 0.0531938
Jan 13 18:59:53.946656 dv-cinder-790535-23-iscsi neutron-server[102498]: INFO neutron.wsgi [req-6b1ebee6-e7cd-47b4-8c86-0fd4dcc4bf1b req-2f1f0250-db49-4d29-a784-ded20ba236db tempest-ServerRescueNegativeTestJSON-746436101 tempest-ServerRescueNegativeTestJSON-746436101-project] 10.222.0.42 "GET /v2.0/security-groups?id=4e5e1763-6c22-46a1-acf9-dc50b78d5a31&fields=id&fields=name HTTP/1.1" status: 200 len: 286 time: 0.0512981
Jan 13 18:59:53.994450 dv-cinder-790535-23-iscsi neutron-server[102499]: DEBUG neutron_lib.callbacks.manager [None req-fce6eb33-6c51-4217-a510-d8d1792ae6de None None] Publish callbacks ['neutron.services.segments.db._update_segment_host_mapping_for_agent-8730283058966', 'neutron.plugins.ml2.plugin.Ml2Plugin._retry_binding_revived_agents-2091074'] for agent (8780b6c0-eb10-4b18-a459-e6525c490f8d), after_update {{(pid=102499) _notify_loop /usr/local/lib/python3.8/dist-packages/neutron_lib/callbacks/manager.py:176}}
Jan 13 18:59:54.622504 dv-cinder-790535-23-iscsi neutron-server[102499]: DEBUG neutron.plugins.ml2.rpc [None req-eee38ffd-3b31-4ba9-aabd-952b6b726f87 None None] Device 5bdc492d-00d1-46ee-ade3-e6b55a37602e up at agent hyperv_hv-cinder-79053 {{(pid=102499) update_device_up /opt/stack/neutron/neutron/plugins/ml2/rpc.py:296}}
Jan 13 18:59:54.721090 dv-cinder-790535-23-iscsi neutron-server[102497]: DEBUG neutron.pecan_wsgi.hooks.policy_enforcement [req-2f35924b-b07a-4156-9cb0-1cedae4ecb2b req-e6688bf3-a1db-45a0-bf64-a977c66def4b tempest-AttachVolumeTestJSON-168335051 tempest-AttachVolumeTestJSON-168335051-project] Attributes excluded by policy engine: ['standard_attr_id', 'binding:profile', 'binding:host_id', 'binding:vif_type', 'binding:vif_details'] {{(pid=102497) _exclude_attributes_by_policy /opt/stack/neutron/neutron/pecan_wsgi/hooks/policy_enforcement.py:255}}
Jan 13 18:59:54.730164 dv-cinder-790535-23-iscsi neutron-server[102497]: INFO neutron.wsgi [req-2f35924b-b07a-4156-9cb0-1cedae4ecb2b req-e6688bf3-a1db-45a0-bf64-a977c66def4b tempest-AttachVolumeTestJSON-168335051 tempest-AttachVolumeTestJSON-168335051-project] 10.222.0.42 "GET /v2.0/ports?device_id=660daf8d-0484-4937-834c-ae8578a48260 HTTP/1.1" status: 200 len: 945 time: 0.0685422
Jan 13 18:59:54.738525 dv-cinder-790535-23-iscsi neutron-server[102499]: DEBUG neutron.db.provisioning_blocks [None req-eee38ffd-3b31-4ba9-aabd-952b6b726f87 None None] Provisioning for port 5bdc492d-00d1-46ee-ade3-e6b55a37602e completed by entity L2. {{(pid=102499) provisioning_complete /opt/stack/neutron/neutron/db/provisioning_blocks.py:133}}
Jan 13 18:59:54.747892 dv-cinder-790535-23-iscsi neutron-server[102499]: DEBUG neutron.db.provisioning_blocks [None req-eee38ffd-3b31-4ba9-aabd-952b6b726f87 None None] Provisioning complete for port 5bdc492d-00d1-46ee-ade3-e6b55a37602e triggered by entity L2. {{(pid=102499) provisioning_complete /opt/stack/neutron/neutron/db/provisioning_blocks.py:139}}
Jan 13 18:59:54.748533 dv-cinder-790535-23-iscsi neutron-server[102499]: DEBUG neutron_lib.callbacks.manager [None req-eee38ffd-3b31-4ba9-aabd-952b6b726f87 None None] Publish callbacks ['neutron.plugins.ml2.plugin.Ml2Plugin._port_provisioned-2091165'] for port (5bdc492d-00d1-46ee-ade3-e6b55a37602e), provisioning_complete {{(pid=102499) _notify_loop /usr/local/lib/python3.8/dist-packages/neutron_lib/callbacks/manager.py:176}}
Jan 13 18:59:54.786992 dv-cinder-790535-23-iscsi neutron-server[102497]: INFO neutron.wsgi [req-2f35924b-b07a-4156-9cb0-1cedae4ecb2b req-bcd8d974-a874-466c-8ac2-a936b54be468 tempest-AttachVolumeTestJSON-168335051 tempest-AttachVolumeTestJSON-168335051-project] 10.222.0.42 "GET /v2.0/security-groups?id=52a82861-3459-46f0-a475-68a226a97f8d&fields=id&fields=name HTTP/1.1" status: 200 len: 312 time: 0.0490575
Jan 13 18:59:54.862138 dv-cinder-790535-23-iscsi neutron-server[102499]: DEBUG neutron_lib.callbacks.manager [None req-c0cc95ac-31da-4d2f-8393-b5e34809e4cd None None] Publish callbacks ['neutron.services.segments.db._update_segment_host_mapping_for_agent-8730283058966', 'neutron.plugins.ml2.plugin.Ml2Plugin._retry_binding_revived_agents-2091074'] for agent (fef0d9a4-54f8-49d8-8d4e-9eb3bc2a8fa4), after_update {{(pid=102499) _notify_loop /usr/local/lib/python3.8/dist-packages/neutron_lib/callbacks/manager.py:176}}
Jan 13 18:59:54.875239 dv-cinder-790535-23-iscsi neutron-server[102499]: DEBUG neutron.plugins.ml2.plugin [None req-eee38ffd-3b31-4ba9-aabd-952b6b726f87 None None] Current status of the port 5bdc492d-00d1-46ee-ade3-e6b55a37602e is: BUILD; New status is: ACTIVE {{(pid=102499) _update_individual_port_db_status /opt/stack/neutron/neutron/plugins/ml2/plugin.py:2213}}
Jan 13 18:59:54.875852 dv-cinder-790535-23-iscsi neutron-server[102499]: DEBUG neutron_lib.callbacks.manager [None req-eee38ffd-3b31-4ba9-aabd-952b6b726f87 None None] Publish callbacks ['neutron.plugins.ml2.plugin.SecurityGroupDbMixin._ensure_default_security_group_handler-1978928'] for port (5bdc492d-00d1-46ee-ade3-e6b55a37602e), before_update {{(pid=102499) _notify_loop /usr/local/lib/python3.8/dist-packages/neutron_lib/callbacks/manager.py:176}}
Jan 13 18:59:54.903640 dv-cinder-790535-23-iscsi neutron-server[102499]: DEBUG neutron.notifiers.nova [-] Sending events: [{'server_uuid': '880dcd48-0073-4dba-a9a7-16b3a7f00fcc', 'name': 'network-vif-plugged', 'status': 'completed', 'tag': '5bdc492d-00d1-46ee-ade3-e6b55a37602e'}] {{(pid=102499) send_events /opt/stack/neutron/neutron/notifiers/nova.py:262}}
Jan 13 18:59:54.905013 dv-cinder-790535-23-iscsi neutron-server[102499]: DEBUG novaclient.v2.client [-] REQ: curl -g -i --cacert "/opt/stack/data/ca-bundle.pem" -X POST http://10.222.0.42/compute/v2.1/os-server-external-events -H "Accept: application/json" -H "Content-Type: application/json" -H "User-Agent: python-novaclient" -H "X-Auth-Token: {SHA256}e8fbbf63dc420e85830c0335160e587089afb7b7bda5aaef2f233c4532f6ba35" -H "X-OpenStack-Nova-API-Version: 2.1" -H "X-OpenStack-Request-ID: req-64bb62fb-1f03-4bcd-b6ae-4b54d1906197" -d '{"events": [{"server_uuid": "880dcd48-0073-4dba-a9a7-16b3a7f00fcc", "name": "network-vif-plugged", "status": "completed", "tag": "5bdc492d-00d1-46ee-ade3-e6b55a37602e"}]}' {{(pid=102499) _http_log_request /usr/local/lib/python3.8/dist-packages/keystoneauth1/session.py:519}}
Jan 13 18:59:54.920537 dv-cinder-790535-23-iscsi neutron-server[102499]: DEBUG neutron.plugins.ml2.db [None req-eee38ffd-3b31-4ba9-aabd-952b6b726f87 None None] For port 5bdc492d-00d1-46ee-ade3-e6b55a37602e, host hv-cinder-79053, got binding levels [PortBindingLevel(driver='hyperv',host='hv-cinder-79053',level=0,port_id=5bdc492d-00d1-46ee-ade3-e6b55a37602e,segment=NetworkSegment(2762e48e-9418-4515-a663-ed10f5f3867c),segment_id=2762e48e-9418-4515-a663-ed10f5f3867c)] {{(pid=102499) get_binding_level_objs /opt/stack/neutron/neutron/plugins/ml2/db.py:74}}
Jan 13 18:59:54.929202 dv-cinder-790535-23-iscsi neutron-server[102499]: DEBUG neutron_lib.callbacks.manager [None req-eee38ffd-3b31-4ba9-aabd-952b6b726f87 None None] Publish callbacks ['neutron.plugins.ml2.plugin.SecurityGroupServerNotifierRpcMixin._notify_sg_on_port_change-1978615', 'neutron.plugins.ml2.ovo_rpc._ObjectChangeHandler.handle_event-115942', 'neutron.api.rpc.agentnotifiers.dhcp_rpc_agent_api.DhcpAgentNotifyAPI._native_event_send_dhcp_notification-968764', 'neutron.db.l3_db.L3RpcNotifierMixin._notify_gateway_port_ip_changed-8730283119948', 'neutron.db.l3_dvrscheduler_db._notify_l3_agent_port_update-8730282538536', 'neutron.db.l3_hascheduler_db._notify_l3_agent_ha_port_update-8730282538554'] for port (5bdc492d-00d1-46ee-ade3-e6b55a37602e), after_update {{(pid=102499) _notify_loop /usr/local/lib/python3.8/dist-packages/neutron_lib/callbacks/manager.py:176}}
Jan 13 18:59:54.930350 dv-cinder-790535-23-iscsi neutron-server[102499]: DEBUG neutron.plugins.ml2.rpc [None req-eee38ffd-3b31-4ba9-aabd-952b6b726f87 None None] Device 5c0f0091-462e-490a-b920-26e6d14aa15a up at agent hyperv_hv-cinder-79053 {{(pid=102499) update_device_up /opt/stack/neutron/neutron/plugins/ml2/rpc.py:296}}
Jan 13 18:59:54.980392 dv-cinder-790535-23-iscsi neutron-server[102499]: DEBUG novaclient.v2.client [-] RESP: [200] Connection: close Content-Length: 183 Content-Type: application/json Date: Thu, 13 Jan 2022 18:59:54 GMT OpenStack-API-Version: compute 2.1 Server: Apache/2.4.41 (Ubuntu) Vary: OpenStack-API-Version,X-OpenStack-Nova-API-Version X-OpenStack-Nova-API-Version: 2.1 x-compute-request-id: req-d27482b4-aa04-4e73-9165-65ee381541b7 x-openstack-request-id: req-d27482b4-aa04-4e73-9165-65ee381541b7 {{(pid=102499) _http_log_response /usr/local/lib/python3.8/dist-packages/keystoneauth1/session.py:550}}
Jan 13 18:59:54.980392 dv-cinder-790535-23-iscsi neutron-server[102499]: DEBUG novaclient.v2.client [-] RESP BODY: {"events": [{"server_uuid": "880dcd48-0073-4dba-a9a7-16b3a7f00fcc", "name": "network-vif-plugged", "status": "completed", "tag": "5bdc492d-00d1-46ee-ade3-e6b55a37602e", "code": 200}]} {{(pid=102499) _http_log_response /usr/local/lib/python3.8/dist-packages/keystoneauth1/session.py:582}}
Jan 13 18:59:54.980979 dv-cinder-790535-23-iscsi neutron-server[102499]: DEBUG novaclient.v2.client [-] POST call to compute for http://10.222.0.42/compute/v2.1/os-server-external-events used request id req-d27482b4-aa04-4e73-9165-65ee381541b7 {{(pid=102499) request /usr/local/lib/python3.8/dist-packages/keystoneauth1/session.py:954}}
Jan 13 18:59:54.981317 dv-cinder-790535-23-iscsi neutron-server[102499]: INFO neutron.notifiers.nova [-] Nova event response: {'server_uuid': '880dcd48-0073-4dba-a9a7-16b3a7f00fcc', 'name': 'network-vif-plugged', 'status': 'completed', 'tag': '5bdc492d-00d1-46ee-ade3-e6b55a37602e', 'code': 200}
Jan 13 18:59:55.055421 dv-cinder-790535-23-iscsi neutron-server[102499]: DEBUG neutron.api.rpc.handlers.resources_rpc [None req-eee38ffd-3b31-4ba9-aabd-952b6b726f87 None None] Pushing event updated for resources: {'Port': ['ID=5bdc492d-00d1-46ee-ade3-e6b55a37602e,revision_number=5']} {{(pid=102499) push /opt/stack/neutron/neutron/api/rpc/handlers/resources_rpc.py:237}}
Jan 13 18:59:55.075339 dv-cinder-790535-23-iscsi neutron-server[102499]: DEBUG neutron.db.provisioning_blocks [None req-eee38ffd-3b31-4ba9-aabd-952b6b726f87 None None] Provisioning for port 5c0f0091-462e-490a-b920-26e6d14aa15a completed by entity L2. {{(pid=102499) provisioning_complete /opt/stack/neutron/neutron/db/provisioning_blocks.py:133}}
Jan 13 18:59:55.082801 dv-cinder-790535-23-iscsi neutron-server[102499]: DEBUG neutron.api.rpc.callbacks.version_manager [None req-eee38ffd-3b31-4ba9-aabd-952b6b726f87 None None] Version for resource type AddressGroup changed None to 1.2 on consumer Open vSwitch agent@dv-cinder-790535-23-iscsi {{(pid=102499) _set_version /opt/stack/neutron/neutron/api/rpc/callbacks/version_manager.py:113}}
Jan 13 18:59:55.083147 dv-cinder-790535-23-iscsi neutron-server[102499]: DEBUG neutron.api.rpc.callbacks.version_manager [None req-eee38ffd-3b31-4ba9-aabd-952b6b726f87 None None] Version for resource type ConntrackHelper changed None to 1.0 on consumer Open vSwitch agent@dv-cinder-790535-23-iscsi {{(pid=102499) _set_version /opt/stack/neutron/neutron/api/rpc/callbacks/version_manager.py:113}}
Jan 13 18:59:55.083502 dv-cinder-790535-23-iscsi neutron-server[102499]: DEBUG neutron.api.rpc.callbacks.version_manager [None req-eee38ffd-3b31-4ba9-aabd-952b6b726f87 None None] Version for resource type LocalIPAssociation changed None to 1.0 on consumer Open vSwitch agent@dv-cinder-790535-23-iscsi {{(pid=102499) _set_version /opt/stack/neutron/neutron/api/rpc/callbacks/version_manager.py:113}}
Jan 13 18:59:55.084155 dv-cinder-790535-23-iscsi neutron-server[102499]: DEBUG neutron.api.rpc.callbacks.version_manager [None req-eee38ffd-3b31-4ba9-aabd-952b6b726f87 None None] Version for resource type Log changed None to 1.0 on consumer Open vSwitch agent@dv-cinder-790535-23-iscsi {{(pid=102499) _set_version /opt/stack/neutron/neutron/api/rpc/callbacks/version_manager.py:113}}
Jan 13 18:59:55.084405 dv-cinder-790535-23-iscsi neutron-server[102499]: DEBUG neutron.api.rpc.callbacks.version_manager [None req-eee38ffd-3b31-4ba9-aabd-952b6b726f87 None None] Version for resource type Network changed None to 1.1 on consumer Open vSwitch agent@dv-cinder-790535-23-iscsi {{(pid=102499) _set_version /opt/stack/neutron/neutron/api/rpc/callbacks/version_manager.py:113}}
Jan 13 18:59:55.084676 dv-cinder-790535-23-iscsi neutron-server[102499]: DEBUG neutron.api.rpc.callbacks.version_manager [None req-eee38ffd-3b31-4ba9-aabd-952b6b726f87 None None] Version for resource type Port changed None to 1.7 on consumer Open vSwitch agent@dv-cinder-790535-23-iscsi {{(pid=102499) _set_version /opt/stack/neutron/neutron/api/rpc/callbacks/version_manager.py:113}}
Jan 13 18:59:55.084990 dv-cinder-790535-23-iscsi neutron-server[102499]: DEBUG neutron.api.rpc.callbacks.version_manager [None req-eee38ffd-3b31-4ba9-aabd-952b6b726f87 None None] Version for resource type PortForwarding changed None to 1.2 on consumer Open vSwitch agent@dv-cinder-790535-23-iscsi {{(pid=102499) _set_version /opt/stack/neutron/neutron/api/rpc/callbacks/version_manager.py:113}}
Jan 13 18:59:55.085384 dv-cinder-790535-23-iscsi neutron-server[102499]: DEBUG neutron.api.rpc.callbacks.version_manager [None req-eee38ffd-3b31-4ba9-aabd-952b6b726f87 None None] Version for resource type QosPolicy changed None to 1.10 on consumer Open vSwitch agent@dv-cinder-790535-23-iscsi {{(pid=102499) _set_version /opt/stack/neutron/neutron/api/rpc/callbacks/version_manager.py:113}}
Jan 13 18:59:55.085663 dv-cinder-790535-23-iscsi neutron-server[102499]: DEBUG neutron.api.rpc.callbacks.version_manager [None req-eee38ffd-3b31-4ba9-aabd-952b6b726f87 None None] Version for resource type SecurityGroup changed None to 1.5 on consumer Open vSwitch agent@dv-cinder-790535-23-iscsi {{(pid=102499) _set_version /opt/stack/neutron/neutron/api/rpc/callbacks/version_manager.py:113}}
Jan 13 18:59:55.085997 dv-cinder-790535-23-iscsi neutron-server[102499]: DEBUG neutron.api.rpc.callbacks.version_manager [None req-eee38ffd-3b31-4ba9-aabd-952b6b726f87 None None] Version for resource type SecurityGroupRule changed None to 1.2 on consumer Open vSwitch agent@dv-cinder-790535-23-iscsi {{(pid=102499) _set_version /opt/stack/neutron/neutron/api/rpc/callbacks/version_manager.py:113}}
Jan 13 18:59:55.086322 dv-cinder-790535-23-iscsi neutron-server[102499]: DEBUG neutron.api.rpc.callbacks.version_manager [None req-eee38ffd-3b31-4ba9-aabd-952b6b726f87 None None] Version for resource type SubPort changed None to 1.0 on consumer Open vSwitch agent@dv-cinder-790535-23-iscsi {{(pid=102499) _set_version /opt/stack/neutron/neutron/api/rpc/callbacks/version_manager.py:113}}
Jan 13 18:59:55.086643 dv-cinder-790535-23-iscsi neutron-server[102499]: DEBUG neutron.api.rpc.callbacks.version_manager [None req-eee38ffd-3b31-4ba9-aabd-952b6b726f87 None None] Version for resource type Subnet changed None to 1.1 on consumer Open vSwitch agent@dv-cinder-790535-23-iscsi {{(pid=102499) _set_version /opt/stack/neutron/neutron/api/rpc/callbacks/version_manager.py:113}}
Jan 13 18:59:55.086953 dv-cinder-790535-23-iscsi neutron-server[102499]: DEBUG neutron.api.rpc.callbacks.version_manager [None req-eee38ffd-3b31-4ba9-aabd-952b6b726f87 None None] Version for resource type Trunk changed None to 1.1 on consumer Open vSwitch agent@dv-cinder-790535-23-iscsi {{(pid=102499) _set_version /opt/stack/neutron/neutron/api/rpc/callbacks/version_manager.py:113}}
Jan 13 18:59:55.092439 dv-cinder-790535-23-iscsi neutron-server[102499]: DEBUG neutron.db.provisioning_blocks [None req-eee38ffd-3b31-4ba9-aabd-952b6b726f87 None None] Provisioning complete for port 5c0f0091-462e-490a-b920-26e6d14aa15a triggered by entity L2. {{(pid=102499) provisioning_complete /opt/stack/neutron/neutron/db/provisioning_blocks.py:139}}
Jan 13 18:59:55.092817 dv-cinder-790535-23-iscsi neutron-server[102499]: DEBUG neutron_lib.callbacks.manager [None req-eee38ffd-3b31-4ba9-aabd-952b6b726f87 None None] Publish callbacks ['neutron.plugins.ml2.plugin.Ml2Plugin._port_provisioned-2091165'] for port (5c0f0091-462e-490a-b920-26e6d14aa15a), provisioning_complete {{(pid=102499) _notify_loop /usr/local/lib/python3.8/dist-packages/neutron_lib/callbacks/manager.py:176}}
Jan 13 18:59:55.123524 dv-cinder-790535-23-iscsi neutron-server[102497]: DEBUG neutron.pecan_wsgi.hooks.policy_enforcement [req-50ae22bf-d53a-41a4-a9ea-f007fe677cf8 req-a17f6223-5dd1-47c6-aa89-7fd2d05a246e tempest-ServerRescueNegativeTestJSON-746436101 tempest-ServerRescueNegativeTestJSON-746436101-project] Attributes excluded by policy engine: ['standard_attr_id', 'binding:profile', 'binding:host_id', 'binding:vif_type', 'binding:vif_details'] {{(pid=102497) _exclude_attributes_by_policy /opt/stack/neutron/neutron/pecan_wsgi/hooks/policy_enforcement.py:255}}
Jan 13 18:59:55.125049 dv-cinder-790535-23-iscsi neutron-server[102497]: INFO neutron.wsgi [req-50ae22bf-d53a-41a4-a9ea-f007fe677cf8 req-a17f6223-5dd1-47c6-aa89-7fd2d05a246e tempest-ServerRescueNegativeTestJSON-746436101 tempest-ServerRescueNegativeTestJSON-746436101-project] 10.222.0.42 "GET /v2.0/ports?device_id=2c2c1005-13f9-421d-b565-d9960439d8b2 HTTP/1.1" status: 200 len: 944 time: 0.0729136
Jan 13 18:59:55.186443 dv-cinder-790535-23-iscsi neutron-server[102497]: INFO neutron.wsgi [req-50ae22bf-d53a-41a4-a9ea-f007fe677cf8 req-986eeb40-3aff-4bfd-b01f-35464500af07 tempest-ServerRescueNegativeTestJSON-746436101 tempest-ServerRescueNegativeTestJSON-746436101-project] 10.222.0.42 "GET /v2.0/security-groups?id=4e5e1763-6c22-46a1-acf9-dc50b78d5a31&fields=id&fields=name HTTP/1.1" status: 200 len: 286 time: 0.0503888
Jan 13 18:59:55.324906 dv-cinder-790535-23-iscsi neutron-server[102499]: DEBUG neutron.plugins.ml2.plugin [None req-eee38ffd-3b31-4ba9-aabd-952b6b726f87 None None] Current status of the port 5c0f0091-462e-490a-b920-26e6d14aa15a is: BUILD; New status is: ACTIVE {{(pid=102499) _update_individual_port_db_status /opt/stack/neutron/neutron/plugins/ml2/plugin.py:2213}}
Jan 13 18:59:55.325298 dv-cinder-790535-23-iscsi neutron-server[102499]: DEBUG neutron_lib.callbacks.manager [None req-eee38ffd-3b31-4ba9-aabd-952b6b726f87 None None] Publish callbacks ['neutron.plugins.ml2.plugin.SecurityGroupDbMixin._ensure_default_security_group_handler-1978928'] for port (5c0f0091-462e-490a-b920-26e6d14aa15a), before_update {{(pid=102499) _notify_loop /usr/local/lib/python3.8/dist-packages/neutron_lib/callbacks/manager.py:176}}
Jan 13 18:59:55.364437 dv-cinder-790535-23-iscsi neutron-server[102499]: DEBUG neutron.plugins.ml2.db [None req-eee38ffd-3b31-4ba9-aabd-952b6b726f87 None None] For port 5c0f0091-462e-490a-b920-26e6d14aa15a, host hv-cinder-79053, got binding levels [PortBindingLevel(driver='hyperv',host='hv-cinder-79053',level=0,port_id=5c0f0091-462e-490a-b920-26e6d14aa15a,segment=NetworkSegment(2762e48e-9418-4515-a663-ed10f5f3867c),segment_id=2762e48e-9418-4515-a663-ed10f5f3867c)] {{(pid=102499) get_binding_level_objs /opt/stack/neutron/neutron/plugins/ml2/db.py:74}}
Jan 13 18:59:55.372547 dv-cinder-790535-23-iscsi neutron-server[102499]: DEBUG neutron_lib.callbacks.manager [None req-eee38ffd-3b31-4ba9-aabd-952b6b726f87 None None] Publish callbacks ['neutron.plugins.ml2.plugin.SecurityGroupServerNotifierRpcMixin._notify_sg_on_port_change-1978615', 'neutron.plugins.ml2.ovo_rpc._ObjectChangeHandler.handle_event-115942', 'neutron.api.rpc.agentnotifiers.dhcp_rpc_agent_api.DhcpAgentNotifyAPI._native_event_send_dhcp_notification-968764', 'neutron.db.l3_db.L3RpcNotifierMixin._notify_gateway_port_ip_changed-8730283119948', 'neutron.db.l3_dvrscheduler_db._notify_l3_agent_port_update-8730282538536', 'neutron.db.l3_hascheduler_db._notify_l3_agent_ha_port_update-8730282538554'] for port (5c0f0091-462e-490a-b920-26e6d14aa15a), after_update {{(pid=102499) _notify_loop /usr/local/lib/python3.8/dist-packages/neutron_lib/callbacks/manager.py:176}}
Jan 13 18:59:55.426639 dv-cinder-790535-23-iscsi neutron-server[102499]: DEBUG neutron.api.rpc.handlers.resources_rpc [None req-eee38ffd-3b31-4ba9-aabd-952b6b726f87 None None] Pushing event updated for resources: {'Port': ['ID=5c0f0091-462e-490a-b920-26e6d14aa15a,revision_number=5']} {{(pid=102499) push /opt/stack/neutron/neutron/api/rpc/handlers/resources_rpc.py:237}}
Jan 13 18:59:55.921261 dv-cinder-790535-23-iscsi neutron-server[102498]: DEBUG neutron.pecan_wsgi.hooks.policy_enforcement [req-6ec26288-417f-4e6d-b6de-d0a03fe79140 req-9651b053-7cb1-45cc-aac8-4afcd4d41b02 tempest-AttachVolumeTestJSON-168335051 tempest-AttachVolumeTestJSON-168335051-project] Attributes excluded by policy engine: ['standard_attr_id', 'binding:profile', 'binding:host_id', 'binding:vif_type', 'binding:vif_details'] {{(pid=102498) _exclude_attributes_by_policy /opt/stack/neutron/neutron/pecan_wsgi/hooks/policy_enforcement.py:255}}
Jan 13 18:59:55.922925 dv-cinder-790535-23-iscsi neutron-server[102498]: INFO neutron.wsgi [req-6ec26288-417f-4e6d-b6de-d0a03fe79140 req-9651b053-7cb1-45cc-aac8-4afcd4d41b02 tempest-AttachVolumeTestJSON-168335051 tempest-AttachVolumeTestJSON-168335051-project] 10.222.0.42 "GET /v2.0/ports?device_id=660daf8d-0484-4937-834c-ae8578a48260 HTTP/1.1" status: 200 len: 945 time: 0.0551469
Jan 13 18:59:55.988326 dv-cinder-790535-23-iscsi neutron-server[102498]: INFO neutron.wsgi [req-6ec26288-417f-4e6d-b6de-d0a03fe79140 req-7938f185-3acb-45a5-bc14-bca53bc30969 tempest-AttachVolumeTestJSON-168335051 tempest-AttachVolumeTestJSON-168335051-project] 10.222.0.42 "GET /v2.0/security-groups?id=52a82861-3459-46f0-a475-68a226a97f8d&fields=id&fields=name HTTP/1.1" status: 200 len: 312 time: 0.0591512
Jan 13 18:59:56.327976 dv-cinder-790535-23-iscsi neutron-server[102497]: DEBUG neutron.pecan_wsgi.hooks.policy_enforcement [req-4fc698a4-77d3-47ef-aa65-c070bd5ed2e7 req-78fbf3f8-7e6d-49f9-88ee-80efdd2bea8a tempest-ServerRescueNegativeTestJSON-746436101 tempest-ServerRescueNegativeTestJSON-746436101-project] Attributes excluded by policy engine: ['standard_attr_id', 'binding:profile', 'binding:host_id', 'binding:vif_type', 'binding:vif_details'] {{(pid=102497) _exclude_attributes_by_policy /opt/stack/neutron/neutron/pecan_wsgi/hooks/policy_enforcement.py:255}}
Jan 13 18:59:56.330372 dv-cinder-790535-23-iscsi neutron-server[102497]: INFO neutron.wsgi [req-4fc698a4-77d3-47ef-aa65-c070bd5ed2e7 req-78fbf3f8-7e6d-49f9-88ee-80efdd2bea8a tempest-ServerRescueNegativeTestJSON-746436101 tempest-ServerRescueNegativeTestJSON-746436101-project] 10.222.0.42 "GET /v2.0/ports?device_id=2c2c1005-13f9-421d-b565-d9960439d8b2 HTTP/1.1" status: 200 len: 945 time: 0.0558674
Jan 13 18:59:56.424920 dv-cinder-790535-23-iscsi neutron-server[102497]: INFO neutron.wsgi [req-4fc698a4-77d3-47ef-aa65-c070bd5ed2e7 req-8ae001a0-e1e2-4f87-a706-293aae2e9359 tempest-ServerRescueNegativeTestJSON-746436101 tempest-ServerRescueNegativeTestJSON-746436101-project] 10.222.0.42 "GET /v2.0/security-groups?id=4e5e1763-6c22-46a1-acf9-dc50b78d5a31&fields=id&fields=name HTTP/1.1" status: 200 len: 286 time: 0.0808876
Jan 13 18:59:56.571756 dv-cinder-790535-23-iscsi neutron-server[102499]: DEBUG neutron_lib.callbacks.manager [None req-d558499b-d422-4a55-96ac-6f59632aad1f None None] Publish callbacks ['neutron.services.segments.db._update_segment_host_mapping_for_agent-8730283058966', 'neutron.plugins.ml2.plugin.Ml2Plugin._retry_binding_revived_agents-2091074'] for agent (dbe9cdf1-786e-4376-8fbc-c481aa65c939), after_update {{(pid=102499) _notify_loop /usr/local/lib/python3.8/dist-packages/neutron_lib/callbacks/manager.py:176}}
Jan 13 18:59:56.982594 dv-cinder-790535-23-iscsi neutron-server[102499]: DEBUG neutron.notifiers.nova [-] Sending events: [{'server_uuid': '2c2c1005-13f9-421d-b565-d9960439d8b2', 'name': 'network-vif-plugged', 'status': 'completed', 'tag': '5c0f0091-462e-490a-b920-26e6d14aa15a'}] {{(pid=102499) send_events /opt/stack/neutron/neutron/notifiers/nova.py:262}}
Jan 13 18:59:56.985056 dv-cinder-790535-23-iscsi neutron-server[102499]: DEBUG novaclient.v2.client [-] REQ: curl -g -i --cacert "/opt/stack/data/ca-bundle.pem" -X POST http://10.222.0.42/compute/v2.1/os-server-external-events -H "Accept: application/json" -H "Content-Type: application/json" -H "User-Agent: python-novaclient" -H "X-Auth-Token: {SHA256}e8fbbf63dc420e85830c0335160e587089afb7b7bda5aaef2f233c4532f6ba35" -H "X-OpenStack-Nova-API-Version: 2.1" -H "X-OpenStack-Request-ID: req-fe33fce2-472b-4a80-9461-62875a116962" -d '{"events": [{"server_uuid": "2c2c1005-13f9-421d-b565-d9960439d8b2", "name": "network-vif-plugged", "status": "completed", "tag": "5c0f0091-462e-490a-b920-26e6d14aa15a"}]}' {{(pid=102499) _http_log_request /usr/local/lib/python3.8/dist-packages/keystoneauth1/session.py:519}}
Jan 13 18:59:57.047084 dv-cinder-790535-23-iscsi neutron-server[102499]: DEBUG novaclient.v2.client [-] RESP: [200] Connection: close Content-Length: 183 Content-Type: application/json Date: Thu, 13 Jan 2022 18:59:56 GMT OpenStack-API-Version: compute 2.1 Server: Apache/2.4.41 (Ubuntu) Vary: OpenStack-API-Version,X-OpenStack-Nova-API-Version X-OpenStack-Nova-API-Version: 2.1 x-compute-request-id: req-74d4db37-edbb-4a9b-9291-fb39adb92b58 x-openstack-request-id: req-74d4db37-edbb-4a9b-9291-fb39adb92b58 {{(pid=102499) _http_log_response /usr/local/lib/python3.8/dist-packages/keystoneauth1/session.py:550}}
Jan 13 18:59:57.047413 dv-cinder-790535-23-iscsi neutron-server[102499]: DEBUG novaclient.v2.client [-] RESP BODY: {"events": [{"server_uuid": "2c2c1005-13f9-421d-b565-d9960439d8b2", "name": "network-vif-plugged", "status": "completed", "tag": "5c0f0091-462e-490a-b920-26e6d14aa15a", "code": 200}]} {{(pid=102499) _http_log_response /usr/local/lib/python3.8/dist-packages/keystoneauth1/session.py:582}}
Jan 13 18:59:57.047765 dv-cinder-790535-23-iscsi neutron-server[102499]: DEBUG novaclient.v2.client [-] POST call to compute for http://10.222.0.42/compute/v2.1/os-server-external-events used request id req-74d4db37-edbb-4a9b-9291-fb39adb92b58 {{(pid=102499) request /usr/local/lib/python3.8/dist-packages/keystoneauth1/session.py:954}}
Jan 13 18:59:57.048105 dv-cinder-790535-23-iscsi neutron-server[102499]: INFO neutron.notifiers.nova [-] Nova event response: {'server_uuid': '2c2c1005-13f9-421d-b565-d9960439d8b2', 'name': 'network-vif-plugged', 'status': 'completed', 'tag': '5c0f0091-462e-490a-b920-26e6d14aa15a', 'code': 200}
Jan 13 18:59:57.140551 dv-cinder-790535-23-iscsi neutron-server[102497]: DEBUG neutron.pecan_wsgi.hooks.policy_enforcement [req-68c6ba2b-3b3e-4c52-85ae-960ddb27ff4b req-a691f75b-9b4d-4243-8938-4d94941a65b2 tempest-AttachVolumeTestJSON-168335051 tempest-AttachVolumeTestJSON-168335051-project] Attributes excluded by policy engine: ['standard_attr_id', 'binding:profile', 'binding:host_id', 'binding:vif_type', 'binding:vif_details'] {{(pid=102497) _exclude_attributes_by_policy /opt/stack/neutron/neutron/pecan_wsgi/hooks/policy_enforcement.py:255}}
Jan 13 18:59:57.148089 dv-cinder-790535-23-iscsi neutron-server[102497]: INFO neutron.wsgi [req-68c6ba2b-3b3e-4c52-85ae-960ddb27ff4b req-a691f75b-9b4d-4243-8938-4d94941a65b2 tempest-AttachVolumeTestJSON-168335051 tempest-AttachVolumeTestJSON-168335051-project] 10.222.0.42 "GET /v2.0/ports?device_id=660daf8d-0484-4937-834c-ae8578a48260 HTTP/1.1" status: 200 len: 945 time: 0.0613058
Jan 13 18:59:57.198969 dv-cinder-790535-23-iscsi neutron-server[102497]: INFO neutron.wsgi [req-68c6ba2b-3b3e-4c52-85ae-960ddb27ff4b req-b7812c72-b57c-4890-9d1b-1feceb1f8bb0 tempest-AttachVolumeTestJSON-168335051 tempest-AttachVolumeTestJSON-168335051-project] 10.222.0.42 "GET /v2.0/security-groups?id=52a82861-3459-46f0-a475-68a226a97f8d&fields=id&fields=name HTTP/1.1" status: 200 len: 312 time: 0.0495579
Jan 13 18:59:57.537767 dv-cinder-790535-23-iscsi neutron-server[102498]: INFO neutron.wsgi [req-0004bf40-0038-4978-9299-66b95a5b2e90 req-ab80eee8-50a2-406b-bae3-c8445f0c5a7d service neutron] 10.222.0.72 "GET /v2.0/ports?device_id=ed5c0221-6c8f-49ce-96f1-ac3ff1535481&fields=binding%3Ahost_id&fields=binding%3Avif_type HTTP/1.1" status: 200 len: 275 time: 0.1164422
Jan 13 18:59:57.655491 dv-cinder-790535-23-iscsi neutron-server[102499]: DEBUG neutron_lib.callbacks.manager [None req-dda463d0-7c3f-4598-bcc6-b1aa34bd0c09 None None] Publish callbacks ['neutron.services.segments.db._update_segment_host_mapping_for_agent-8730283058966', 'neutron.plugins.ml2.plugin.Ml2Plugin._retry_binding_revived_agents-2091074'] for agent (20cba67d-7ce1-4970-b97c-fb6d5c0d8b5e), after_update {{(pid=102499) _notify_loop /usr/local/lib/python3.8/dist-packages/neutron_lib/callbacks/manager.py:176}}
Jan 13 18:59:57.676347 dv-cinder-790535-23-iscsi neutron-server[102498]: DEBUG neutron.pecan_wsgi.hooks.policy_enforcement [req-5bac06f4-8d53-432a-a806-ac6113ade07e req-8d63ef0d-dc12-457f-ab2a-749e70576723 tempest-ServerRescueNegativeTestJSON-746436101 tempest-ServerRescueNegativeTestJSON-746436101-project] Attributes excluded by policy engine: ['standard_attr_id', 'binding:profile', 'binding:host_id', 'binding:vif_type', 'binding:vif_details'] {{(pid=102498) _exclude_attributes_by_policy /opt/stack/neutron/neutron/pecan_wsgi/hooks/policy_enforcement.py:255}}
Jan 13 18:59:57.678227 dv-cinder-790535-23-iscsi neutron-server[102498]: INFO neutron.wsgi [req-5bac06f4-8d53-432a-a806-ac6113ade07e req-8d63ef0d-dc12-457f-ab2a-749e70576723 tempest-ServerRescueNegativeTestJSON-746436101 tempest-ServerRescueNegativeTestJSON-746436101-project] 10.222.0.42 "GET /v2.0/ports?device_id=2c2c1005-13f9-421d-b565-d9960439d8b2 HTTP/1.1" status: 200 len: 945 time: 0.1388838
Jan 13 18:59:57.738030 dv-cinder-790535-23-iscsi neutron-server[102497]: DEBUG neutron.pecan_wsgi.hooks.policy_enforcement [req-fa19138b-7076-4947-ac8d-ad0db94c2e19 req-b2e225cf-b7b0-43bc-941e-c61dc92b2964 service neutron] Attributes excluded by policy engine: ['standard_attr_id'] {{(pid=102497) _exclude_attributes_by_policy /opt/stack/neutron/neutron/pecan_wsgi/hooks/policy_enforcement.py:255}}
Jan 13 18:59:57.740552 dv-cinder-790535-23-iscsi neutron-server[102497]: INFO neutron.wsgi [req-fa19138b-7076-4947-ac8d-ad0db94c2e19 req-b2e225cf-b7b0-43bc-941e-c61dc92b2964 service neutron] 10.222.0.72 "GET /v2.0/ports?device_id=880dcd48-0073-4dba-a9a7-16b3a7f00fcc HTTP/1.1" status: 200 len: 1098 time: 0.0558918
Jan 13 18:59:57.801275 dv-cinder-790535-23-iscsi neutron-server[102498]: DEBUG neutron.pecan_wsgi.hooks.policy_enforcement [req-445e8b85-8604-46e5-a4ea-ddb3853fb408 req-5e7b7fb4-fbe1-4466-8827-2f5f412574c9 service neutron] Attributes excluded by policy engine: ['standard_attr_id'] {{(pid=102498) _exclude_attributes_by_policy /opt/stack/neutron/neutron/pecan_wsgi/hooks/policy_enforcement.py:255}}
Jan 13 18:59:57.809865 dv-cinder-790535-23-iscsi neutron-server[102498]: INFO neutron.wsgi [req-445e8b85-8604-46e5-a4ea-ddb3853fb408 req-5e7b7fb4-fbe1-4466-8827-2f5f412574c9 service neutron] 10.222.0.72 "GET /v2.0/ports?device_id=2c2c1005-13f9-421d-b565-d9960439d8b2 HTTP/1.1" status: 200 len: 1098 time: 0.1294460
Jan 13 18:59:57.836305 dv-cinder-790535-23-iscsi neutron-server[102498]: INFO neutron.wsgi [req-5bac06f4-8d53-432a-a806-ac6113ade07e req-d3c685e6-a374-499c-93e0-e0d5db18fae0 tempest-ServerRescueNegativeTestJSON-746436101 tempest-ServerRescueNegativeTestJSON-746436101-project] 10.222.0.42 "GET /v2.0/security-groups?id=4e5e1763-6c22-46a1-acf9-dc50b78d5a31&fields=id&fields=name HTTP/1.1" status: 200 len: 286 time: 0.1310599
Jan 13 18:59:57.838135 dv-cinder-790535-23-iscsi neutron-server[102497]: INFO neutron.wsgi [req-fa19138b-7076-4947-ac8d-ad0db94c2e19 req-f39f93f3-5ad8-429f-abf5-a48034c6bfb0 service neutron] 10.222.0.72 "GET /v2.0/security-groups?id=4e5e1763-6c22-46a1-acf9-dc50b78d5a31&fields=id&fields=name HTTP/1.1" status: 200 len: 286 time: 0.0896685
Jan 13 18:59:57.838280 dv-cinder-790535-23-iscsi neutron-server[102498]: DEBUG neutron.pecan_wsgi.hooks.policy_enforcement [req-0004bf40-0038-4978-9299-66b95a5b2e90 req-794b17ce-6133-4ebc-a06a-c648c7e6fe9e service neutron] Attributes excluded by policy engine: ['standard_attr_id'] {{(pid=102498) _exclude_attributes_by_policy /opt/stack/neutron/neutron/pecan_wsgi/hooks/policy_enforcement.py:255}}
Jan 13 18:59:57.839753 dv-cinder-790535-23-iscsi neutron-server[102498]: INFO neutron.wsgi [req-0004bf40-0038-4978-9299-66b95a5b2e90 req-794b17ce-6133-4ebc-a06a-c648c7e6fe9e service neutron] 10.222.0.72 "GET /v2.0/ports?tenant_id=c864dcb887c94ed5a1913f7ecb4e392f&device_id=ed5c0221-6c8f-49ce-96f1-ac3ff1535481 HTTP/1.1" status: 200 len: 1099 time: 0.2330816
Jan 13 18:59:57.877840 dv-cinder-790535-23-iscsi neutron-server[102498]: INFO neutron.wsgi [req-445e8b85-8604-46e5-a4ea-ddb3853fb408 req-0b91cc66-a3da-4ca3-819f-1b195c95f196 service neutron] 10.222.0.72 "GET /v2.0/security-groups?id=4e5e1763-6c22-46a1-acf9-dc50b78d5a31&fields=id&fields=name HTTP/1.1" status: 200 len: 286 time: 0.0527134
Jan 13 18:59:58.326365 dv-cinder-790535-23-iscsi neutron-server[102497]: DEBUG neutron.pecan_wsgi.hooks.policy_enforcement [req-cad59a0b-d62a-447f-92d8-798626f3c070 req-2e7b78be-e0ad-4de6-b55c-bba0efabc040 tempest-AttachVolumeTestJSON-168335051 tempest-AttachVolumeTestJSON-168335051-project] Attributes excluded by policy engine: ['standard_attr_id', 'binding:profile', 'binding:host_id', 'binding:vif_type', 'binding:vif_details'] {{(pid=102497) _exclude_attributes_by_policy /opt/stack/neutron/neutron/pecan_wsgi/hooks/policy_enforcement.py:255}}
Jan 13 18:59:58.335160 dv-cinder-790535-23-iscsi neutron-server[102497]: INFO neutron.wsgi [req-cad59a0b-d62a-447f-92d8-798626f3c070 req-2e7b78be-e0ad-4de6-b55c-bba0efabc040 tempest-AttachVolumeTestJSON-168335051 tempest-AttachVolumeTestJSON-168335051-project] 10.222.0.42 "GET /v2.0/ports?device_id=660daf8d-0484-4937-834c-ae8578a48260 HTTP/1.1" status: 200 len: 945 time: 0.0619097
Jan 13 18:59:58.384804 dv-cinder-790535-23-iscsi neutron-server[102497]: INFO neutron.wsgi [req-cad59a0b-d62a-447f-92d8-798626f3c070 req-eeef6da7-ee54-459a-956e-7e1181fc0160 tempest-AttachVolumeTestJSON-168335051 tempest-AttachVolumeTestJSON-168335051-project] 10.222.0.42 "GET /v2.0/security-groups?id=52a82861-3459-46f0-a475-68a226a97f8d&fields=id&fields=name HTTP/1.1" status: 200 len: 312 time: 0.0479705
Jan 13 18:59:59.115970 dv-cinder-790535-23-iscsi neutron-server[102498]: DEBUG neutron.pecan_wsgi.hooks.policy_enforcement [req-622d6a4d-dfb6-49ec-adfb-1ba9335c5f86 req-78a3926f-adb2-42b8-8b28-efd2cb285d7d tempest-TestMinimumBasicScenario-436028667 tempest-TestMinimumBasicScenario-436028667-project] Attributes excluded by policy engine: ['standard_attr_id', 'vlan_transparent', 'provider:network_type', 'provider:physical_network', 'provider:segmentation_id'] {{(pid=102498) _exclude_attributes_by_policy /opt/stack/neutron/neutron/pecan_wsgi/hooks/policy_enforcement.py:255}}
Jan 13 18:59:59.117509 dv-cinder-790535-23-iscsi neutron-server[102498]: INFO neutron.wsgi [req-622d6a4d-dfb6-49ec-adfb-1ba9335c5f86 req-78a3926f-adb2-42b8-8b28-efd2cb285d7d tempest-TestMinimumBasicScenario-436028667 tempest-TestMinimumBasicScenario-436028667-project] 10.222.0.42 "GET /v2.0/networks?id=0f3926da-b6ce-4e22-8920-7b22cfe005b1 HTTP/1.1" status: 200 len: 814 time: 0.1104338
Jan 13 18:59:59.138768 dv-cinder-790535-23-iscsi neutron-server[102498]: INFO neutron.wsgi [req-622d6a4d-dfb6-49ec-adfb-1ba9335c5f86 req-a4f2f616-7cbe-4d2f-b6df-4a30a17a74f1 tempest-TestMinimumBasicScenario-436028667 tempest-TestMinimumBasicScenario-436028667-project] 10.222.0.42 "GET /v2.0/quotas/6a477eaf4c9148eba70e69a2b3cd33c1 HTTP/1.1" status: 200 len: 375 time: 0.0098276
Jan 13 18:59:59.169786 dv-cinder-790535-23-iscsi neutron-server[102497]: DEBUG neutron.pecan_wsgi.hooks.policy_enforcement [req-61adbc27-4634-44d2-9405-245b86aee93c req-1ca3a117-2df9-4aea-b6bd-a2351614b557 tempest-ServerRescueNegativeTestJSON-746436101 tempest-ServerRescueNegativeTestJSON-746436101-project] Attributes excluded by policy engine: ['standard_attr_id', 'binding:profile', 'binding:host_id', 'binding:vif_type', 'binding:vif_details'] {{(pid=102497) _exclude_attributes_by_policy /opt/stack/neutron/neutron/pecan_wsgi/hooks/policy_enforcement.py:255}}
Jan 13 18:59:59.171309 dv-cinder-790535-23-iscsi neutron-server[102497]: INFO neutron.wsgi [req-61adbc27-4634-44d2-9405-245b86aee93c req-1ca3a117-2df9-4aea-b6bd-a2351614b557 tempest-ServerRescueNegativeTestJSON-746436101 tempest-ServerRescueNegativeTestJSON-746436101-project] 10.222.0.42 "GET /v2.0/ports?device_id=2c2c1005-13f9-421d-b565-d9960439d8b2 HTTP/1.1" status: 200 len: 945 time: 0.2499950
Jan 13 18:59:59.187963 dv-cinder-790535-23-iscsi neutron-server[102498]: INFO neutron.wsgi [req-622d6a4d-dfb6-49ec-adfb-1ba9335c5f86 req-5583a7f2-a1fe-4288-9451-e21ff409186e tempest-TestMinimumBasicScenario-436028667 tempest-TestMinimumBasicScenario-436028667-project] 10.222.0.42 "GET /v2.0/ports?tenant_id=6a477eaf4c9148eba70e69a2b3cd33c1&fields=id HTTP/1.1" status: 200 len: 302 time: 0.0480926
Jan 13 18:59:59.223536 dv-cinder-790535-23-iscsi neutron-server[102497]: INFO neutron.wsgi [req-61adbc27-4634-44d2-9405-245b86aee93c req-ea207d41-946d-481e-b7a8-3a8ca4be5802 tempest-ServerRescueNegativeTestJSON-746436101 tempest-ServerRescueNegativeTestJSON-746436101-project] 10.222.0.42 "GET /v2.0/security-groups?id=4e5e1763-6c22-46a1-acf9-dc50b78d5a31&fields=id&fields=name HTTP/1.1" status: 200 len: 286 time: 0.0452986
Jan 13 18:59:59.290958 dv-cinder-790535-23-iscsi neutron-server[102498]: INFO neutron.wsgi [req-622d6a4d-dfb6-49ec-adfb-1ba9335c5f86 req-4cce6fca-0e33-467f-abef-5332b0400314 service neutron] 10.222.0.42 "GET /v2.0/networks/0f3926da-b6ce-4e22-8920-7b22cfe005b1?fields=segments HTTP/1.1" status: 200 len: 212 time: 0.0903823
Jan 13 18:59:59.382729 dv-cinder-790535-23-iscsi neutron-server[102498]: INFO neutron.wsgi [req-622d6a4d-dfb6-49ec-adfb-1ba9335c5f86 req-f7a1173c-fdb5-45fc-a82d-f6ca64f239fc service neutron] 10.222.0.42 "GET /v2.0/networks/0f3926da-b6ce-4e22-8920-7b22cfe005b1?fields=provider%3Aphysical_network&fields=provider%3Anetwork_type HTTP/1.1" status: 200 len: 281 time: 0.0859454
Jan 13 18:59:59.508233 dv-cinder-790535-23-iscsi neutron-server[102497]: DEBUG neutron.pecan_wsgi.hooks.policy_enforcement [req-c7bc223d-1bc9-4a66-8df4-aacc0e72c305 req-ff79f0ff-983e-4450-82a9-d3574cdfdfed tempest-AttachVolumeTestJSON-168335051 tempest-AttachVolumeTestJSON-168335051-project] Attributes excluded by policy engine: ['standard_attr_id', 'binding:profile', 'binding:host_id', 'binding:vif_type', 'binding:vif_details'] {{(pid=102497) _exclude_attributes_by_policy /opt/stack/neutron/neutron/pecan_wsgi/hooks/policy_enforcement.py:255}}
Jan 13 18:59:59.513045 dv-cinder-790535-23-iscsi neutron-server[102497]: INFO neutron.wsgi [req-c7bc223d-1bc9-4a66-8df4-aacc0e72c305 req-ff79f0ff-983e-4450-82a9-d3574cdfdfed tempest-AttachVolumeTestJSON-168335051 tempest-AttachVolumeTestJSON-168335051-project] 10.222.0.42 "GET /v2.0/ports?device_id=660daf8d-0484-4937-834c-ae8578a48260 HTTP/1.1" status: 200 len: 945 time: 0.0594494
Jan 13 18:59:59.545567 dv-cinder-790535-23-iscsi neutron-server[102498]: INFO neutron.wsgi [req-58a74112-8269-4e04-97ae-9b49bebdd021 req-a7ddb2ca-0590-4319-83e3-058cea045f78 tempest-TestMinimumBasicScenario-436028667 tempest-TestMinimumBasicScenario-436028667-project] 10.222.0.42 "GET /v2.0/ports?device_id=b2faca3f-a3a5-41a9-adbe-eb2eecf85296 HTTP/1.1" status: 200 len: 210 time: 0.0283093
Jan 13 18:59:59.564791 dv-cinder-790535-23-iscsi neutron-server[102497]: INFO neutron.wsgi [req-c7bc223d-1bc9-4a66-8df4-aacc0e72c305 req-8ca733be-4498-4bfb-9cf8-e0e77cb54e19 tempest-AttachVolumeTestJSON-168335051 tempest-AttachVolumeTestJSON-168335051-project] 10.222.0.42 "GET /v2.0/security-groups?id=52a82861-3459-46f0-a475-68a226a97f8d&fields=id&fields=name HTTP/1.1" status: 200 len: 312 time: 0.0491562
Jan 13 19:00:00.355078 dv-cinder-790535-23-iscsi neutron-server[102498]: DEBUG neutron.pecan_wsgi.hooks.policy_enforcement [req-bbf30e49-32a5-43c2-8ea3-35a368008bf9 req-7686ac73-cdbf-4dd7-acf5-7464dd729bc9 tempest-ServerRescueNegativeTestJSON-746436101 tempest-ServerRescueNegativeTestJSON-746436101-project] Attributes excluded by policy engine: ['standard_attr_id', 'binding:profile', 'binding:host_id', 'binding:vif_type', 'binding:vif_details'] {{(pid=102498) _exclude_attributes_by_policy /opt/stack/neutron/neutron/pecan_wsgi/hooks/policy_enforcement.py:255}}
Jan 13 19:00:00.356866 dv-cinder-790535-23-iscsi neutron-server[102498]: INFO neutron.wsgi [req-bbf30e49-32a5-43c2-8ea3-35a368008bf9 req-7686ac73-cdbf-4dd7-acf5-7464dd729bc9 tempest-ServerRescueNegativeTestJSON-746436101 tempest-ServerRescueNegativeTestJSON-746436101-project] 10.222.0.42 "GET /v2.0/ports?device_id=2c2c1005-13f9-421d-b565-d9960439d8b2 HTTP/1.1" status: 200 len: 945 time: 0.0590081
Jan 13 19:00:00.410637 dv-cinder-790535-23-iscsi neutron-server[102498]: INFO neutron.wsgi [req-bbf30e49-32a5-43c2-8ea3-35a368008bf9 req-ff8f44d1-3895-4514-843e-437f741117c3 tempest-ServerRescueNegativeTestJSON-746436101 tempest-ServerRescueNegativeTestJSON-746436101-project] 10.222.0.42 "GET /v2.0/security-groups?id=4e5e1763-6c22-46a1-acf9-dc50b78d5a31&fields=id&fields=name HTTP/1.1" status: 200 len: 286 time: 0.0459013
Jan 13 19:00:00.513168 dv-cinder-790535-23-iscsi neutron-server[102499]: DEBUG neutron.plugins.ml2.rpc [None req-eee38ffd-3b31-4ba9-aabd-952b6b726f87 None None] Device 3e73cbbb-d78a-4fcf-8091-f8f941d88bd7 up at agent hyperv_hv-cinder-79053 {{(pid=102499) update_device_up /opt/stack/neutron/neutron/plugins/ml2/rpc.py:296}}
Jan 13 19:00:00.560293 dv-cinder-790535-23-iscsi neutron-server[102499]: DEBUG neutron_lib.callbacks.manager [None req-eee38ffd-3b31-4ba9-aabd-952b6b726f87 None None] Publish callbacks ['neutron.services.segments.db._update_segment_host_mapping_for_agent-8730283058966', 'neutron.plugins.ml2.plugin.Ml2Plugin._retry_binding_revived_agents-2091074'] for agent (911e7ed2-fffb-4f87-9dd4-09b1297c1659), after_update {{(pid=102499) _notify_loop /usr/local/lib/python3.8/dist-packages/neutron_lib/callbacks/manager.py:176}}
Jan 13 19:00:00.574615 dv-cinder-790535-23-iscsi neutron-server[102499]: DEBUG neutron.db.provisioning_blocks [None req-eee38ffd-3b31-4ba9-aabd-952b6b726f87 None None] Provisioning for port 3e73cbbb-d78a-4fcf-8091-f8f941d88bd7 completed by entity L2. {{(pid=102499) provisioning_complete /opt/stack/neutron/neutron/db/provisioning_blocks.py:133}}
Jan 13 19:00:00.578695 dv-cinder-790535-23-iscsi neutron-server[102499]: DEBUG neutron.db.provisioning_blocks [None req-eee38ffd-3b31-4ba9-aabd-952b6b726f87 None None] Provisioning complete for port 3e73cbbb-d78a-4fcf-8091-f8f941d88bd7 triggered by entity L2. {{(pid=102499) provisioning_complete /opt/stack/neutron/neutron/db/provisioning_blocks.py:139}}
Jan 13 19:00:00.579143 dv-cinder-790535-23-iscsi neutron-server[102499]: DEBUG neutron_lib.callbacks.manager [None req-eee38ffd-3b31-4ba9-aabd-952b6b726f87 None None] Publish callbacks ['neutron.plugins.ml2.plugin.Ml2Plugin._port_provisioned-2091165'] for port (3e73cbbb-d78a-4fcf-8091-f8f941d88bd7), provisioning_complete {{(pid=102499) _notify_loop /usr/local/lib/python3.8/dist-packages/neutron_lib/callbacks/manager.py:176}}
Jan 13 19:00:00.645257 dv-cinder-790535-23-iscsi neutron-server[102497]: INFO neutron.wsgi [req-bba07bf1-298c-4773-9e12-e3515e1744fc req-69b922ef-1ed2-45da-aa2c-d5b284fd0d3b tempest-TestMinimumBasicScenario-436028667 tempest-TestMinimumBasicScenario-436028667-project] 10.222.0.42 "GET /v2.0/ports?device_id=b2faca3f-a3a5-41a9-adbe-eb2eecf85296 HTTP/1.1" status: 200 len: 210 time: 0.0314724
Jan 13 19:00:00.681287 dv-cinder-790535-23-iscsi neutron-server[102499]: DEBUG neutron.plugins.ml2.plugin [None req-eee38ffd-3b31-4ba9-aabd-952b6b726f87 None None] Current status of the port 3e73cbbb-d78a-4fcf-8091-f8f941d88bd7 is: BUILD; New status is: ACTIVE {{(pid=102499) _update_individual_port_db_status /opt/stack/neutron/neutron/plugins/ml2/plugin.py:2213}}
Jan 13 19:00:00.681679 dv-cinder-790535-23-iscsi neutron-server[102499]: DEBUG neutron_lib.callbacks.manager [None req-eee38ffd-3b31-4ba9-aabd-952b6b726f87 None None] Publish callbacks ['neutron.plugins.ml2.plugin.SecurityGroupDbMixin._ensure_default_security_group_handler-1978928'] for port (3e73cbbb-d78a-4fcf-8091-f8f941d88bd7), before_update {{(pid=102499) _notify_loop /usr/local/lib/python3.8/dist-packages/neutron_lib/callbacks/manager.py:176}}
Jan 13 19:00:00.689555 dv-cinder-790535-23-iscsi neutron-server[102498]: DEBUG neutron.pecan_wsgi.hooks.policy_enforcement [req-37bc6f1f-7a4c-4092-9f7f-9e944e1e3708 req-9cabe5a4-a321-418e-a14f-e4a7ccc527f8 tempest-AttachVolumeTestJSON-168335051 tempest-AttachVolumeTestJSON-168335051-project] Attributes excluded by policy engine: ['standard_attr_id', 'binding:profile', 'binding:host_id', 'binding:vif_type', 'binding:vif_details'] {{(pid=102498) _exclude_attributes_by_policy /opt/stack/neutron/neutron/pecan_wsgi/hooks/policy_enforcement.py:255}}
Jan 13 19:00:00.692447 dv-cinder-790535-23-iscsi neutron-server[102498]: INFO neutron.wsgi [req-37bc6f1f-7a4c-4092-9f7f-9e944e1e3708 req-9cabe5a4-a321-418e-a14f-e4a7ccc527f8 tempest-AttachVolumeTestJSON-168335051 tempest-AttachVolumeTestJSON-168335051-project] 10.222.0.42 "GET /v2.0/ports?device_id=660daf8d-0484-4937-834c-ae8578a48260 HTTP/1.1" status: 200 len: 945 time: 0.0597489
Jan 13 19:00:00.710917 dv-cinder-790535-23-iscsi neutron-server[102499]: DEBUG neutron.notifiers.nova [-] Sending events: [{'server_uuid': '660daf8d-0484-4937-834c-ae8578a48260', 'name': 'network-vif-plugged', 'status': 'completed', 'tag': '3e73cbbb-d78a-4fcf-8091-f8f941d88bd7'}] {{(pid=102499) send_events /opt/stack/neutron/neutron/notifiers/nova.py:262}}
Jan 13 19:00:00.713066 dv-cinder-790535-23-iscsi neutron-server[102499]: DEBUG novaclient.v2.client [-] REQ: curl -g -i --cacert "/opt/stack/data/ca-bundle.pem" -X POST http://10.222.0.42/compute/v2.1/os-server-external-events -H "Accept: application/json" -H "Content-Type: application/json" -H "User-Agent: python-novaclient" -H "X-Auth-Token: {SHA256}e8fbbf63dc420e85830c0335160e587089afb7b7bda5aaef2f233c4532f6ba35" -H "X-OpenStack-Nova-API-Version: 2.1" -H "X-OpenStack-Request-ID: req-6af6b3ab-7a65-4028-bc2d-8e2cce89667d" -d '{"events": [{"server_uuid": "660daf8d-0484-4937-834c-ae8578a48260", "name": "network-vif-plugged", "status": "completed", "tag": "3e73cbbb-d78a-4fcf-8091-f8f941d88bd7"}]}' {{(pid=102499) _http_log_request /usr/local/lib/python3.8/dist-packages/keystoneauth1/session.py:519}}
Jan 13 19:00:00.733897 dv-cinder-790535-23-iscsi neutron-server[102499]: DEBUG neutron.plugins.ml2.db [None req-eee38ffd-3b31-4ba9-aabd-952b6b726f87 None None] For port 3e73cbbb-d78a-4fcf-8091-f8f941d88bd7, host hv-cinder-79053, got binding levels [PortBindingLevel(driver='hyperv',host='hv-cinder-79053',level=0,port_id=3e73cbbb-d78a-4fcf-8091-f8f941d88bd7,segment=NetworkSegment(8dfd3284-e4be-4e85-a9ab-5fbf12238d0e),segment_id=8dfd3284-e4be-4e85-a9ab-5fbf12238d0e)] {{(pid=102499) get_binding_level_objs /opt/stack/neutron/neutron/plugins/ml2/db.py:74}}
Jan 13 19:00:00.741793 dv-cinder-790535-23-iscsi neutron-server[102499]: DEBUG neutron_lib.callbacks.manager [None req-eee38ffd-3b31-4ba9-aabd-952b6b726f87 None None] Publish callbacks ['neutron.plugins.ml2.plugin.SecurityGroupServerNotifierRpcMixin._notify_sg_on_port_change-1978615', 'neutron.plugins.ml2.ovo_rpc._ObjectChangeHandler.handle_event-115942', 'neutron.api.rpc.agentnotifiers.dhcp_rpc_agent_api.DhcpAgentNotifyAPI._native_event_send_dhcp_notification-968764', 'neutron.db.l3_db.L3RpcNotifierMixin._notify_gateway_port_ip_changed-8730283119948', 'neutron.db.l3_dvrscheduler_db._notify_l3_agent_port_update-8730282538536', 'neutron.db.l3_hascheduler_db._notify_l3_agent_ha_port_update-8730282538554'] for port (3e73cbbb-d78a-4fcf-8091-f8f941d88bd7), after_update {{(pid=102499) _notify_loop /usr/local/lib/python3.8/dist-packages/neutron_lib/callbacks/manager.py:176}}
Jan 13 19:00:00.756779 dv-cinder-790535-23-iscsi neutron-server[102498]: INFO neutron.wsgi [req-37bc6f1f-7a4c-4092-9f7f-9e944e1e3708 req-a3b7ebc7-48df-4ba7-b004-4bb16cef554e tempest-AttachVolumeTestJSON-168335051 tempest-AttachVolumeTestJSON-168335051-project] 10.222.0.42 "GET /v2.0/security-groups?id=52a82861-3459-46f0-a475-68a226a97f8d&fields=id&fields=name HTTP/1.1" status: 200 len: 312 time: 0.0575712
