Jan 13 18:58:57.004751 dv-cinder-790535-23-iscsi devstack@n-api.service[116368]: [pid: 116368|app: 0|req: 12/24] 10.222.0.42 () {58 vars in 1235 bytes} [Thu Jan 13 18:58:56 2022] GET /compute/v2.1/servers/ed5c0221-6c8f-49ce-96f1-ac3ff1535481 => generated 1211 bytes in 612 msecs (HTTP/1.1 200) 9 headers in 358 bytes (1 switches on core 0)
Jan 13 18:58:57.148389 dv-cinder-790535-23-iscsi devstack@n-api.service[116369]: DEBUG nova.api.openstack.wsgi [None req-f5c0239f-de4c-466b-abc3-7b85054decdc tempest-VolumesTestJSON-1285780832 tempest-VolumesTestJSON-1285780832-project] Calling method '.version_select at 0x7fc7526bdca0>' {{(pid=116369) _process_stack /opt/stack/nova/nova/api/openstack/wsgi.py:513}}
Jan 13 18:58:57.253098 dv-cinder-790535-23-iscsi devstack@n-api.service[116369]: INFO nova.api.openstack.requestlog [None req-f5c0239f-de4c-466b-abc3-7b85054decdc tempest-VolumesTestJSON-1285780832 tempest-VolumesTestJSON-1285780832-project] 10.222.0.42 "GET /compute/v2.1/os-volumes/62a51677-9b05-479b-a5d3-8239ad9771de" status: 200 len: 351 microversion: 2.1 time: 0.109775
Jan 13 18:58:57.262744 dv-cinder-790535-23-iscsi devstack@n-api.service[116369]: [pid: 116369|app: 0|req: 13/25] 10.222.0.42 () {58 vars in 1244 bytes} [Thu Jan 13 18:58:57 2022] GET /compute/v2.1/os-volumes/62a51677-9b05-479b-a5d3-8239ad9771de => generated 351 bytes in 120 msecs (HTTP/1.1 200) 9 headers in 357 bytes (1 switches on core 0)
Jan 13 18:58:57.271379 dv-cinder-790535-23-iscsi devstack@n-api.service[116368]: DEBUG nova.api.openstack.wsgi [None req-fdf04618-ee52-4d28-b97d-fbd9e8f97da6 tempest-VolumesTestJSON-1285780832 tempest-VolumesTestJSON-1285780832-project] Calling method '.version_select at 0x7fc7526d89d0>' {{(pid=116368) _process_stack /opt/stack/nova/nova/api/openstack/wsgi.py:513}}
Jan 13 18:58:57.424554 dv-cinder-790535-23-iscsi devstack@n-api.service[116368]: INFO nova.api.openstack.requestlog [None req-fdf04618-ee52-4d28-b97d-fbd9e8f97da6 tempest-VolumesTestJSON-1285780832 tempest-VolumesTestJSON-1285780832-project] 10.222.0.42 "GET /compute/v2.1/os-volumes" status: 200 len: 1035 microversion: 2.1 time: 0.162369
Jan 13 18:58:57.425133 dv-cinder-790535-23-iscsi devstack@n-api.service[116368]: [pid: 116368|app: 0|req: 13/26] 10.222.0.42 () {58 vars in 1133 bytes} [Thu Jan 13 18:58:57 2022] GET /compute/v2.1/os-volumes => generated 1035 bytes in 164 msecs (HTTP/1.1 200) 9 headers in 358 bytes (1 switches on core 0)
Jan 13 18:58:57.438866 dv-cinder-790535-23-iscsi devstack@n-api.service[116369]: DEBUG nova.api.openstack.wsgi [None req-39c63782-43ed-461e-bb31-50a41a827c3e tempest-VolumesTestJSON-1285780832 tempest-VolumesTestJSON-1285780832-project] Calling method '.version_select at 0x7fc7526ccf70>' {{(pid=116369) _process_stack /opt/stack/nova/nova/api/openstack/wsgi.py:513}}
Jan 13 18:58:57.677954 dv-cinder-790535-23-iscsi devstack@n-api.service[116369]: INFO nova.api.openstack.requestlog [None req-39c63782-43ed-461e-bb31-50a41a827c3e tempest-VolumesTestJSON-1285780832 tempest-VolumesTestJSON-1285780832-project] 10.222.0.42 "GET /compute/v2.1/os-volumes?limit=2" status: 200 len: 695 microversion: 2.1 time: 0.242002
Jan 13 18:58:57.687279 dv-cinder-790535-23-iscsi devstack@n-api.service[116369]: [pid: 116369|app: 0|req: 14/27] 10.222.0.42 () {58 vars in 1148 bytes} [Thu Jan 13 18:58:57 2022] GET /compute/v2.1/os-volumes?limit=2 => generated 695 bytes in 252 msecs (HTTP/1.1 200) 9 headers in 357 bytes (1 switches on core 0)
Jan 13 18:58:57.697523 dv-cinder-790535-23-iscsi devstack@n-api.service[116368]: DEBUG nova.api.openstack.wsgi [None req-36655d58-b310-4580-8145-4e4fa4bd4df6 tempest-VolumesTestJSON-1285780832 tempest-VolumesTestJSON-1285780832-project] Calling method '.version_select at 0x7fc751de7ca0>' {{(pid=116368) _process_stack /opt/stack/nova/nova/api/openstack/wsgi.py:513}}
Jan 13 18:58:57.879826 dv-cinder-790535-23-iscsi devstack@n-api.service[116369]: DEBUG nova.api.openstack.wsgi [None req-df035517-8bab-4cc4-96a2-c6b0eed9a7e6 tempest-AttachVolumeNegativeTest-548394495 tempest-AttachVolumeNegativeTest-548394495-project] Calling method '>' {{(pid=116369) _process_stack /opt/stack/nova/nova/api/openstack/wsgi.py:513}}
Jan 13 18:58:57.880717 dv-cinder-790535-23-iscsi devstack@n-api.service[116369]: DEBUG nova.compute.api [None req-df035517-8bab-4cc4-96a2-c6b0eed9a7e6 tempest-AttachVolumeNegativeTest-548394495 tempest-AttachVolumeNegativeTest-548394495-project] [instance: af9f3417-caed-4c67-b907-92c87a3c6556] Fetching instance by UUID {{(pid=116369) get /opt/stack/nova/nova/compute/api.py:2865}}
Jan 13 18:58:57.909712 dv-cinder-790535-23-iscsi devstack@n-api.service[116368]: INFO nova.api.openstack.requestlog [None req-36655d58-b310-4580-8145-4e4fa4bd4df6 tempest-VolumesTestJSON-1285780832 tempest-VolumesTestJSON-1285780832-project] 10.222.0.42 "GET /compute/v2.1/os-volumes" status: 200 len: 1035 microversion: 2.1 time: 0.222532
Jan 13 18:58:57.910991 dv-cinder-790535-23-iscsi devstack@n-api.service[116368]: [pid: 116368|app: 0|req: 14/28] 10.222.0.42 () {58 vars in 1133 bytes} [Thu Jan 13 18:58:57 2022] GET /compute/v2.1/os-volumes => generated 1035 bytes in 224 msecs (HTTP/1.1 200) 9 headers in 358 bytes (1 switches on core 0)
Jan 13 18:58:57.922625 dv-cinder-790535-23-iscsi devstack@n-api.service[116368]: DEBUG nova.api.openstack.wsgi [None req-45cdae2a-9bc2-42f2-a8c0-42a173cef341 tempest-VolumesTestJSON-1285780832 tempest-VolumesTestJSON-1285780832-project] Calling method '.version_select at 0x7fc751de73a0>' {{(pid=116368) _process_stack /opt/stack/nova/nova/api/openstack/wsgi.py:513}}
Jan 13 18:58:58.046400 dv-cinder-790535-23-iscsi devstack@n-api.service[116369]: DEBUG nova.policy [None req-df035517-8bab-4cc4-96a2-c6b0eed9a7e6 tempest-AttachVolumeNegativeTest-548394495 tempest-AttachVolumeNegativeTest-548394495-project] Policy check for os_compute_api:os-extended-server-attributes failed with credentials {'is_admin': False, 'user_id': 'fa3dabae405f44d2a911138771e0d0e1', 'user_domain_id': 'default', 'system_scope': None, 'domain_id': None, 'project_id': '089dd9bcc2ab49c0bd715e30647b2ca7', 'project_domain_id': 'default', 'roles': ['member', 'reader'], 'is_admin_project': True, 'service_user_id': None, 'service_user_domain_id': None, 'service_project_id': None, 'service_project_domain_id': None, 'service_roles': []} {{(pid=116369) authorize /opt/stack/nova/nova/policy.py:199}}
Jan 13 18:58:58.053814 dv-cinder-790535-23-iscsi devstack@n-api.service[116369]: INFO nova.api.openstack.requestlog [None req-df035517-8bab-4cc4-96a2-c6b0eed9a7e6 tempest-AttachVolumeNegativeTest-548394495 tempest-AttachVolumeNegativeTest-548394495-project] 10.222.0.42 "GET /compute/v2.1/servers/af9f3417-caed-4c67-b907-92c87a3c6556" status: 200 len: 1216 microversion: 2.1 time: 0.177607
Jan 13 18:58:58.066546 dv-cinder-790535-23-iscsi devstack@n-api.service[116369]: [pid: 116369|app: 0|req: 15/29] 10.222.0.42 () {58 vars in 1235 bytes} [Thu Jan 13 18:58:57 2022] GET /compute/v2.1/servers/af9f3417-caed-4c67-b907-92c87a3c6556 => generated 1216 bytes in 192 msecs (HTTP/1.1 200) 9 headers in 358 bytes (1 switches on core 0)
Jan 13 18:58:58.077781 dv-cinder-790535-23-iscsi devstack@n-api.service[116369]: DEBUG nova.api.openstack.wsgi [None req-e8b3c3c1-c79c-43a6-8e07-6ae1453ef654 tempest-DeleteServersTestJSON-51943990 tempest-DeleteServersTestJSON-51943990-project] Calling method '>' {{(pid=116369) _process_stack /opt/stack/nova/nova/api/openstack/wsgi.py:513}}
Jan 13 18:58:58.085994 dv-cinder-790535-23-iscsi devstack@n-api.service[116369]: DEBUG nova.compute.api [None req-e8b3c3c1-c79c-43a6-8e07-6ae1453ef654 tempest-DeleteServersTestJSON-51943990 tempest-DeleteServersTestJSON-51943990-project] [instance: ed5c0221-6c8f-49ce-96f1-ac3ff1535481] Fetching instance by UUID {{(pid=116369) get /opt/stack/nova/nova/compute/api.py:2865}}
Jan 13 18:58:58.099880 dv-cinder-790535-23-iscsi devstack@n-api.service[116369]: DEBUG oslo_concurrency.lockutils [None req-e8b3c3c1-c79c-43a6-8e07-6ae1453ef654 tempest-DeleteServersTestJSON-51943990 tempest-DeleteServersTestJSON-51943990-project] Lock "2ef17823-23e1-485f-a0df-5a7d7b7881e5" acquired by "nova.context.set_target_cell..get_or_set_cached_cell_and_set_connections" :: waited 0.000s {{(pid=116369) inner /usr/local/lib/python3.8/dist-packages/oslo_concurrency/lockutils.py:386}}
Jan 13 18:58:58.101884 dv-cinder-790535-23-iscsi devstack@n-api.service[116369]: DEBUG oslo_concurrency.lockutils [None req-e8b3c3c1-c79c-43a6-8e07-6ae1453ef654 tempest-DeleteServersTestJSON-51943990 tempest-DeleteServersTestJSON-51943990-project] Lock "2ef17823-23e1-485f-a0df-5a7d7b7881e5" "released" by "nova.context.set_target_cell..get_or_set_cached_cell_and_set_connections" :: held 0.002s {{(pid=116369) inner /usr/local/lib/python3.8/dist-packages/oslo_concurrency/lockutils.py:400}}
Jan 13 18:58:58.103219 dv-cinder-790535-23-iscsi devstack@n-api.service[116369]: DEBUG oslo_concurrency.lockutils [None req-e8b3c3c1-c79c-43a6-8e07-6ae1453ef654 tempest-DeleteServersTestJSON-51943990 tempest-DeleteServersTestJSON-51943990-project] Lock "2ef17823-23e1-485f-a0df-5a7d7b7881e5" acquired by "nova.context.set_target_cell..get_or_set_cached_cell_and_set_connections" :: waited 0.000s {{(pid=116369) inner /usr/local/lib/python3.8/dist-packages/oslo_concurrency/lockutils.py:386}}
Jan 13 18:58:58.103940 dv-cinder-790535-23-iscsi devstack@n-api.service[116369]: DEBUG oslo_concurrency.lockutils [None req-e8b3c3c1-c79c-43a6-8e07-6ae1453ef654 tempest-DeleteServersTestJSON-51943990 tempest-DeleteServersTestJSON-51943990-project] Lock "2ef17823-23e1-485f-a0df-5a7d7b7881e5" "released" by "nova.context.set_target_cell..get_or_set_cached_cell_and_set_connections" :: held 0.001s {{(pid=116369) inner /usr/local/lib/python3.8/dist-packages/oslo_concurrency/lockutils.py:400}}
Jan 13 18:58:58.116479 dv-cinder-790535-23-iscsi devstack@n-api.service[116368]: INFO nova.api.openstack.requestlog [None req-45cdae2a-9bc2-42f2-a8c0-42a173cef341 tempest-VolumesTestJSON-1285780832 tempest-VolumesTestJSON-1285780832-project] 10.222.0.42 "GET /compute/v2.1/os-volumes?offset=1&limit=1" status: 200 len: 354 microversion: 2.1 time: 0.198087
Jan 13 18:58:58.118037 dv-cinder-790535-23-iscsi devstack@n-api.service[116368]: [pid: 116368|app: 0|req: 15/30] 10.222.0.42 () {58 vars in 1166 bytes} [Thu Jan 13 18:58:57 2022] GET /compute/v2.1/os-volumes?offset=1&limit=1 => generated 354 bytes in 200 msecs (HTTP/1.1 200) 9 headers in 357 bytes (2 switches on core 0)
Jan 13 18:58:58.131396 dv-cinder-790535-23-iscsi devstack@n-api.service[116368]: DEBUG nova.api.openstack.wsgi [None req-27fda641-275d-4073-b632-836401303260 tempest-VolumesTestJSON-1285780832 tempest-VolumesTestJSON-1285780832-project] Calling method '.version_select at 0x7fc751e59670>' {{(pid=116368) _process_stack /opt/stack/nova/nova/api/openstack/wsgi.py:513}}
Jan 13 18:58:58.307730 dv-cinder-790535-23-iscsi devstack@n-api.service[116368]: INFO nova.api.openstack.requestlog [None req-27fda641-275d-4073-b632-836401303260 tempest-VolumesTestJSON-1285780832 tempest-VolumesTestJSON-1285780832-project] 10.222.0.42 "GET /compute/v2.1/os-volumes/detail?limit=2" status: 200 len: 695 microversion: 2.1 time: 0.182717
Jan 13 18:58:58.308526 dv-cinder-790535-23-iscsi devstack@n-api.service[116368]: [pid: 116368|app: 0|req: 16/31] 10.222.0.42 () {58 vars in 1169 bytes} [Thu Jan 13 18:58:58 2022] GET /compute/v2.1/os-volumes/detail?limit=2 => generated 695 bytes in 184 msecs (HTTP/1.1 200) 9 headers in 357 bytes (1 switches on core 0)
Jan 13 18:58:58.320990 dv-cinder-790535-23-iscsi devstack@n-api.service[116368]: DEBUG nova.api.openstack.wsgi [None req-84ea1a84-f63b-41c6-aec6-aa97a226ba48 tempest-VolumesTestJSON-1285780832 tempest-VolumesTestJSON-1285780832-project] Calling method '.version_select at 0x7fc7526d4ca0>' {{(pid=116368) _process_stack /opt/stack/nova/nova/api/openstack/wsgi.py:513}}
Jan 13 18:58:58.496866 dv-cinder-790535-23-iscsi devstack@n-api.service[116368]: INFO nova.api.openstack.requestlog [None req-84ea1a84-f63b-41c6-aec6-aa97a226ba48 tempest-VolumesTestJSON-1285780832 tempest-VolumesTestJSON-1285780832-project] 10.222.0.42 "GET /compute/v2.1/os-volumes/detail" status: 200 len: 1035 microversion: 2.1 time: 0.179690
Jan 13 18:58:58.497562 dv-cinder-790535-23-iscsi devstack@n-api.service[116368]: [pid: 116368|app: 0|req: 17/32] 10.222.0.42 () {58 vars in 1154 bytes} [Thu Jan 13 18:58:58 2022] GET /compute/v2.1/os-volumes/detail => generated 1035 bytes in 181 msecs (HTTP/1.1 200) 9 headers in 358 bytes (1 switches on core 0)
Jan 13 18:58:58.508899 dv-cinder-790535-23-iscsi devstack@n-api.service[116368]: DEBUG nova.api.openstack.wsgi [None req-7a844acd-08ee-4114-84bd-ee8db1d42034 tempest-VolumesTestJSON-1285780832 tempest-VolumesTestJSON-1285780832-project] Calling method '.version_select at 0x7fc751dfc8b0>' {{(pid=116368) _process_stack /opt/stack/nova/nova/api/openstack/wsgi.py:513}}
Jan 13 18:58:58.520729 dv-cinder-790535-23-iscsi devstack@n-api.service[116369]: DEBUG nova.policy [None req-e8b3c3c1-c79c-43a6-8e07-6ae1453ef654 tempest-DeleteServersTestJSON-51943990 tempest-DeleteServersTestJSON-51943990-project] Policy check for os_compute_api:os-extended-server-attributes failed with credentials {'is_admin': False, 'user_id': 'ca931070a6274cb19798f61818396dc3', 'user_domain_id': 'default', 'system_scope': None, 'domain_id': None, 'project_id': 'c864dcb887c94ed5a1913f7ecb4e392f', 'project_domain_id': 'default', 'roles': ['member', 'reader'], 'is_admin_project': True, 'service_user_id': None, 'service_user_domain_id': None, 'service_project_id': None, 'service_project_domain_id': None, 'service_roles': []} {{(pid=116369) authorize /opt/stack/nova/nova/policy.py:199}}
Jan 13 18:58:58.549321 dv-cinder-790535-23-iscsi devstack@n-api.service[116369]: INFO nova.api.openstack.requestlog [None req-e8b3c3c1-c79c-43a6-8e07-6ae1453ef654 tempest-DeleteServersTestJSON-51943990 tempest-DeleteServersTestJSON-51943990-project] 10.222.0.42 "GET /compute/v2.1/servers/ed5c0221-6c8f-49ce-96f1-ac3ff1535481" status: 200 len: 1273 microversion: 2.1 time: 0.481075
Jan 13 18:58:58.550471 dv-cinder-790535-23-iscsi devstack@n-api.service[116369]: [pid: 116369|app: 0|req: 16/33] 10.222.0.42 () {58 vars in 1235 bytes} [Thu Jan 13 18:58:58 2022] GET /compute/v2.1/servers/ed5c0221-6c8f-49ce-96f1-ac3ff1535481 => generated 1273 bytes in 483 msecs (HTTP/1.1 200) 9 headers in 358 bytes (1 switches on core 0)
Jan 13 18:58:58.763572 dv-cinder-790535-23-iscsi devstack@n-api.service[116368]: INFO nova.api.openstack.requestlog [None req-7a844acd-08ee-4114-84bd-ee8db1d42034 tempest-VolumesTestJSON-1285780832 tempest-VolumesTestJSON-1285780832-project] 10.222.0.42 "GET /compute/v2.1/os-volumes/detail?offset=1&limit=1" status: 200 len: 354 microversion: 2.1 time: 0.258489
Jan 13 18:58:58.764635 dv-cinder-790535-23-iscsi devstack@n-api.service[116368]: [pid: 116368|app: 0|req: 18/34] 10.222.0.42 () {58 vars in 1187 bytes} [Thu Jan 13 18:58:58 2022] GET /compute/v2.1/os-volumes/detail?offset=1&limit=1 => generated 354 bytes in 260 msecs (HTTP/1.1 200) 9 headers in 357 bytes (1 switches on core 0)
Jan 13 18:58:58.783026 dv-cinder-790535-23-iscsi devstack@n-api.service[116369]: DEBUG nova.api.openstack.wsgi [None req-bc89c39c-0345-48ef-bdac-4fdedba859b4 tempest-VolumesTestJSON-1285780832 tempest-VolumesTestJSON-1285780832-project] Calling method '.version_select at 0x7fc751e5fa60>' {{(pid=116369) _process_stack /opt/stack/nova/nova/api/openstack/wsgi.py:513}}
Jan 13 18:58:59.077748 dv-cinder-790535-23-iscsi devstack@n-api.service[116368]: DEBUG nova.api.openstack.wsgi [None req-1a1c01b9-26fe-4ec2-9385-7c064d85b439 tempest-AttachVolumeNegativeTest-548394495 tempest-AttachVolumeNegativeTest-548394495-project] Calling method '>' {{(pid=116368) _process_stack /opt/stack/nova/nova/api/openstack/wsgi.py:513}}
Jan 13 18:58:59.078393 dv-cinder-790535-23-iscsi devstack@n-api.service[116368]: DEBUG nova.compute.api [None req-1a1c01b9-26fe-4ec2-9385-7c064d85b439 tempest-AttachVolumeNegativeTest-548394495 tempest-AttachVolumeNegativeTest-548394495-project] [instance: af9f3417-caed-4c67-b907-92c87a3c6556] Fetching instance by UUID {{(pid=116368) get /opt/stack/nova/nova/compute/api.py:2865}}
Jan 13 18:58:59.108662 dv-cinder-790535-23-iscsi devstack@n-api.service[116368]: DEBUG oslo_concurrency.lockutils [None req-1a1c01b9-26fe-4ec2-9385-7c064d85b439 tempest-AttachVolumeNegativeTest-548394495 tempest-AttachVolumeNegativeTest-548394495-project] Lock "2ef17823-23e1-485f-a0df-5a7d7b7881e5" acquired by "nova.context.set_target_cell..get_or_set_cached_cell_and_set_connections" :: waited 0.000s {{(pid=116368) inner /usr/local/lib/python3.8/dist-packages/oslo_concurrency/lockutils.py:386}}
Jan 13 18:58:59.115919 dv-cinder-790535-23-iscsi devstack@n-api.service[116368]: DEBUG oslo_concurrency.lockutils [None req-1a1c01b9-26fe-4ec2-9385-7c064d85b439 tempest-AttachVolumeNegativeTest-548394495 tempest-AttachVolumeNegativeTest-548394495-project] Lock "2ef17823-23e1-485f-a0df-5a7d7b7881e5" "released" by "nova.context.set_target_cell..get_or_set_cached_cell_and_set_connections" :: held 0.007s {{(pid=116368) inner /usr/local/lib/python3.8/dist-packages/oslo_concurrency/lockutils.py:400}}
Jan 13 18:58:59.124800 dv-cinder-790535-23-iscsi devstack@n-api.service[116368]: DEBUG oslo_concurrency.lockutils [None req-1a1c01b9-26fe-4ec2-9385-7c064d85b439 tempest-AttachVolumeNegativeTest-548394495 tempest-AttachVolumeNegativeTest-548394495-project] Lock "2ef17823-23e1-485f-a0df-5a7d7b7881e5" acquired by "nova.context.set_target_cell..get_or_set_cached_cell_and_set_connections" :: waited 0.000s {{(pid=116368) inner /usr/local/lib/python3.8/dist-packages/oslo_concurrency/lockutils.py:386}}
Jan 13 18:58:59.139847 dv-cinder-790535-23-iscsi devstack@n-api.service[116368]: DEBUG oslo_concurrency.lockutils [None req-1a1c01b9-26fe-4ec2-9385-7c064d85b439 tempest-AttachVolumeNegativeTest-548394495 tempest-AttachVolumeNegativeTest-548394495-project] Lock "2ef17823-23e1-485f-a0df-5a7d7b7881e5" "released" by "nova.context.set_target_cell..get_or_set_cached_cell_and_set_connections" :: held 0.015s {{(pid=116368) inner /usr/local/lib/python3.8/dist-packages/oslo_concurrency/lockutils.py:400}}
Jan 13 18:58:59.203197 dv-cinder-790535-23-iscsi devstack@n-api.service[116369]: INFO nova.api.openstack.requestlog [None req-bc89c39c-0345-48ef-bdac-4fdedba859b4 tempest-VolumesTestJSON-1285780832 tempest-VolumesTestJSON-1285780832-project] 10.222.0.42 "GET /compute/v2.1/os-volumes/detail" status: 200 len: 1035 microversion: 2.1 time: 0.427509
Jan 13 18:58:59.204152 dv-cinder-790535-23-iscsi devstack@n-api.service[116369]: [pid: 116369|app: 0|req: 17/35] 10.222.0.42 () {58 vars in 1154 bytes} [Thu Jan 13 18:58:58 2022] GET /compute/v2.1/os-volumes/detail => generated 1035 bytes in 429 msecs (HTTP/1.1 200) 9 headers in 358 bytes (1 switches on core 0)
Jan 13 18:58:59.567227 dv-cinder-790535-23-iscsi devstack@n-api.service[116369]: DEBUG nova.api.openstack.wsgi [None req-21ab3c45-7dba-4c79-992d-cca53213cd4d tempest-DeleteServersTestJSON-51943990 tempest-DeleteServersTestJSON-51943990-project] Calling method '>' {{(pid=116369) _process_stack /opt/stack/nova/nova/api/openstack/wsgi.py:513}}
Jan 13 18:58:59.568145 dv-cinder-790535-23-iscsi devstack@n-api.service[116369]: DEBUG nova.compute.api [None req-21ab3c45-7dba-4c79-992d-cca53213cd4d tempest-DeleteServersTestJSON-51943990 tempest-DeleteServersTestJSON-51943990-project] [instance: ed5c0221-6c8f-49ce-96f1-ac3ff1535481] Fetching instance by UUID {{(pid=116369) get /opt/stack/nova/nova/compute/api.py:2865}}
Jan 13 18:58:59.590689 dv-cinder-790535-23-iscsi devstack@n-api.service[116369]: DEBUG oslo_concurrency.lockutils [None req-21ab3c45-7dba-4c79-992d-cca53213cd4d tempest-DeleteServersTestJSON-51943990 tempest-DeleteServersTestJSON-51943990-project] Lock "2ef17823-23e1-485f-a0df-5a7d7b7881e5" acquired by "nova.context.set_target_cell..get_or_set_cached_cell_and_set_connections" :: waited 0.000s {{(pid=116369) inner /usr/local/lib/python3.8/dist-packages/oslo_concurrency/lockutils.py:386}}
Jan 13 18:58:59.591387 dv-cinder-790535-23-iscsi devstack@n-api.service[116369]: DEBUG oslo_concurrency.lockutils [None req-21ab3c45-7dba-4c79-992d-cca53213cd4d tempest-DeleteServersTestJSON-51943990 tempest-DeleteServersTestJSON-51943990-project] Lock "2ef17823-23e1-485f-a0df-5a7d7b7881e5" "released" by "nova.context.set_target_cell..get_or_set_cached_cell_and_set_connections" :: held 0.016s {{(pid=116369) inner /usr/local/lib/python3.8/dist-packages/oslo_concurrency/lockutils.py:400}}
Jan 13 18:58:59.592514 dv-cinder-790535-23-iscsi devstack@n-api.service[116369]: DEBUG oslo_concurrency.lockutils [None req-21ab3c45-7dba-4c79-992d-cca53213cd4d tempest-DeleteServersTestJSON-51943990 tempest-DeleteServersTestJSON-51943990-project] Lock "2ef17823-23e1-485f-a0df-5a7d7b7881e5" acquired by "nova.context.set_target_cell..get_or_set_cached_cell_and_set_connections" :: waited 0.000s {{(pid=116369) inner /usr/local/lib/python3.8/dist-packages/oslo_concurrency/lockutils.py:386}}
Jan 13 18:58:59.593017 dv-cinder-790535-23-iscsi devstack@n-api.service[116369]: DEBUG oslo_concurrency.lockutils [None req-21ab3c45-7dba-4c79-992d-cca53213cd4d tempest-DeleteServersTestJSON-51943990 tempest-DeleteServersTestJSON-51943990-project] Lock "2ef17823-23e1-485f-a0df-5a7d7b7881e5" "released" by "nova.context.set_target_cell..get_or_set_cached_cell_and_set_connections" :: held 0.001s {{(pid=116369) inner /usr/local/lib/python3.8/dist-packages/oslo_concurrency/lockutils.py:400}}
Jan 13 18:58:59.904467 dv-cinder-790535-23-iscsi devstack@n-api.service[116368]: DEBUG nova.policy [None req-1a1c01b9-26fe-4ec2-9385-7c064d85b439 tempest-AttachVolumeNegativeTest-548394495 tempest-AttachVolumeNegativeTest-548394495-project] Policy check for os_compute_api:os-extended-server-attributes failed with credentials {'is_admin': False, 'user_id': 'fa3dabae405f44d2a911138771e0d0e1', 'user_domain_id': 'default', 'system_scope': None, 'domain_id': None, 'project_id': '089dd9bcc2ab49c0bd715e30647b2ca7', 'project_domain_id': 'default', 'roles': ['member', 'reader'], 'is_admin_project': True, 'service_user_id': None, 'service_user_domain_id': None, 'service_project_id': None, 'service_project_domain_id': None, 'service_roles': []} {{(pid=116368) authorize /opt/stack/nova/nova/policy.py:199}}
Jan 13 18:58:59.924878 dv-cinder-790535-23-iscsi devstack@n-api.service[116368]: INFO nova.api.openstack.requestlog [None req-1a1c01b9-26fe-4ec2-9385-7c064d85b439 tempest-AttachVolumeNegativeTest-548394495 tempest-AttachVolumeNegativeTest-548394495-project] 10.222.0.42 "GET /compute/v2.1/servers/af9f3417-caed-4c67-b907-92c87a3c6556" status: 200 len: 1212 microversion: 2.1 time: 0.854434
Jan 13 18:58:59.937073 dv-cinder-790535-23-iscsi devstack@n-api.service[116368]: [pid: 116368|app: 0|req: 19/36] 10.222.0.42 () {58 vars in 1235 bytes} [Thu Jan 13 18:58:59 2022] GET /compute/v2.1/servers/af9f3417-caed-4c67-b907-92c87a3c6556 => generated 1212 bytes in 867 msecs (HTTP/1.1 200) 9 headers in 358 bytes (1 switches on core 0)
Jan 13 18:59:00.665417 dv-cinder-790535-23-iscsi devstack@n-api.service[116369]: DEBUG nova.policy [None req-21ab3c45-7dba-4c79-992d-cca53213cd4d tempest-DeleteServersTestJSON-51943990 tempest-DeleteServersTestJSON-51943990-project] Policy check for os_compute_api:os-extended-server-attributes failed with credentials {'is_admin': False, 'user_id': 'ca931070a6274cb19798f61818396dc3', 'user_domain_id': 'default', 'system_scope': None, 'domain_id': None, 'project_id': 'c864dcb887c94ed5a1913f7ecb4e392f', 'project_domain_id': 'default', 'roles': ['member', 'reader'], 'is_admin_project': True, 'service_user_id': None, 'service_user_domain_id': None, 'service_project_id': None, 'service_project_domain_id': None, 'service_roles': []} {{(pid=116369) authorize /opt/stack/nova/nova/policy.py:199}}
Jan 13 18:59:00.683579 dv-cinder-790535-23-iscsi devstack@n-api.service[116369]: INFO nova.api.openstack.requestlog [None req-21ab3c45-7dba-4c79-992d-cca53213cd4d tempest-DeleteServersTestJSON-51943990 tempest-DeleteServersTestJSON-51943990-project] 10.222.0.42 "GET /compute/v2.1/servers/ed5c0221-6c8f-49ce-96f1-ac3ff1535481" status: 200 len: 1273 microversion: 2.1 time: 1.116575
Jan 13 18:59:00.686723 dv-cinder-790535-23-iscsi devstack@n-api.service[116369]: [pid: 116369|app: 0|req: 18/37] 10.222.0.42 () {58 vars in 1235 bytes} [Thu Jan 13 18:58:59 2022] GET /compute/v2.1/servers/ed5c0221-6c8f-49ce-96f1-ac3ff1535481 => generated 1273 bytes in 1124 msecs (HTTP/1.1 200) 9 headers in 358 bytes (1 switches on core 0)
Jan 13 18:59:00.944689 dv-cinder-790535-23-iscsi devstack@n-api.service[116368]: DEBUG nova.api.openstack.wsgi [None req-985c5e72-f2c9-41f8-9ed7-c4e8c864139f tempest-AttachVolumeNegativeTest-548394495 tempest-AttachVolumeNegativeTest-548394495-project] Calling method '>' {{(pid=116368) _process_stack /opt/stack/nova/nova/api/openstack/wsgi.py:513}}
Jan 13 18:59:00.945662 dv-cinder-790535-23-iscsi devstack@n-api.service[116368]: DEBUG nova.compute.api [None req-985c5e72-f2c9-41f8-9ed7-c4e8c864139f tempest-AttachVolumeNegativeTest-548394495 tempest-AttachVolumeNegativeTest-548394495-project] [instance: af9f3417-caed-4c67-b907-92c87a3c6556] Fetching instance by UUID {{(pid=116368) get /opt/stack/nova/nova/compute/api.py:2865}}
Jan 13 18:59:00.973194 dv-cinder-790535-23-iscsi devstack@n-api.service[116368]: DEBUG oslo_concurrency.lockutils [None req-985c5e72-f2c9-41f8-9ed7-c4e8c864139f tempest-AttachVolumeNegativeTest-548394495 tempest-AttachVolumeNegativeTest-548394495-project] Lock "2ef17823-23e1-485f-a0df-5a7d7b7881e5" acquired by "nova.context.set_target_cell..get_or_set_cached_cell_and_set_connections" :: waited 0.000s {{(pid=116368) inner /usr/local/lib/python3.8/dist-packages/oslo_concurrency/lockutils.py:386}}
Jan 13 18:59:00.977975 dv-cinder-790535-23-iscsi devstack@n-api.service[116368]: DEBUG oslo_concurrency.lockutils [None req-985c5e72-f2c9-41f8-9ed7-c4e8c864139f tempest-AttachVolumeNegativeTest-548394495 tempest-AttachVolumeNegativeTest-548394495-project] Lock "2ef17823-23e1-485f-a0df-5a7d7b7881e5" "released" by "nova.context.set_target_cell..get_or_set_cached_cell_and_set_connections" :: held 0.005s {{(pid=116368) inner /usr/local/lib/python3.8/dist-packages/oslo_concurrency/lockutils.py:400}}
Jan 13 18:59:00.986801 dv-cinder-790535-23-iscsi devstack@n-api.service[116368]: DEBUG oslo_concurrency.lockutils [None req-985c5e72-f2c9-41f8-9ed7-c4e8c864139f tempest-AttachVolumeNegativeTest-548394495 tempest-AttachVolumeNegativeTest-548394495-project] Lock "2ef17823-23e1-485f-a0df-5a7d7b7881e5" acquired by "nova.context.set_target_cell..get_or_set_cached_cell_and_set_connections" :: waited 0.000s {{(pid=116368) inner /usr/local/lib/python3.8/dist-packages/oslo_concurrency/lockutils.py:386}}
Jan 13 18:59:00.990453 dv-cinder-790535-23-iscsi devstack@n-api.service[116368]: DEBUG oslo_concurrency.lockutils [None req-985c5e72-f2c9-41f8-9ed7-c4e8c864139f tempest-AttachVolumeNegativeTest-548394495 tempest-AttachVolumeNegativeTest-548394495-project] Lock "2ef17823-23e1-485f-a0df-5a7d7b7881e5" "released" by "nova.context.set_target_cell..get_or_set_cached_cell_and_set_connections" :: held 0.007s {{(pid=116368) inner /usr/local/lib/python3.8/dist-packages/oslo_concurrency/lockutils.py:400}}
Jan 13 18:59:01.560130 dv-cinder-790535-23-iscsi devstack@n-api.service[116368]: DEBUG nova.policy [None req-985c5e72-f2c9-41f8-9ed7-c4e8c864139f tempest-AttachVolumeNegativeTest-548394495 tempest-AttachVolumeNegativeTest-548394495-project] Policy check for os_compute_api:os-extended-server-attributes failed with credentials {'is_admin': False, 'user_id': 'fa3dabae405f44d2a911138771e0d0e1', 'user_domain_id': 'default', 'system_scope': None, 'domain_id': None, 'project_id': '089dd9bcc2ab49c0bd715e30647b2ca7', 'project_domain_id': 'default', 'roles': ['member', 'reader'], 'is_admin_project': True, 'service_user_id': None, 'service_user_domain_id': None, 'service_project_id': None, 'service_project_domain_id': None, 'service_roles': []} {{(pid=116368) authorize /opt/stack/nova/nova/policy.py:199}}
Jan 13 18:59:01.574159 dv-cinder-790535-23-iscsi devstack@n-api.service[116368]: INFO nova.api.openstack.requestlog [None req-985c5e72-f2c9-41f8-9ed7-c4e8c864139f tempest-AttachVolumeNegativeTest-548394495 tempest-AttachVolumeNegativeTest-548394495-project] 10.222.0.42 "GET /compute/v2.1/servers/af9f3417-caed-4c67-b907-92c87a3c6556" status: 200 len: 1274 microversion: 2.1 time: 0.634889
Jan 13 18:59:01.581220 dv-cinder-790535-23-iscsi devstack@n-api.service[116368]: [pid: 116368|app: 0|req: 20/38] 10.222.0.42 () {58 vars in 1235 bytes} [Thu Jan 13 18:59:00 2022] GET /compute/v2.1/servers/af9f3417-caed-4c67-b907-92c87a3c6556 => generated 1274 bytes in 643 msecs (HTTP/1.1 200) 9 headers in 358 bytes (1 switches on core 0)
Jan 13 18:59:01.702069 dv-cinder-790535-23-iscsi devstack@n-api.service[116369]: DEBUG nova.api.openstack.wsgi [None req-d77b294a-f034-46ba-b05c-12d02e13bd29 tempest-DeleteServersTestJSON-51943990 tempest-DeleteServersTestJSON-51943990-project] Calling method '>' {{(pid=116369) _process_stack /opt/stack/nova/nova/api/openstack/wsgi.py:513}}
Jan 13 18:59:01.702771 dv-cinder-790535-23-iscsi devstack@n-api.service[116369]: DEBUG nova.compute.api [None req-d77b294a-f034-46ba-b05c-12d02e13bd29 tempest-DeleteServersTestJSON-51943990 tempest-DeleteServersTestJSON-51943990-project] [instance: ed5c0221-6c8f-49ce-96f1-ac3ff1535481] Fetching instance by UUID {{(pid=116369) get /opt/stack/nova/nova/compute/api.py:2865}}
Jan 13 18:59:01.716527 dv-cinder-790535-23-iscsi devstack@n-api.service[116369]: DEBUG oslo_concurrency.lockutils [None req-d77b294a-f034-46ba-b05c-12d02e13bd29 tempest-DeleteServersTestJSON-51943990 tempest-DeleteServersTestJSON-51943990-project] Lock "2ef17823-23e1-485f-a0df-5a7d7b7881e5" acquired by "nova.context.set_target_cell..get_or_set_cached_cell_and_set_connections" :: waited 0.000s {{(pid=116369) inner /usr/local/lib/python3.8/dist-packages/oslo_concurrency/lockutils.py:386}}
Jan 13 18:59:01.716988 dv-cinder-790535-23-iscsi devstack@n-api.service[116369]: DEBUG oslo_concurrency.lockutils [None req-d77b294a-f034-46ba-b05c-12d02e13bd29 tempest-DeleteServersTestJSON-51943990 tempest-DeleteServersTestJSON-51943990-project] Lock "2ef17823-23e1-485f-a0df-5a7d7b7881e5" "released" by "nova.context.set_target_cell..get_or_set_cached_cell_and_set_connections" :: held 0.001s {{(pid=116369) inner /usr/local/lib/python3.8/dist-packages/oslo_concurrency/lockutils.py:400}}
Jan 13 18:59:01.717823 dv-cinder-790535-23-iscsi devstack@n-api.service[116369]: DEBUG oslo_concurrency.lockutils [None req-d77b294a-f034-46ba-b05c-12d02e13bd29 tempest-DeleteServersTestJSON-51943990 tempest-DeleteServersTestJSON-51943990-project] Lock "2ef17823-23e1-485f-a0df-5a7d7b7881e5" acquired by "nova.context.set_target_cell..get_or_set_cached_cell_and_set_connections" :: waited 0.000s {{(pid=116369) inner /usr/local/lib/python3.8/dist-packages/oslo_concurrency/lockutils.py:386}}
Jan 13 18:59:01.718265 dv-cinder-790535-23-iscsi devstack@n-api.service[116369]: DEBUG oslo_concurrency.lockutils [None req-d77b294a-f034-46ba-b05c-12d02e13bd29 tempest-DeleteServersTestJSON-51943990 tempest-DeleteServersTestJSON-51943990-project] Lock "2ef17823-23e1-485f-a0df-5a7d7b7881e5" "released" by "nova.context.set_target_cell..get_or_set_cached_cell_and_set_connections" :: held 0.000s {{(pid=116369) inner /usr/local/lib/python3.8/dist-packages/oslo_concurrency/lockutils.py:400}}
Jan 13 18:59:02.603434 dv-cinder-790535-23-iscsi devstack@n-api.service[116368]: DEBUG nova.api.openstack.wsgi [None req-e14c2533-afbf-481b-b117-2fa50d20c3c7 tempest-AttachVolumeNegativeTest-548394495 tempest-AttachVolumeNegativeTest-548394495-project] Calling method '>' {{(pid=116368) _process_stack /opt/stack/nova/nova/api/openstack/wsgi.py:513}}
Jan 13 18:59:02.605055 dv-cinder-790535-23-iscsi devstack@n-api.service[116368]: DEBUG nova.compute.api [None req-e14c2533-afbf-481b-b117-2fa50d20c3c7 tempest-AttachVolumeNegativeTest-548394495 tempest-AttachVolumeNegativeTest-548394495-project] [instance: af9f3417-caed-4c67-b907-92c87a3c6556] Fetching instance by UUID {{(pid=116368) get /opt/stack/nova/nova/compute/api.py:2865}}
Jan 13 18:59:02.622689 dv-cinder-790535-23-iscsi devstack@n-api.service[116368]: DEBUG oslo_concurrency.lockutils [None req-e14c2533-afbf-481b-b117-2fa50d20c3c7 tempest-AttachVolumeNegativeTest-548394495 tempest-AttachVolumeNegativeTest-548394495-project] Lock "2ef17823-23e1-485f-a0df-5a7d7b7881e5" acquired by "nova.context.set_target_cell..get_or_set_cached_cell_and_set_connections" :: waited 0.000s {{(pid=116368) inner /usr/local/lib/python3.8/dist-packages/oslo_concurrency/lockutils.py:386}}
Jan 13 18:59:02.623501 dv-cinder-790535-23-iscsi devstack@n-api.service[116368]: DEBUG oslo_concurrency.lockutils [None req-e14c2533-afbf-481b-b117-2fa50d20c3c7 tempest-AttachVolumeNegativeTest-548394495 tempest-AttachVolumeNegativeTest-548394495-project] Lock "2ef17823-23e1-485f-a0df-5a7d7b7881e5" "released" by "nova.context.set_target_cell..get_or_set_cached_cell_and_set_connections" :: held 0.006s {{(pid=116368) inner /usr/local/lib/python3.8/dist-packages/oslo_concurrency/lockutils.py:400}}
Jan 13 18:59:02.629694 dv-cinder-790535-23-iscsi devstack@n-api.service[116368]: DEBUG oslo_concurrency.lockutils [None req-e14c2533-afbf-481b-b117-2fa50d20c3c7 tempest-AttachVolumeNegativeTest-548394495 tempest-AttachVolumeNegativeTest-548394495-project] Lock "2ef17823-23e1-485f-a0df-5a7d7b7881e5" acquired by "nova.context.set_target_cell..get_or_set_cached_cell_and_set_connections" :: waited 0.000s {{(pid=116368) inner /usr/local/lib/python3.8/dist-packages/oslo_concurrency/lockutils.py:386}}
Jan 13 18:59:02.630300 dv-cinder-790535-23-iscsi devstack@n-api.service[116368]: DEBUG oslo_concurrency.lockutils [None req-e14c2533-afbf-481b-b117-2fa50d20c3c7 tempest-AttachVolumeNegativeTest-548394495 tempest-AttachVolumeNegativeTest-548394495-project] Lock "2ef17823-23e1-485f-a0df-5a7d7b7881e5" "released" by "nova.context.set_target_cell..get_or_set_cached_cell_and_set_connections" :: held 0.004s {{(pid=116368) inner /usr/local/lib/python3.8/dist-packages/oslo_concurrency/lockutils.py:400}}
Jan 13 18:59:03.308691 dv-cinder-790535-23-iscsi devstack@n-api.service[116369]: DEBUG nova.policy [None req-d77b294a-f034-46ba-b05c-12d02e13bd29 tempest-DeleteServersTestJSON-51943990 tempest-DeleteServersTestJSON-51943990-project] Policy check for os_compute_api:os-extended-server-attributes failed with credentials {'is_admin': False, 'user_id': 'ca931070a6274cb19798f61818396dc3', 'user_domain_id': 'default', 'system_scope': None, 'domain_id': None, 'project_id': 'c864dcb887c94ed5a1913f7ecb4e392f', 'project_domain_id': 'default', 'roles': ['member', 'reader'], 'is_admin_project': True, 'service_user_id': None, 'service_user_domain_id': None, 'service_project_id': None, 'service_project_domain_id': None, 'service_roles': []} {{(pid=116369) authorize /opt/stack/nova/nova/policy.py:199}}
Jan 13 18:59:03.317417 dv-cinder-790535-23-iscsi devstack@n-api.service[116369]: INFO nova.api.openstack.requestlog [None req-d77b294a-f034-46ba-b05c-12d02e13bd29 tempest-DeleteServersTestJSON-51943990 tempest-DeleteServersTestJSON-51943990-project] 10.222.0.42 "GET /compute/v2.1/servers/ed5c0221-6c8f-49ce-96f1-ac3ff1535481" status: 200 len: 1315 microversion: 2.1 time: 1.619476
Jan 13 18:59:03.340415 dv-cinder-790535-23-iscsi devstack@n-api.service[116369]: [pid: 116369|app: 0|req: 19/39] 10.222.0.42 () {58 vars in 1235 bytes} [Thu Jan 13 18:59:01 2022] GET /compute/v2.1/servers/ed5c0221-6c8f-49ce-96f1-ac3ff1535481 => generated 1315 bytes in 1643 msecs (HTTP/1.1 200) 9 headers in 358 bytes (1 switches on core 0)
Jan 13 18:59:03.558686 dv-cinder-790535-23-iscsi devstack@n-api.service[116368]: DEBUG nova.policy [None req-e14c2533-afbf-481b-b117-2fa50d20c3c7 tempest-AttachVolumeNegativeTest-548394495 tempest-AttachVolumeNegativeTest-548394495-project] Policy check for os_compute_api:os-extended-server-attributes failed with credentials {'is_admin': False, 'user_id': 'fa3dabae405f44d2a911138771e0d0e1', 'user_domain_id': 'default', 'system_scope': None, 'domain_id': None, 'project_id': '089dd9bcc2ab49c0bd715e30647b2ca7', 'project_domain_id': 'default', 'roles': ['member', 'reader'], 'is_admin_project': True, 'service_user_id': None, 'service_user_domain_id': None, 'service_project_id': None, 'service_project_domain_id': None, 'service_roles': []} {{(pid=116368) authorize /opt/stack/nova/nova/policy.py:199}}
Jan 13 18:59:03.569520 dv-cinder-790535-23-iscsi devstack@n-api.service[116368]: INFO nova.api.openstack.requestlog [None req-e14c2533-afbf-481b-b117-2fa50d20c3c7 tempest-AttachVolumeNegativeTest-548394495 tempest-AttachVolumeNegativeTest-548394495-project] 10.222.0.42 "GET /compute/v2.1/servers/af9f3417-caed-4c67-b907-92c87a3c6556" status: 200 len: 1274 microversion: 2.1 time: 0.971015
Jan 13 18:59:03.582492 dv-cinder-790535-23-iscsi devstack@n-api.service[116368]: [pid: 116368|app: 0|req: 21/40] 10.222.0.42 () {58 vars in 1235 bytes} [Thu Jan 13 18:59:02 2022] GET /compute/v2.1/servers/af9f3417-caed-4c67-b907-92c87a3c6556 => generated 1274 bytes in 984 msecs (HTTP/1.1 200) 9 headers in 358 bytes (2 switches on core 0)
Jan 13 18:59:04.347440 dv-cinder-790535-23-iscsi devstack@n-api.service[116369]: DEBUG nova.api.openstack.wsgi [None req-ccb31b58-ea5e-4233-92a0-33661cf150d7 tempest-DeleteServersTestJSON-51943990 tempest-DeleteServersTestJSON-51943990-project] Calling method '>' {{(pid=116369) _process_stack /opt/stack/nova/nova/api/openstack/wsgi.py:513}}
Jan 13 18:59:04.348714 dv-cinder-790535-23-iscsi devstack@n-api.service[116369]: DEBUG nova.compute.api [None req-ccb31b58-ea5e-4233-92a0-33661cf150d7 tempest-DeleteServersTestJSON-51943990 tempest-DeleteServersTestJSON-51943990-project] [instance: ed5c0221-6c8f-49ce-96f1-ac3ff1535481] Fetching instance by UUID {{(pid=116369) get /opt/stack/nova/nova/compute/api.py:2865}}
Jan 13 18:59:04.358815 dv-cinder-790535-23-iscsi devstack@n-api.service[116369]: DEBUG oslo_concurrency.lockutils [None req-ccb31b58-ea5e-4233-92a0-33661cf150d7 tempest-DeleteServersTestJSON-51943990 tempest-DeleteServersTestJSON-51943990-project] Lock "2ef17823-23e1-485f-a0df-5a7d7b7881e5" acquired by "nova.context.set_target_cell..get_or_set_cached_cell_and_set_connections" :: waited 0.000s {{(pid=116369) inner /usr/local/lib/python3.8/dist-packages/oslo_concurrency/lockutils.py:386}}
Jan 13 18:59:04.362802 dv-cinder-790535-23-iscsi devstack@n-api.service[116369]: DEBUG oslo_concurrency.lockutils [None req-ccb31b58-ea5e-4233-92a0-33661cf150d7 tempest-DeleteServersTestJSON-51943990 tempest-DeleteServersTestJSON-51943990-project] Lock "2ef17823-23e1-485f-a0df-5a7d7b7881e5" "released" by "nova.context.set_target_cell..get_or_set_cached_cell_and_set_connections" :: held 0.004s {{(pid=116369) inner /usr/local/lib/python3.8/dist-packages/oslo_concurrency/lockutils.py:400}}
Jan 13 18:59:04.365076 dv-cinder-790535-23-iscsi devstack@n-api.service[116369]: DEBUG oslo_concurrency.lockutils [None req-ccb31b58-ea5e-4233-92a0-33661cf150d7 tempest-DeleteServersTestJSON-51943990 tempest-DeleteServersTestJSON-51943990-project] Lock "2ef17823-23e1-485f-a0df-5a7d7b7881e5" acquired by "nova.context.set_target_cell..get_or_set_cached_cell_and_set_connections" :: waited 0.000s {{(pid=116369) inner /usr/local/lib/python3.8/dist-packages/oslo_concurrency/lockutils.py:386}}
Jan 13 18:59:04.367060 dv-cinder-790535-23-iscsi devstack@n-api.service[116369]: DEBUG oslo_concurrency.lockutils [None req-ccb31b58-ea5e-4233-92a0-33661cf150d7 tempest-DeleteServersTestJSON-51943990 tempest-DeleteServersTestJSON-51943990-project] Lock "2ef17823-23e1-485f-a0df-5a7d7b7881e5" "released" by "nova.context.set_target_cell..get_or_set_cached_cell_and_set_connections" :: held 0.001s {{(pid=116369) inner /usr/local/lib/python3.8/dist-packages/oslo_concurrency/lockutils.py:400}}
Jan 13 18:59:04.590169 dv-cinder-790535-23-iscsi devstack@n-api.service[116368]: DEBUG nova.api.openstack.wsgi [None req-38403c18-c643-4a04-9efb-b92ad4205c95 tempest-AttachVolumeNegativeTest-548394495 tempest-AttachVolumeNegativeTest-548394495-project] Calling method '>' {{(pid=116368) _process_stack /opt/stack/nova/nova/api/openstack/wsgi.py:513}}
Jan 13 18:59:04.591460 dv-cinder-790535-23-iscsi devstack@n-api.service[116368]: DEBUG nova.compute.api [None req-38403c18-c643-4a04-9efb-b92ad4205c95 tempest-AttachVolumeNegativeTest-548394495 tempest-AttachVolumeNegativeTest-548394495-project] [instance: af9f3417-caed-4c67-b907-92c87a3c6556] Fetching instance by UUID {{(pid=116368) get /opt/stack/nova/nova/compute/api.py:2865}}
Jan 13 18:59:04.608486 dv-cinder-790535-23-iscsi devstack@n-api.service[116368]: DEBUG oslo_concurrency.lockutils [None req-38403c18-c643-4a04-9efb-b92ad4205c95 tempest-AttachVolumeNegativeTest-548394495 tempest-AttachVolumeNegativeTest-548394495-project] Lock "2ef17823-23e1-485f-a0df-5a7d7b7881e5" acquired by "nova.context.set_target_cell..get_or_set_cached_cell_and_set_connections" :: waited 0.000s {{(pid=116368) inner /usr/local/lib/python3.8/dist-packages/oslo_concurrency/lockutils.py:386}}
Jan 13 18:59:04.609206 dv-cinder-790535-23-iscsi devstack@n-api.service[116368]: DEBUG oslo_concurrency.lockutils [None req-38403c18-c643-4a04-9efb-b92ad4205c95 tempest-AttachVolumeNegativeTest-548394495 tempest-AttachVolumeNegativeTest-548394495-project] Lock "2ef17823-23e1-485f-a0df-5a7d7b7881e5" "released" by "nova.context.set_target_cell..get_or_set_cached_cell_and_set_connections" :: held 0.001s {{(pid=116368) inner /usr/local/lib/python3.8/dist-packages/oslo_concurrency/lockutils.py:400}}
Jan 13 18:59:04.612470 dv-cinder-790535-23-iscsi devstack@n-api.service[116368]: DEBUG oslo_concurrency.lockutils [None req-38403c18-c643-4a04-9efb-b92ad4205c95 tempest-AttachVolumeNegativeTest-548394495 tempest-AttachVolumeNegativeTest-548394495-project] Lock "2ef17823-23e1-485f-a0df-5a7d7b7881e5" acquired by "nova.context.set_target_cell..get_or_set_cached_cell_and_set_connections" :: waited 0.000s {{(pid=116368) inner /usr/local/lib/python3.8/dist-packages/oslo_concurrency/lockutils.py:386}}
Jan 13 18:59:04.613082 dv-cinder-790535-23-iscsi devstack@n-api.service[116368]: DEBUG oslo_concurrency.lockutils [None req-38403c18-c643-4a04-9efb-b92ad4205c95 tempest-AttachVolumeNegativeTest-548394495 tempest-AttachVolumeNegativeTest-548394495-project] Lock "2ef17823-23e1-485f-a0df-5a7d7b7881e5" "released" by "nova.context.set_target_cell..get_or_set_cached_cell_and_set_connections" :: held 0.001s {{(pid=116368) inner /usr/local/lib/python3.8/dist-packages/oslo_concurrency/lockutils.py:400}}
Jan 13 18:59:05.864804 dv-cinder-790535-23-iscsi devstack@n-api.service[116369]: DEBUG nova.policy [None req-ccb31b58-ea5e-4233-92a0-33661cf150d7 tempest-DeleteServersTestJSON-51943990 tempest-DeleteServersTestJSON-51943990-project] Policy check for os_compute_api:os-extended-server-attributes failed with credentials {'is_admin': False, 'user_id': 'ca931070a6274cb19798f61818396dc3', 'user_domain_id': 'default', 'system_scope': None, 'domain_id': None, 'project_id': 'c864dcb887c94ed5a1913f7ecb4e392f', 'project_domain_id': 'default', 'roles': ['member', 'reader'], 'is_admin_project': True, 'service_user_id': None, 'service_user_domain_id': None, 'service_project_id': None, 'service_project_domain_id': None, 'service_roles': []} {{(pid=116369) authorize /opt/stack/nova/nova/policy.py:199}}
Jan 13 18:59:05.887898 dv-cinder-790535-23-iscsi devstack@n-api.service[116369]: INFO nova.api.openstack.requestlog [None req-ccb31b58-ea5e-4233-92a0-33661cf150d7 tempest-DeleteServersTestJSON-51943990 tempest-DeleteServersTestJSON-51943990-project] 10.222.0.42 "GET /compute/v2.1/servers/ed5c0221-6c8f-49ce-96f1-ac3ff1535481" status: 200 len: 1315 microversion: 2.1 time: 1.544739
Jan 13 18:59:05.893059 dv-cinder-790535-23-iscsi devstack@n-api.service[116369]: [pid: 116369|app: 0|req: 20/41] 10.222.0.42 () {58 vars in 1235 bytes} [Thu Jan 13 18:59:04 2022] GET /compute/v2.1/servers/ed5c0221-6c8f-49ce-96f1-ac3ff1535481 => generated 1315 bytes in 1550 msecs (HTTP/1.1 200) 9 headers in 358 bytes (1 switches on core 0)
Jan 13 18:59:06.195134 dv-cinder-790535-23-iscsi devstack@n-api.service[116368]: DEBUG nova.policy [None req-38403c18-c643-4a04-9efb-b92ad4205c95 tempest-AttachVolumeNegativeTest-548394495 tempest-AttachVolumeNegativeTest-548394495-project] Policy check for os_compute_api:os-extended-server-attributes failed with credentials {'is_admin': False, 'user_id': 'fa3dabae405f44d2a911138771e0d0e1', 'user_domain_id': 'default', 'system_scope': None, 'domain_id': None, 'project_id': '089dd9bcc2ab49c0bd715e30647b2ca7', 'project_domain_id': 'default', 'roles': ['member', 'reader'], 'is_admin_project': True, 'service_user_id': None, 'service_user_domain_id': None, 'service_project_id': None, 'service_project_domain_id': None, 'service_roles': []} {{(pid=116368) authorize /opt/stack/nova/nova/policy.py:199}}
Jan 13 18:59:06.204342 dv-cinder-790535-23-iscsi devstack@n-api.service[116369]: DEBUG nova.api.openstack.wsgi [None req-1d41cd06-8346-446b-b94a-efcb0993bea4 tempest-AttachVolumeTestJSON-168335051 tempest-AttachVolumeTestJSON-168335051-project] Action: 'create', calling method: .version_select at 0x7fc751dffb80>, body: {"keypair": {"name": "tempest-keypair-1121628578"}} {{(pid=116369) _process_stack /opt/stack/nova/nova/api/openstack/wsgi.py:511}}
Jan 13 18:59:06.222010 dv-cinder-790535-23-iscsi devstack@n-api.service[116368]: INFO nova.api.openstack.requestlog [None req-38403c18-c643-4a04-9efb-b92ad4205c95 tempest-AttachVolumeNegativeTest-548394495 tempest-AttachVolumeNegativeTest-548394495-project] 10.222.0.42 "GET /compute/v2.1/servers/af9f3417-caed-4c67-b907-92c87a3c6556" status: 200 len: 1316 microversion: 2.1 time: 1.639142
Jan 13 18:59:06.225932 dv-cinder-790535-23-iscsi devstack@n-api.service[116368]: [pid: 116368|app: 0|req: 22/42] 10.222.0.42 () {58 vars in 1235 bytes} [Thu Jan 13 18:59:04 2022] GET /compute/v2.1/servers/af9f3417-caed-4c67-b907-92c87a3c6556 => generated 1316 bytes in 1644 msecs (HTTP/1.1 200) 9 headers in 358 bytes (1 switches on core 0)
Jan 13 18:59:06.279115 dv-cinder-790535-23-iscsi devstack@n-api.service[116369]: DEBUG nova.quota [None req-1d41cd06-8346-446b-b94a-efcb0993bea4 tempest-AttachVolumeTestJSON-168335051 tempest-AttachVolumeTestJSON-168335051-project] Getting quotas for project 2fa7742a68814f238ecce27d9933e83c. Resources: {'key_pairs'} {{(pid=116369) _get_quotas /opt/stack/nova/nova/quota.py:387}}
Jan 13 18:59:06.300083 dv-cinder-790535-23-iscsi devstack@n-api.service[116369]: DEBUG nova.quota [None req-1d41cd06-8346-446b-b94a-efcb0993bea4 tempest-AttachVolumeTestJSON-168335051 tempest-AttachVolumeTestJSON-168335051-project] Getting quotas for user 4a182fbcde39497586de22a081bbfa95 and project 2fa7742a68814f238ecce27d9933e83c. Resources: {'key_pairs'} {{(pid=116369) _get_quotas /opt/stack/nova/nova/quota.py:377}}
Jan 13 18:59:06.871814 dv-cinder-790535-23-iscsi devstack@n-api.service[116369]: DEBUG nova.quota [None req-1d41cd06-8346-446b-b94a-efcb0993bea4 tempest-AttachVolumeTestJSON-168335051 tempest-AttachVolumeTestJSON-168335051-project] Getting quotas for project 2fa7742a68814f238ecce27d9933e83c. Resources: {'key_pairs'} {{(pid=116369) _get_quotas /opt/stack/nova/nova/quota.py:387}}
Jan 13 18:59:06.891924 dv-cinder-790535-23-iscsi devstack@n-api.service[116369]: DEBUG nova.quota [None req-1d41cd06-8346-446b-b94a-efcb0993bea4 tempest-AttachVolumeTestJSON-168335051 tempest-AttachVolumeTestJSON-168335051-project] Getting quotas for user 4a182fbcde39497586de22a081bbfa95 and project 2fa7742a68814f238ecce27d9933e83c. Resources: {'key_pairs'} {{(pid=116369) _get_quotas /opt/stack/nova/nova/quota.py:377}}
Jan 13 18:59:06.926220 dv-cinder-790535-23-iscsi devstack@n-api.service[116368]: DEBUG nova.api.openstack.wsgi [None req-efbd7610-32c3-4bdb-b344-c762e7982a38 tempest-ServerRescueNegativeTestJSON-746436101 tempest-ServerRescueNegativeTestJSON-746436101-project] Action: 'create', calling method: >, body: {"server": {"name": "tempest-ServerRescueNegativeTestJSON-server-1228713858", "imageRef": "e66fad31-647a-46a4-ab38-712071de373a", "flavorRef": "452", "adminPass": "***", "networks": [{"uuid": "2698c1b6-9ab6-483f-8b78-4498b41a9866"}]}} {{(pid=116368) _process_stack /opt/stack/nova/nova/api/openstack/wsgi.py:511}}
Jan 13 18:59:06.963251 dv-cinder-790535-23-iscsi devstack@n-api.service[116369]: INFO nova.api.openstack.requestlog [None req-1d41cd06-8346-446b-b94a-efcb0993bea4 tempest-AttachVolumeTestJSON-168335051 tempest-AttachVolumeTestJSON-168335051-project] 10.222.0.42 "POST /compute/v2.1/os-keypairs" status: 200 len: 2305 microversion: 2.1 time: 1.068794
Jan 13 18:59:06.973377 dv-cinder-790535-23-iscsi devstack@n-api.service[116369]: [pid: 116369|app: 0|req: 21/43] 10.222.0.42 () {60 vars in 1157 bytes} [Thu Jan 13 18:59:05 2022] POST /compute/v2.1/os-keypairs => generated 2305 bytes in 1079 msecs (HTTP/1.1 200) 9 headers in 358 bytes (1 switches on core 0)
Jan 13 18:59:07.004071 dv-cinder-790535-23-iscsi devstack@n-api.service[116369]: DEBUG nova.api.openstack.wsgi [None req-557a78bd-5aa2-4037-8d80-bcf68fbdde10 tempest-DeleteServersTestJSON-51943990 tempest-DeleteServersTestJSON-51943990-project] Calling method '>' {{(pid=116369) _process_stack /opt/stack/nova/nova/api/openstack/wsgi.py:513}}
Jan 13 18:59:07.008362 dv-cinder-790535-23-iscsi devstack@n-api.service[116369]: DEBUG nova.compute.api [None req-557a78bd-5aa2-4037-8d80-bcf68fbdde10 tempest-DeleteServersTestJSON-51943990 tempest-DeleteServersTestJSON-51943990-project] [instance: ed5c0221-6c8f-49ce-96f1-ac3ff1535481] Fetching instance by UUID {{(pid=116369) get /opt/stack/nova/nova/compute/api.py:2865}}
