Dec 16 21:52:59.789356 dv-cinder-790535-21-smb neutron-server[114714]: DEBUG neutron_lib.callbacks.manager [req-3bc168b6-80f6-4040-bd38-801ac2a892a2 req-74f76375-b130-4c61-abd1-1c1d3e1fe22b tempest-AttachVolumeShelveTestJSON-1370851349 tempest-AttachVolumeShelveTestJSON-1370851349-project] Publish callbacks ['neutron.plugins.ml2.plugin.SecurityGroupDbMixin._ensure_default_security_group_handler-3725829'] for port, before_create {{(pid=114714) _notify_loop /usr/local/lib/python3.8/dist-packages/neutron_lib/callbacks/manager.py:175}}
Dec 16 21:52:59.900639 dv-cinder-790535-21-smb neutron-server[114714]: DEBUG neutron_lib.callbacks.manager [req-a9f19412-8f66-488d-94bb-a0be66f44adf req-fb55a1b3-8a85-43fa-96bf-3df28e4142d2 service neutron] Publish callbacks ['neutron.plugins.ml2.plugin.SecurityGroupServerNotifierRpcMixin._notify_sg_on_port_change-3729370', 'neutron.plugins.ml2.ovo_rpc._ObjectChangeHandler.handle_event-89440', 'neutron.api.rpc.agentnotifiers.dhcp_rpc_agent_api.DhcpAgentNotifyAPI._native_event_send_dhcp_notification-561740', 'neutron.db.l3_db.L3RpcNotifierMixin._notify_gateway_port_ip_changed-8741032116453', 'neutron.db.l3_dvrscheduler_db._notify_l3_agent_port_update-8741031560138', 'neutron.db.l3_hascheduler_db._notify_l3_agent_ha_port_update-8741031560156'] for port, after_update {{(pid=114714) _notify_loop /usr/local/lib/python3.8/dist-packages/neutron_lib/callbacks/manager.py:175}}
Dec 16 21:52:59.957687 dv-cinder-790535-21-smb neutron-server[114713]: DEBUG neutron_lib.callbacks.manager [None req-d63bfc31-1a93-4a29-8ab2-98221cdbf256 admin admin] Subscribe: > subnet after_create 55550000 {{(pid=114713) subscribe /usr/local/lib/python3.8/dist-packages/neutron_lib/callbacks/manager.py:45}}
Dec 16 21:52:59.958247 dv-cinder-790535-21-smb neutron-server[114713]: DEBUG neutron_lib.callbacks.manager [None req-d63bfc31-1a93-4a29-8ab2-98221cdbf256 admin admin] Subscribe: > subnet after_delete 55550000 {{(pid=114713) subscribe /usr/local/lib/python3.8/dist-packages/neutron_lib/callbacks/manager.py:45}}
Dec 16 21:52:59.958381 dv-cinder-790535-21-smb neutron-server[114713]: DEBUG neutron_lib.callbacks.manager [None req-d63bfc31-1a93-4a29-8ab2-98221cdbf256 admin admin] Subscribe: > subnet before_create 55550000 {{(pid=114713) subscribe /usr/local/lib/python3.8/dist-packages/neutron_lib/callbacks/manager.py:45}}
Dec 16 21:52:59.958674 dv-cinder-790535-21-smb neutron-server[114713]: DEBUG neutron_lib.callbacks.manager [None req-d63bfc31-1a93-4a29-8ab2-98221cdbf256 admin admin] Subscribe: > subnet before_update 55550000 {{(pid=114713) subscribe /usr/local/lib/python3.8/dist-packages/neutron_lib/callbacks/manager.py:45}}
Dec 16 21:52:59.959021 dv-cinder-790535-21-smb neutron-server[114713]: DEBUG neutron.services.segments.db [None req-d63bfc31-1a93-4a29-8ab2-98221cdbf256 admin admin] neutron.services.segments.plugin.Plugin method get_segments called with arguments (,) {'filters': {'network_id': ['a1473d6a-4e53-42f2-805a-9e839990aec0']}} {{(pid=114713) wrapper /usr/local/lib/python3.8/dist-packages/oslo_log/helpers.py:65}}
Dec 16 21:52:59.963291 dv-cinder-790535-21-smb neutron-server[114714]: DEBUG neutron.db.db_base_plugin_common [req-3bc168b6-80f6-4040-bd38-801ac2a892a2 req-74f76375-b130-4c61-abd1-1c1d3e1fe22b tempest-AttachVolumeShelveTestJSON-1370851349 tempest-AttachVolumeShelveTestJSON-1370851349-project] Allocated IP 172.20.0.3 (243487ff-3911-4be0-9564-e375f881e8f8/6d194140-ceb9-46df-9698-2dd6921672d6/b58a79f1-5f46-47ca-bdd3-6452707c3c00) {{(pid=114714) _store_ip_allocation /opt/stack/neutron/neutron/db/db_base_plugin_common.py:131}}
Dec 16 21:52:59.970545 dv-cinder-790535-21-smb neutron-server[114714]: DEBUG neutron.api.rpc.handlers.resources_rpc [None req-fb55a1b3-8a85-43fa-96bf-3df28e4142d2 service neutron] Pushing event updated for resources: {'Port': ['ID=01056848-5fb2-466a-867e-e36572c60dde,revision_number=2']} {{(pid=114714) push /opt/stack/neutron/neutron/api/rpc/handlers/resources_rpc.py:237}}
Dec 16 21:53:00.003011 dv-cinder-790535-21-smb neutron-server[114713]: DEBUG neutron.services.segments.db [None req-d63bfc31-1a93-4a29-8ab2-98221cdbf256 admin admin] neutron.services.segments.plugin.Plugin method delete_segment called with arguments (, '158f1007-64a1-4a13-9d23-2f72d3d52c68') {'for_net_delete': True} {{(pid=114713) wrapper /usr/local/lib/python3.8/dist-packages/oslo_log/helpers.py:65}}
Dec 16 21:53:00.003011 dv-cinder-790535-21-smb neutron-server[114713]: DEBUG neutron.services.segments.db [None req-d63bfc31-1a93-4a29-8ab2-98221cdbf256 admin admin] neutron.services.segments.plugin.Plugin method get_segment called with arguments (, '158f1007-64a1-4a13-9d23-2f72d3d52c68') {} {{(pid=114713) wrapper /usr/local/lib/python3.8/dist-packages/oslo_log/helpers.py:65}}
Dec 16 21:53:00.003397 dv-cinder-790535-21-smb neutron-server[114714]: DEBUG neutron.plugins.ml2.managers [req-a9f19412-8f66-488d-94bb-a0be66f44adf req-fb55a1b3-8a85-43fa-96bf-3df28e4142d2 service neutron] Attempting to bind port 01056848-5fb2-466a-867e-e36572c60dde on host hv-cinder-79053 for vnic_type normal with profile {{(pid=114714) bind_port /opt/stack/neutron/neutron/plugins/ml2/managers.py:795}}
Dec 16 21:53:00.003397 dv-cinder-790535-21-smb neutron-server[114714]: DEBUG neutron.plugins.ml2.managers [req-a9f19412-8f66-488d-94bb-a0be66f44adf req-fb55a1b3-8a85-43fa-96bf-3df28e4142d2 service neutron] Attempting to bind port 01056848-5fb2-466a-867e-e36572c60dde by drivers openvswitch,hyperv on host hv-cinder-79053 at level 0 using segments [{'id': '00956c44-f5b7-4b83-b6f4-3cbc658d7f88', 'network_type': 'vlan', 'physical_network': 'physnet1', 'segmentation_id': 381, 'network_id': '71a1356b-99f4-4a45-96d5-362da543bc29'}] {{(pid=114714) _bind_port_level /opt/stack/neutron/neutron/plugins/ml2/managers.py:820}}
Dec 16 21:53:00.003397 dv-cinder-790535-21-smb neutron-server[114714]: DEBUG neutron.plugins.ml2.drivers.mech_agent [req-a9f19412-8f66-488d-94bb-a0be66f44adf req-fb55a1b3-8a85-43fa-96bf-3df28e4142d2 service neutron] Attempting to bind port 01056848-5fb2-466a-867e-e36572c60dde on network 71a1356b-99f4-4a45-96d5-362da543bc29 {{(pid=114714) bind_port /opt/stack/neutron/neutron/plugins/ml2/drivers/mech_agent.py:91}}
Dec 16 21:53:00.014852 dv-cinder-790535-21-smb neutron-server[114713]: DEBUG neutron_lib.callbacks.manager [None req-d63bfc31-1a93-4a29-8ab2-98221cdbf256 admin admin] Publish callbacks ['neutron.plugins.ml2.db._prevent_segment_delete_with_port_bound-8741032051595', 'neutron.services.segments.plugin.Plugin._prevent_segment_delete_with_subnet_associated-62090095'] for segment, before_delete {{(pid=114713) _notify_loop /usr/local/lib/python3.8/dist-packages/neutron_lib/callbacks/manager.py:175}}
Dec 16 21:53:00.014970 dv-cinder-790535-21-smb neutron-server[114714]: DEBUG neutron.plugins.ml2.drivers.mech_agent [req-a9f19412-8f66-488d-94bb-a0be66f44adf req-fb55a1b3-8a85-43fa-96bf-3df28e4142d2 service neutron] Port 01056848-5fb2-466a-867e-e36572c60dde on network 71a1356b-99f4-4a45-96d5-362da543bc29 not bound, no agent of type Open vSwitch agent registered on host hv-cinder-79053 {{(pid=114714) bind_port /opt/stack/neutron/neutron/plugins/ml2/drivers/mech_agent.py:103}}
Dec 16 21:53:00.014970 dv-cinder-790535-21-smb neutron-server[114714]: DEBUG neutron.plugins.ml2.drivers.mech_agent [req-a9f19412-8f66-488d-94bb-a0be66f44adf req-fb55a1b3-8a85-43fa-96bf-3df28e4142d2 service neutron] Attempting to bind port 01056848-5fb2-466a-867e-e36572c60dde on network 71a1356b-99f4-4a45-96d5-362da543bc29 {{(pid=114714) bind_port /opt/stack/neutron/neutron/plugins/ml2/drivers/mech_agent.py:91}}
Dec 16 21:53:00.023011 dv-cinder-790535-21-smb neutron-server[114714]: DEBUG neutron.plugins.ml2.drivers.mech_agent [req-a9f19412-8f66-488d-94bb-a0be66f44adf req-fb55a1b3-8a85-43fa-96bf-3df28e4142d2 service neutron] Checking agent: {'id': 'df45a282-5037-463b-962c-e43dc23e556d', 'agent_type': 'HyperV agent', 'binary': 'neutron-hyperv-agent', 'topic': 'N/A', 'host': 'hv-cinder-79053', 'admin_state_up': True, 'created_at': datetime.datetime(2021, 12, 16, 21, 50, 36), 'started_at': datetime.datetime(2021, 12, 16, 21, 50, 36), 'heartbeat_timestamp': datetime.datetime(2021, 12, 16, 21, 52, 36), 'description': None, 'resources_synced': None, 'availability_zone': None, 'alive': True, 'configurations': {'vswitch_mappings': {'physnet1$': 'br-data'}}, 'resource_versions': {}} {{(pid=114714) bind_port /opt/stack/neutron/neutron/plugins/ml2/drivers/mech_agent.py:110}}
Dec 16 21:53:00.023663 dv-cinder-790535-21-smb neutron-server[114714]: DEBUG neutron.plugins.ml2.drivers.mech_agent [req-a9f19412-8f66-488d-94bb-a0be66f44adf req-fb55a1b3-8a85-43fa-96bf-3df28e4142d2 service neutron] Checking segment: {'id': '00956c44-f5b7-4b83-b6f4-3cbc658d7f88', 'network_type': 'vlan', 'physical_network': 'physnet1', 'segmentation_id': 381, 'network_id': '71a1356b-99f4-4a45-96d5-362da543bc29'} for mappings: {'physnet1$': 'br-data'} with network types: ['local', 'flat', 'vlan'] {{(pid=114714) check_segment_for_agent /opt/stack/neutron/neutron/plugins/ml2/drivers/mech_agent.py:371}}
Dec 16 21:53:00.024211 dv-cinder-790535-21-smb neutron-server[114714]: DEBUG neutron.plugins.ml2.drivers.mech_agent [req-a9f19412-8f66-488d-94bb-a0be66f44adf req-fb55a1b3-8a85-43fa-96bf-3df28e4142d2 service neutron] Bound using segment: {'id': '00956c44-f5b7-4b83-b6f4-3cbc658d7f88', 'network_type': 'vlan', 'physical_network': 'physnet1', 'segmentation_id': 381, 'network_id': '71a1356b-99f4-4a45-96d5-362da543bc29'} {{(pid=114714) bind_port /opt/stack/neutron/neutron/plugins/ml2/drivers/mech_agent.py:120}}
Dec 16 21:53:00.024807 dv-cinder-790535-21-smb neutron-server[114714]: DEBUG neutron.plugins.ml2.managers [req-a9f19412-8f66-488d-94bb-a0be66f44adf req-fb55a1b3-8a85-43fa-96bf-3df28e4142d2 service neutron] Bound port: 01056848-5fb2-466a-867e-e36572c60dde, host: hv-cinder-79053, vif_type: hyperv, vif_details: {"connectivity": "legacy", "port_filter": false}, binding_levels: [{'bound_driver': 'hyperv', 'bound_segment': {'id': '00956c44-f5b7-4b83-b6f4-3cbc658d7f88', 'network_type': 'vlan', 'physical_network': 'physnet1', 'segmentation_id': 381, 'network_id': '71a1356b-99f4-4a45-96d5-362da543bc29'}}] {{(pid=114714) _bind_port_level /opt/stack/neutron/neutron/plugins/ml2/managers.py:932}}
Dec 16 21:53:00.025423 dv-cinder-790535-21-smb neutron-server[114713]: DEBUG neutron_lib.callbacks.manager [req-3cc9a649-dc12-41b2-921c-8b083c0cf2d9 req-68a85d65-2147-4e79-91b9-f59088eadfc8 service neutron] Publish callbacks ['neutron.plugins.ml2.plugin.SecurityGroupDbMixin._ensure_default_security_group_handler-3725829'] for port, before_update {{(pid=114713) _notify_loop /usr/local/lib/python3.8/dist-packages/neutron_lib/callbacks/manager.py:175}}
Dec 16 21:53:00.025696 dv-cinder-790535-21-smb neutron-server[114714]: DEBUG neutron_lib.callbacks.manager [req-a9f19412-8f66-488d-94bb-a0be66f44adf req-fb55a1b3-8a85-43fa-96bf-3df28e4142d2 service neutron] Publish callbacks ['neutron.plugins.ml2.plugin.SecurityGroupDbMixin._ensure_default_security_group_handler-3725829'] for port, before_update {{(pid=114714) _notify_loop /usr/local/lib/python3.8/dist-packages/neutron_lib/callbacks/manager.py:175}}
Dec 16 21:53:00.054474 dv-cinder-790535-21-smb neutron-server[114713]: DEBUG neutron_lib.callbacks.manager [None req-d63bfc31-1a93-4a29-8ab2-98221cdbf256 admin admin] Publish callbacks ['neutron.plugins.ml2.plugin.Ml2Plugin._handle_segment_change-3790675'] for segment, precommit_delete {{(pid=114713) _notify_loop /usr/local/lib/python3.8/dist-packages/neutron_lib/callbacks/manager.py:175}}
Dec 16 21:53:00.068912 dv-cinder-790535-21-smb neutron-server[114713]: DEBUG neutron.plugins.ml2.drivers.type_vlan [None req-d63bfc31-1a93-4a29-8ab2-98221cdbf256 admin admin] Releasing vlan 377 on physical network physnet1 to pool {{(pid=114713) release_segment /opt/stack/neutron/neutron/plugins/ml2/drivers/type_vlan.py:304}}
Dec 16 21:53:00.078627 dv-cinder-790535-21-smb neutron-server[114713]: DEBUG neutron_lib.callbacks.manager [None req-d63bfc31-1a93-4a29-8ab2-98221cdbf256 admin admin] Publish callbacks ['neutron.plugins.ml2.plugin.Ml2Plugin._handle_segment_change-3790675', 'neutron.services.segments.plugin.NovaSegmentNotifier._notify_segment_deleted-62089851'] for segment, after_delete {{(pid=114713) _notify_loop /usr/local/lib/python3.8/dist-packages/neutron_lib/callbacks/manager.py:175}}
Dec 16 21:53:00.078627 dv-cinder-790535-21-smb neutron-server[114713]: /usr/lib/python3/dist-packages/secretstorage/dhcrypto.py:15: CryptographyDeprecationWarning: int_from_bytes is deprecated, use int.from_bytes instead
Dec 16 21:53:00.078627 dv-cinder-790535-21-smb neutron-server[114713]: from cryptography.utils import int_from_bytes
Dec 16 21:53:00.078627 dv-cinder-790535-21-smb neutron-server[114713]: /usr/lib/python3/dist-packages/secretstorage/util.py:19: CryptographyDeprecationWarning: int_from_bytes is deprecated, use int.from_bytes instead
Dec 16 21:53:00.078627 dv-cinder-790535-21-smb neutron-server[114713]: from cryptography.utils import int_from_bytes
Dec 16 21:53:00.078627 dv-cinder-790535-21-smb neutron-server[114713]: Traceback (most recent call last):
Dec 16 21:53:00.078627 dv-cinder-790535-21-smb neutron-server[114713]: File "/usr/local/lib/python3.8/dist-packages/eventlet/hubs/hub.py", line 476, in fire_timers
Dec 16 21:53:00.078627 dv-cinder-790535-21-smb neutron-server[114713]: timer()
Dec 16 21:53:00.078627 dv-cinder-790535-21-smb neutron-server[114713]: File "/usr/local/lib/python3.8/dist-packages/eventlet/hubs/timer.py", line 59, in __call__
Dec 16 21:53:00.078627 dv-cinder-790535-21-smb neutron-server[114713]: cb(*args, **kw)
Dec 16 21:53:00.078627 dv-cinder-790535-21-smb neutron-server[114713]: File "/opt/stack/neutron/neutron/common/utils.py", line 914, in wrapper
Dec 16 21:53:00.078627 dv-cinder-790535-21-smb neutron-server[114713]: return func(*args, **kwargs)
Dec 16 21:53:00.078627 dv-cinder-790535-21-smb neutron-server[114713]: File "/opt/stack/neutron/neutron/notifiers/batch_notifier.py", line 58, in synced_send
Dec 16 21:53:00.078627 dv-cinder-790535-21-smb neutron-server[114713]: self._notify()
Dec 16 21:53:00.078627 dv-cinder-790535-21-smb neutron-server[114713]: File "/opt/stack/neutron/neutron/notifiers/batch_notifier.py", line 69, in _notify
Dec 16 21:53:00.078627 dv-cinder-790535-21-smb neutron-server[114713]: self.callback(batched_events)
Dec 16 21:53:00.078627 dv-cinder-790535-21-smb neutron-server[114713]: File "/opt/stack/neutron/neutron/services/segments/plugin.py", line 211, in _send_notifications
Dec 16 21:53:00.078627 dv-cinder-790535-21-smb neutron-server[114713]: event.method(event)
Dec 16 21:53:00.078627 dv-cinder-790535-21-smb neutron-server[114713]: File "/opt/stack/neutron/neutron/services/segments/plugin.py", line 383, in _delete_nova_inventory
Dec 16 21:53:00.078627 dv-cinder-790535-21-smb neutron-server[114713]: aggregate_id = self._get_aggregate_id(event.segment_id)
Dec 16 21:53:00.078627 dv-cinder-790535-21-smb neutron-server[114713]: File "/opt/stack/neutron/neutron/services/segments/plugin.py", line 370, in _get_aggregate_id
Dec 16 21:53:00.078627 dv-cinder-790535-21-smb neutron-server[114713]: aggregate_uuid = self.p_client.list_aggregates(
Dec 16 21:53:00.078627 dv-cinder-790535-21-smb neutron-server[114713]: File "/usr/local/lib/python3.8/dist-packages/neutron_lib/placement/client.py", line 58, in wrapper
Dec 16 21:53:00.078627 dv-cinder-790535-21-smb neutron-server[114713]: return f(self, *a, **k)
Dec 16 21:53:00.078627 dv-cinder-790535-21-smb neutron-server[114713]: File "/usr/local/lib/python3.8/dist-packages/neutron_lib/placement/client.py", line 554, in list_aggregates
Dec 16 21:53:00.078627 dv-cinder-790535-21-smb neutron-server[114713]: return self._get(url).json()
Dec 16 21:53:00.078627 dv-cinder-790535-21-smb neutron-server[114713]: File "/usr/local/lib/python3.8/dist-packages/neutron_lib/placement/client.py", line 190, in _get
Dec 16 21:53:00.078627 dv-cinder-790535-21-smb neutron-server[114713]: return self._client.get(url, endpoint_filter=self._ks_filter,
Dec 16 21:53:00.078627 dv-cinder-790535-21-smb neutron-server[114713]: File "/usr/local/lib/python3.8/dist-packages/keystoneauth1/session.py", line 1141, in get
Dec 16 21:53:00.078627 dv-cinder-790535-21-smb neutron-server[114713]: return self.request(url, 'GET', **kwargs)
Dec 16 21:53:00.078627 dv-cinder-790535-21-smb neutron-server[114713]: File "/usr/local/lib/python3.8/dist-packages/keystoneauth1/session.py", line 811, in request
Dec 16 21:53:00.078627 dv-cinder-790535-21-smb neutron-server[114713]: base_url = self.get_endpoint(auth, allow=allow,
Dec 16 21:53:00.078627 dv-cinder-790535-21-smb neutron-server[114713]: File "/usr/local/lib/python3.8/dist-packages/keystoneauth1/session.py", line 1241, in get_endpoint
Dec 16 21:53:00.078627 dv-cinder-790535-21-smb neutron-server[114713]: auth = self._auth_required(auth, 'determine endpoint URL')
Dec 16 21:53:00.078627 dv-cinder-790535-21-smb neutron-server[114713]: File "/usr/local/lib/python3.8/dist-packages/keystoneauth1/session.py", line 1181, in _auth_required
Dec 16 21:53:00.078627 dv-cinder-790535-21-smb neutron-server[114713]: raise exceptions.MissingAuthPlugin(msg_fmt % msg)
Dec 16 21:53:00.078627 dv-cinder-790535-21-smb neutron-server[114713]: keystoneauth1.exceptions.auth_plugins.MissingAuthPlugin: An auth plugin is required to determine endpoint URL
Dec 16 21:53:00.177814 dv-cinder-790535-21-smb neutron-server[114714]: DEBUG neutron.plugins.ml2.db [req-a9f19412-8f66-488d-94bb-a0be66f44adf req-fb55a1b3-8a85-43fa-96bf-3df28e4142d2 service neutron] For port 01056848-5fb2-466a-867e-e36572c60dde, host hv-cinder-79053, cleared binding levels {{(pid=114714) clear_binding_levels /opt/stack/neutron/neutron/plugins/ml2/db.py:87}}
Dec 16 21:53:00.182747 dv-cinder-790535-21-smb neutron-server[114714]: DEBUG neutron.plugins.ml2.db [req-a9f19412-8f66-488d-94bb-a0be66f44adf req-fb55a1b3-8a85-43fa-96bf-3df28e4142d2 service neutron] For port 01056848-5fb2-466a-867e-e36572c60dde, host hv-cinder-79053, set binding levels [PortBindingLevel(driver='hyperv',host='hv-cinder-79053',level=0,port_id=01056848-5fb2-466a-867e-e36572c60dde,segment=NetworkSegment(00956c44-f5b7-4b83-b6f4-3cbc658d7f88),segment_id=00956c44-f5b7-4b83-b6f4-3cbc658d7f88)] {{(pid=114714) set_binding_levels /opt/stack/neutron/neutron/plugins/ml2/db.py:59}}
Dec 16 21:53:00.227264 dv-cinder-790535-21-smb neutron-server[114714]: DEBUG neutron_lib.callbacks.manager [req-3bc168b6-80f6-4040-bd38-801ac2a892a2 req-74f76375-b130-4c61-abd1-1c1d3e1fe22b tempest-AttachVolumeShelveTestJSON-1370851349 tempest-AttachVolumeShelveTestJSON-1370851349-project] Publish callbacks [] for port, precommit_create {{(pid=114714) _notify_loop /usr/local/lib/python3.8/dist-packages/neutron_lib/callbacks/manager.py:175}}
Dec 16 21:53:00.279319 dv-cinder-790535-21-smb neutron-server[114714]: DEBUG neutron_lib.callbacks.manager [req-a9f19412-8f66-488d-94bb-a0be66f44adf req-fb55a1b3-8a85-43fa-96bf-3df28e4142d2 service neutron] Publish callbacks ['neutron.plugins.ml2.plugin.SecurityGroupServerNotifierRpcMixin._notify_sg_on_port_change-3729370', 'neutron.plugins.ml2.ovo_rpc._ObjectChangeHandler.handle_event-89440', 'neutron.api.rpc.agentnotifiers.dhcp_rpc_agent_api.DhcpAgentNotifyAPI._native_event_send_dhcp_notification-561740', 'neutron.db.l3_db.L3RpcNotifierMixin._notify_gateway_port_ip_changed-8741032116453', 'neutron.db.l3_dvrscheduler_db._notify_l3_agent_port_update-8741031560138', 'neutron.db.l3_hascheduler_db._notify_l3_agent_ha_port_update-8741031560156'] for port, after_update {{(pid=114714) _notify_loop /usr/local/lib/python3.8/dist-packages/neutron_lib/callbacks/manager.py:175}}
Dec 16 21:53:00.324351 dv-cinder-790535-21-smb neutron-server[114714]: DEBUG neutron.pecan_wsgi.hooks.policy_enforcement [req-3f62d128-5e6f-4cd4-99d7-a093188f04ba req-b6978b1c-1a81-4c37-9fab-51179230671a tempest-DeleteServersTestJSON-1074097123 tempest-DeleteServersTestJSON-1074097123-project] Attributes excluded by policy engine: ['standard_attr_id', 'binding:profile', 'binding:host_id', 'binding:vif_type', 'binding:vif_details'] {{(pid=114714) _exclude_attributes_by_policy /opt/stack/neutron/neutron/pecan_wsgi/hooks/policy_enforcement.py:255}}
Dec 16 21:53:00.325894 dv-cinder-790535-21-smb neutron-server[114714]: INFO neutron.wsgi [req-3f62d128-5e6f-4cd4-99d7-a093188f04ba req-b6978b1c-1a81-4c37-9fab-51179230671a tempest-DeleteServersTestJSON-1074097123 tempest-DeleteServersTestJSON-1074097123-project] 10.222.0.60 "GET /v2.0/ports?device_id=68e4c729-cf1e-419e-b0ff-7c9f0151f56c HTTP/1.1" status: 200 len: 943 time: 0.1058052
Dec 16 21:53:00.348087 dv-cinder-790535-21-smb neutron-server[114714]: DEBUG neutron.pecan_wsgi.hooks.policy_enforcement [req-a9f19412-8f66-488d-94bb-a0be66f44adf req-fb55a1b3-8a85-43fa-96bf-3df28e4142d2 service neutron] Attributes excluded by policy engine: ['standard_attr_id'] {{(pid=114714) _exclude_attributes_by_policy /opt/stack/neutron/neutron/pecan_wsgi/hooks/policy_enforcement.py:255}}
Dec 16 21:53:00.348708 dv-cinder-790535-21-smb neutron-server[114714]: DEBUG neutron_lib.callbacks.manager [req-a9f19412-8f66-488d-94bb-a0be66f44adf req-fb55a1b3-8a85-43fa-96bf-3df28e4142d2 service neutron] Publish callbacks ['neutron.notifiers.nova.Notifier._send_nova_notification-26998', 'neutron.api.rpc.agentnotifiers.dhcp_rpc_agent_api.DhcpAgentNotifyAPI._send_dhcp_notification-561746'] for port, before_response {{(pid=114714) _notify_loop /usr/local/lib/python3.8/dist-packages/neutron_lib/callbacks/manager.py:175}}
Dec 16 21:53:00.350052 dv-cinder-790535-21-smb neutron-server[114714]: INFO neutron.wsgi [req-a9f19412-8f66-488d-94bb-a0be66f44adf req-fb55a1b3-8a85-43fa-96bf-3df28e4142d2 service neutron] 10.222.0.37 "PUT /v2.0/ports/01056848-5fb2-466a-867e-e36572c60dde HTTP/1.1" status: 200 len: 1094 time: 1.7792599
Dec 16 21:53:00.350205 dv-cinder-790535-21-smb neutron-server[114713]: DEBUG neutron_lib.callbacks.manager [None req-d63bfc31-1a93-4a29-8ab2-98221cdbf256 admin admin] Publish callbacks ['neutron.plugins.ml2.plugin.Ml2Plugin._network_delete_after_delete_handler-3785540', 'neutron.plugins.ml2.ovo_rpc._ObjectChangeHandler.handle_event-945488', 'neutron.api.rpc.agentnotifiers.dhcp_rpc_agent_api.DhcpAgentNotifyAPI._native_event_send_dhcp_notification-561740', 'neutron.services.l3_router.l3_router_plugin.DVRResourceOperationHandler.delete_fip_namespaces_for_ext_net-550248'] for network, after_delete {{(pid=114713) _notify_loop /usr/local/lib/python3.8/dist-packages/neutron_lib/callbacks/manager.py:175}}
Dec 16 21:53:00.353255 dv-cinder-790535-21-smb neutron-server[114714]: DEBUG neutron.notifiers.nova [-] Sending events: [{'name': 'network-changed', 'server_uuid': '07069a42-9736-4d87-8a55-d000e65fcad9', 'tag': '01056848-5fb2-466a-867e-e36572c60dde'}] {{(pid=114714) send_events /opt/stack/neutron/neutron/notifiers/nova.py:262}}
Dec 16 21:53:00.355485 dv-cinder-790535-21-smb neutron-server[114714]: DEBUG novaclient.v2.client [-] REQ: curl -g -i --cacert "/opt/stack/data/ca-bundle.pem" -X POST http://10.222.0.60/compute/v2.1/os-server-external-events -H "Accept: application/json" -H "Content-Type: application/json" -H "User-Agent: python-novaclient" -H "X-Auth-Token: {SHA256}177834bf80310a54bb755f58c9cbce28dfe37c4bd895f64b0c1c9777f2394d10" -H "X-OpenStack-Nova-API-Version: 2.1" -H "X-OpenStack-Request-ID: req-44f142b7-b724-4e30-a6bc-2f54d759a387" -d '{"events": [{"name": "network-changed", "server_uuid": "07069a42-9736-4d87-8a55-d000e65fcad9", "tag": "01056848-5fb2-466a-867e-e36572c60dde"}]}' {{(pid=114714) _http_log_request /usr/local/lib/python3.8/dist-packages/keystoneauth1/session.py:519}}
Dec 16 21:53:00.381173 dv-cinder-790535-21-smb neutron-server[114713]: DEBUG neutron_lib.callbacks.manager [None req-d63bfc31-1a93-4a29-8ab2-98221cdbf256 admin admin] Publish callbacks ['neutron.api.rpc.agentnotifiers.dhcp_rpc_agent_api.DhcpAgentNotifyAPI._send_dhcp_notification-561746'] for network, before_response {{(pid=114713) _notify_loop /usr/local/lib/python3.8/dist-packages/neutron_lib/callbacks/manager.py:175}}
Dec 16 21:53:00.386925 dv-cinder-790535-21-smb neutron-server[114713]: INFO neutron.wsgi [None req-d63bfc31-1a93-4a29-8ab2-98221cdbf256 admin admin] 10.222.0.60 "DELETE /v2.0/networks/a1473d6a-4e53-42f2-805a-9e839990aec0 HTTP/1.1" status: 204 len: 168 time: 1.2740216
Dec 16 21:53:00.388682 dv-cinder-790535-21-smb neutron-server[114714]: DEBUG neutron.wsgi [-] (114714) accepted ('10.222.0.60', 50944) {{(pid=114714) server /usr/local/lib/python3.8/dist-packages/eventlet/wsgi.py:1004}}
Dec 16 21:53:00.397966 dv-cinder-790535-21-smb neutron-server[114714]: DEBUG neutron.api.rpc.handlers.resources_rpc [None req-fb55a1b3-8a85-43fa-96bf-3df28e4142d2 service neutron] Pushing event updated for resources: {'Port': ['ID=01056848-5fb2-466a-867e-e36572c60dde,revision_number=3']} {{(pid=114714) push /opt/stack/neutron/neutron/api/rpc/handlers/resources_rpc.py:237}}
Dec 16 21:53:00.416397 dv-cinder-790535-21-smb neutron-server[114713]: DEBUG neutron.api.rpc.handlers.resources_rpc [None req-d63bfc31-1a93-4a29-8ab2-98221cdbf256 admin admin] Pushing event deleted for resources: {'Network': ['ID=a1473d6a-4e53-42f2-805a-9e839990aec0,revision_number=None']} {{(pid=114713) push /opt/stack/neutron/neutron/api/rpc/handlers/resources_rpc.py:237}}
Dec 16 21:53:00.435614 dv-cinder-790535-21-smb neutron-server[114714]: DEBUG neutron_lib.callbacks.manager [req-3bc168b6-80f6-4040-bd38-801ac2a892a2 req-74f76375-b130-4c61-abd1-1c1d3e1fe22b tempest-AttachVolumeShelveTestJSON-1370851349 tempest-AttachVolumeShelveTestJSON-1370851349-project] Publish callbacks ['neutron.plugins.ml2.plugin.SecurityGroupServerNotifierRpcMixin._notify_sg_on_port_change-3729370', 'neutron.plugins.ml2.ovo_rpc._ObjectChangeHandler.handle_event-89440', 'neutron.api.rpc.agentnotifiers.dhcp_rpc_agent_api.DhcpAgentNotifyAPI._native_event_send_dhcp_notification-561740', 'neutron.db.l3_dvrscheduler_db._notify_l3_agent_new_port-8741031560120'] for port, after_create {{(pid=114714) _notify_loop /usr/local/lib/python3.8/dist-packages/neutron_lib/callbacks/manager.py:175}}
Dec 16 21:53:00.440948 dv-cinder-790535-21-smb neutron-server[114714]: DEBUG novaclient.v2.client [-] RESP: [200] Connection: close Content-Length: 179 Content-Type: application/json Date: Thu, 16 Dec 2021 21:53:00 GMT OpenStack-API-Version: compute 2.1 Server: Apache/2.4.41 (Ubuntu) Vary: OpenStack-API-Version,X-OpenStack-Nova-API-Version X-OpenStack-Nova-API-Version: 2.1 x-compute-request-id: req-d9b6d815-18e0-45b9-a2f7-e963aa21bf6b x-openstack-request-id: req-d9b6d815-18e0-45b9-a2f7-e963aa21bf6b {{(pid=114714) _http_log_response /usr/local/lib/python3.8/dist-packages/keystoneauth1/session.py:550}}
Dec 16 21:53:00.440948 dv-cinder-790535-21-smb neutron-server[114714]: DEBUG novaclient.v2.client [-] RESP BODY: {"events": [{"name": "network-changed", "server_uuid": "07069a42-9736-4d87-8a55-d000e65fcad9", "tag": "01056848-5fb2-466a-867e-e36572c60dde", "status": "completed", "code": 200}]} {{(pid=114714) _http_log_response /usr/local/lib/python3.8/dist-packages/keystoneauth1/session.py:582}}
Dec 16 21:53:00.440948 dv-cinder-790535-21-smb neutron-server[114714]: DEBUG novaclient.v2.client [-] POST call to compute for http://10.222.0.60/compute/v2.1/os-server-external-events used request id req-d9b6d815-18e0-45b9-a2f7-e963aa21bf6b {{(pid=114714) request /usr/local/lib/python3.8/dist-packages/keystoneauth1/session.py:954}}
Dec 16 21:53:00.440948 dv-cinder-790535-21-smb neutron-server[114714]: INFO neutron.notifiers.nova [-] Nova event response: {'name': 'network-changed', 'server_uuid': '07069a42-9736-4d87-8a55-d000e65fcad9', 'tag': '01056848-5fb2-466a-867e-e36572c60dde', 'status': 'completed', 'code': 200}
Dec 16 21:53:00.444316 dv-cinder-790535-21-smb neutron-server[114714]: INFO neutron.wsgi [req-3f62d128-5e6f-4cd4-99d7-a093188f04ba req-71fabddc-76ab-46ce-bc9b-1619ecf0d4ca tempest-DeleteServersTestJSON-1074097123 tempest-DeleteServersTestJSON-1074097123-project] 10.222.0.60 "GET /v2.0/security-groups?id=a0efc179-53b8-4aae-a08c-42d104b1eb96&fields=id&fields=name HTTP/1.1" status: 200 len: 286 time: 0.1086371
Dec 16 21:53:00.514875 dv-cinder-790535-21-smb neutron-server[114715]: DEBUG neutron.plugins.ml2.rpc [None req-3d52bdae-ae60-41c3-9b5e-24f0e4739d80 None None] Device d4f669c9-4905-4cfa-ae3a-1105cc316660 details requested by agent hyperv_hv-cinder-79053 with host hv-cinder-79053 {{(pid=114715) get_device_details /opt/stack/neutron/neutron/plugins/ml2/rpc.py:102}}
Dec 16 21:53:00.521149 dv-cinder-790535-21-smb neutron-server[114714]: DEBUG neutron.db.db_base_plugin_v2 [None req-0c30cf25-d5be-45e9-8656-e80b6f0d24fa admin admin] Deleting subnet 93f81694-0874-4b20-9565-9cc16b444710 {{(pid=114714) delete_subnet /opt/stack/neutron/neutron/db/db_base_plugin_v2.py:1059}}
Dec 16 21:53:00.533648 dv-cinder-790535-21-smb neutron-server[114714]: DEBUG neutron.scheduler.dhcp_agent_scheduler [req-3bc168b6-80f6-4040-bd38-801ac2a892a2 req-74f76375-b130-4c61-abd1-1c1d3e1fe22b tempest-AttachVolumeShelveTestJSON-1370851349 tempest-AttachVolumeShelveTestJSON-1370851349-project] Network 243487ff-3911-4be0-9564-e375f881e8f8 is already hosted by enough agents. {{(pid=114714) _get_dhcp_agents_hosting_network /opt/stack/neutron/neutron/scheduler/dhcp_agent_scheduler.py:275}}
Dec 16 21:53:00.539342 dv-cinder-790535-21-smb neutron-server[114714]: DEBUG neutron_lib.callbacks.manager [None req-0c30cf25-d5be-45e9-8656-e80b6f0d24fa admin admin] Publish callbacks [] for subnet, before_delete {{(pid=114714) _notify_loop /usr/local/lib/python3.8/dist-packages/neutron_lib/callbacks/manager.py:175}}
Dec 16 21:53:00.542209 dv-cinder-790535-21-smb neutron-server[114714]: DEBUG neutron.scheduler.base_scheduler [req-3bc168b6-80f6-4040-bd38-801ac2a892a2 req-74f76375-b130-4c61-abd1-1c1d3e1fe22b tempest-AttachVolumeShelveTestJSON-1370851349 tempest-AttachVolumeShelveTestJSON-1370851349-project] Resources bound (agent type, host, resource id): {{(pid=114714) schedule /opt/stack/neutron/neutron/scheduler/base_scheduler.py:57}}
Dec 16 21:53:00.545410 dv-cinder-790535-21-smb neutron-server[114714]: DEBUG neutron.db.l3_dvrscheduler_db [req-3bc168b6-80f6-4040-bd38-801ac2a892a2 req-74f76375-b130-4c61-abd1-1c1d3e1fe22b tempest-AttachVolumeShelveTestJSON-1370851349 tempest-AttachVolumeShelveTestJSON-1370851349-project] Received port after_create {{(pid=114714) _notify_l3_agent_new_port /opt/stack/neutron/neutron/db/l3_dvrscheduler_db.py:535}}
Dec 16 21:53:00.551122 dv-cinder-790535-21-smb neutron-server[114714]: DEBUG neutron.pecan_wsgi.hooks.policy_enforcement [req-3bc168b6-80f6-4040-bd38-801ac2a892a2 req-74f76375-b130-4c61-abd1-1c1d3e1fe22b tempest-AttachVolumeShelveTestJSON-1370851349 tempest-AttachVolumeShelveTestJSON-1370851349-project] Attributes excluded by policy engine: ['standard_attr_id', 'binding:profile', 'binding:host_id', 'binding:vif_type', 'binding:vif_details', 'network'] {{(pid=114714) _exclude_attributes_by_policy /opt/stack/neutron/neutron/pecan_wsgi/hooks/policy_enforcement.py:255}}
Dec 16 21:53:00.551755 dv-cinder-790535-21-smb neutron-server[114714]: DEBUG neutron_lib.callbacks.manager [req-3bc168b6-80f6-4040-bd38-801ac2a892a2 req-74f76375-b130-4c61-abd1-1c1d3e1fe22b tempest-AttachVolumeShelveTestJSON-1370851349 tempest-AttachVolumeShelveTestJSON-1370851349-project] Publish callbacks ['neutron.notifiers.nova.Notifier._send_nova_notification-26998', 'neutron.api.rpc.agentnotifiers.dhcp_rpc_agent_api.DhcpAgentNotifyAPI._send_dhcp_notification-561746'] for port, before_response {{(pid=114714) _notify_loop /usr/local/lib/python3.8/dist-packages/neutron_lib/callbacks/manager.py:175}}
Dec 16 21:53:00.571720 dv-cinder-790535-21-smb neutron-server[114714]: DEBUG neutron.api.rpc.handlers.resources_rpc [None req-74f76375-b130-4c61-abd1-1c1d3e1fe22b tempest-AttachVolumeShelveTestJSON-1370851349 tempest-AttachVolumeShelveTestJSON-1370851349-project] Pushing event updated for resources: {'Port': ['ID=b58a79f1-5f46-47ca-bdd3-6452707c3c00,revision_number=1']} {{(pid=114714) push /opt/stack/neutron/neutron/api/rpc/handlers/resources_rpc.py:237}}
Dec 16 21:53:00.607494 dv-cinder-790535-21-smb neutron-server[114714]: DEBUG neutron_lib.callbacks.manager [None req-0c30cf25-d5be-45e9-8656-e80b6f0d24fa admin admin] Publish callbacks [] for subnet, precommit_delete_associations {{(pid=114714) _notify_loop /usr/local/lib/python3.8/dist-packages/neutron_lib/callbacks/manager.py:175}}
Dec 16 21:53:00.621791 dv-cinder-790535-21-smb neutron-server[114714]: DEBUG neutron.pecan_wsgi.hooks.policy_enforcement [req-44f142b7-b724-4e30-a6bc-2f54d759a387 req-8d79ce15-2fd1-4b29-bd55-cd19224db3fa service neutron] Attributes excluded by policy engine: ['standard_attr_id'] {{(pid=114714) _exclude_attributes_by_policy /opt/stack/neutron/neutron/pecan_wsgi/hooks/policy_enforcement.py:255}}
Dec 16 21:53:00.623378 dv-cinder-790535-21-smb neutron-server[114714]: INFO neutron.wsgi [req-44f142b7-b724-4e30-a6bc-2f54d759a387 req-8d79ce15-2fd1-4b29-bd55-cd19224db3fa service neutron] 10.222.0.37 "GET /v2.0/ports?tenant_id=e38b5342942f41059cea5f587f3158e5&device_id=07069a42-9736-4d87-8a55-d000e65fcad9 HTTP/1.1" status: 200 len: 1097 time: 0.1479824
Dec 16 21:53:00.632420 dv-cinder-790535-21-smb neutron-server[114714]: DEBUG neutron_lib.callbacks.manager [None req-0c30cf25-d5be-45e9-8656-e80b6f0d24fa admin admin] Publish callbacks ['neutron.plugins.ml2.plugin.Ml2Plugin._subnet_delete_precommit_handler-3788250'] for subnet, precommit_delete {{(pid=114714) _notify_loop /usr/local/lib/python3.8/dist-packages/neutron_lib/callbacks/manager.py:175}}
Dec 16 21:53:00.667711 dv-cinder-790535-21-smb neutron-server[114713]: DEBUG neutron.notifiers.nova [req-3cc9a649-dc12-41b2-921c-8b083c0cf2d9 req-68a85d65-2147-4e79-91b9-f59088eadfc8 service neutron] Ignoring state change previous_port_status: DOWN current_port_status: DOWN port_id abb2e10c-421c-4d56-9657-3f42d099142a {{(pid=114713) record_port_status_changed /opt/stack/neutron/neutron/notifiers/nova.py:224}}
Dec 16 21:53:00.679265 dv-cinder-790535-21-smb neutron-server[114713]: DEBUG neutron_lib.callbacks.manager [req-3cc9a649-dc12-41b2-921c-8b083c0cf2d9 req-68a85d65-2147-4e79-91b9-f59088eadfc8 service neutron] Publish callbacks [] for port, precommit_update {{(pid=114713) _notify_loop /usr/local/lib/python3.8/dist-packages/neutron_lib/callbacks/manager.py:175}}
Dec 16 21:53:00.696724 dv-cinder-790535-21-smb neutron-server[114715]: DEBUG neutron.plugins.ml2.db [None req-3d52bdae-ae60-41c3-9b5e-24f0e4739d80 None None] For port d4f669c9-4905-4cfa-ae3a-1105cc316660, host hv-cinder-79053, got binding levels [PortBindingLevel(driver='hyperv',host='hv-cinder-79053',level=0,port_id=d4f669c9-4905-4cfa-ae3a-1105cc316660,segment=NetworkSegment(9efab7f0-d6cf-4ee9-888d-d40bc31e95c2),segment_id=9efab7f0-d6cf-4ee9-888d-d40bc31e95c2)] {{(pid=114715) get_binding_level_objs /opt/stack/neutron/neutron/plugins/ml2/db.py:74}}
Dec 16 21:53:00.710768 dv-cinder-790535-21-smb neutron-server[114713]: DEBUG neutron.db.provisioning_blocks [req-3cc9a649-dc12-41b2-921c-8b083c0cf2d9 req-68a85d65-2147-4e79-91b9-f59088eadfc8 service neutron] Transition to ACTIVE for port object abb2e10c-421c-4d56-9657-3f42d099142a will not be triggered until provisioned by entity L2. {{(pid=114713) add_provisioning_component /opt/stack/neutron/neutron/db/provisioning_blocks.py:73}}
Dec 16 21:53:00.727710 dv-cinder-790535-21-smb neutron-server[114715]: DEBUG neutron.plugins.ml2.rpc [None req-3d52bdae-ae60-41c3-9b5e-24f0e4739d80 None None] Returning: {'device': 'd4f669c9-4905-4cfa-ae3a-1105cc316660', 'network_id': 'd72951d8-e7b9-4907-8575-7d14754c1fd3', 'port_id': 'd4f669c9-4905-4cfa-ae3a-1105cc316660', 'mac_address': 'fa:16:3e:ff:e7:fc', 'admin_state_up': True, 'network_type': 'vlan', 'segmentation_id': 379, 'physical_network': 'physnet1', 'mtu': 1500, 'fixed_ips': [{'subnet_id': '65b90f36-59ad-46c8-af16-d38b1814664a', 'ip_address': '172.20.0.7'}], 'device_owner': 'compute:nova', 'allowed_address_pairs': [], 'port_security_enabled': True, 'qos_policy_id': None, 'network_qos_policy_id': None, 'profile': {}, 'propagate_uplink_status': False} {{(pid=114715) _get_device_details /opt/stack/neutron/neutron/plugins/ml2/rpc.py:184}}
Dec 16 21:53:00.732683 dv-cinder-790535-21-smb neutron-server[114714]: INFO neutron.wsgi [req-3bc168b6-80f6-4040-bd38-801ac2a892a2 req-74f76375-b130-4c61-abd1-1c1d3e1fe22b tempest-AttachVolumeShelveTestJSON-1370851349 tempest-AttachVolumeShelveTestJSON-1370851349-project] 10.222.0.37 "POST /v2.0/ports HTTP/1.1" status: 201 len: 933 time: 1.5784309
Dec 16 21:53:00.781189 dv-cinder-790535-21-smb neutron-server[114713]: DEBUG neutron_lib.callbacks.manager [req-3cc9a649-dc12-41b2-921c-8b083c0cf2d9 req-68a85d65-2147-4e79-91b9-f59088eadfc8 service neutron] Publish callbacks ['neutron.plugins.ml2.plugin.SecurityGroupServerNotifierRpcMixin._notify_sg_on_port_change-3729370', 'neutron.plugins.ml2.ovo_rpc._ObjectChangeHandler.handle_event-89440', 'neutron.api.rpc.agentnotifiers.dhcp_rpc_agent_api.DhcpAgentNotifyAPI._native_event_send_dhcp_notification-561740', 'neutron.db.l3_db.L3RpcNotifierMixin._notify_gateway_port_ip_changed-8741032116453', 'neutron.db.l3_dvrscheduler_db._notify_l3_agent_port_update-8741031560138', 'neutron.db.l3_hascheduler_db._notify_l3_agent_ha_port_update-8741031560156', 'neutron.services.segments.plugin.NovaSegmentNotifier._notify_port_updated-62089823'] for port, after_update {{(pid=114713) _notify_loop /usr/local/lib/python3.8/dist-packages/neutron_lib/callbacks/manager.py:175}}
Dec 16 21:53:00.794444 dv-cinder-790535-21-smb neutron-server[114715]: DEBUG neutron_lib.callbacks.manager [None req-3d52bdae-ae60-41c3-9b5e-24f0e4739d80 None None] Publish callbacks ['neutron.plugins.ml2.plugin.SecurityGroupDbMixin._ensure_default_security_group_handler-3725829'] for port, before_update {{(pid=114715) _notify_loop /usr/local/lib/python3.8/dist-packages/neutron_lib/callbacks/manager.py:175}}
Dec 16 21:53:00.806878 dv-cinder-790535-21-smb neutron-server[114714]: DEBUG neutron.api.v2.base [req-3bc168b6-80f6-4040-bd38-801ac2a892a2 req-445a5514-a4a2-4216-8a16-6626b55a0981 service neutron] Request body: {'port': {'device_id': 'a571f78b-1d39-42b8-8b38-f9cd59cad407', 'device_owner': 'compute:nova', 'binding:host_id': 'hv-cinder-79053'}} {{(pid=114714) prepare_request_body /opt/stack/neutron/neutron/api/v2/base.py:729}}
Dec 16 21:53:00.829096 dv-cinder-790535-21-smb neutron-server[114715]: DEBUG neutron.notifiers.nova [None req-3d52bdae-ae60-41c3-9b5e-24f0e4739d80 None None] Ignoring state change previous_port_status: DOWN current_port_status: BUILD port_id d4f669c9-4905-4cfa-ae3a-1105cc316660 {{(pid=114715) record_port_status_changed /opt/stack/neutron/neutron/notifiers/nova.py:224}}
Dec 16 21:53:00.874993 dv-cinder-790535-21-smb neutron-server[114715]: DEBUG neutron.plugins.ml2.db [None req-3d52bdae-ae60-41c3-9b5e-24f0e4739d80 None None] For port d4f669c9-4905-4cfa-ae3a-1105cc316660, host hv-cinder-79053, got binding levels [PortBindingLevel(driver='hyperv',host='hv-cinder-79053',level=0,port_id=d4f669c9-4905-4cfa-ae3a-1105cc316660,segment=NetworkSegment(9efab7f0-d6cf-4ee9-888d-d40bc31e95c2),segment_id=9efab7f0-d6cf-4ee9-888d-d40bc31e95c2)] {{(pid=114715) get_binding_level_objs /opt/stack/neutron/neutron/plugins/ml2/db.py:74}}
Dec 16 21:53:00.917394 dv-cinder-790535-21-smb neutron-server[114715]: DEBUG neutron.db.provisioning_blocks [None req-f694650e-b464-4aec-b333-c2f3f34241d0 None None] Provisioning complete for port b58a79f1-5f46-47ca-bdd3-6452707c3c00 triggered by entity DHCP. {{(pid=114715) provisioning_complete /opt/stack/neutron/neutron/db/provisioning_blocks.py:139}}
Dec 16 21:53:00.917822 dv-cinder-790535-21-smb neutron-server[114715]: DEBUG neutron_lib.callbacks.manager [None req-f694650e-b464-4aec-b333-c2f3f34241d0 None None] Publish callbacks ['neutron.plugins.ml2.plugin.Ml2Plugin._port_provisioned-4076020'] for port, provisioning_complete {{(pid=114715) _notify_loop /usr/local/lib/python3.8/dist-packages/neutron_lib/callbacks/manager.py:175}}
Dec 16 21:53:00.927414 dv-cinder-790535-21-smb neutron-server[114713]: DEBUG neutron.api.rpc.handlers.resources_rpc [None req-68a85d65-2147-4e79-91b9-f59088eadfc8 service neutron] Pushing event updated for resources: {'Port': ['ID=abb2e10c-421c-4d56-9657-3f42d099142a,revision_number=2']} {{(pid=114713) push /opt/stack/neutron/neutron/api/rpc/handlers/resources_rpc.py:237}}
Dec 16 21:53:00.998401 dv-cinder-790535-21-smb neutron-server[114715]: DEBUG neutron.plugins.ml2.plugin [None req-f694650e-b464-4aec-b333-c2f3f34241d0 None None] Port b58a79f1-5f46-47ca-bdd3-6452707c3c00 cannot update to ACTIVE because it is not bound. {{(pid=114715) _port_provisioned /opt/stack/neutron/neutron/plugins/ml2/plugin.py:342}}
Dec 16 21:53:01.001348 dv-cinder-790535-21-smb neutron-server[114715]: DEBUG neutron_lib.callbacks.manager [None req-3d52bdae-ae60-41c3-9b5e-24f0e4739d80 None None] Publish callbacks ['neutron.plugins.ml2.plugin.SecurityGroupServerNotifierRpcMixin._notify_sg_on_port_change-3729370', 'neutron.plugins.ml2.ovo_rpc._ObjectChangeHandler.handle_event-89440', 'neutron.api.rpc.agentnotifiers.dhcp_rpc_agent_api.DhcpAgentNotifyAPI._native_event_send_dhcp_notification-561740', 'neutron.db.l3_db.L3RpcNotifierMixin._notify_gateway_port_ip_changed-8741032116453', 'neutron.db.l3_dvrscheduler_db._notify_l3_agent_port_update-8741031560138', 'neutron.db.l3_hascheduler_db._notify_l3_agent_ha_port_update-8741031560156'] for port, after_update {{(pid=114715) _notify_loop /usr/local/lib/python3.8/dist-packages/neutron_lib/callbacks/manager.py:175}}
Dec 16 21:53:01.048496 dv-cinder-790535-21-smb neutron-server[114714]: DEBUG neutron_lib.callbacks.manager [req-3bc168b6-80f6-4040-bd38-801ac2a892a2 req-445a5514-a4a2-4216-8a16-6626b55a0981 service neutron] Publish callbacks ['neutron.plugins.ml2.plugin.SecurityGroupDbMixin._ensure_default_security_group_handler-3725829'] for port, before_update {{(pid=114714) _notify_loop /usr/local/lib/python3.8/dist-packages/neutron_lib/callbacks/manager.py:175}}
Dec 16 21:53:01.070280 dv-cinder-790535-21-smb neutron-server[114715]: DEBUG neutron.api.rpc.handlers.resources_rpc [None req-3d52bdae-ae60-41c3-9b5e-24f0e4739d80 None None] Pushing event updated for resources: {'Port': ['ID=d4f669c9-4905-4cfa-ae3a-1105cc316660,revision_number=4']} {{(pid=114715) push /opt/stack/neutron/neutron/api/rpc/handlers/resources_rpc.py:237}}
Dec 16 21:53:01.079916 dv-cinder-790535-21-smb neutron-server[114714]: DEBUG neutron.pecan_wsgi.hooks.policy_enforcement [req-44f142b7-b724-4e30-a6bc-2f54d759a387 req-f3b73eef-48a3-4173-a3d9-246c1c9043d8 service neutron] Attributes excluded by policy engine: ['standard_attr_id', 'vlan_transparent'] {{(pid=114714) _exclude_attributes_by_policy /opt/stack/neutron/neutron/pecan_wsgi/hooks/policy_enforcement.py:255}}
Dec 16 21:53:01.081427 dv-cinder-790535-21-smb neutron-server[114714]: INFO neutron.wsgi [req-44f142b7-b724-4e30-a6bc-2f54d759a387 req-f3b73eef-48a3-4173-a3d9-246c1c9043d8 service neutron] 10.222.0.37 "GET /v2.0/networks?tenant_id=e38b5342942f41059cea5f587f3158e5&shared=False HTTP/1.1" status: 200 len: 920 time: 0.4469767
Dec 16 21:53:01.090082 dv-cinder-790535-21-smb neutron-server[114713]: DEBUG neutron.plugins.ml2.managers [req-3cc9a649-dc12-41b2-921c-8b083c0cf2d9 req-68a85d65-2147-4e79-91b9-f59088eadfc8 service neutron] Attempting to bind port abb2e10c-421c-4d56-9657-3f42d099142a on host hv-cinder-79053 for vnic_type normal with profile {{(pid=114713) bind_port /opt/stack/neutron/neutron/plugins/ml2/managers.py:795}}
Dec 16 21:53:01.092191 dv-cinder-790535-21-smb neutron-server[114714]: DEBUG neutron.pecan_wsgi.hooks.policy_enforcement [req-56f15fcd-f23f-4d81-a1a3-7379c14a7083 req-00474e85-eac4-4f96-8fe3-1d690ef3e132 tempest-ServerRescueNegativeTestJSON-358748336 tempest-ServerRescueNegativeTestJSON-358748336-project] Attributes excluded by policy engine: ['standard_attr_id', 'binding:profile', 'binding:host_id', 'binding:vif_type', 'binding:vif_details'] {{(pid=114714) _exclude_attributes_by_policy /opt/stack/neutron/neutron/pecan_wsgi/hooks/policy_enforcement.py:255}}
Dec 16 21:53:01.092290 dv-cinder-790535-21-smb neutron-server[114713]: DEBUG neutron.plugins.ml2.managers [req-3cc9a649-dc12-41b2-921c-8b083c0cf2d9 req-68a85d65-2147-4e79-91b9-f59088eadfc8 service neutron] Attempting to bind port abb2e10c-421c-4d56-9657-3f42d099142a by drivers openvswitch,hyperv on host hv-cinder-79053 at level 0 using segments [{'id': '00956c44-f5b7-4b83-b6f4-3cbc658d7f88', 'network_type': 'vlan', 'physical_network': 'physnet1', 'segmentation_id': 381, 'network_id': '71a1356b-99f4-4a45-96d5-362da543bc29'}] {{(pid=114713) _bind_port_level /opt/stack/neutron/neutron/plugins/ml2/managers.py:820}}
Dec 16 21:53:01.092290 dv-cinder-790535-21-smb neutron-server[114713]: DEBUG neutron.plugins.ml2.drivers.mech_agent [req-3cc9a649-dc12-41b2-921c-8b083c0cf2d9 req-68a85d65-2147-4e79-91b9-f59088eadfc8 service neutron] Attempting to bind port abb2e10c-421c-4d56-9657-3f42d099142a on network 71a1356b-99f4-4a45-96d5-362da543bc29 {{(pid=114713) bind_port /opt/stack/neutron/neutron/plugins/ml2/drivers/mech_agent.py:91}}
Dec 16 21:53:01.096189 dv-cinder-790535-21-smb neutron-server[114713]: DEBUG neutron.plugins.ml2.drivers.mech_agent [req-3cc9a649-dc12-41b2-921c-8b083c0cf2d9 req-68a85d65-2147-4e79-91b9-f59088eadfc8 service neutron] Port abb2e10c-421c-4d56-9657-3f42d099142a on network 71a1356b-99f4-4a45-96d5-362da543bc29 not bound, no agent of type Open vSwitch agent registered on host hv-cinder-79053 {{(pid=114713) bind_port /opt/stack/neutron/neutron/plugins/ml2/drivers/mech_agent.py:103}}
Dec 16 21:53:01.096525 dv-cinder-790535-21-smb neutron-server[114713]: DEBUG neutron.plugins.ml2.drivers.mech_agent [req-3cc9a649-dc12-41b2-921c-8b083c0cf2d9 req-68a85d65-2147-4e79-91b9-f59088eadfc8 service neutron] Attempting to bind port abb2e10c-421c-4d56-9657-3f42d099142a on network 71a1356b-99f4-4a45-96d5-362da543bc29 {{(pid=114713) bind_port /opt/stack/neutron/neutron/plugins/ml2/drivers/mech_agent.py:91}}
Dec 16 21:53:01.098959 dv-cinder-790535-21-smb neutron-server[114714]: INFO neutron.wsgi [req-56f15fcd-f23f-4d81-a1a3-7379c14a7083 req-00474e85-eac4-4f96-8fe3-1d690ef3e132 tempest-ServerRescueNegativeTestJSON-358748336 tempest-ServerRescueNegativeTestJSON-358748336-project] 10.222.0.60 "GET /v2.0/ports?device_id=744de113-5212-4734-80ed-fe3b21cb6586 HTTP/1.1" status: 200 len: 943 time: 0.2705431
Dec 16 21:53:01.104396 dv-cinder-790535-21-smb neutron-server[114713]: DEBUG neutron.plugins.ml2.drivers.mech_agent [req-3cc9a649-dc12-41b2-921c-8b083c0cf2d9 req-68a85d65-2147-4e79-91b9-f59088eadfc8 service neutron] Checking agent: {'id': 'df45a282-5037-463b-962c-e43dc23e556d', 'agent_type': 'HyperV agent', 'binary': 'neutron-hyperv-agent', 'topic': 'N/A', 'host': 'hv-cinder-79053', 'admin_state_up': True, 'created_at': datetime.datetime(2021, 12, 16, 21, 50, 36), 'started_at': datetime.datetime(2021, 12, 16, 21, 50, 36), 'heartbeat_timestamp': datetime.datetime(2021, 12, 16, 21, 52, 36), 'description': None, 'resources_synced': None, 'availability_zone': None, 'alive': True, 'configurations': {'vswitch_mappings': {'physnet1$': 'br-data'}}, 'resource_versions': {}} {{(pid=114713) bind_port /opt/stack/neutron/neutron/plugins/ml2/drivers/mech_agent.py:110}}
Dec 16 21:53:01.104960 dv-cinder-790535-21-smb neutron-server[114713]: DEBUG neutron.plugins.ml2.drivers.mech_agent [req-3cc9a649-dc12-41b2-921c-8b083c0cf2d9 req-68a85d65-2147-4e79-91b9-f59088eadfc8 service neutron] Checking segment: {'id': '00956c44-f5b7-4b83-b6f4-3cbc658d7f88', 'network_type': 'vlan', 'physical_network': 'physnet1', 'segmentation_id': 381, 'network_id': '71a1356b-99f4-4a45-96d5-362da543bc29'} for mappings: {'physnet1$': 'br-data'} with network types: ['local', 'flat', 'vlan'] {{(pid=114713) check_segment_for_agent /opt/stack/neutron/neutron/plugins/ml2/drivers/mech_agent.py:371}}
Dec 16 21:53:01.105359 dv-cinder-790535-21-smb neutron-server[114713]: DEBUG neutron.plugins.ml2.drivers.mech_agent [req-3cc9a649-dc12-41b2-921c-8b083c0cf2d9 req-68a85d65-2147-4e79-91b9-f59088eadfc8 service neutron] Bound using segment: {'id': '00956c44-f5b7-4b83-b6f4-3cbc658d7f88', 'network_type': 'vlan', 'physical_network': 'physnet1', 'segmentation_id': 381, 'network_id': '71a1356b-99f4-4a45-96d5-362da543bc29'} {{(pid=114713) bind_port /opt/stack/neutron/neutron/plugins/ml2/drivers/mech_agent.py:120}}
Dec 16 21:53:01.105831 dv-cinder-790535-21-smb neutron-server[114713]: DEBUG neutron.plugins.ml2.managers [req-3cc9a649-dc12-41b2-921c-8b083c0cf2d9 req-68a85d65-2147-4e79-91b9-f59088eadfc8 service neutron] Bound port: abb2e10c-421c-4d56-9657-3f42d099142a, host: hv-cinder-79053, vif_type: hyperv, vif_details: {"connectivity": "legacy", "port_filter": false}, binding_levels: [{'bound_driver': 'hyperv', 'bound_segment': {'id': '00956c44-f5b7-4b83-b6f4-3cbc658d7f88', 'network_type': 'vlan', 'physical_network': 'physnet1', 'segmentation_id': 381, 'network_id': '71a1356b-99f4-4a45-96d5-362da543bc29'}}] {{(pid=114713) _bind_port_level /opt/stack/neutron/neutron/plugins/ml2/managers.py:932}}
Dec 16 21:53:01.106191 dv-cinder-790535-21-smb neutron-server[114713]: DEBUG neutron_lib.callbacks.manager [req-3cc9a649-dc12-41b2-921c-8b083c0cf2d9 req-68a85d65-2147-4e79-91b9-f59088eadfc8 service neutron] Publish callbacks ['neutron.plugins.ml2.plugin.SecurityGroupDbMixin._ensure_default_security_group_handler-3725829'] for port, before_update {{(pid=114713) _notify_loop /usr/local/lib/python3.8/dist-packages/neutron_lib/callbacks/manager.py:175}}
