Dec 16 21:43:56.210962 dv-cinder-790535-21-smb devstack@n-api.service[113986]: DEBUG oslo_db.sqlalchemy.engines [None req-db950b09-1279-459a-ae2f-d892fdb79c43 None None] MySQL server mode set to STRICT_TRANS_TABLES,STRICT_ALL_TABLES,NO_ZERO_IN_DATE,NO_ZERO_DATE,ERROR_FOR_DIVISION_BY_ZERO,TRADITIONAL,NO_ENGINE_SUBSTITUTION {{(pid=113986) _check_effective_sql_mode /usr/local/lib/python3.8/dist-packages/oslo_db/sqlalchemy/engines.py:314}}
Dec 16 21:43:56.219298 dv-cinder-790535-21-smb devstack@n-api.service[113986]: DEBUG oslo_db.sqlalchemy.engines [None req-db950b09-1279-459a-ae2f-d892fdb79c43 None None] MySQL server mode set to STRICT_TRANS_TABLES,STRICT_ALL_TABLES,NO_ZERO_IN_DATE,NO_ZERO_DATE,ERROR_FOR_DIVISION_BY_ZERO,TRADITIONAL,NO_ENGINE_SUBSTITUTION {{(pid=113986) _check_effective_sql_mode /usr/local/lib/python3.8/dist-packages/oslo_db/sqlalchemy/engines.py:314}}
Dec 16 21:43:56.369979 dv-cinder-790535-21-smb devstack@n-api.service[113987]: DEBUG oslo_db.sqlalchemy.engines [None req-94c85795-37a3-4a2a-a3c2-3b820466b5d8 None None] MySQL server mode set to STRICT_TRANS_TABLES,STRICT_ALL_TABLES,NO_ZERO_IN_DATE,NO_ZERO_DATE,ERROR_FOR_DIVISION_BY_ZERO,TRADITIONAL,NO_ENGINE_SUBSTITUTION {{(pid=113987) _check_effective_sql_mode /usr/local/lib/python3.8/dist-packages/oslo_db/sqlalchemy/engines.py:314}}
Dec 16 21:43:56.376238 dv-cinder-790535-21-smb devstack@n-api.service[113986]: DEBUG oslo_db.sqlalchemy.engines [None req-db950b09-1279-459a-ae2f-d892fdb79c43 None None] MySQL server mode set to STRICT_TRANS_TABLES,STRICT_ALL_TABLES,NO_ZERO_IN_DATE,NO_ZERO_DATE,ERROR_FOR_DIVISION_BY_ZERO,TRADITIONAL,NO_ENGINE_SUBSTITUTION {{(pid=113986) _check_effective_sql_mode /usr/local/lib/python3.8/dist-packages/oslo_db/sqlalchemy/engines.py:314}}
Dec 16 21:43:56.779639 dv-cinder-790535-21-smb devstack@n-api.service[113987]: WARNING keystonemiddleware.auth_token [None req-94c85795-37a3-4a2a-a3c2-3b820466b5d8 None None] AuthToken middleware is set with keystone_authtoken.service_token_roles_required set to False. This is backwards compatible but deprecated behaviour. Please set this to True.
Dec 16 21:43:56.786181 dv-cinder-790535-21-smb devstack@n-api.service[113987]: WARNING keystonemiddleware.auth_token [None req-94c85795-37a3-4a2a-a3c2-3b820466b5d8 None None] Configuring www_authenticate_uri to point to the public identity endpoint is required; clients may not be able to authenticate against an admin endpoint
Dec 16 21:43:56.790762 dv-cinder-790535-21-smb devstack@n-api.service[113986]: WARNING keystonemiddleware.auth_token [None req-db950b09-1279-459a-ae2f-d892fdb79c43 None None] AuthToken middleware is set with keystone_authtoken.service_token_roles_required set to False. This is backwards compatible but deprecated behaviour. Please set this to True.
Dec 16 21:43:56.797285 dv-cinder-790535-21-smb devstack@n-api.service[113986]: WARNING keystonemiddleware.auth_token [None req-db950b09-1279-459a-ae2f-d892fdb79c43 None None] Configuring www_authenticate_uri to point to the public identity endpoint is required; clients may not be able to authenticate against an admin endpoint
Dec 16 21:43:57.120922 dv-cinder-790535-21-smb devstack@n-api.service[113987]: WARNING keystonemiddleware.auth_token [None req-94c85795-37a3-4a2a-a3c2-3b820466b5d8 None None] AuthToken middleware is set with keystone_authtoken.service_token_roles_required set to False. This is backwards compatible but deprecated behaviour. Please set this to True.
Dec 16 21:43:57.126056 dv-cinder-790535-21-smb devstack@n-api.service[113987]: WARNING keystonemiddleware.auth_token [None req-94c85795-37a3-4a2a-a3c2-3b820466b5d8 None None] Configuring www_authenticate_uri to point to the public identity endpoint is required; clients may not be able to authenticate against an admin endpoint
Dec 16 21:43:57.131160 dv-cinder-790535-21-smb devstack@n-api.service[113987]: WSGI app 0 (mountpoint='') ready in 6 seconds on interpreter 0x558e304499c0 pid: 113987 (default app)
Dec 16 21:43:57.133774 dv-cinder-790535-21-smb devstack@n-api.service[113987]: DEBUG nova.api.openstack.wsgi [None req-94c85795-37a3-4a2a-a3c2-3b820466b5d8 None None] Calling method '>' {{(pid=113987) _process_stack /opt/stack/nova/nova/api/openstack/wsgi.py:513}}
Dec 16 21:43:57.134576 dv-cinder-790535-21-smb devstack@n-api.service[113986]: WARNING keystonemiddleware.auth_token [None req-db950b09-1279-459a-ae2f-d892fdb79c43 None None] AuthToken middleware is set with keystone_authtoken.service_token_roles_required set to False. This is backwards compatible but deprecated behaviour. Please set this to True.
Dec 16 21:43:57.134983 dv-cinder-790535-21-smb devstack@n-api.service[113987]: INFO nova.api.openstack.requestlog [None req-94c85795-37a3-4a2a-a3c2-3b820466b5d8 None None] 10.222.0.60 "GET /compute/v2.1/" status: 200 len: 388 microversion: 2.1 time: 0.001744
Dec 16 21:43:57.135392 dv-cinder-790535-21-smb devstack@n-api.service[113987]: [pid: 113987|app: 0|req: 1/1] 10.222.0.60 () {50 vars in 788 bytes} [Thu Dec 16 21:43:57 2021] GET /compute/v2.1/ => generated 388 bytes in 4 msecs (HTTP/1.1 200) 9 headers in 357 bytes (1 switches on core 0)
Dec 16 21:43:57.139921 dv-cinder-790535-21-smb devstack@n-api.service[113986]: WARNING keystonemiddleware.auth_token [None req-db950b09-1279-459a-ae2f-d892fdb79c43 None None] Configuring www_authenticate_uri to point to the public identity endpoint is required; clients may not be able to authenticate against an admin endpoint
Dec 16 21:43:57.145020 dv-cinder-790535-21-smb devstack@n-api.service[113986]: WSGI app 0 (mountpoint='') ready in 6 seconds on interpreter 0x558e304499c0 pid: 113986 (default app)
Dec 16 21:45:21.292344 dv-cinder-790535-21-smb devstack@n-api.service[113987]: DEBUG nova.api.openstack.wsgi [None req-94c85795-37a3-4a2a-a3c2-3b820466b5d8 None None] Calling method '>' {{(pid=113987) _process_stack /opt/stack/nova/nova/api/openstack/wsgi.py:513}}
Dec 16 21:45:21.293316 dv-cinder-790535-21-smb devstack@n-api.service[113987]: INFO nova.api.openstack.requestlog [None req-94c85795-37a3-4a2a-a3c2-3b820466b5d8 None None] 10.222.0.60 "GET /compute/v2.1" status: 200 len: 388 microversion: 2.1 time: 0.001404
Dec 16 21:45:21.293905 dv-cinder-790535-21-smb devstack@n-api.service[113987]: [pid: 113987|app: 0|req: 2/2] 10.222.0.60 () {54 vars in 930 bytes} [Thu Dec 16 21:45:21 2021] GET /compute/v2.1 => generated 388 bytes in 2 msecs (HTTP/1.1 200) 9 headers in 357 bytes (1 switches on core 0)
Dec 16 21:45:21.705558 dv-cinder-790535-21-smb devstack@n-api.service[113986]: DEBUG nova.api.openstack.wsgi [None req-dd2d8b32-9097-4d66-a98b-bdad8c1cc879 admin admin] Calling method '>' {{(pid=113986) _process_stack /opt/stack/nova/nova/api/openstack/wsgi.py:513}}
Dec 16 21:45:21.736029 dv-cinder-790535-21-smb devstack@n-api.service[113986]: INFO nova.api.openstack.requestlog [None req-dd2d8b32-9097-4d66-a98b-bdad8c1cc879 admin admin] 10.222.0.60 "GET /compute/v2.1/flavors/detail?is_public=True" status: 200 len: 15 microversion: 2.61 time: 0.434655
Dec 16 21:45:21.736477 dv-cinder-790535-21-smb devstack@n-api.service[113986]: [pid: 113986|app: 0|req: 1/3] 10.222.0.60 () {60 vars in 1291 bytes} [Thu Dec 16 21:45:21 2021] GET /compute/v2.1/flavors/detail?is_public=True => generated 15 bytes in 437 msecs (HTTP/1.1 200) 9 headers in 358 bytes (1 switches on core 0)
Dec 16 21:45:24.190718 dv-cinder-790535-21-smb devstack@n-api.service[113987]: DEBUG nova.api.openstack.wsgi [None req-94c85795-37a3-4a2a-a3c2-3b820466b5d8 None None] Calling method '>' {{(pid=113987) _process_stack /opt/stack/nova/nova/api/openstack/wsgi.py:513}}
Dec 16 21:45:24.191639 dv-cinder-790535-21-smb devstack@n-api.service[113987]: INFO nova.api.openstack.requestlog [None req-94c85795-37a3-4a2a-a3c2-3b820466b5d8 None None] 10.222.0.60 "GET /compute/v2.1" status: 200 len: 388 microversion: 2.1 time: 0.001448
Dec 16 21:45:24.192033 dv-cinder-790535-21-smb devstack@n-api.service[113987]: [pid: 113987|app: 0|req: 3/4] 10.222.0.60 () {54 vars in 930 bytes} [Thu Dec 16 21:45:24 2021] GET /compute/v2.1 => generated 388 bytes in 2 msecs (HTTP/1.1 200) 9 headers in 357 bytes (1 switches on core 0)
Dec 16 21:45:24.257652 dv-cinder-790535-21-smb devstack@n-api.service[113986]: DEBUG nova.api.openstack.wsgi [None req-20fe57ff-06ae-4183-99cd-0629f9990f2f admin admin] Action: 'create', calling method: >, body: {"flavor": {"disk": 1, "id": "c1", "rxtx_factor": 1.0, "name": "cirros256", "os-flavor-access:is_public": true, "vcpus": 1, "ram": 256, "swap": 0, "OS-FLV-EXT-DATA:ephemeral": 0}} {{(pid=113986) _process_stack /opt/stack/nova/nova/api/openstack/wsgi.py:511}}
Dec 16 21:45:24.279143 dv-cinder-790535-21-smb devstack@n-api.service[113986]: /usr/local/lib/python3.8/dist-packages/oslo_policy/policy.py:1117: UserWarning: Policy "os_compute_api:os-flavor-manage:create": "rule:system_admin_api" failed scope check. The token used to make the request was project scoped but the policy requires ['system'] scope. This behavior may change in the future where using the intended scope is required
Dec 16 21:45:24.279143 dv-cinder-790535-21-smb devstack@n-api.service[113986]: warnings.warn(msg)
Dec 16 21:45:24.385632 dv-cinder-790535-21-smb devstack@n-api.service[113986]: INFO nova.api.openstack.requestlog [None req-20fe57ff-06ae-4183-99cd-0629f9990f2f admin admin] 10.222.0.60 "POST /compute/v2.1/flavors" status: 200 len: 407 microversion: 2.61 time: 0.187104
Dec 16 21:45:24.386460 dv-cinder-790535-21-smb devstack@n-api.service[113986]: [pid: 113986|app: 0|req: 2/5] 10.222.0.60 () {64 vars in 1282 bytes} [Thu Dec 16 21:45:24 2021] POST /compute/v2.1/flavors => generated 407 bytes in 189 msecs (HTTP/1.1 200) 9 headers in 359 bytes (1 switches on core 0)
Dec 16 21:45:24.612532 dv-cinder-790535-21-smb devstack@n-api.service[113987]: DEBUG nova.api.openstack.wsgi [None req-3d7df0f3-bd26-480f-ae3b-8449a6256862 admin admin] Action: 'create', calling method: >, body: {"extra_specs": {"hw_rng:allowed": "True"}} {{(pid=113987) _process_stack /opt/stack/nova/nova/api/openstack/wsgi.py:511}}
Dec 16 21:45:24.615233 dv-cinder-790535-21-smb devstack@n-api.service[113987]: /usr/local/lib/python3.8/dist-packages/oslo_policy/policy.py:1117: UserWarning: Policy "os_compute_api:os-flavor-extra-specs:create": "rule:system_admin_api" failed scope check. The token used to make the request was project scoped but the policy requires ['system'] scope. This behavior may change in the future where using the intended scope is required
Dec 16 21:45:24.615233 dv-cinder-790535-21-smb devstack@n-api.service[113987]: warnings.warn(msg)
Dec 16 21:45:24.813057 dv-cinder-790535-21-smb devstack@n-api.service[113987]: INFO nova.api.openstack.requestlog [None req-3d7df0f3-bd26-480f-ae3b-8449a6256862 admin admin] 10.222.0.60 "POST /compute/v2.1/flavors/c1/os-extra_specs" status: 200 len: 43 microversion: 2.61 time: 0.418194
Dec 16 21:45:24.813761 dv-cinder-790535-21-smb devstack@n-api.service[113987]: [pid: 113987|app: 0|req: 4/6] 10.222.0.60 () {64 vars in 1335 bytes} [Thu Dec 16 21:45:24 2021] POST /compute/v2.1/flavors/c1/os-extra_specs => generated 43 bytes in 420 msecs (HTTP/1.1 200) 9 headers in 358 bytes (1 switches on core 0)
Dec 16 21:45:27.240319 dv-cinder-790535-21-smb devstack@n-api.service[113986]: DEBUG nova.api.openstack.wsgi [None req-20fe57ff-06ae-4183-99cd-0629f9990f2f admin admin] Calling method '>' {{(pid=113986) _process_stack /opt/stack/nova/nova/api/openstack/wsgi.py:513}}
Dec 16 21:45:27.241341 dv-cinder-790535-21-smb devstack@n-api.service[113986]: INFO nova.api.openstack.requestlog [None req-20fe57ff-06ae-4183-99cd-0629f9990f2f admin admin] 10.222.0.60 "GET /compute/v2.1" status: 200 len: 388 microversion: 2.1 time: 0.001622
Dec 16 21:45:27.241756 dv-cinder-790535-21-smb devstack@n-api.service[113986]: [pid: 113986|app: 0|req: 3/7] 10.222.0.60 () {54 vars in 930 bytes} [Thu Dec 16 21:45:27 2021] GET /compute/v2.1 => generated 388 bytes in 3 msecs (HTTP/1.1 200) 9 headers in 357 bytes (1 switches on core 0)
Dec 16 21:45:27.355357 dv-cinder-790535-21-smb devstack@n-api.service[113987]: DEBUG nova.api.openstack.wsgi [None req-ccfc5bf2-8908-4d91-a017-4d04a63c3553 admin admin] Action: 'create', calling method: >, body: {"flavor": {"swap": 0, "OS-FLV-EXT-DATA:ephemeral": 0, "os-flavor-access:is_public": true, "name": "ds512M", "id": "d1", "rxtx_factor": 1.0, "ram": 512, "vcpus": 1, "disk": 5}} {{(pid=113987) _process_stack /opt/stack/nova/nova/api/openstack/wsgi.py:511}}
Dec 16 21:45:27.379671 dv-cinder-790535-21-smb devstack@n-api.service[113987]: /usr/local/lib/python3.8/dist-packages/oslo_policy/policy.py:1117: UserWarning: Policy "os_compute_api:os-flavor-manage:create": "rule:system_admin_api" failed scope check. The token used to make the request was project scoped but the policy requires ['system'] scope. This behavior may change in the future where using the intended scope is required
Dec 16 21:45:27.379671 dv-cinder-790535-21-smb devstack@n-api.service[113987]: warnings.warn(msg)
Dec 16 21:45:27.445341 dv-cinder-790535-21-smb devstack@n-api.service[113987]: INFO nova.api.openstack.requestlog [None req-ccfc5bf2-8908-4d91-a017-4d04a63c3553 admin admin] 10.222.0.60 "POST /compute/v2.1/flavors" status: 200 len: 404 microversion: 2.61 time: 0.196915
Dec 16 21:45:27.445898 dv-cinder-790535-21-smb devstack@n-api.service[113987]: [pid: 113987|app: 0|req: 5/8] 10.222.0.60 () {64 vars in 1282 bytes} [Thu Dec 16 21:45:27 2021] POST /compute/v2.1/flavors => generated 404 bytes in 198 msecs (HTTP/1.1 200) 9 headers in 359 bytes (1 switches on core 0)
Dec 16 21:45:27.458145 dv-cinder-790535-21-smb devstack@n-api.service[113986]: DEBUG nova.api.openstack.wsgi [None req-476775a3-5152-4866-b8b7-86dfd9d4b92c admin admin] Action: 'create', calling method: >, body: {"extra_specs": {"hw_rng:allowed": "True"}} {{(pid=113986) _process_stack /opt/stack/nova/nova/api/openstack/wsgi.py:511}}
Dec 16 21:45:27.461505 dv-cinder-790535-21-smb devstack@n-api.service[113986]: /usr/local/lib/python3.8/dist-packages/oslo_policy/policy.py:1117: UserWarning: Policy "os_compute_api:os-flavor-extra-specs:create": "rule:system_admin_api" failed scope check. The token used to make the request was project scoped but the policy requires ['system'] scope. This behavior may change in the future where using the intended scope is required
Dec 16 21:45:27.461505 dv-cinder-790535-21-smb devstack@n-api.service[113986]: warnings.warn(msg)
Dec 16 21:45:27.544601 dv-cinder-790535-21-smb devstack@n-api.service[113986]: INFO nova.api.openstack.requestlog [None req-476775a3-5152-4866-b8b7-86dfd9d4b92c admin admin] 10.222.0.60 "POST /compute/v2.1/flavors/d1/os-extra_specs" status: 200 len: 43 microversion: 2.61 time: 0.090310
Dec 16 21:45:27.545531 dv-cinder-790535-21-smb devstack@n-api.service[113986]: [pid: 113986|app: 0|req: 4/9] 10.222.0.60 () {64 vars in 1335 bytes} [Thu Dec 16 21:45:27 2021] POST /compute/v2.1/flavors/d1/os-extra_specs => generated 43 bytes in 92 msecs (HTTP/1.1 200) 9 headers in 358 bytes (2 switches on core 0)
Dec 16 21:45:29.950541 dv-cinder-790535-21-smb devstack@n-api.service[113987]: DEBUG nova.api.openstack.wsgi [None req-ccfc5bf2-8908-4d91-a017-4d04a63c3553 admin admin] Calling method '>' {{(pid=113987) _process_stack /opt/stack/nova/nova/api/openstack/wsgi.py:513}}
Dec 16 21:45:29.951549 dv-cinder-790535-21-smb devstack@n-api.service[113987]: INFO nova.api.openstack.requestlog [None req-ccfc5bf2-8908-4d91-a017-4d04a63c3553 admin admin] 10.222.0.60 "GET /compute/v2.1" status: 200 len: 388 microversion: 2.1 time: 0.001484
Dec 16 21:45:29.952248 dv-cinder-790535-21-smb devstack@n-api.service[113987]: [pid: 113987|app: 0|req: 6/10] 10.222.0.60 () {54 vars in 930 bytes} [Thu Dec 16 21:45:29 2021] GET /compute/v2.1 => generated 388 bytes in 2 msecs (HTTP/1.1 200) 9 headers in 357 bytes (1 switches on core 0)
Dec 16 21:45:30.012508 dv-cinder-790535-21-smb devstack@n-api.service[113986]: DEBUG nova.api.openstack.wsgi [None req-e7481a9e-fd49-40d3-a263-38570065abe7 admin admin] Action: 'create', calling method: >, body: {"flavor": {"ram": 1024, "vcpus": 1, "rxtx_factor": 1.0, "name": "ds1G", "id": "d2", "OS-FLV-EXT-DATA:ephemeral": 0, "swap": 0, "os-flavor-access:is_public": true, "disk": 10}} {{(pid=113986) _process_stack /opt/stack/nova/nova/api/openstack/wsgi.py:511}}
Dec 16 21:45:30.084552 dv-cinder-790535-21-smb devstack@n-api.service[113986]: INFO nova.api.openstack.requestlog [None req-e7481a9e-fd49-40d3-a263-38570065abe7 admin admin] 10.222.0.60 "POST /compute/v2.1/flavors" status: 200 len: 404 microversion: 2.61 time: 0.125542
Dec 16 21:45:30.085116 dv-cinder-790535-21-smb devstack@n-api.service[113986]: [pid: 113986|app: 0|req: 5/11] 10.222.0.60 () {64 vars in 1282 bytes} [Thu Dec 16 21:45:29 2021] POST /compute/v2.1/flavors => generated 404 bytes in 127 msecs (HTTP/1.1 200) 9 headers in 359 bytes (1 switches on core 0)
Dec 16 21:45:30.097205 dv-cinder-790535-21-smb devstack@n-api.service[113987]: DEBUG nova.api.openstack.wsgi [None req-014dc044-b247-49c2-a8a4-c88ebad50e15 admin admin] Action: 'create', calling method: >, body: {"extra_specs": {"hw_rng:allowed": "True"}} {{(pid=113987) _process_stack /opt/stack/nova/nova/api/openstack/wsgi.py:511}}
Dec 16 21:45:30.165646 dv-cinder-790535-21-smb devstack@n-api.service[113987]: INFO nova.api.openstack.requestlog [None req-014dc044-b247-49c2-a8a4-c88ebad50e15 admin admin] 10.222.0.60 "POST /compute/v2.1/flavors/d2/os-extra_specs" status: 200 len: 43 microversion: 2.61 time: 0.072102
Dec 16 21:45:30.166747 dv-cinder-790535-21-smb devstack@n-api.service[113987]: [pid: 113987|app: 0|req: 7/12] 10.222.0.60 () {64 vars in 1335 bytes} [Thu Dec 16 21:45:30 2021] POST /compute/v2.1/flavors/d2/os-extra_specs => generated 43 bytes in 73 msecs (HTTP/1.1 200) 9 headers in 358 bytes (2 switches on core 0)
Dec 16 21:45:32.572888 dv-cinder-790535-21-smb devstack@n-api.service[113986]: DEBUG nova.api.openstack.wsgi [None req-e7481a9e-fd49-40d3-a263-38570065abe7 admin admin] Calling method '>' {{(pid=113986) _process_stack /opt/stack/nova/nova/api/openstack/wsgi.py:513}}
Dec 16 21:45:32.573887 dv-cinder-790535-21-smb devstack@n-api.service[113986]: INFO nova.api.openstack.requestlog [None req-e7481a9e-fd49-40d3-a263-38570065abe7 admin admin] 10.222.0.60 "GET /compute/v2.1" status: 200 len: 388 microversion: 2.1 time: 0.001439
Dec 16 21:45:32.574288 dv-cinder-790535-21-smb devstack@n-api.service[113986]: [pid: 113986|app: 0|req: 6/13] 10.222.0.60 () {54 vars in 930 bytes} [Thu Dec 16 21:45:32 2021] GET /compute/v2.1 => generated 388 bytes in 2 msecs (HTTP/1.1 200) 9 headers in 357 bytes (1 switches on core 0)
Dec 16 21:45:32.643054 dv-cinder-790535-21-smb devstack@n-api.service[113987]: DEBUG nova.api.openstack.wsgi [None req-ca47dae5-8b38-4a04-90bb-b16e92899617 admin admin] Action: 'create', calling method: >, body: {"flavor": {"ram": 2048, "disk": 10, "name": "ds2G", "OS-FLV-EXT-DATA:ephemeral": 0, "rxtx_factor": 1.0, "os-flavor-access:is_public": true, "id": "d3", "vcpus": 2, "swap": 0}} {{(pid=113987) _process_stack /opt/stack/nova/nova/api/openstack/wsgi.py:511}}
Dec 16 21:45:32.715650 dv-cinder-790535-21-smb devstack@n-api.service[113987]: INFO nova.api.openstack.requestlog [None req-ca47dae5-8b38-4a04-90bb-b16e92899617 admin admin] 10.222.0.60 "POST /compute/v2.1/flavors" status: 200 len: 404 microversion: 2.61 time: 0.133894
Dec 16 21:45:32.716577 dv-cinder-790535-21-smb devstack@n-api.service[113987]: [pid: 113987|app: 0|req: 8/14] 10.222.0.60 () {64 vars in 1282 bytes} [Thu Dec 16 21:45:32 2021] POST /compute/v2.1/flavors => generated 404 bytes in 136 msecs (HTTP/1.1 200) 9 headers in 359 bytes (1 switches on core 0)
Dec 16 21:45:32.730607 dv-cinder-790535-21-smb devstack@n-api.service[113986]: DEBUG nova.api.openstack.wsgi [None req-de0f15f1-ec74-4466-a0eb-3dcf1ca94bf9 admin admin] Action: 'create', calling method: >, body: {"extra_specs": {"hw_rng:allowed": "True"}} {{(pid=113986) _process_stack /opt/stack/nova/nova/api/openstack/wsgi.py:511}}
Dec 16 21:45:32.842026 dv-cinder-790535-21-smb devstack@n-api.service[113986]: INFO nova.api.openstack.requestlog [None req-de0f15f1-ec74-4466-a0eb-3dcf1ca94bf9 admin admin] 10.222.0.60 "POST /compute/v2.1/flavors/d3/os-extra_specs" status: 200 len: 43 microversion: 2.61 time: 0.115819
Dec 16 21:45:32.842872 dv-cinder-790535-21-smb devstack@n-api.service[113986]: [pid: 113986|app: 0|req: 7/15] 10.222.0.60 () {64 vars in 1335 bytes} [Thu Dec 16 21:45:32 2021] POST /compute/v2.1/flavors/d3/os-extra_specs => generated 43 bytes in 117 msecs (HTTP/1.1 200) 9 headers in 358 bytes (1 switches on core 0)
Dec 16 21:45:35.281953 dv-cinder-790535-21-smb devstack@n-api.service[113987]: DEBUG nova.api.openstack.wsgi [None req-ca47dae5-8b38-4a04-90bb-b16e92899617 admin admin] Calling method '>' {{(pid=113987) _process_stack /opt/stack/nova/nova/api/openstack/wsgi.py:513}}
Dec 16 21:45:35.283843 dv-cinder-790535-21-smb devstack@n-api.service[113987]: INFO nova.api.openstack.requestlog [None req-ca47dae5-8b38-4a04-90bb-b16e92899617 admin admin] 10.222.0.60 "GET /compute/v2.1" status: 200 len: 388 microversion: 2.1 time: 0.001471
Dec 16 21:45:35.283843 dv-cinder-790535-21-smb devstack@n-api.service[113987]: [pid: 113987|app: 0|req: 9/16] 10.222.0.60 () {54 vars in 930 bytes} [Thu Dec 16 21:45:35 2021] GET /compute/v2.1 => generated 388 bytes in 2 msecs (HTTP/1.1 200) 9 headers in 357 bytes (1 switches on core 0)
Dec 16 21:45:35.340402 dv-cinder-790535-21-smb devstack@n-api.service[113986]: DEBUG nova.api.openstack.wsgi [None req-8143f849-d537-4a81-8d5a-ef2f42b0af58 admin admin] Action: 'create', calling method: >, body: {"flavor": {"OS-FLV-EXT-DATA:ephemeral": 0, "ram": 4096, "swap": 0, "disk": 20, "name": "ds4G", "id": "d4", "vcpus": 4, "rxtx_factor": 1.0, "os-flavor-access:is_public": true}} {{(pid=113986) _process_stack /opt/stack/nova/nova/api/openstack/wsgi.py:511}}
Dec 16 21:45:35.495601 dv-cinder-790535-21-smb devstack@n-api.service[113986]: INFO nova.api.openstack.requestlog [None req-8143f849-d537-4a81-8d5a-ef2f42b0af58 admin admin] 10.222.0.60 "POST /compute/v2.1/flavors" status: 200 len: 404 microversion: 2.61 time: 0.205338
Dec 16 21:45:35.496688 dv-cinder-790535-21-smb devstack@n-api.service[113986]: [pid: 113986|app: 0|req: 8/17] 10.222.0.60 () {64 vars in 1282 bytes} [Thu Dec 16 21:45:35 2021] POST /compute/v2.1/flavors => generated 404 bytes in 207 msecs (HTTP/1.1 200) 9 headers in 359 bytes (1 switches on core 0)
Dec 16 21:45:35.509558 dv-cinder-790535-21-smb devstack@n-api.service[113987]: DEBUG nova.api.openstack.wsgi [None req-08055e01-34be-4514-8dc9-26e9f9428fc8 admin admin] Action: 'create', calling method: >, body: {"extra_specs": {"hw_rng:allowed": "True"}} {{(pid=113987) _process_stack /opt/stack/nova/nova/api/openstack/wsgi.py:511}}
Dec 16 21:45:35.578745 dv-cinder-790535-21-smb devstack@n-api.service[113987]: INFO nova.api.openstack.requestlog [None req-08055e01-34be-4514-8dc9-26e9f9428fc8 admin admin] 10.222.0.60 "POST /compute/v2.1/flavors/d4/os-extra_specs" status: 200 len: 43 microversion: 2.61 time: 0.073378
Dec 16 21:45:35.579697 dv-cinder-790535-21-smb devstack@n-api.service[113987]: [pid: 113987|app: 0|req: 10/18] 10.222.0.60 () {64 vars in 1335 bytes} [Thu Dec 16 21:45:35 2021] POST /compute/v2.1/flavors/d4/os-extra_specs => generated 43 bytes in 75 msecs (HTTP/1.1 200) 9 headers in 358 bytes (2 switches on core 0)
Dec 16 21:45:38.044790 dv-cinder-790535-21-smb devstack@n-api.service[113986]: DEBUG nova.api.openstack.wsgi [None req-8143f849-d537-4a81-8d5a-ef2f42b0af58 admin admin] Calling method '>' {{(pid=113986) _process_stack /opt/stack/nova/nova/api/openstack/wsgi.py:513}}
Dec 16 21:45:38.046107 dv-cinder-790535-21-smb devstack@n-api.service[113986]: INFO nova.api.openstack.requestlog [None req-8143f849-d537-4a81-8d5a-ef2f42b0af58 admin admin] 10.222.0.60 "GET /compute/v2.1" status: 200 len: 388 microversion: 2.1 time: 0.001944
Dec 16 21:45:38.046703 dv-cinder-790535-21-smb devstack@n-api.service[113986]: [pid: 113986|app: 0|req: 9/19] 10.222.0.60 () {54 vars in 930 bytes} [Thu Dec 16 21:45:38 2021] GET /compute/v2.1 => generated 388 bytes in 3 msecs (HTTP/1.1 200) 9 headers in 357 bytes (1 switches on core 0)
Dec 16 21:45:38.104809 dv-cinder-790535-21-smb devstack@n-api.service[113987]: DEBUG nova.api.openstack.wsgi [None req-9c07c1ad-1480-42de-9ecc-5d74f28c450d admin admin] Calling method '>' {{(pid=113987) _process_stack /opt/stack/nova/nova/api/openstack/wsgi.py:513}}
Dec 16 21:45:38.128218 dv-cinder-790535-21-smb devstack@n-api.service[113987]: INFO nova.api.openstack.requestlog [None req-9c07c1ad-1480-42de-9ecc-5d74f28c450d admin admin] 10.222.0.60 "GET /compute/v2.1/flavors/detail?is_public=True" status: 200 len: 2106 microversion: 2.61 time: 0.074526
Dec 16 21:45:38.128759 dv-cinder-790535-21-smb devstack@n-api.service[113987]: [pid: 113987|app: 0|req: 11/20] 10.222.0.60 () {60 vars in 1291 bytes} [Thu Dec 16 21:45:38 2021] GET /compute/v2.1/flavors/detail?is_public=True => generated 2106 bytes in 76 msecs (HTTP/1.1 200) 9 headers in 360 bytes (1 switches on core 0)
Dec 16 21:45:40.572059 dv-cinder-790535-21-smb devstack@n-api.service[113986]: DEBUG nova.api.openstack.wsgi [None req-8143f849-d537-4a81-8d5a-ef2f42b0af58 admin admin] Calling method '>' {{(pid=113986) _process_stack /opt/stack/nova/nova/api/openstack/wsgi.py:513}}
Dec 16 21:45:40.573207 dv-cinder-790535-21-smb devstack@n-api.service[113986]: INFO nova.api.openstack.requestlog [None req-8143f849-d537-4a81-8d5a-ef2f42b0af58 admin admin] 10.222.0.60 "GET /compute/v2.1" status: 200 len: 388 microversion: 2.1 time: 0.001617
Dec 16 21:45:40.573669 dv-cinder-790535-21-smb devstack@n-api.service[113986]: [pid: 113986|app: 0|req: 10/21] 10.222.0.60 () {54 vars in 930 bytes} [Thu Dec 16 21:45:40 2021] GET /compute/v2.1 => generated 388 bytes in 3 msecs (HTTP/1.1 200) 9 headers in 357 bytes (2 switches on core 0)
Dec 16 21:45:40.636691 dv-cinder-790535-21-smb devstack@n-api.service[113987]: DEBUG nova.api.openstack.wsgi [None req-d453ca50-f56a-44c4-87c3-112b76bd4e25 admin admin] Action: 'create', calling method: >, body: {"flavor": {"name": "m1.tiny", "disk": 1, "vcpus": 1, "OS-FLV-EXT-DATA:ephemeral": 0, "swap": 0, "ram": 512, "os-flavor-access:is_public": true, "rxtx_factor": 1.0, "id": "1"}} {{(pid=113987) _process_stack /opt/stack/nova/nova/api/openstack/wsgi.py:511}}
Dec 16 21:45:40.702222 dv-cinder-790535-21-smb devstack@n-api.service[113987]: INFO nova.api.openstack.requestlog [None req-d453ca50-f56a-44c4-87c3-112b76bd4e25 admin admin] 10.222.0.60 "POST /compute/v2.1/flavors" status: 200 len: 402 microversion: 2.61 time: 0.121806
Dec 16 21:45:40.702889 dv-cinder-790535-21-smb devstack@n-api.service[113987]: [pid: 113987|app: 0|req: 12/22] 10.222.0.60 () {64 vars in 1282 bytes} [Thu Dec 16 21:45:40 2021] POST /compute/v2.1/flavors => generated 402 bytes in 123 msecs (HTTP/1.1 200) 9 headers in 359 bytes (1 switches on core 0)
Dec 16 21:45:40.716392 dv-cinder-790535-21-smb devstack@n-api.service[113986]: DEBUG nova.api.openstack.wsgi [None req-5ea7dfc0-853f-48fc-82b1-e0fe1bf90387 admin admin] Action: 'create', calling method: >, body: {"extra_specs": {"hw_rng:allowed": "True"}} {{(pid=113986) _process_stack /opt/stack/nova/nova/api/openstack/wsgi.py:511}}
Dec 16 21:45:40.801952 dv-cinder-790535-21-smb devstack@n-api.service[113986]: INFO nova.api.openstack.requestlog [None req-5ea7dfc0-853f-48fc-82b1-e0fe1bf90387 admin admin] 10.222.0.60 "POST /compute/v2.1/flavors/1/os-extra_specs" status: 200 len: 43 microversion: 2.61 time: 0.089134
Dec 16 21:45:40.803320 dv-cinder-790535-21-smb devstack@n-api.service[113986]: [pid: 113986|app: 0|req: 11/23] 10.222.0.60 () {64 vars in 1332 bytes} [Thu Dec 16 21:45:40 2021] POST /compute/v2.1/flavors/1/os-extra_specs => generated 43 bytes in 91 msecs (HTTP/1.1 200) 9 headers in 358 bytes (1 switches on core 0)
Dec 16 21:45:43.254281 dv-cinder-790535-21-smb devstack@n-api.service[113987]: DEBUG nova.api.openstack.wsgi [None req-d453ca50-f56a-44c4-87c3-112b76bd4e25 admin admin] Calling method '>' {{(pid=113987) _process_stack /opt/stack/nova/nova/api/openstack/wsgi.py:513}}
Dec 16 21:45:43.255824 dv-cinder-790535-21-smb devstack@n-api.service[113987]: INFO nova.api.openstack.requestlog [None req-d453ca50-f56a-44c4-87c3-112b76bd4e25 admin admin] 10.222.0.60 "GET /compute/v2.1" status: 200 len: 388 microversion: 2.1 time: 0.001467
Dec 16 21:45:43.256383 dv-cinder-790535-21-smb devstack@n-api.service[113987]: [pid: 113987|app: 0|req: 13/24] 10.222.0.60 () {54 vars in 930 bytes} [Thu Dec 16 21:45:43 2021] GET /compute/v2.1 => generated 388 bytes in 3 msecs (HTTP/1.1 200) 9 headers in 357 bytes (1 switches on core 0)
Dec 16 21:45:43.312873 dv-cinder-790535-21-smb devstack@n-api.service[113986]: DEBUG nova.api.openstack.wsgi [None req-d20e2eb4-22ec-427f-9aea-11f1d730ab65 admin admin] Action: 'create', calling method: >, body: {"flavor": {"OS-FLV-EXT-DATA:ephemeral": 0, "os-flavor-access:is_public": true, "swap": 0, "rxtx_factor": 1.0, "name": "m1.small", "vcpus": 1, "ram": 2048, "id": "2", "disk": 20}} {{(pid=113986) _process_stack /opt/stack/nova/nova/api/openstack/wsgi.py:511}}
Dec 16 21:45:43.397483 dv-cinder-790535-21-smb devstack@n-api.service[113986]: INFO nova.api.openstack.requestlog [None req-d20e2eb4-22ec-427f-9aea-11f1d730ab65 admin admin] 10.222.0.60 "POST /compute/v2.1/flavors" status: 200 len: 405 microversion: 2.61 time: 0.135129
Dec 16 21:45:43.398024 dv-cinder-790535-21-smb devstack@n-api.service[113986]: [pid: 113986|app: 0|req: 12/25] 10.222.0.60 () {64 vars in 1282 bytes} [Thu Dec 16 21:45:43 2021] POST /compute/v2.1/flavors => generated 405 bytes in 136 msecs (HTTP/1.1 200) 9 headers in 359 bytes (1 switches on core 0)
Dec 16 21:45:43.409980 dv-cinder-790535-21-smb devstack@n-api.service[113987]: DEBUG nova.api.openstack.wsgi [None req-f4f849c2-56b2-4d33-af11-3cd699d4053b admin admin] Action: 'create', calling method: >, body: {"extra_specs": {"hw_rng:allowed": "True"}} {{(pid=113987) _process_stack /opt/stack/nova/nova/api/openstack/wsgi.py:511}}
Dec 16 21:45:43.481142 dv-cinder-790535-21-smb devstack@n-api.service[113987]: INFO nova.api.openstack.requestlog [None req-f4f849c2-56b2-4d33-af11-3cd699d4053b admin admin] 10.222.0.60 "POST /compute/v2.1/flavors/2/os-extra_specs" status: 200 len: 43 microversion: 2.61 time: 0.074610
Dec 16 21:45:43.481639 dv-cinder-790535-21-smb devstack@n-api.service[113987]: [pid: 113987|app: 0|req: 14/26] 10.222.0.60 () {64 vars in 1332 bytes} [Thu Dec 16 21:45:43 2021] POST /compute/v2.1/flavors/2/os-extra_specs => generated 43 bytes in 76 msecs (HTTP/1.1 200) 9 headers in 358 bytes (2 switches on core 0)
Dec 16 21:45:45.873319 dv-cinder-790535-21-smb devstack@n-api.service[113986]: DEBUG nova.api.openstack.wsgi [None req-d20e2eb4-22ec-427f-9aea-11f1d730ab65 admin admin] Calling method '>' {{(pid=113986) _process_stack /opt/stack/nova/nova/api/openstack/wsgi.py:513}}
Dec 16 21:45:45.874317 dv-cinder-790535-21-smb devstack@n-api.service[113986]: INFO nova.api.openstack.requestlog [None req-d20e2eb4-22ec-427f-9aea-11f1d730ab65 admin admin] 10.222.0.60 "GET /compute/v2.1" status: 200 len: 388 microversion: 2.1 time: 0.001426
Dec 16 21:45:45.874755 dv-cinder-790535-21-smb devstack@n-api.service[113986]: [pid: 113986|app: 0|req: 13/27] 10.222.0.60 () {54 vars in 930 bytes} [Thu Dec 16 21:45:45 2021] GET /compute/v2.1 => generated 388 bytes in 2 msecs (HTTP/1.1 200) 9 headers in 357 bytes (1 switches on core 0)
Dec 16 21:45:45.933554 dv-cinder-790535-21-smb devstack@n-api.service[113987]: DEBUG nova.api.openstack.wsgi [None req-d4686afc-edbe-4182-b7fa-7ae12fcc627e admin admin] Action: 'create', calling method: >, body: {"flavor": {"ram": 4096, "rxtx_factor": 1.0, "swap": 0, "id": "3", "OS-FLV-EXT-DATA:ephemeral": 0, "disk": 40, "name": "m1.medium", "os-flavor-access:is_public": true, "vcpus": 2}} {{(pid=113987) _process_stack /opt/stack/nova/nova/api/openstack/wsgi.py:511}}
Dec 16 21:45:46.077039 dv-cinder-790535-21-smb devstack@n-api.service[113987]: INFO nova.api.openstack.requestlog [None req-d4686afc-edbe-4182-b7fa-7ae12fcc627e admin admin] 10.222.0.60 "POST /compute/v2.1/flavors" status: 200 len: 406 microversion: 2.61 time: 0.195783
Dec 16 21:45:46.077599 dv-cinder-790535-21-smb devstack@n-api.service[113987]: [pid: 113987|app: 0|req: 15/28] 10.222.0.60 () {64 vars in 1282 bytes} [Thu Dec 16 21:45:45 2021] POST /compute/v2.1/flavors => generated 406 bytes in 197 msecs (HTTP/1.1 200) 9 headers in 359 bytes (1 switches on core 0)
Dec 16 21:45:46.090560 dv-cinder-790535-21-smb devstack@n-api.service[113986]: DEBUG nova.api.openstack.wsgi [None req-757a3564-765c-4a24-bd24-8df0749bf761 admin admin] Action: 'create', calling method: >, body: {"extra_specs": {"hw_rng:allowed": "True"}} {{(pid=113986) _process_stack /opt/stack/nova/nova/api/openstack/wsgi.py:511}}
Dec 16 21:45:46.162914 dv-cinder-790535-21-smb devstack@n-api.service[113986]: INFO nova.api.openstack.requestlog [None req-757a3564-765c-4a24-bd24-8df0749bf761 admin admin] 10.222.0.60 "POST /compute/v2.1/flavors/3/os-extra_specs" status: 200 len: 43 microversion: 2.61 time: 0.075911
Dec 16 21:45:46.163522 dv-cinder-790535-21-smb devstack@n-api.service[113986]: [pid: 113986|app: 0|req: 14/29] 10.222.0.60 () {64 vars in 1332 bytes} [Thu Dec 16 21:45:46 2021] POST /compute/v2.1/flavors/3/os-extra_specs => generated 43 bytes in 77 msecs (HTTP/1.1 200) 9 headers in 358 bytes (1 switches on core 0)
Dec 16 21:45:48.598581 dv-cinder-790535-21-smb devstack@n-api.service[113987]: DEBUG nova.api.openstack.wsgi [None req-d4686afc-edbe-4182-b7fa-7ae12fcc627e admin admin] Calling method '>' {{(pid=113987) _process_stack /opt/stack/nova/nova/api/openstack/wsgi.py:513}}
Dec 16 21:45:48.600152 dv-cinder-790535-21-smb devstack@n-api.service[113987]: INFO nova.api.openstack.requestlog [None req-d4686afc-edbe-4182-b7fa-7ae12fcc627e admin admin] 10.222.0.60 "GET /compute/v2.1" status: 200 len: 388 microversion: 2.1 time: 0.002028
Dec 16 21:45:48.600703 dv-cinder-790535-21-smb devstack@n-api.service[113987]: [pid: 113987|app: 0|req: 16/30] 10.222.0.60 () {54 vars in 930 bytes} [Thu Dec 16 21:45:48 2021] GET /compute/v2.1 => generated 388 bytes in 3 msecs (HTTP/1.1 200) 9 headers in 357 bytes (1 switches on core 0)
Dec 16 21:45:48.670851 dv-cinder-790535-21-smb devstack@n-api.service[113986]: DEBUG nova.api.openstack.wsgi [None req-beccc1c1-5c06-406f-88ee-502db50cab18 admin admin] Action: 'create', calling method: >, body: {"flavor": {"OS-FLV-EXT-DATA:ephemeral": 0, "name": "m1.large", "os-flavor-access:is_public": true, "swap": 0, "ram": 8192, "rxtx_factor": 1.0, "disk": 80, "vcpus": 4, "id": "4"}} {{(pid=113986) _process_stack /opt/stack/nova/nova/api/openstack/wsgi.py:511}}
Dec 16 21:45:48.731319 dv-cinder-790535-21-smb devstack@n-api.service[113986]: INFO nova.api.openstack.requestlog [None req-beccc1c1-5c06-406f-88ee-502db50cab18 admin admin] 10.222.0.60 "POST /compute/v2.1/flavors" status: 200 len: 405 microversion: 2.61 time: 0.124347
Dec 16 21:45:48.740912 dv-cinder-790535-21-smb devstack@n-api.service[113986]: [pid: 113986|app: 0|req: 15/31] 10.222.0.60 () {64 vars in 1282 bytes} [Thu Dec 16 21:45:48 2021] POST /compute/v2.1/flavors => generated 405 bytes in 128 msecs (HTTP/1.1 200) 9 headers in 359 bytes (1 switches on core 0)
Dec 16 21:45:48.745752 dv-cinder-790535-21-smb devstack@n-api.service[113987]: DEBUG nova.api.openstack.wsgi [None req-2cd15718-72d6-4ea2-b4a8-389a2ef31417 admin admin] Action: 'create', calling method: >, body: {"extra_specs": {"hw_rng:allowed": "True"}} {{(pid=113987) _process_stack /opt/stack/nova/nova/api/openstack/wsgi.py:511}}
Dec 16 21:45:48.807131 dv-cinder-790535-21-smb devstack@n-api.service[113987]: INFO nova.api.openstack.requestlog [None req-2cd15718-72d6-4ea2-b4a8-389a2ef31417 admin admin] 10.222.0.60 "POST /compute/v2.1/flavors/4/os-extra_specs" status: 200 len: 43 microversion: 2.61 time: 0.064921
Dec 16 21:45:48.807922 dv-cinder-790535-21-smb devstack@n-api.service[113987]: [pid: 113987|app: 0|req: 17/32] 10.222.0.60 () {64 vars in 1332 bytes} [Thu Dec 16 21:45:48 2021] POST /compute/v2.1/flavors/4/os-extra_specs => generated 43 bytes in 66 msecs (HTTP/1.1 200) 9 headers in 358 bytes (1 switches on core 0)
Dec 16 21:45:51.261754 dv-cinder-790535-21-smb devstack@n-api.service[113986]: DEBUG nova.api.openstack.wsgi [None req-beccc1c1-5c06-406f-88ee-502db50cab18 admin admin] Calling method '>' {{(pid=113986) _process_stack /opt/stack/nova/nova/api/openstack/wsgi.py:513}}
Dec 16 21:45:51.262801 dv-cinder-790535-21-smb devstack@n-api.service[113986]: INFO nova.api.openstack.requestlog [None req-beccc1c1-5c06-406f-88ee-502db50cab18 admin admin] 10.222.0.60 "GET /compute/v2.1" status: 200 len: 388 microversion: 2.1 time: 0.001488
Dec 16 21:45:51.263421 dv-cinder-790535-21-smb devstack@n-api.service[113986]: [pid: 113986|app: 0|req: 16/33] 10.222.0.60 () {54 vars in 930 bytes} [Thu Dec 16 21:45:51 2021] GET /compute/v2.1 => generated 388 bytes in 3 msecs (HTTP/1.1 200) 9 headers in 357 bytes (1 switches on core 0)
Dec 16 21:45:51.339433 dv-cinder-790535-21-smb devstack@n-api.service[113987]: DEBUG nova.api.openstack.wsgi [None req-94c01270-ca46-4d36-a6ba-cdcb86e06212 admin admin] Action: 'create', calling method: >, body: {"flavor": {"id": "5", "os-flavor-access:is_public": true, "disk": 160, "vcpus": 8, "rxtx_factor": 1.0, "OS-FLV-EXT-DATA:ephemeral": 0, "name": "m1.xlarge", "ram": 16384, "swap": 0}} {{(pid=113987) _process_stack /opt/stack/nova/nova/api/openstack/wsgi.py:511}}
Dec 16 21:45:52.044981 dv-cinder-790535-21-smb devstack@n-api.service[113987]: INFO nova.api.openstack.requestlog [None req-94c01270-ca46-4d36-a6ba-cdcb86e06212 admin admin] 10.222.0.60 "POST /compute/v2.1/flavors" status: 200 len: 408 microversion: 2.61 time: 0.774871
Dec 16 21:45:52.045989 dv-cinder-790535-21-smb devstack@n-api.service[113987]: [pid: 113987|app: 0|req: 18/34] 10.222.0.60 () {64 vars in 1282 bytes} [Thu Dec 16 21:45:51 2021] POST /compute/v2.1/flavors => generated 408 bytes in 776 msecs (HTTP/1.1 200) 9 headers in 359 bytes (2 switches on core 0)
Dec 16 21:45:52.057844 dv-cinder-790535-21-smb devstack@n-api.service[113986]: DEBUG nova.api.openstack.wsgi [None req-f56af208-41b2-49ea-b0a5-5174a204ae75 admin admin] Action: 'create', calling method: >, body: {"extra_specs": {"hw_rng:allowed": "True"}} {{(pid=113986) _process_stack /opt/stack/nova/nova/api/openstack/wsgi.py:511}}
Dec 16 21:45:52.145093 dv-cinder-790535-21-smb devstack@n-api.service[113986]: INFO nova.api.openstack.requestlog [None req-f56af208-41b2-49ea-b0a5-5174a204ae75 admin admin] 10.222.0.60 "POST /compute/v2.1/flavors/5/os-extra_specs" status: 200 len: 43 microversion: 2.61 time: 0.090966
Dec 16 21:45:52.146252 dv-cinder-790535-21-smb devstack@n-api.service[113986]: [pid: 113986|app: 0|req: 17/35] 10.222.0.60 () {64 vars in 1332 bytes} [Thu Dec 16 21:45:52 2021] POST /compute/v2.1/flavors/5/os-extra_specs => generated 43 bytes in 93 msecs (HTTP/1.1 200) 9 headers in 358 bytes (1 switches on core 0)
Dec 16 21:46:13.011490 dv-cinder-790535-21-smb devstack@n-api.service[113987]: DEBUG nova.api.openstack.wsgi [None req-94c01270-ca46-4d36-a6ba-cdcb86e06212 admin admin] Calling method '>' {{(pid=113987) _process_stack /opt/stack/nova/nova/api/openstack/wsgi.py:513}}
Dec 16 21:46:13.012480 dv-cinder-790535-21-smb devstack@n-api.service[113987]: INFO nova.api.openstack.requestlog [None req-94c01270-ca46-4d36-a6ba-cdcb86e06212 admin admin] 10.222.0.60 "GET /compute/v2.1" status: 200 len: 388 microversion: 2.1 time: 0.001461
Dec 16 21:46:13.012877 dv-cinder-790535-21-smb devstack@n-api.service[113987]: [pid: 113987|app: 0|req: 19/36] 10.222.0.60 () {54 vars in 930 bytes} [Thu Dec 16 21:46:13 2021] GET /compute/v2.1 => generated 388 bytes in 2 msecs (HTTP/1.1 200) 9 headers in 357 bytes (1 switches on core 0)
Dec 16 21:46:13.069865 dv-cinder-790535-21-smb devstack@n-api.service[113986]: DEBUG nova.api.openstack.wsgi [None req-223b5abb-c7a6-40d4-bbc9-e0e126931d0e admin admin] Calling method '>' {{(pid=113986) _process_stack /opt/stack/nova/nova/api/openstack/wsgi.py:513}}
Dec 16 21:46:13.086427 dv-cinder-790535-21-smb devstack@n-api.service[113986]: INFO nova.api.openstack.requestlog [None req-223b5abb-c7a6-40d4-bbc9-e0e126931d0e admin admin] 10.222.0.60 "GET /compute/v2.1/flavors/detail?is_public=True" status: 200 len: 4202 microversion: 2.61 time: 0.067039
Dec 16 21:46:13.086963 dv-cinder-790535-21-smb devstack@n-api.service[113986]: [pid: 113986|app: 0|req: 18/37] 10.222.0.60 () {60 vars in 1291 bytes} [Thu Dec 16 21:46:13 2021] GET /compute/v2.1/flavors/detail?is_public=True => generated 4202 bytes in 68 msecs (HTTP/1.1 200) 9 headers in 360 bytes (1 switches on core 0)
Dec 16 21:46:14.717567 dv-cinder-790535-21-smb devstack@n-api.service[113987]: DEBUG nova.api.openstack.wsgi [None req-94c01270-ca46-4d36-a6ba-cdcb86e06212 admin admin] Calling method '>' {{(pid=113987) _process_stack /opt/stack/nova/nova/api/openstack/wsgi.py:513}}
Dec 16 21:46:14.718585 dv-cinder-790535-21-smb devstack@n-api.service[113987]: INFO nova.api.openstack.requestlog [None req-94c01270-ca46-4d36-a6ba-cdcb86e06212 admin admin] 10.222.0.60 "GET /compute/v2.1" status: 200 len: 388 microversion: 2.1 time: 0.001388
Dec 16 21:46:14.718981 dv-cinder-790535-21-smb devstack@n-api.service[113987]: [pid: 113987|app: 0|req: 20/38] 10.222.0.60 () {56 vars in 1074 bytes} [Thu Dec 16 21:46:14 2021] GET /compute/v2.1 => generated 388 bytes in 2 msecs (HTTP/1.1 200) 9 headers in 357 bytes (1 switches on core 0)
Dec 16 21:46:14.908094 dv-cinder-790535-21-smb devstack@n-api.service[113986]: DEBUG nova.api.openstack.wsgi [None req-db6d1610-05dd-4238-9825-cd25bb61c00f admin admin] Calling method '>' {{(pid=113986) _process_stack /opt/stack/nova/nova/api/openstack/wsgi.py:513}}
Dec 16 21:46:14.913570 dv-cinder-790535-21-smb devstack@n-api.service[113986]: INFO nova.api.openstack.wsgi [None req-db6d1610-05dd-4238-9825-cd25bb61c00f admin admin] HTTP exception thrown: Flavor 42 could not be found.
Dec 16 21:46:14.914133 dv-cinder-790535-21-smb devstack@n-api.service[113986]: DEBUG nova.api.openstack.wsgi [None req-db6d1610-05dd-4238-9825-cd25bb61c00f admin admin] Returning 404 to user: Flavor 42 could not be found. {{(pid=113986) __call__ /opt/stack/nova/nova/api/openstack/wsgi.py:936}}
Dec 16 21:46:14.914958 dv-cinder-790535-21-smb devstack@n-api.service[113986]: INFO nova.api.openstack.requestlog [None req-db6d1610-05dd-4238-9825-cd25bb61c00f admin admin] 10.222.0.60 "GET /compute/v2.1/flavors/42" status: 404 len: 75 microversion: 2.90 time: 0.057781
Dec 16 21:46:14.915473 dv-cinder-790535-21-smb devstack@n-api.service[113986]: [pid: 113986|app: 0|req: 19/39] 10.222.0.60 () {60 vars in 1190 bytes} [Thu Dec 16 21:46:14 2021] GET /compute/v2.1/flavors/42 => generated 75 bytes in 59 msecs (HTTP/1.1 404) 9 headers in 380 bytes (1 switches on core 0)
Dec 16 21:46:14.925178 dv-cinder-790535-21-smb devstack@n-api.service[113987]: DEBUG nova.api.openstack.wsgi [None req-74534c7d-f56b-4ddc-9c97-5dbf3a17f45e admin admin] Calling method '>' {{(pid=113987) _process_stack /opt/stack/nova/nova/api/openstack/wsgi.py:513}}
Dec 16 21:46:14.945594 dv-cinder-790535-21-smb devstack@n-api.service[113987]: INFO nova.api.openstack.requestlog [None req-74534c7d-f56b-4ddc-9c97-5dbf3a17f45e admin admin] 10.222.0.60 "GET /compute/v2.1/flavors?is_public=None" status: 200 len: 2056 microversion: 2.90 time: 0.023899
Dec 16 21:46:14.946121 dv-cinder-790535-21-smb devstack@n-api.service[113987]: [pid: 113987|app: 0|req: 21/40] 10.222.0.60 () {60 vars in 1210 bytes} [Thu Dec 16 21:46:14 2021] GET /compute/v2.1/flavors?is_public=None => generated 2056 bytes in 25 msecs (HTTP/1.1 200) 9 headers in 360 bytes (1 switches on core 0)
Dec 16 21:46:14.955946 dv-cinder-790535-21-smb devstack@n-api.service[113986]: DEBUG nova.api.openstack.wsgi [None req-50b760d1-e29c-4955-995d-458c5114a237 admin admin] Calling method '>' {{(pid=113986) _process_stack /opt/stack/nova/nova/api/openstack/wsgi.py:513}}
Dec 16 21:46:14.977369 dv-cinder-790535-21-smb devstack@n-api.service[113986]: INFO nova.api.openstack.requestlog [None req-50b760d1-e29c-4955-995d-458c5114a237 admin admin] 10.222.0.60 "GET /compute/v2.1/flavors?is_public=None" status: 200 len: 2056 microversion: 2.90 time: 0.024863
Dec 16 21:46:14.977904 dv-cinder-790535-21-smb devstack@n-api.service[113986]: [pid: 113986|app: 0|req: 20/41] 10.222.0.60 () {60 vars in 1210 bytes} [Thu Dec 16 21:46:14 2021] GET /compute/v2.1/flavors?is_public=None => generated 2056 bytes in 26 msecs (HTTP/1.1 200) 9 headers in 360 bytes (2 switches on core 0)
Dec 16 21:46:14.987839 dv-cinder-790535-21-smb devstack@n-api.service[113987]: DEBUG nova.api.openstack.wsgi [None req-dc516ad8-ef30-4efd-8aa7-5d7e80b43ec3 admin admin] Calling method '>' {{(pid=113987) _process_stack /opt/stack/nova/nova/api/openstack/wsgi.py:513}}
Dec 16 21:46:14.993626 dv-cinder-790535-21-smb devstack@n-api.service[113987]: INFO nova.api.openstack.wsgi [None req-dc516ad8-ef30-4efd-8aa7-5d7e80b43ec3 admin admin] HTTP exception thrown: Flavor 42 could not be found.
Dec 16 21:46:14.994186 dv-cinder-790535-21-smb devstack@n-api.service[113987]: DEBUG nova.api.openstack.wsgi [None req-dc516ad8-ef30-4efd-8aa7-5d7e80b43ec3 admin admin] Returning 404 to user: Flavor 42 could not be found. {{(pid=113987) __call__ /opt/stack/nova/nova/api/openstack/wsgi.py:936}}
Dec 16 21:46:14.994999 dv-cinder-790535-21-smb devstack@n-api.service[113987]: INFO nova.api.openstack.requestlog [None req-dc516ad8-ef30-4efd-8aa7-5d7e80b43ec3 admin admin] 10.222.0.60 "GET /compute/v2.1/flavors/42" status: 404 len: 75 microversion: 2.90 time: 0.010908
Dec 16 21:46:14.995490 dv-cinder-790535-21-smb devstack@n-api.service[113987]: [pid: 113987|app: 0|req: 22/42] 10.222.0.60 () {60 vars in 1190 bytes} [Thu Dec 16 21:46:14 2021] GET /compute/v2.1/flavors/42 => generated 75 bytes in 12 msecs (HTTP/1.1 404) 9 headers in 380 bytes (2 switches on core 0)
Dec 16 21:46:16.458655 dv-cinder-790535-21-smb devstack@n-api.service[113986]: DEBUG nova.api.openstack.wsgi [None req-50b760d1-e29c-4955-995d-458c5114a237 admin admin] Calling method '>' {{(pid=113986) _process_stack /opt/stack/nova/nova/api/openstack/wsgi.py:513}}
Dec 16 21:46:16.459657 dv-cinder-790535-21-smb devstack@n-api.service[113986]: INFO nova.api.openstack.requestlog [None req-50b760d1-e29c-4955-995d-458c5114a237 admin admin] 10.222.0.60 "GET /compute/v2.1" status: 200 len: 388 microversion: 2.1 time: 0.001451
Dec 16 21:46:16.460080 dv-cinder-790535-21-smb devstack@n-api.service[113986]: [pid: 113986|app: 0|req: 21/43] 10.222.0.60 () {56 vars in 1074 bytes} [Thu Dec 16 21:46:16 2021] GET /compute/v2.1 => generated 388 bytes in 2 msecs (HTTP/1.1 200) 9 headers in 357 bytes (1 switches on core 0)
Dec 16 21:46:16.651344 dv-cinder-790535-21-smb devstack@n-api.service[113987]: DEBUG nova.api.openstack.wsgi [None req-df57129a-16e4-4a72-8e02-c80d64d75e34 admin admin] Calling method '>' {{(pid=113987) _process_stack /opt/stack/nova/nova/api/openstack/wsgi.py:513}}
Dec 16 21:46:16.656922 dv-cinder-790535-21-smb devstack@n-api.service[113987]: INFO nova.api.openstack.wsgi [None req-df57129a-16e4-4a72-8e02-c80d64d75e34 admin admin] HTTP exception thrown: Flavor 84 could not be found.
Dec 16 21:46:16.657472 dv-cinder-790535-21-smb devstack@n-api.service[113987]: DEBUG nova.api.openstack.wsgi [None req-df57129a-16e4-4a72-8e02-c80d64d75e34 admin admin] Returning 404 to user: Flavor 84 could not be found. {{(pid=113987) __call__ /opt/stack/nova/nova/api/openstack/wsgi.py:936}}
Dec 16 21:46:16.658242 dv-cinder-790535-21-smb devstack@n-api.service[113987]: INFO nova.api.openstack.requestlog [None req-df57129a-16e4-4a72-8e02-c80d64d75e34 admin admin] 10.222.0.60 "GET /compute/v2.1/flavors/84" status: 404 len: 75 microversion: 2.90 time: 0.058707
Dec 16 21:46:16.658775 dv-cinder-790535-21-smb devstack@n-api.service[113987]: [pid: 113987|app: 0|req: 23/44] 10.222.0.60 () {60 vars in 1190 bytes} [Thu Dec 16 21:46:16 2021] GET /compute/v2.1/flavors/84 => generated 75 bytes in 60 msecs (HTTP/1.1 404) 9 headers in 380 bytes (2 switches on core 0)
Dec 16 21:46:16.672561 dv-cinder-790535-21-smb devstack@n-api.service[113986]: DEBUG nova.api.openstack.wsgi [None req-0821c481-2b96-49e1-ad87-23b5a2c4b6ac admin admin] Calling method '>' {{(pid=113986) _process_stack /opt/stack/nova/nova/api/openstack/wsgi.py:513}}
Dec 16 21:46:16.682702 dv-cinder-790535-21-smb devstack@n-api.service[113986]: INFO nova.api.openstack.requestlog [None req-0821c481-2b96-49e1-ad87-23b5a2c4b6ac admin admin] 10.222.0.60 "GET /compute/v2.1/flavors?is_public=None" status: 200 len: 2056 microversion: 2.90 time: 0.017190
Dec 16 21:46:16.683269 dv-cinder-790535-21-smb devstack@n-api.service[113986]: [pid: 113986|app: 0|req: 22/45] 10.222.0.60 () {60 vars in 1210 bytes} [Thu Dec 16 21:46:16 2021] GET /compute/v2.1/flavors?is_public=None => generated 2056 bytes in 18 msecs (HTTP/1.1 200) 9 headers in 360 bytes (1 switches on core 0)
Dec 16 21:46:16.692823 dv-cinder-790535-21-smb devstack@n-api.service[113987]: DEBUG nova.api.openstack.wsgi [None req-9280d253-3c2f-4eac-9c4b-7cda6a8438d7 admin admin] Calling method '>' {{(pid=113987) _process_stack /opt/stack/nova/nova/api/openstack/wsgi.py:513}}
Dec 16 21:46:16.705841 dv-cinder-790535-21-smb devstack@n-api.service[113987]: INFO nova.api.openstack.requestlog [None req-9280d253-3c2f-4eac-9c4b-7cda6a8438d7 admin admin] 10.222.0.60 "GET /compute/v2.1/flavors?is_public=None" status: 200 len: 2056 microversion: 2.90 time: 0.016468
Dec 16 21:46:16.706362 dv-cinder-790535-21-smb devstack@n-api.service[113987]: [pid: 113987|app: 0|req: 24/46] 10.222.0.60 () {60 vars in 1210 bytes} [Thu Dec 16 21:46:16 2021] GET /compute/v2.1/flavors?is_public=None => generated 2056 bytes in 17 msecs (HTTP/1.1 200) 9 headers in 360 bytes (1 switches on core 0)
