Sep 08 16:36:13.372627 dv-cinder-790535-14-iscsi neutron-server[94083]: INFO neutron.wsgi [req-06ec22f1-e7b9-4c67-bb41-9bd4938a701d req-27841b5f-f7ac-48ff-a0c4-36819ec99cda tempest-AttachVolumeTestJSON-1887289597 tempest-AttachVolumeTestJSON-1887289597-project] 10.222.0.69 "GET /v2.0/security-groups?id=73c55b68-d8ce-4738-b967-49e22c92bd77&fields=id&fields=name HTTP/1.1" status: 200 len: 313 time: 0.0346513
Sep 08 16:36:13.493466 dv-cinder-790535-14-iscsi neutron-server[94082]: DEBUG neutron.pecan_wsgi.hooks.policy_enforcement [req-766b8aa3-b151-4255-b932-f5d75d68bb16 req-2d8d80eb-7daf-46d2-8d8a-9a18b27044f0 tempest-ServerRescueNegativeTestJSON-991109930 tempest-ServerRescueNegativeTestJSON-991109930-project] Attributes excluded by policy engine: ['standard_attr_id', 'binding:profile', 'binding:host_id', 'binding:vif_type', 'binding:vif_details'] {{(pid=94082) _exclude_attributes_by_policy /opt/stack/neutron/neutron/pecan_wsgi/hooks/policy_enforcement.py:255}}
Sep 08 16:36:13.496360 dv-cinder-790535-14-iscsi neutron-server[94082]: INFO neutron.wsgi [req-766b8aa3-b151-4255-b932-f5d75d68bb16 req-2d8d80eb-7daf-46d2-8d8a-9a18b27044f0 tempest-ServerRescueNegativeTestJSON-991109930 tempest-ServerRescueNegativeTestJSON-991109930-project] 10.222.0.69 "GET /v2.0/ports?device_id=40c681a7-02c9-437d-ab46-66f57499da7f HTTP/1.1" status: 200 len: 944 time: 0.0810125
Sep 08 16:36:13.540147 dv-cinder-790535-14-iscsi neutron-server[94082]: INFO neutron.wsgi [req-766b8aa3-b151-4255-b932-f5d75d68bb16 req-279cf076-2147-481d-bb8f-a5408ffd976b tempest-ServerRescueNegativeTestJSON-991109930 tempest-ServerRescueNegativeTestJSON-991109930-project] 10.222.0.69 "GET /v2.0/security-groups?id=4f5f1cb4-1763-47fb-8f0e-f7dcf0e62799&fields=id&fields=name HTTP/1.1" status: 200 len: 286 time: 0.0361459
Sep 08 16:36:13.556684 dv-cinder-790535-14-iscsi neutron-server[94083]: DEBUG neutron.wsgi [-] (94083) accepted ('10.222.0.69', 59578) {{(pid=94083) server /usr/local/lib/python3.8/dist-packages/eventlet/wsgi.py:982}}
Sep 08 16:36:13.594063 dv-cinder-790535-14-iscsi neutron-server[94083]: DEBUG neutron_lib.callbacks.manager [None req-c586c376-1c1f-4373-ab54-c5d17baf1390 admin admin] Notify callbacks [] for security_group, before_create {{(pid=94083) _notify_loop /usr/local/lib/python3.8/dist-packages/neutron_lib/callbacks/manager.py:192}}
Sep 08 16:36:13.609200 dv-cinder-790535-14-iscsi neutron-server[94084]: DEBUG neutron.notifiers.nova [-] Sending events: [{'server_uuid': '0386173e-32b2-4055-ba82-8c8fb675791a', 'name': 'network-vif-plugged', 'status': 'completed', 'tag': 'd7b7e0f9-fe8c-49d7-9101-c18fb8637760'}] {{(pid=94084) send_events /opt/stack/neutron/neutron/notifiers/nova.py:262}}
Sep 08 16:36:13.611733 dv-cinder-790535-14-iscsi neutron-server[94084]: DEBUG novaclient.v2.client [-] REQ: curl -g -i --cacert "/opt/stack/data/ca-bundle.pem" -X POST http://10.222.0.69/compute/v2.1/os-server-external-events -H "Accept: application/json" -H "Content-Type: application/json" -H "User-Agent: python-novaclient" -H "X-Auth-Token: {SHA256}7d3a5d94f61b49e9b7d10a9e3f65736c17f7377653c376c5a409a303fec454fa" -H "X-OpenStack-Nova-API-Version: 2.1" -H "X-OpenStack-Request-ID: req-dfb00fa8-f5d1-4d86-a81f-6b53d8d49007" -d '{"events": [{"server_uuid": "0386173e-32b2-4055-ba82-8c8fb675791a", "name": "network-vif-plugged", "status": "completed", "tag": "d7b7e0f9-fe8c-49d7-9101-c18fb8637760"}]}' {{(pid=94084) _http_log_request /usr/local/lib/python3.8/dist-packages/keystoneauth1/session.py:519}}
Sep 08 16:36:13.632101 dv-cinder-790535-14-iscsi neutron-server[94083]: DEBUG neutron.pecan_wsgi.hooks.policy_enforcement [req-7d583ea0-d5e7-4820-88d7-c584d22c9d87 req-4419d16f-fbfa-45b4-a70e-d233d70fa832 tempest-AttachVolumeNegativeTest-318378628 tempest-AttachVolumeNegativeTest-318378628-project] Attributes excluded by policy engine: ['standard_attr_id', 'binding:profile', 'binding:host_id', 'binding:vif_type', 'binding:vif_details'] {{(pid=94083) _exclude_attributes_by_policy /opt/stack/neutron/neutron/pecan_wsgi/hooks/policy_enforcement.py:255}}
Sep 08 16:36:13.633660 dv-cinder-790535-14-iscsi neutron-server[94083]: INFO neutron.wsgi [req-7d583ea0-d5e7-4820-88d7-c584d22c9d87 req-4419d16f-fbfa-45b4-a70e-d233d70fa832 tempest-AttachVolumeNegativeTest-318378628 tempest-AttachVolumeNegativeTest-318378628-project] 10.222.0.69 "GET /v2.0/ports?device_id=0386173e-32b2-4055-ba82-8c8fb675791a HTTP/1.1" status: 200 len: 945 time: 0.0829165
Sep 08 16:36:13.650181 dv-cinder-790535-14-iscsi neutron-server[94084]: DEBUG novaclient.v2.client [-] RESP: [200] Connection: close Content-Length: 183 Content-Type: application/json Date: Wed, 08 Sep 2021 16:36:13 GMT OpenStack-API-Version: compute 2.1 Server: Apache/2.4.41 (Ubuntu) Vary: OpenStack-API-Version,X-OpenStack-Nova-API-Version X-OpenStack-Nova-API-Version: 2.1 x-compute-request-id: req-c4c2fca6-b9ed-437f-bfe1-ddc72f90af16 x-openstack-request-id: req-c4c2fca6-b9ed-437f-bfe1-ddc72f90af16 {{(pid=94084) _http_log_response /usr/local/lib/python3.8/dist-packages/keystoneauth1/session.py:550}}
Sep 08 16:36:13.650473 dv-cinder-790535-14-iscsi neutron-server[94084]: DEBUG novaclient.v2.client [-] RESP BODY: {"events": [{"server_uuid": "0386173e-32b2-4055-ba82-8c8fb675791a", "name": "network-vif-plugged", "status": "completed", "tag": "d7b7e0f9-fe8c-49d7-9101-c18fb8637760", "code": 200}]} {{(pid=94084) _http_log_response /usr/local/lib/python3.8/dist-packages/keystoneauth1/session.py:582}}
Sep 08 16:36:13.650739 dv-cinder-790535-14-iscsi neutron-server[94084]: DEBUG novaclient.v2.client [-] POST call to compute for http://10.222.0.69/compute/v2.1/os-server-external-events used request id req-c4c2fca6-b9ed-437f-bfe1-ddc72f90af16 {{(pid=94084) request /usr/local/lib/python3.8/dist-packages/keystoneauth1/session.py:954}}
Sep 08 16:36:13.651226 dv-cinder-790535-14-iscsi neutron-server[94084]: INFO neutron.notifiers.nova [-] Nova event response: {'server_uuid': '0386173e-32b2-4055-ba82-8c8fb675791a', 'name': 'network-vif-plugged', 'status': 'completed', 'tag': 'd7b7e0f9-fe8c-49d7-9101-c18fb8637760', 'code': 200}
Sep 08 16:36:13.697831 dv-cinder-790535-14-iscsi neutron-server[94083]: INFO neutron.wsgi [req-7d583ea0-d5e7-4820-88d7-c584d22c9d87 req-6edaa2b4-db90-4c42-bb54-90d69e1845a2 tempest-AttachVolumeNegativeTest-318378628 tempest-AttachVolumeNegativeTest-318378628-project] 10.222.0.69 "GET /v2.0/security-groups?id=31a03790-51e6-438c-b788-e9a81f9e0450&fields=id&fields=name HTTP/1.1" status: 200 len: 286 time: 0.0575473
Sep 08 16:36:13.736173 dv-cinder-790535-14-iscsi neutron-server[94083]: DEBUG neutron_lib.callbacks.manager [None req-c586c376-1c1f-4373-ab54-c5d17baf1390 admin admin] Notify callbacks [] for security_group, precommit_create {{(pid=94083) _notify_loop /usr/local/lib/python3.8/dist-packages/neutron_lib/callbacks/manager.py:192}}
Sep 08 16:36:13.740072 dv-cinder-790535-14-iscsi neutron-server[94083]: DEBUG neutron_lib.callbacks.manager [None req-c586c376-1c1f-4373-ab54-c5d17baf1390 admin admin] Notify callbacks ['neutron.plugins.ml2.ovo_rpc._ObjectChangeHandler.handle_event-747737'] for security_group, after_create {{(pid=94083) _notify_loop /usr/local/lib/python3.8/dist-packages/neutron_lib/callbacks/manager.py:192}}
Sep 08 16:36:13.778954 dv-cinder-790535-14-iscsi neutron-server[94083]: INFO neutron.wsgi [None req-c586c376-1c1f-4373-ab54-c5d17baf1390 admin admin] 10.222.0.69 "GET /v2.0/security-groups?tenant_id=8ed2deb93d5a4a12b77b6fe179dea9d2&name=default HTTP/1.1" status: 200 len: 2979 time: 0.2210577
Sep 08 16:36:13.780016 dv-cinder-790535-14-iscsi neutron-server[94083]: DEBUG neutron.api.rpc.handlers.resources_rpc [None req-c586c376-1c1f-4373-ab54-c5d17baf1390 admin admin] Pushing event updated for resources: {'SecurityGroup': ['ID=619f9b1d-5c16-4001-8760-73b673c41bc5,revision_number=1']} {{(pid=94083) push /opt/stack/neutron/neutron/api/rpc/handlers/resources_rpc.py:237}}
Sep 08 16:36:13.782805 dv-cinder-790535-14-iscsi neutron-server[94082]: DEBUG neutron.wsgi [-] (94082) accepted ('10.222.0.69', 59586) {{(pid=94082) server /usr/local/lib/python3.8/dist-packages/eventlet/wsgi.py:982}}
Sep 08 16:36:13.833052 dv-cinder-790535-14-iscsi neutron-server[94082]: DEBUG neutron_lib.callbacks.manager [None req-f7dac755-b512-4de3-b420-69473b610f74 admin admin] Notify callbacks [] for security_group, before_delete {{(pid=94082) _notify_loop /usr/local/lib/python3.8/dist-packages/neutron_lib/callbacks/manager.py:192}}
Sep 08 16:36:13.854614 dv-cinder-790535-14-iscsi neutron-server[94082]: DEBUG neutron_lib.callbacks.manager [None req-f7dac755-b512-4de3-b420-69473b610f74 admin admin] Notify callbacks [] for security_group, precommit_delete {{(pid=94082) _notify_loop /usr/local/lib/python3.8/dist-packages/neutron_lib/callbacks/manager.py:192}}
Sep 08 16:36:13.906180 dv-cinder-790535-14-iscsi neutron-server[94082]: DEBUG neutron_lib.callbacks.manager [None req-f7dac755-b512-4de3-b420-69473b610f74 admin admin] Notify callbacks ['neutron.plugins.ml2.ovo_rpc._ObjectChangeHandler.handle_event-747737'] for security_group, after_delete {{(pid=94082) _notify_loop /usr/local/lib/python3.8/dist-packages/neutron_lib/callbacks/manager.py:192}}
Sep 08 16:36:13.908774 dv-cinder-790535-14-iscsi neutron-server[94082]: DEBUG neutron_lib.callbacks.manager [None req-f7dac755-b512-4de3-b420-69473b610f74 admin admin] Notify callbacks [] for security_group, before_response {{(pid=94082) _notify_loop /usr/local/lib/python3.8/dist-packages/neutron_lib/callbacks/manager.py:192}}
Sep 08 16:36:13.909947 dv-cinder-790535-14-iscsi neutron-server[94082]: INFO neutron.wsgi [None req-f7dac755-b512-4de3-b420-69473b610f74 admin admin] 10.222.0.69 "DELETE /v2.0/security-groups/619f9b1d-5c16-4001-8760-73b673c41bc5 HTTP/1.1" status: 204 len: 168 time: 0.1257002
Sep 08 16:36:13.918390 dv-cinder-790535-14-iscsi neutron-server[94082]: DEBUG neutron.api.rpc.handlers.resources_rpc [None req-f7dac755-b512-4de3-b420-69473b610f74 admin admin] Pushing event deleted for resources: {'SecurityGroup': ['ID=619f9b1d-5c16-4001-8760-73b673c41bc5,revision_number=None']} {{(pid=94082) push /opt/stack/neutron/neutron/api/rpc/handlers/resources_rpc.py:237}}
Sep 08 16:36:14.041756 dv-cinder-790535-14-iscsi neutron-server[94082]: DEBUG neutron.pecan_wsgi.hooks.policy_enforcement [req-4aab63b6-6bd3-45f5-b04c-4cefc9e53b63 req-ff4158da-25d1-4d96-b317-b85d2d05cb95 tempest-DeleteServersTestJSON-945290869 tempest-DeleteServersTestJSON-945290869-project] Attributes excluded by policy engine: ['standard_attr_id', 'binding:profile', 'binding:host_id', 'binding:vif_type', 'binding:vif_details'] {{(pid=94082) _exclude_attributes_by_policy /opt/stack/neutron/neutron/pecan_wsgi/hooks/policy_enforcement.py:255}}
Sep 08 16:36:14.043634 dv-cinder-790535-14-iscsi neutron-server[94082]: INFO neutron.wsgi [req-4aab63b6-6bd3-45f5-b04c-4cefc9e53b63 req-ff4158da-25d1-4d96-b317-b85d2d05cb95 tempest-DeleteServersTestJSON-945290869 tempest-DeleteServersTestJSON-945290869-project] 10.222.0.69 "GET /v2.0/ports?device_id=cca1d1c5-9590-4808-a279-bfdf7f6e3446 HTTP/1.1" status: 200 len: 946 time: 0.0584991
Sep 08 16:36:14.087951 dv-cinder-790535-14-iscsi neutron-server[94082]: INFO neutron.wsgi [req-4aab63b6-6bd3-45f5-b04c-4cefc9e53b63 req-78be4b9c-6d42-49fa-89b6-51db298b1835 tempest-DeleteServersTestJSON-945290869 tempest-DeleteServersTestJSON-945290869-project] 10.222.0.69 "GET /v2.0/security-groups?id=13fb97f8-a3a4-455c-9c48-cc3c08bff063&fields=id&fields=name HTTP/1.1" status: 200 len: 286 time: 0.0376122
Sep 08 16:36:14.288474 dv-cinder-790535-14-iscsi neutron-server[94083]: DEBUG neutron.pecan_wsgi.hooks.policy_enforcement [req-97a3e81c-b3ff-4295-aad9-880f16b11af0 req-6e5864d9-6fd5-4a57-853d-8fa78f190bf3 tempest-AttachVolumeShelveTestJSON-1205917400 tempest-AttachVolumeShelveTestJSON-1205917400-project] Attributes excluded by policy engine: ['standard_attr_id', 'binding:profile', 'binding:host_id', 'binding:vif_type', 'binding:vif_details'] {{(pid=94083) _exclude_attributes_by_policy /opt/stack/neutron/neutron/pecan_wsgi/hooks/policy_enforcement.py:255}}
Sep 08 16:36:14.290053 dv-cinder-790535-14-iscsi neutron-server[94083]: INFO neutron.wsgi [req-97a3e81c-b3ff-4295-aad9-880f16b11af0 req-6e5864d9-6fd5-4a57-853d-8fa78f190bf3 tempest-AttachVolumeShelveTestJSON-1205917400 tempest-AttachVolumeShelveTestJSON-1205917400-project] 10.222.0.69 "GET /v2.0/ports?device_id=1c663966-e457-4d6c-9626-26bec71d82d9 HTTP/1.1" status: 200 len: 944 time: 0.0494158
Sep 08 16:36:14.330586 dv-cinder-790535-14-iscsi neutron-server[94083]: INFO neutron.wsgi [req-97a3e81c-b3ff-4295-aad9-880f16b11af0 req-c319017b-45c0-4519-8eed-37da367d123a tempest-AttachVolumeShelveTestJSON-1205917400 tempest-AttachVolumeShelveTestJSON-1205917400-project] 10.222.0.69 "GET /v2.0/security-groups?id=4c72d469-41d5-40f3-b4a2-2700803712e5&fields=id&fields=name HTTP/1.1" status: 200 len: 313 time: 0.0335495
Sep 08 16:36:14.492623 dv-cinder-790535-14-iscsi neutron-server[94082]: DEBUG neutron.pecan_wsgi.hooks.policy_enforcement [req-c6ec4193-f058-40db-8757-def01ba6d3d4 req-261f6adf-c83e-477f-abcf-29c6252a0614 tempest-AttachVolumeTestJSON-1887289597 tempest-AttachVolumeTestJSON-1887289597-project] Attributes excluded by policy engine: ['standard_attr_id', 'binding:profile', 'binding:host_id', 'binding:vif_type', 'binding:vif_details'] {{(pid=94082) _exclude_attributes_by_policy /opt/stack/neutron/neutron/pecan_wsgi/hooks/policy_enforcement.py:255}}
Sep 08 16:36:14.493997 dv-cinder-790535-14-iscsi neutron-server[94082]: INFO neutron.wsgi [req-c6ec4193-f058-40db-8757-def01ba6d3d4 req-261f6adf-c83e-477f-abcf-29c6252a0614 tempest-AttachVolumeTestJSON-1887289597 tempest-AttachVolumeTestJSON-1887289597-project] 10.222.0.69 "GET /v2.0/ports?device_id=391cf96d-aafa-48af-a4ec-1830a6cfc2a2 HTTP/1.1" status: 200 len: 943 time: 0.0497220
Sep 08 16:36:14.537480 dv-cinder-790535-14-iscsi neutron-server[94082]: INFO neutron.wsgi [req-c6ec4193-f058-40db-8757-def01ba6d3d4 req-8a71d36f-5b5c-4d12-8d1c-317381afa563 tempest-AttachVolumeTestJSON-1887289597 tempest-AttachVolumeTestJSON-1887289597-project] 10.222.0.69 "GET /v2.0/security-groups?id=73c55b68-d8ce-4738-b967-49e22c92bd77&fields=id&fields=name HTTP/1.1" status: 200 len: 313 time: 0.0363185
Sep 08 16:36:14.548676 dv-cinder-790535-14-iscsi neutron-server[94084]: DEBUG neutron.plugins.ml2.rpc [None req-373f1147-3e12-4167-87e8-e5d94ee5b209 None None] Device e17c3881-d6fe-4e04-8750-7445ef308cd8 details requested by agent hyperv_hv-cinder-79053 with host hv-cinder-79053 {{(pid=94084) get_device_details /opt/stack/neutron/neutron/plugins/ml2/rpc.py:102}}
Sep 08 16:36:14.579486 dv-cinder-790535-14-iscsi neutron-server[94084]: DEBUG neutron_lib.callbacks.manager [None req-373f1147-3e12-4167-87e8-e5d94ee5b209 None None] Notify callbacks ['neutron.services.segments.db._update_segment_host_mapping_for_agent-8790707967627', 'neutron.plugins.ml2.plugin.Ml2Plugin._retry_binding_revived_agents-1776974'] for agent, after_update {{(pid=94084) _notify_loop /usr/local/lib/python3.8/dist-packages/neutron_lib/callbacks/manager.py:192}}
Sep 08 16:36:14.667700 dv-cinder-790535-14-iscsi neutron-server[94084]: DEBUG neutron.plugins.ml2.db [None req-373f1147-3e12-4167-87e8-e5d94ee5b209 None None] For port e17c3881-d6fe-4e04-8750-7445ef308cd8, host hv-cinder-79053, got binding levels [PortBindingLevel(driver='hyperv',host='hv-cinder-79053',level=0,port_id=e17c3881-d6fe-4e04-8750-7445ef308cd8,segment=NetworkSegment(242b69dc-0951-4bdf-9df7-9bd4972521ae),segment_id=242b69dc-0951-4bdf-9df7-9bd4972521ae)] {{(pid=94084) get_binding_level_objs /opt/stack/neutron/neutron/plugins/ml2/db.py:74}}
Sep 08 16:36:14.669572 dv-cinder-790535-14-iscsi neutron-server[94083]: DEBUG neutron.pecan_wsgi.hooks.policy_enforcement [req-bd19cc2e-790d-4b8e-b028-48312166d3dd req-10ae3868-f57b-49d6-8e55-8f75251e6667 tempest-ServerRescueNegativeTestJSON-991109930 tempest-ServerRescueNegativeTestJSON-991109930-project] Attributes excluded by policy engine: ['standard_attr_id', 'binding:profile', 'binding:host_id', 'binding:vif_type', 'binding:vif_details'] {{(pid=94083) _exclude_attributes_by_policy /opt/stack/neutron/neutron/pecan_wsgi/hooks/policy_enforcement.py:255}}
Sep 08 16:36:14.671361 dv-cinder-790535-14-iscsi neutron-server[94083]: INFO neutron.wsgi [req-bd19cc2e-790d-4b8e-b028-48312166d3dd req-10ae3868-f57b-49d6-8e55-8f75251e6667 tempest-ServerRescueNegativeTestJSON-991109930 tempest-ServerRescueNegativeTestJSON-991109930-project] 10.222.0.69 "GET /v2.0/ports?device_id=40c681a7-02c9-437d-ab46-66f57499da7f HTTP/1.1" status: 200 len: 944 time: 0.0544956
Sep 08 16:36:14.682011 dv-cinder-790535-14-iscsi neutron-server[94084]: DEBUG neutron.plugins.ml2.rpc [None req-373f1147-3e12-4167-87e8-e5d94ee5b209 None None] Returning: {'device': 'e17c3881-d6fe-4e04-8750-7445ef308cd8', 'network_id': '36f557e5-0efe-4eef-bced-be0bb3e3f756', 'port_id': 'e17c3881-d6fe-4e04-8750-7445ef308cd8', 'mac_address': 'fa:16:3e:fd:19:9a', 'admin_state_up': True, 'network_type': 'vlan', 'segmentation_id': 153, 'physical_network': 'physnet1', 'mtu': 1500, 'fixed_ips': [{'subnet_id': '3240b4ec-a6f2-4115-bd70-90b9d26d722b', 'ip_address': '172.20.0.14'}], 'device_owner': 'compute:nova', 'allowed_address_pairs': [], 'port_security_enabled': True, 'qos_policy_id': None, 'network_qos_policy_id': None, 'profile': {}, 'propagate_uplink_status': False} {{(pid=94084) _get_device_details /opt/stack/neutron/neutron/plugins/ml2/rpc.py:184}}
Sep 08 16:36:14.715405 dv-cinder-790535-14-iscsi neutron-server[94083]: INFO neutron.wsgi [req-bd19cc2e-790d-4b8e-b028-48312166d3dd req-3d5ddb17-8b93-470b-893e-6ba4bca2c967 tempest-ServerRescueNegativeTestJSON-991109930 tempest-ServerRescueNegativeTestJSON-991109930-project] 10.222.0.69 "GET /v2.0/security-groups?id=4f5f1cb4-1763-47fb-8f0e-f7dcf0e62799&fields=id&fields=name HTTP/1.1" status: 200 len: 286 time: 0.0378413
Sep 08 16:36:14.730984 dv-cinder-790535-14-iscsi neutron-server[94084]: DEBUG neutron_lib.callbacks.manager [None req-373f1147-3e12-4167-87e8-e5d94ee5b209 None None] Notify callbacks ['neutron.plugins.ml2.plugin.SecurityGroupDbMixin._ensure_default_security_group_handler-1712215'] for port, before_update {{(pid=94084) _notify_loop /usr/local/lib/python3.8/dist-packages/neutron_lib/callbacks/manager.py:192}}
Sep 08 16:36:14.748438 dv-cinder-790535-14-iscsi neutron-server[94084]: DEBUG neutron.notifiers.nova [None req-373f1147-3e12-4167-87e8-e5d94ee5b209 None None] Ignoring state change previous_port_status: DOWN current_port_status: BUILD port_id e17c3881-d6fe-4e04-8750-7445ef308cd8 {{(pid=94084) record_port_status_changed /opt/stack/neutron/neutron/notifiers/nova.py:224}}
Sep 08 16:36:14.771891 dv-cinder-790535-14-iscsi neutron-server[94084]: DEBUG neutron.plugins.ml2.db [None req-373f1147-3e12-4167-87e8-e5d94ee5b209 None None] For port e17c3881-d6fe-4e04-8750-7445ef308cd8, host hv-cinder-79053, got binding levels [PortBindingLevel(driver='hyperv',host='hv-cinder-79053',level=0,port_id=e17c3881-d6fe-4e04-8750-7445ef308cd8,segment=NetworkSegment(242b69dc-0951-4bdf-9df7-9bd4972521ae),segment_id=242b69dc-0951-4bdf-9df7-9bd4972521ae)] {{(pid=94084) get_binding_level_objs /opt/stack/neutron/neutron/plugins/ml2/db.py:74}}
Sep 08 16:36:14.780260 dv-cinder-790535-14-iscsi neutron-server[94084]: DEBUG neutron_lib.callbacks.manager [None req-373f1147-3e12-4167-87e8-e5d94ee5b209 None None] Notify callbacks ['neutron.plugins.ml2.plugin.SecurityGroupServerNotifierRpcMixin._notify_sg_on_port_change-1712152', 'neutron.plugins.ml2.ovo_rpc._ObjectChangeHandler.handle_event-95653', 'neutron.api.rpc.agentnotifiers.dhcp_rpc_agent_api.DhcpAgentNotifyAPI._native_event_send_dhcp_notification-528953', 'neutron.db.l3_db.L3RpcNotifierMixin._notify_gateway_port_ip_changed-8790708219670', 'neutron.db.l3_dvrscheduler_db._notify_l3_agent_port_update-8790707668179', 'neutron.db.l3_hascheduler_db._notify_l3_agent_ha_port_update-8790707668197'] for port, after_update {{(pid=94084) _notify_loop /usr/local/lib/python3.8/dist-packages/neutron_lib/callbacks/manager.py:192}}
Sep 08 16:36:14.781707 dv-cinder-790535-14-iscsi neutron-server[94084]: DEBUG neutron.plugins.ml2.rpc [None req-373f1147-3e12-4167-87e8-e5d94ee5b209 None None] Device 8772f1e6-a40e-4d12-9186-bd1a5f255db5 details requested by agent hyperv_hv-cinder-79053 with host hv-cinder-79053 {{(pid=94084) get_device_details /opt/stack/neutron/neutron/plugins/ml2/rpc.py:102}}
Sep 08 16:36:14.844439 dv-cinder-790535-14-iscsi neutron-server[94082]: DEBUG neutron.pecan_wsgi.hooks.policy_enforcement [req-820b2e4d-969f-4e1b-abcf-b5c84bbb3890 req-db10ddd6-104f-4a39-9083-592a4a505a03 tempest-AttachVolumeNegativeTest-318378628 tempest-AttachVolumeNegativeTest-318378628-project] Attributes excluded by policy engine: ['standard_attr_id', 'binding:profile', 'binding:host_id', 'binding:vif_type', 'binding:vif_details'] {{(pid=94082) _exclude_attributes_by_policy /opt/stack/neutron/neutron/pecan_wsgi/hooks/policy_enforcement.py:255}}
Sep 08 16:36:14.846520 dv-cinder-790535-14-iscsi neutron-server[94082]: INFO neutron.wsgi [req-820b2e4d-969f-4e1b-abcf-b5c84bbb3890 req-db10ddd6-104f-4a39-9083-592a4a505a03 tempest-AttachVolumeNegativeTest-318378628 tempest-AttachVolumeNegativeTest-318378628-project] 10.222.0.69 "GET /v2.0/ports?device_id=0386173e-32b2-4055-ba82-8c8fb675791a HTTP/1.1" status: 200 len: 945 time: 0.0587349
Sep 08 16:36:14.885700 dv-cinder-790535-14-iscsi neutron-server[94082]: INFO neutron.wsgi [req-820b2e4d-969f-4e1b-abcf-b5c84bbb3890 req-d0085e87-6f2e-41b0-8d95-1117b977cf36 tempest-AttachVolumeNegativeTest-318378628 tempest-AttachVolumeNegativeTest-318378628-project] 10.222.0.69 "GET /v2.0/security-groups?id=31a03790-51e6-438c-b788-e9a81f9e0450&fields=id&fields=name HTTP/1.1" status: 200 len: 286 time: 0.0332346
Sep 08 16:36:14.912970 dv-cinder-790535-14-iscsi neutron-server[94084]: DEBUG neutron.api.rpc.handlers.resources_rpc [None req-373f1147-3e12-4167-87e8-e5d94ee5b209 None None] Pushing event updated for resources: {'Port': ['ID=e17c3881-d6fe-4e04-8750-7445ef308cd8,revision_number=4']} {{(pid=94084) push /opt/stack/neutron/neutron/api/rpc/handlers/resources_rpc.py:237}}
Sep 08 16:36:14.928980 dv-cinder-790535-14-iscsi neutron-server[94084]: DEBUG neutron.plugins.ml2.db [None req-373f1147-3e12-4167-87e8-e5d94ee5b209 None None] For port 8772f1e6-a40e-4d12-9186-bd1a5f255db5, host hv-cinder-79053, got binding levels [PortBindingLevel(driver='hyperv',host='hv-cinder-79053',level=0,port_id=8772f1e6-a40e-4d12-9186-bd1a5f255db5,segment=NetworkSegment(36ca834f-8c39-4a3f-af4b-a1291b898cec),segment_id=36ca834f-8c39-4a3f-af4b-a1291b898cec)] {{(pid=94084) get_binding_level_objs /opt/stack/neutron/neutron/plugins/ml2/db.py:74}}
Sep 08 16:36:14.940387 dv-cinder-790535-14-iscsi neutron-server[94084]: DEBUG neutron.plugins.ml2.rpc [None req-373f1147-3e12-4167-87e8-e5d94ee5b209 None None] Returning: {'device': '8772f1e6-a40e-4d12-9186-bd1a5f255db5', 'network_id': 'd5885bf2-f857-4e7a-90de-683d9b947e27', 'port_id': '8772f1e6-a40e-4d12-9186-bd1a5f255db5', 'mac_address': 'fa:16:3e:8e:b4:fd', 'admin_state_up': True, 'network_type': 'vlan', 'segmentation_id': 173, 'physical_network': 'physnet1', 'mtu': 1500, 'fixed_ips': [{'subnet_id': '7c2d542b-edd8-4e91-896a-b3e1b00238ca', 'ip_address': '172.20.0.10'}], 'device_owner': 'compute:nova', 'allowed_address_pairs': [], 'port_security_enabled': True, 'qos_policy_id': None, 'network_qos_policy_id': None, 'profile': {}, 'propagate_uplink_status': False} {{(pid=94084) _get_device_details /opt/stack/neutron/neutron/plugins/ml2/rpc.py:184}}
Sep 08 16:36:14.978316 dv-cinder-790535-14-iscsi neutron-server[94084]: DEBUG neutron_lib.callbacks.manager [None req-373f1147-3e12-4167-87e8-e5d94ee5b209 None None] Notify callbacks ['neutron.plugins.ml2.plugin.SecurityGroupDbMixin._ensure_default_security_group_handler-1712215'] for port, before_update {{(pid=94084) _notify_loop /usr/local/lib/python3.8/dist-packages/neutron_lib/callbacks/manager.py:192}}
Sep 08 16:36:14.991953 dv-cinder-790535-14-iscsi neutron-server[94084]: DEBUG neutron.notifiers.nova [None req-373f1147-3e12-4167-87e8-e5d94ee5b209 None None] Ignoring state change previous_port_status: DOWN current_port_status: BUILD port_id 8772f1e6-a40e-4d12-9186-bd1a5f255db5 {{(pid=94084) record_port_status_changed /opt/stack/neutron/neutron/notifiers/nova.py:224}}
Sep 08 16:36:15.012929 dv-cinder-790535-14-iscsi neutron-server[94084]: DEBUG neutron.plugins.ml2.db [None req-373f1147-3e12-4167-87e8-e5d94ee5b209 None None] For port 8772f1e6-a40e-4d12-9186-bd1a5f255db5, host hv-cinder-79053, got binding levels [PortBindingLevel(driver='hyperv',host='hv-cinder-79053',level=0,port_id=8772f1e6-a40e-4d12-9186-bd1a5f255db5,segment=NetworkSegment(36ca834f-8c39-4a3f-af4b-a1291b898cec),segment_id=36ca834f-8c39-4a3f-af4b-a1291b898cec)] {{(pid=94084) get_binding_level_objs /opt/stack/neutron/neutron/plugins/ml2/db.py:74}}
Sep 08 16:36:15.017942 dv-cinder-790535-14-iscsi neutron-server[94084]: DEBUG neutron_lib.callbacks.manager [None req-373f1147-3e12-4167-87e8-e5d94ee5b209 None None] Notify callbacks ['neutron.plugins.ml2.plugin.SecurityGroupServerNotifierRpcMixin._notify_sg_on_port_change-1712152', 'neutron.plugins.ml2.ovo_rpc._ObjectChangeHandler.handle_event-95653', 'neutron.api.rpc.agentnotifiers.dhcp_rpc_agent_api.DhcpAgentNotifyAPI._native_event_send_dhcp_notification-528953', 'neutron.db.l3_db.L3RpcNotifierMixin._notify_gateway_port_ip_changed-8790708219670', 'neutron.db.l3_dvrscheduler_db._notify_l3_agent_port_update-8790707668179', 'neutron.db.l3_hascheduler_db._notify_l3_agent_ha_port_update-8790707668197'] for port, after_update {{(pid=94084) _notify_loop /usr/local/lib/python3.8/dist-packages/neutron_lib/callbacks/manager.py:192}}
Sep 08 16:36:15.076712 dv-cinder-790535-14-iscsi neutron-server[94084]: DEBUG neutron.api.rpc.handlers.resources_rpc [None req-373f1147-3e12-4167-87e8-e5d94ee5b209 None None] Pushing event updated for resources: {'Port': ['ID=8772f1e6-a40e-4d12-9186-bd1a5f255db5,revision_number=4']} {{(pid=94084) push /opt/stack/neutron/neutron/api/rpc/handlers/resources_rpc.py:237}}
Sep 08 16:36:15.210074 dv-cinder-790535-14-iscsi neutron-server[94083]: DEBUG neutron.pecan_wsgi.hooks.policy_enforcement [req-8ba60657-cc40-4c32-ab92-bb52fe5a3428 req-b429b484-d678-4e6c-8204-09269ff7947e tempest-DeleteServersTestJSON-945290869 tempest-DeleteServersTestJSON-945290869-project] Attributes excluded by policy engine: ['standard_attr_id', 'binding:profile', 'binding:host_id', 'binding:vif_type', 'binding:vif_details'] {{(pid=94083) _exclude_attributes_by_policy /opt/stack/neutron/neutron/pecan_wsgi/hooks/policy_enforcement.py:255}}
Sep 08 16:36:15.211643 dv-cinder-790535-14-iscsi neutron-server[94083]: INFO neutron.wsgi [req-8ba60657-cc40-4c32-ab92-bb52fe5a3428 req-b429b484-d678-4e6c-8204-09269ff7947e tempest-DeleteServersTestJSON-945290869 tempest-DeleteServersTestJSON-945290869-project] 10.222.0.69 "GET /v2.0/ports?device_id=cca1d1c5-9590-4808-a279-bfdf7f6e3446 HTTP/1.1" status: 200 len: 946 time: 0.0498483
Sep 08 16:36:15.251770 dv-cinder-790535-14-iscsi neutron-server[94083]: INFO neutron.wsgi [req-8ba60657-cc40-4c32-ab92-bb52fe5a3428 req-21d2f4a7-4642-4d5b-8e7a-6fde768a3778 tempest-DeleteServersTestJSON-945290869 tempest-DeleteServersTestJSON-945290869-project] 10.222.0.69 "GET /v2.0/security-groups?id=13fb97f8-a3a4-455c-9c48-cc3c08bff063&fields=id&fields=name HTTP/1.1" status: 200 len: 286 time: 0.0331738
Sep 08 16:36:15.453479 dv-cinder-790535-14-iscsi neutron-server[94082]: DEBUG neutron.pecan_wsgi.hooks.policy_enforcement [req-5e5fe276-06b4-49a7-8981-1b15f660c50d req-895b89b8-d158-497a-9084-3c5f6a9cafee tempest-AttachVolumeShelveTestJSON-1205917400 tempest-AttachVolumeShelveTestJSON-1205917400-project] Attributes excluded by policy engine: ['standard_attr_id', 'binding:profile', 'binding:host_id', 'binding:vif_type', 'binding:vif_details'] {{(pid=94082) _exclude_attributes_by_policy /opt/stack/neutron/neutron/pecan_wsgi/hooks/policy_enforcement.py:255}}
Sep 08 16:36:15.454985 dv-cinder-790535-14-iscsi neutron-server[94082]: INFO neutron.wsgi [req-5e5fe276-06b4-49a7-8981-1b15f660c50d req-895b89b8-d158-497a-9084-3c5f6a9cafee tempest-AttachVolumeShelveTestJSON-1205917400 tempest-AttachVolumeShelveTestJSON-1205917400-project] 10.222.0.69 "GET /v2.0/ports?device_id=1c663966-e457-4d6c-9626-26bec71d82d9 HTTP/1.1" status: 200 len: 945 time: 0.0480428
Sep 08 16:36:15.497328 dv-cinder-790535-14-iscsi neutron-server[94082]: INFO neutron.wsgi [req-5e5fe276-06b4-49a7-8981-1b15f660c50d req-29088d52-a361-4fda-8574-4a413f5fcc15 tempest-AttachVolumeShelveTestJSON-1205917400 tempest-AttachVolumeShelveTestJSON-1205917400-project] 10.222.0.69 "GET /v2.0/security-groups?id=4c72d469-41d5-40f3-b4a2-2700803712e5&fields=id&fields=name HTTP/1.1" status: 200 len: 313 time: 0.0363629
Sep 08 16:36:15.648850 dv-cinder-790535-14-iscsi neutron-server[94084]: DEBUG neutron.plugins.ml2.rpc [None req-373f1147-3e12-4167-87e8-e5d94ee5b209 None None] Device d891adba-d83a-4578-95a0-1b4dac1fbcfe details requested by agent hyperv_hv-cinder-79053 with host hv-cinder-79053 {{(pid=94084) get_device_details /opt/stack/neutron/neutron/plugins/ml2/rpc.py:102}}
Sep 08 16:36:15.660914 dv-cinder-790535-14-iscsi neutron-server[94083]: DEBUG neutron.pecan_wsgi.hooks.policy_enforcement [req-3fbf2566-9c66-40f9-b702-b87abcabeae6 req-3f4b2b6b-e177-461b-8691-a090a71fc3b4 tempest-AttachVolumeTestJSON-1887289597 tempest-AttachVolumeTestJSON-1887289597-project] Attributes excluded by policy engine: ['standard_attr_id', 'binding:profile', 'binding:host_id', 'binding:vif_type', 'binding:vif_details'] {{(pid=94083) _exclude_attributes_by_policy /opt/stack/neutron/neutron/pecan_wsgi/hooks/policy_enforcement.py:255}}
Sep 08 16:36:15.663146 dv-cinder-790535-14-iscsi neutron-server[94083]: INFO neutron.wsgi [req-3fbf2566-9c66-40f9-b702-b87abcabeae6 req-3f4b2b6b-e177-461b-8691-a090a71fc3b4 tempest-AttachVolumeTestJSON-1887289597 tempest-AttachVolumeTestJSON-1887289597-project] 10.222.0.69 "GET /v2.0/ports?device_id=391cf96d-aafa-48af-a4ec-1830a6cfc2a2 HTTP/1.1" status: 200 len: 943 time: 0.0561628
Sep 08 16:36:15.725876 dv-cinder-790535-14-iscsi neutron-server[94083]: INFO neutron.wsgi [req-3fbf2566-9c66-40f9-b702-b87abcabeae6 req-9f8432e5-3435-4430-95c6-0f7904ab084a tempest-AttachVolumeTestJSON-1887289597 tempest-AttachVolumeTestJSON-1887289597-project] 10.222.0.69 "GET /v2.0/security-groups?id=73c55b68-d8ce-4738-b967-49e22c92bd77&fields=id&fields=name HTTP/1.1" status: 200 len: 313 time: 0.0556188
Sep 08 16:36:15.774888 dv-cinder-790535-14-iscsi neutron-server[94084]: DEBUG neutron.plugins.ml2.db [None req-373f1147-3e12-4167-87e8-e5d94ee5b209 None None] For port d891adba-d83a-4578-95a0-1b4dac1fbcfe, host hv-cinder-79053, got binding levels [PortBindingLevel(driver='hyperv',host='hv-cinder-79053',level=0,port_id=d891adba-d83a-4578-95a0-1b4dac1fbcfe,segment=NetworkSegment(242b69dc-0951-4bdf-9df7-9bd4972521ae),segment_id=242b69dc-0951-4bdf-9df7-9bd4972521ae)] {{(pid=94084) get_binding_level_objs /opt/stack/neutron/neutron/plugins/ml2/db.py:74}}
Sep 08 16:36:15.788755 dv-cinder-790535-14-iscsi neutron-server[94084]: DEBUG neutron.plugins.ml2.rpc [None req-373f1147-3e12-4167-87e8-e5d94ee5b209 None None] Returning: {'device': 'd891adba-d83a-4578-95a0-1b4dac1fbcfe', 'network_id': '36f557e5-0efe-4eef-bced-be0bb3e3f756', 'port_id': 'd891adba-d83a-4578-95a0-1b4dac1fbcfe', 'mac_address': 'fa:16:3e:e5:01:60', 'admin_state_up': True, 'network_type': 'vlan', 'segmentation_id': 153, 'physical_network': 'physnet1', 'mtu': 1500, 'fixed_ips': [{'subnet_id': '3240b4ec-a6f2-4115-bd70-90b9d26d722b', 'ip_address': '172.20.0.13'}], 'device_owner': 'compute:nova', 'allowed_address_pairs': [], 'port_security_enabled': True, 'qos_policy_id': None, 'network_qos_policy_id': None, 'profile': {}, 'propagate_uplink_status': False} {{(pid=94084) _get_device_details /opt/stack/neutron/neutron/plugins/ml2/rpc.py:184}}
Sep 08 16:36:15.837086 dv-cinder-790535-14-iscsi neutron-server[94084]: DEBUG neutron_lib.callbacks.manager [None req-373f1147-3e12-4167-87e8-e5d94ee5b209 None None] Notify callbacks ['neutron.plugins.ml2.plugin.SecurityGroupDbMixin._ensure_default_security_group_handler-1712215'] for port, before_update {{(pid=94084) _notify_loop /usr/local/lib/python3.8/dist-packages/neutron_lib/callbacks/manager.py:192}}
Sep 08 16:36:15.851381 dv-cinder-790535-14-iscsi neutron-server[94084]: DEBUG neutron.notifiers.nova [None req-373f1147-3e12-4167-87e8-e5d94ee5b209 None None] Ignoring state change previous_port_status: DOWN current_port_status: BUILD port_id d891adba-d83a-4578-95a0-1b4dac1fbcfe {{(pid=94084) record_port_status_changed /opt/stack/neutron/neutron/notifiers/nova.py:224}}
Sep 08 16:36:15.856179 dv-cinder-790535-14-iscsi neutron-server[94082]: DEBUG neutron.pecan_wsgi.hooks.policy_enforcement [req-077b72eb-f212-46a1-bb55-a89a9f718b6c req-b5f31069-56ef-433a-b100-597c2e157b9f tempest-ServerRescueNegativeTestJSON-991109930 tempest-ServerRescueNegativeTestJSON-991109930-project] Attributes excluded by policy engine: ['standard_attr_id', 'binding:profile', 'binding:host_id', 'binding:vif_type', 'binding:vif_details'] {{(pid=94082) _exclude_attributes_by_policy /opt/stack/neutron/neutron/pecan_wsgi/hooks/policy_enforcement.py:255}}
Sep 08 16:36:15.858408 dv-cinder-790535-14-iscsi neutron-server[94082]: INFO neutron.wsgi [req-077b72eb-f212-46a1-bb55-a89a9f718b6c req-b5f31069-56ef-433a-b100-597c2e157b9f tempest-ServerRescueNegativeTestJSON-991109930 tempest-ServerRescueNegativeTestJSON-991109930-project] 10.222.0.69 "GET /v2.0/ports?device_id=40c681a7-02c9-437d-ab46-66f57499da7f HTTP/1.1" status: 200 len: 944 time: 0.0637469
Sep 08 16:36:15.887504 dv-cinder-790535-14-iscsi neutron-server[94084]: DEBUG neutron.plugins.ml2.db [None req-373f1147-3e12-4167-87e8-e5d94ee5b209 None None] For port d891adba-d83a-4578-95a0-1b4dac1fbcfe, host hv-cinder-79053, got binding levels [PortBindingLevel(driver='hyperv',host='hv-cinder-79053',level=0,port_id=d891adba-d83a-4578-95a0-1b4dac1fbcfe,segment=NetworkSegment(242b69dc-0951-4bdf-9df7-9bd4972521ae),segment_id=242b69dc-0951-4bdf-9df7-9bd4972521ae)] {{(pid=94084) get_binding_level_objs /opt/stack/neutron/neutron/plugins/ml2/db.py:74}}
Sep 08 16:36:15.896050 dv-cinder-790535-14-iscsi neutron-server[94084]: DEBUG neutron_lib.callbacks.manager [None req-373f1147-3e12-4167-87e8-e5d94ee5b209 None None] Notify callbacks ['neutron.plugins.ml2.plugin.SecurityGroupServerNotifierRpcMixin._notify_sg_on_port_change-1712152', 'neutron.plugins.ml2.ovo_rpc._ObjectChangeHandler.handle_event-95653', 'neutron.api.rpc.agentnotifiers.dhcp_rpc_agent_api.DhcpAgentNotifyAPI._native_event_send_dhcp_notification-528953', 'neutron.db.l3_db.L3RpcNotifierMixin._notify_gateway_port_ip_changed-8790708219670', 'neutron.db.l3_dvrscheduler_db._notify_l3_agent_port_update-8790707668179', 'neutron.db.l3_hascheduler_db._notify_l3_agent_ha_port_update-8790707668197'] for port, after_update {{(pid=94084) _notify_loop /usr/local/lib/python3.8/dist-packages/neutron_lib/callbacks/manager.py:192}}
Sep 08 16:36:15.925209 dv-cinder-790535-14-iscsi neutron-server[94082]: INFO neutron.wsgi [req-077b72eb-f212-46a1-bb55-a89a9f718b6c req-7b25ffa9-9e90-4dcb-88b9-fea10f4ce94e tempest-ServerRescueNegativeTestJSON-991109930 tempest-ServerRescueNegativeTestJSON-991109930-project] 10.222.0.69 "GET /v2.0/security-groups?id=4f5f1cb4-1763-47fb-8f0e-f7dcf0e62799&fields=id&fields=name HTTP/1.1" status: 200 len: 286 time: 0.0559914
Sep 08 16:36:15.960225 dv-cinder-790535-14-iscsi neutron-server[94084]: DEBUG neutron.api.rpc.handlers.resources_rpc [None req-373f1147-3e12-4167-87e8-e5d94ee5b209 None None] Pushing event updated for resources: {'Port': ['ID=d891adba-d83a-4578-95a0-1b4dac1fbcfe,revision_number=4']} {{(pid=94084) push /opt/stack/neutron/neutron/api/rpc/handlers/resources_rpc.py:237}}
Sep 08 16:36:16.042924 dv-cinder-790535-14-iscsi neutron-server[94083]: INFO neutron.wsgi [req-fe28691a-1e52-4e8e-bf5c-3166d676755b req-4081786b-bfa6-4d29-af60-7273c930c855 service neutron] 10.222.0.38 "GET /v2.0/floatingips?fixed_ip_address=172.20.0.9&port_id=3b6ec9fd-1364-48dd-9793-1a558b78f7d8 HTTP/1.1" status: 200 len: 217 time: 0.1086705
Sep 08 16:36:16.057682 dv-cinder-790535-14-iscsi neutron-server[94084]: DEBUG neutron.plugins.ml2.db [None req-373f1147-3e12-4167-87e8-e5d94ee5b209 None None] get_ports_and_sgs() called for port_ids ['e17c3881-d6fe-4e04-8750-7445ef308cd8'] {{(pid=94084) get_ports_and_sgs /opt/stack/neutron/neutron/plugins/ml2/db.py:156}}
Sep 08 16:36:16.117082 dv-cinder-790535-14-iscsi neutron-server[94084]: DEBUG neutron.plugins.ml2.db [None req-373f1147-3e12-4167-87e8-e5d94ee5b209 None None] get_ports_and_sgs() called for port_ids ['8772f1e6-a40e-4d12-9186-bd1a5f255db5'] {{(pid=94084) get_ports_and_sgs /opt/stack/neutron/neutron/plugins/ml2/db.py:156}}
Sep 08 16:36:16.195633 dv-cinder-790535-14-iscsi neutron-server[94083]: DEBUG neutron.pecan_wsgi.hooks.policy_enforcement [req-9bbe36af-e43b-4e59-b049-693688cac951 req-7e75b1ae-bec9-470b-9dfb-7d890692a116 tempest-AttachVolumeNegativeTest-318378628 tempest-AttachVolumeNegativeTest-318378628-project] Attributes excluded by policy engine: ['standard_attr_id', 'binding:profile', 'binding:host_id', 'binding:vif_type', 'binding:vif_details'] {{(pid=94083) _exclude_attributes_by_policy /opt/stack/neutron/neutron/pecan_wsgi/hooks/policy_enforcement.py:255}}
Sep 08 16:36:16.207377 dv-cinder-790535-14-iscsi neutron-server[94083]: INFO neutron.wsgi [req-9bbe36af-e43b-4e59-b049-693688cac951 req-7e75b1ae-bec9-470b-9dfb-7d890692a116 tempest-AttachVolumeNegativeTest-318378628 tempest-AttachVolumeNegativeTest-318378628-project] 10.222.0.69 "GET /v2.0/ports?device_id=0386173e-32b2-4055-ba82-8c8fb675791a HTTP/1.1" status: 200 len: 945 time: 0.1963167
Sep 08 16:36:16.227599 dv-cinder-790535-14-iscsi neutron-server[94083]: DEBUG neutron.pecan_wsgi.hooks.policy_enforcement [req-fe28691a-1e52-4e8e-bf5c-3166d676755b req-1165dcda-1539-424b-bdca-178b02928f48 service neutron] Attributes excluded by policy engine: ['standard_attr_id', 'shared'] {{(pid=94083) _exclude_attributes_by_policy /opt/stack/neutron/neutron/pecan_wsgi/hooks/policy_enforcement.py:255}}
Sep 08 16:36:16.231790 dv-cinder-790535-14-iscsi neutron-server[94083]: INFO neutron.wsgi [req-fe28691a-1e52-4e8e-bf5c-3166d676755b req-1165dcda-1539-424b-bdca-178b02928f48 service neutron] 10.222.0.38 "GET /v2.0/subnets?id=b6d36cc4-a584-42c7-8bfb-f5e3b5c0c549 HTTP/1.1" status: 200 len: 850 time: 0.1736839
Sep 08 16:36:16.327878 dv-cinder-790535-14-iscsi neutron-server[94083]: INFO neutron.wsgi [req-9594f6e4-0a33-4f8c-ac1f-9f337bbcaee8 req-94dc955a-c264-48d9-8b34-b9a7b773028e service neutron] 10.222.0.38 "GET /v2.0/networks/36f557e5-0efe-4eef-bced-be0bb3e3f756?fields=provider%3Aphysical_network&fields=provider%3Anetwork_type HTTP/1.1" status: 200 len: 281 time: 0.3153400
Sep 08 16:36:16.344378 dv-cinder-790535-14-iscsi neutron-server[94083]: DEBUG neutron.pecan_wsgi.hooks.policy_enforcement [req-2ae9288b-6455-4227-af5a-a0a819fb197f req-ae032968-6bb1-4cad-a95c-c0c6d7ca35f5 service neutron] Attributes excluded by policy engine: ['standard_attr_id'] {{(pid=94083) _exclude_attributes_by_policy /opt/stack/neutron/neutron/pecan_wsgi/hooks/policy_enforcement.py:255}}
Sep 08 16:36:16.346154 dv-cinder-790535-14-iscsi neutron-server[94083]: INFO neutron.wsgi [req-2ae9288b-6455-4227-af5a-a0a819fb197f req-ae032968-6bb1-4cad-a95c-c0c6d7ca35f5 service neutron] 10.222.0.38 "GET /v2.0/ports?device_id=0386173e-32b2-4055-ba82-8c8fb675791a HTTP/1.1" status: 200 len: 1098 time: 0.1308618
Sep 08 16:36:16.369649 dv-cinder-790535-14-iscsi neutron-server[94084]: DEBUG neutron.plugins.ml2.db [None req-373f1147-3e12-4167-87e8-e5d94ee5b209 None None] get_ports_and_sgs() called for port_ids ['d891adba-d83a-4578-95a0-1b4dac1fbcfe'] {{(pid=94084) get_ports_and_sgs /opt/stack/neutron/neutron/plugins/ml2/db.py:156}}
Sep 08 16:36:16.410356 dv-cinder-790535-14-iscsi neutron-server[94083]: INFO neutron.wsgi [req-9bbe36af-e43b-4e59-b049-693688cac951 req-0935d4d8-b1f6-490e-befb-eefc13c18522 tempest-AttachVolumeNegativeTest-318378628 tempest-AttachVolumeNegativeTest-318378628-project] 10.222.0.69 "GET /v2.0/security-groups?id=31a03790-51e6-438c-b788-e9a81f9e0450&fields=id&fields=name HTTP/1.1" status: 200 len: 286 time: 0.1981149
Sep 08 16:36:16.415045 dv-cinder-790535-14-iscsi neutron-server[94082]: DEBUG neutron.pecan_wsgi.hooks.policy_enforcement [req-2eaf064a-6aca-415c-a32f-1e8437522d1e req-07d54bc4-3f11-4091-a92d-9c9e7a557c52 tempest-DeleteServersTestJSON-945290869 tempest-DeleteServersTestJSON-945290869-project] Attributes excluded by policy engine: ['standard_attr_id', 'binding:profile', 'binding:host_id', 'binding:vif_type', 'binding:vif_details'] {{(pid=94082) _exclude_attributes_by_policy /opt/stack/neutron/neutron/pecan_wsgi/hooks/policy_enforcement.py:255}}
Sep 08 16:36:16.423389 dv-cinder-790535-14-iscsi neutron-server[94083]: DEBUG neutron.pecan_wsgi.hooks.policy_enforcement [req-fe28691a-1e52-4e8e-bf5c-3166d676755b req-26ae6075-4ca9-4cbe-af7a-baf467cd9551 service neutron] Attributes excluded by policy engine: ['standard_attr_id'] {{(pid=94083) _exclude_attributes_by_policy /opt/stack/neutron/neutron/pecan_wsgi/hooks/policy_enforcement.py:255}}
Sep 08 16:36:16.425292 dv-cinder-790535-14-iscsi neutron-server[94083]: INFO neutron.wsgi [req-fe28691a-1e52-4e8e-bf5c-3166d676755b req-26ae6075-4ca9-4cbe-af7a-baf467cd9551 service neutron] 10.222.0.38 "GET /v2.0/ports?network_id=f9db32ff-f404-4a60-9a66-c9419aa017aa&device_owner=network%3Adhcp HTTP/1.1" status: 200 len: 1176 time: 0.1545136
Sep 08 16:36:16.427169 dv-cinder-790535-14-iscsi neutron-server[94082]: INFO neutron.wsgi [req-2eaf064a-6aca-415c-a32f-1e8437522d1e req-07d54bc4-3f11-4091-a92d-9c9e7a557c52 tempest-DeleteServersTestJSON-945290869 tempest-DeleteServersTestJSON-945290869-project] 10.222.0.69 "GET /v2.0/ports?device_id=cca1d1c5-9590-4808-a279-bfdf7f6e3446 HTTP/1.1" status: 200 len: 946 time: 0.0912266
Sep 08 16:36:16.427822 dv-cinder-790535-14-iscsi neutron-server[94083]: INFO neutron.wsgi [req-2ae9288b-6455-4227-af5a-a0a819fb197f req-839a37e4-12e0-44a1-8218-bcbd360c2d58 service neutron] 10.222.0.38 "GET /v2.0/security-groups?id=31a03790-51e6-438c-b788-e9a81f9e0450&fields=id&fields=name HTTP/1.1" status: 200 len: 286 time: 0.0566666
Sep 08 16:36:16.517226 dv-cinder-790535-14-iscsi neutron-server[94082]: INFO neutron.wsgi [req-2eaf064a-6aca-415c-a32f-1e8437522d1e req-3fd33b7d-137b-4637-ade1-768f6f4b2469 tempest-DeleteServersTestJSON-945290869 tempest-DeleteServersTestJSON-945290869-project] 10.222.0.69 "GET /v2.0/security-groups?id=13fb97f8-a3a4-455c-9c48-cc3c08bff063&fields=id&fields=name HTTP/1.1" status: 200 len: 286 time: 0.0842593
Sep 08 16:36:16.538223 dv-cinder-790535-14-iscsi neutron-server[94083]: INFO neutron.wsgi [req-fe28691a-1e52-4e8e-bf5c-3166d676755b req-13045fc7-bae0-4eae-ab9f-29b7b39f2958 service neutron] 10.222.0.38 "GET /v2.0/networks/f9db32ff-f404-4a60-9a66-c9419aa017aa?fields=segments HTTP/1.1" status: 200 len: 212 time: 0.1043060
Sep 08 16:36:16.649220 dv-cinder-790535-14-iscsi neutron-server[94083]: DEBUG neutron.pecan_wsgi.hooks.policy_enforcement [req-8023091e-b0db-4411-93dd-712314fe2b14 req-4c9bb2ca-a5ff-4075-9c29-b5452702ddc0 tempest-AttachVolumeShelveTestJSON-1205917400 tempest-AttachVolumeShelveTestJSON-1205917400-project] Attributes excluded by policy engine: ['standard_attr_id', 'binding:profile', 'binding:host_id', 'binding:vif_type', 'binding:vif_details'] {{(pid=94083) _exclude_attributes_by_policy /opt/stack/neutron/neutron/pecan_wsgi/hooks/policy_enforcement.py:255}}
Sep 08 16:36:16.650834 dv-cinder-790535-14-iscsi neutron-server[94083]: INFO neutron.wsgi [req-8023091e-b0db-4411-93dd-712314fe2b14 req-4c9bb2ca-a5ff-4075-9c29-b5452702ddc0 tempest-AttachVolumeShelveTestJSON-1205917400 tempest-AttachVolumeShelveTestJSON-1205917400-project] 10.222.0.69 "GET /v2.0/ports?device_id=1c663966-e457-4d6c-9626-26bec71d82d9 HTTP/1.1" status: 200 len: 945 time: 0.0649967
Sep 08 16:36:16.696550 dv-cinder-790535-14-iscsi neutron-server[94083]: INFO neutron.wsgi [req-8023091e-b0db-4411-93dd-712314fe2b14 req-a0ae83f8-91f7-4e2a-ac97-4e1de9b3ce3e tempest-AttachVolumeShelveTestJSON-1205917400 tempest-AttachVolumeShelveTestJSON-1205917400-project] 10.222.0.69 "GET /v2.0/security-groups?id=4c72d469-41d5-40f3-b4a2-2700803712e5&fields=id&fields=name HTTP/1.1" status: 200 len: 313 time: 0.0376947
Sep 08 16:36:16.815319 dv-cinder-790535-14-iscsi neutron-server[94083]: INFO neutron.wsgi [req-fe28691a-1e52-4e8e-bf5c-3166d676755b req-f7ccd9e8-e3f0-45a6-af7d-33173f2ee9be service neutron] 10.222.0.38 "GET /v2.0/networks/f9db32ff-f404-4a60-9a66-c9419aa017aa?fields=provider%3Aphysical_network&fields=provider%3Anetwork_type HTTP/1.1" status: 200 len: 281 time: 0.1076140
Sep 08 16:36:16.856158 dv-cinder-790535-14-iscsi neutron-server[94082]: DEBUG neutron.pecan_wsgi.hooks.policy_enforcement [req-05d64b8e-af1a-460d-9e49-a484a749fa3e req-223c4fc8-925c-4250-b310-c4978980bb4b tempest-AttachVolumeTestJSON-1887289597 tempest-AttachVolumeTestJSON-1887289597-project] Attributes excluded by policy engine: ['standard_attr_id', 'binding:profile', 'binding:host_id', 'binding:vif_type', 'binding:vif_details'] {{(pid=94082) _exclude_attributes_by_policy /opt/stack/neutron/neutron/pecan_wsgi/hooks/policy_enforcement.py:255}}
Sep 08 16:36:16.858064 dv-cinder-790535-14-iscsi neutron-server[94082]: INFO neutron.wsgi [req-05d64b8e-af1a-460d-9e49-a484a749fa3e req-223c4fc8-925c-4250-b310-c4978980bb4b tempest-AttachVolumeTestJSON-1887289597 tempest-AttachVolumeTestJSON-1887289597-project] 10.222.0.69 "GET /v2.0/ports?device_id=391cf96d-aafa-48af-a4ec-1830a6cfc2a2 HTTP/1.1" status: 200 len: 943 time: 0.0595386
Sep 08 16:36:16.904920 dv-cinder-790535-14-iscsi neutron-server[94082]: INFO neutron.wsgi [req-05d64b8e-af1a-460d-9e49-a484a749fa3e req-271e6326-0df9-4f2d-803d-5c3b3aee4a0a tempest-AttachVolumeTestJSON-1887289597 tempest-AttachVolumeTestJSON-1887289597-project] 10.222.0.69 "GET /v2.0/security-groups?id=73c55b68-d8ce-4738-b967-49e22c92bd77&fields=id&fields=name HTTP/1.1" status: 200 len: 313 time: 0.0398624
Sep 08 16:36:16.977416 dv-cinder-790535-14-iscsi neutron-server[94083]: DEBUG neutron.pecan_wsgi.hooks.policy_enforcement [req-f80cd246-0013-4c20-a184-309c53a5a473 req-d972bf67-90f3-4a33-8efb-82fd223d2433 service neutron] Attributes excluded by policy engine: ['standard_attr_id'] {{(pid=94083) _exclude_attributes_by_policy /opt/stack/neutron/neutron/pecan_wsgi/hooks/policy_enforcement.py:255}}
Sep 08 16:36:16.978910 dv-cinder-790535-14-iscsi neutron-server[94083]: INFO neutron.wsgi [req-f80cd246-0013-4c20-a184-309c53a5a473 req-d972bf67-90f3-4a33-8efb-82fd223d2433 service neutron] 10.222.0.38 "GET /v2.0/ports?tenant_id=1c557bacc0f34ebebe377a14efbe9c0d&device_id=391cf96d-aafa-48af-a4ec-1830a6cfc2a2 HTTP/1.1" status: 200 len: 1096 time: 0.0463593
Sep 08 16:36:17.108164 dv-cinder-790535-14-iscsi neutron-server[94083]: DEBUG neutron.pecan_wsgi.hooks.policy_enforcement [req-35c57266-de41-4b28-9904-221173669343 req-021d7b37-400e-44f1-926b-85508a94742a tempest-ServerRescueNegativeTestJSON-991109930 tempest-ServerRescueNegativeTestJSON-991109930-project] Attributes excluded by policy engine: ['standard_attr_id', 'binding:profile', 'binding:host_id', 'binding:vif_type', 'binding:vif_details'] {{(pid=94083) _exclude_attributes_by_policy /opt/stack/neutron/neutron/pecan_wsgi/hooks/policy_enforcement.py:255}}
Sep 08 16:36:17.109549 dv-cinder-790535-14-iscsi neutron-server[94083]: INFO neutron.wsgi [req-35c57266-de41-4b28-9904-221173669343 req-021d7b37-400e-44f1-926b-85508a94742a tempest-ServerRescueNegativeTestJSON-991109930 tempest-ServerRescueNegativeTestJSON-991109930-project] 10.222.0.69 "GET /v2.0/ports?device_id=40c681a7-02c9-437d-ab46-66f57499da7f HTTP/1.1" status: 200 len: 945 time: 0.1033857
Sep 08 16:36:17.125109 dv-cinder-790535-14-iscsi neutron-server[94083]: DEBUG neutron.pecan_wsgi.hooks.policy_enforcement [req-f80cd246-0013-4c20-a184-309c53a5a473 req-deed1aaf-dbe3-49de-bdbe-d4c34da3307f service neutron] Attributes excluded by policy engine: ['standard_attr_id', 'vlan_transparent'] {{(pid=94083) _exclude_attributes_by_policy /opt/stack/neutron/neutron/pecan_wsgi/hooks/policy_enforcement.py:255}}
Sep 08 16:36:17.126486 dv-cinder-790535-14-iscsi neutron-server[94083]: INFO neutron.wsgi [req-f80cd246-0013-4c20-a184-309c53a5a473 req-deed1aaf-dbe3-49de-bdbe-d4c34da3307f service neutron] 10.222.0.38 "GET /v2.0/networks?id=f9db32ff-f404-4a60-9a66-c9419aa017aa HTTP/1.1" status: 200 len: 912 time: 0.1384966
Sep 08 16:36:17.172173 dv-cinder-790535-14-iscsi neutron-server[94083]: INFO neutron.wsgi [req-f80cd246-0013-4c20-a184-309c53a5a473 req-5bb2bcff-b742-4563-8eef-ccb969b7c11b service neutron] 10.222.0.38 "GET /v2.0/floatingips?fixed_ip_address=172.20.0.9&port_id=3b6ec9fd-1364-48dd-9793-1a558b78f7d8 HTTP/1.1" status: 200 len: 217 time: 0.0355084
Sep 08 16:36:17.191261 dv-cinder-790535-14-iscsi neutron-server[94083]: INFO neutron.wsgi [req-35c57266-de41-4b28-9904-221173669343 req-83065e2b-814b-4dc5-a898-fc3cded5926b tempest-ServerRescueNegativeTestJSON-991109930 tempest-ServerRescueNegativeTestJSON-991109930-project] 10.222.0.69 "GET /v2.0/security-groups?id=4f5f1cb4-1763-47fb-8f0e-f7dcf0e62799&fields=id&fields=name HTTP/1.1" status: 200 len: 286 time: 0.0742252
Sep 08 16:36:17.232540 dv-cinder-790535-14-iscsi neutron-server[94083]: DEBUG neutron.pecan_wsgi.hooks.policy_enforcement [req-f80cd246-0013-4c20-a184-309c53a5a473 req-8e4bb2de-e0f2-4259-8b09-a4cc48a02660 service neutron] Attributes excluded by policy engine: ['standard_attr_id', 'shared'] {{(pid=94083) _exclude_attributes_by_policy /opt/stack/neutron/neutron/pecan_wsgi/hooks/policy_enforcement.py:255}}
