Sep 08 16:27:09.052426 dv-cinder-790535-14-iscsi devstack@n-api.service[93388]: WARNING keystonemiddleware.auth_token [None req-110d911c-64d9-42ba-9fdc-5fd97858e602 None None] Configuring www_authenticate_uri to point to the public identity endpoint is required; clients may not be able to authenticate against an admin endpoint
Sep 08 16:27:09.399514 dv-cinder-790535-14-iscsi devstack@n-api.service[93389]: WARNING keystonemiddleware.auth_token [None req-008e6155-69f8-4aa7-b14f-8e4b372240b7 None None] AuthToken middleware is set with keystone_authtoken.service_token_roles_required set to False. This is backwards compatible but deprecated behaviour. Please set this to True.
Sep 08 16:27:09.400562 dv-cinder-790535-14-iscsi devstack@n-api.service[93388]: WARNING keystonemiddleware.auth_token [None req-110d911c-64d9-42ba-9fdc-5fd97858e602 None None] AuthToken middleware is set with keystone_authtoken.service_token_roles_required set to False. This is backwards compatible but deprecated behaviour. Please set this to True.
Sep 08 16:27:09.404801 dv-cinder-790535-14-iscsi devstack@n-api.service[93389]: WARNING keystonemiddleware.auth_token [None req-008e6155-69f8-4aa7-b14f-8e4b372240b7 None None] Configuring www_authenticate_uri to point to the public identity endpoint is required; clients may not be able to authenticate against an admin endpoint
Sep 08 16:27:09.405910 dv-cinder-790535-14-iscsi devstack@n-api.service[93388]: WARNING keystonemiddleware.auth_token [None req-110d911c-64d9-42ba-9fdc-5fd97858e602 None None] Configuring www_authenticate_uri to point to the public identity endpoint is required; clients may not be able to authenticate against an admin endpoint
Sep 08 16:27:09.410893 dv-cinder-790535-14-iscsi devstack@n-api.service[93389]: WSGI app 0 (mountpoint='') ready in 6 seconds on interpreter 0x55de8be2a9c0 pid: 93389 (default app)
Sep 08 16:27:09.412044 dv-cinder-790535-14-iscsi devstack@n-api.service[93388]: WSGI app 0 (mountpoint='') ready in 6 seconds on interpreter 0x55de8be2a9c0 pid: 93388 (default app)
Sep 08 16:27:09.413333 dv-cinder-790535-14-iscsi devstack@n-api.service[93389]: DEBUG nova.api.openstack.wsgi [None req-008e6155-69f8-4aa7-b14f-8e4b372240b7 None None] Calling method '>' {{(pid=93389) _process_stack /opt/stack/nova/nova/api/openstack/wsgi.py:513}}
Sep 08 16:27:09.414517 dv-cinder-790535-14-iscsi devstack@n-api.service[93389]: INFO nova.api.openstack.requestlog [None req-008e6155-69f8-4aa7-b14f-8e4b372240b7 None None] 10.222.0.69 "GET /compute/v2.1/" status: 200 len: 388 microversion: 2.1 time: 0.002068
Sep 08 16:27:09.414966 dv-cinder-790535-14-iscsi devstack@n-api.service[93389]: [pid: 93389|app: 0|req: 1/1] 10.222.0.69 () {50 vars in 789 bytes} [Wed Sep 8 16:27:09 2021] GET /compute/v2.1/ => generated 388 bytes in 3 msecs (HTTP/1.1 200) 9 headers in 357 bytes (1 switches on core 0)
Sep 08 16:28:31.953764 dv-cinder-790535-14-iscsi devstack@n-api.service[93388]: DEBUG nova.api.openstack.wsgi [None req-110d911c-64d9-42ba-9fdc-5fd97858e602 None None] Calling method '>' {{(pid=93388) _process_stack /opt/stack/nova/nova/api/openstack/wsgi.py:513}}
Sep 08 16:28:31.955259 dv-cinder-790535-14-iscsi devstack@n-api.service[93388]: INFO nova.api.openstack.requestlog [None req-110d911c-64d9-42ba-9fdc-5fd97858e602 None None] 10.222.0.69 "GET /compute/v2.1" status: 200 len: 388 microversion: 2.1 time: 0.002238
Sep 08 16:28:31.955923 dv-cinder-790535-14-iscsi devstack@n-api.service[93388]: [pid: 93388|app: 0|req: 1/2] 10.222.0.69 () {54 vars in 931 bytes} [Wed Sep 8 16:28:31 2021] GET /compute/v2.1 => generated 388 bytes in 4 msecs (HTTP/1.1 200) 9 headers in 357 bytes (1 switches on core 0)
Sep 08 16:28:32.390128 dv-cinder-790535-14-iscsi devstack@n-api.service[93389]: DEBUG nova.api.openstack.wsgi [None req-a95b629d-c689-4c6f-84f7-b1d229acb673 admin admin] Calling method '>' {{(pid=93389) _process_stack /opt/stack/nova/nova/api/openstack/wsgi.py:513}}
Sep 08 16:28:32.421573 dv-cinder-790535-14-iscsi devstack@n-api.service[93389]: INFO nova.api.openstack.requestlog [None req-a95b629d-c689-4c6f-84f7-b1d229acb673 admin admin] 10.222.0.69 "GET /compute/v2.1/flavors/detail?is_public=True" status: 200 len: 15 microversion: 2.61 time: 0.457874
Sep 08 16:28:32.421573 dv-cinder-790535-14-iscsi devstack@n-api.service[93389]: [pid: 93389|app: 0|req: 2/3] 10.222.0.69 () {60 vars in 1292 bytes} [Wed Sep 8 16:28:31 2021] GET /compute/v2.1/flavors/detail?is_public=True => generated 15 bytes in 459 msecs (HTTP/1.1 200) 9 headers in 358 bytes (1 switches on core 0)
Sep 08 16:28:34.665400 dv-cinder-790535-14-iscsi devstack@n-api.service[93388]: DEBUG nova.api.openstack.wsgi [None req-110d911c-64d9-42ba-9fdc-5fd97858e602 None None] Calling method '>' {{(pid=93388) _process_stack /opt/stack/nova/nova/api/openstack/wsgi.py:513}}
Sep 08 16:28:34.667384 dv-cinder-790535-14-iscsi devstack@n-api.service[93388]: INFO nova.api.openstack.requestlog [None req-110d911c-64d9-42ba-9fdc-5fd97858e602 None None] 10.222.0.69 "GET /compute/v2.1" status: 200 len: 388 microversion: 2.1 time: 0.002447
Sep 08 16:28:34.667929 dv-cinder-790535-14-iscsi devstack@n-api.service[93388]: [pid: 93388|app: 0|req: 2/4] 10.222.0.69 () {54 vars in 931 bytes} [Wed Sep 8 16:28:34 2021] GET /compute/v2.1 => generated 388 bytes in 4 msecs (HTTP/1.1 200) 9 headers in 357 bytes (1 switches on core 0)
Sep 08 16:28:34.727735 dv-cinder-790535-14-iscsi devstack@n-api.service[93389]: DEBUG nova.api.openstack.wsgi [None req-4b5af520-0400-4f2c-81cb-47287be605d4 admin admin] Action: 'create', calling method: >, body: {"flavor": {"swap": 0, "vcpus": 1, "os-flavor-access:is_public": true, "id": "c1", "disk": 1, "rxtx_factor": 1.0, "name": "cirros256", "OS-FLV-EXT-DATA:ephemeral": 0, "ram": 256}} {{(pid=93389) _process_stack /opt/stack/nova/nova/api/openstack/wsgi.py:511}}
Sep 08 16:28:34.746411 dv-cinder-790535-14-iscsi devstack@n-api.service[93389]: /usr/local/lib/python3.8/dist-packages/oslo_policy/policy.py:1064: UserWarning: Policy os_compute_api:os-flavor-manage:create failed scope check. The token used to make the request was project scoped but the policy requires ['system'] scope. This behavior may change in the future where using the intended scope is required
Sep 08 16:28:34.746411 dv-cinder-790535-14-iscsi devstack@n-api.service[93389]: warnings.warn(msg)
Sep 08 16:28:34.779668 dv-cinder-790535-14-iscsi devstack@n-api.service[93389]: INFO nova.api.openstack.requestlog [None req-4b5af520-0400-4f2c-81cb-47287be605d4 admin admin] 10.222.0.69 "POST /compute/v2.1/flavors" status: 200 len: 407 microversion: 2.61 time: 0.104161
Sep 08 16:28:34.780703 dv-cinder-790535-14-iscsi devstack@n-api.service[93389]: [pid: 93389|app: 0|req: 3/5] 10.222.0.69 () {64 vars in 1283 bytes} [Wed Sep 8 16:28:34 2021] POST /compute/v2.1/flavors => generated 407 bytes in 106 msecs (HTTP/1.1 200) 9 headers in 359 bytes (1 switches on core 0)
Sep 08 16:28:35.012096 dv-cinder-790535-14-iscsi devstack@n-api.service[93388]: DEBUG nova.api.openstack.wsgi [None req-052e35ba-e5de-4fbc-8ae9-fde16f5a996f admin admin] Action: 'create', calling method: >, body: {"extra_specs": {"hw_rng:allowed": "True"}} {{(pid=93388) _process_stack /opt/stack/nova/nova/api/openstack/wsgi.py:511}}
Sep 08 16:28:35.014578 dv-cinder-790535-14-iscsi devstack@n-api.service[93388]: /usr/local/lib/python3.8/dist-packages/oslo_policy/policy.py:1064: UserWarning: Policy os_compute_api:os-flavor-extra-specs:create failed scope check. The token used to make the request was project scoped but the policy requires ['system'] scope. This behavior may change in the future where using the intended scope is required
Sep 08 16:28:35.014578 dv-cinder-790535-14-iscsi devstack@n-api.service[93388]: warnings.warn(msg)
Sep 08 16:28:35.073067 dv-cinder-790535-14-iscsi devstack@n-api.service[93388]: INFO nova.api.openstack.requestlog [None req-052e35ba-e5de-4fbc-8ae9-fde16f5a996f admin admin] 10.222.0.69 "POST /compute/v2.1/flavors/c1/os-extra_specs" status: 200 len: 43 microversion: 2.61 time: 0.281943
Sep 08 16:28:35.074033 dv-cinder-790535-14-iscsi devstack@n-api.service[93388]: [pid: 93388|app: 0|req: 3/6] 10.222.0.69 () {64 vars in 1336 bytes} [Wed Sep 8 16:28:34 2021] POST /compute/v2.1/flavors/c1/os-extra_specs => generated 43 bytes in 284 msecs (HTTP/1.1 200) 9 headers in 358 bytes (1 switches on core 0)
Sep 08 16:28:37.302469 dv-cinder-790535-14-iscsi devstack@n-api.service[93389]: DEBUG nova.api.openstack.wsgi [None req-4b5af520-0400-4f2c-81cb-47287be605d4 admin admin] Calling method '>' {{(pid=93389) _process_stack /opt/stack/nova/nova/api/openstack/wsgi.py:513}}
Sep 08 16:28:37.303470 dv-cinder-790535-14-iscsi devstack@n-api.service[93389]: INFO nova.api.openstack.requestlog [None req-4b5af520-0400-4f2c-81cb-47287be605d4 admin admin] 10.222.0.69 "GET /compute/v2.1" status: 200 len: 388 microversion: 2.1 time: 0.001462
Sep 08 16:28:37.303915 dv-cinder-790535-14-iscsi devstack@n-api.service[93389]: [pid: 93389|app: 0|req: 4/7] 10.222.0.69 () {54 vars in 931 bytes} [Wed Sep 8 16:28:37 2021] GET /compute/v2.1 => generated 388 bytes in 2 msecs (HTTP/1.1 200) 9 headers in 357 bytes (1 switches on core 0)
Sep 08 16:28:37.411702 dv-cinder-790535-14-iscsi devstack@n-api.service[93388]: DEBUG nova.api.openstack.wsgi [None req-5f13d722-c750-4691-83cc-9ad38191ce9b admin admin] Action: 'create', calling method: >, body: {"flavor": {"rxtx_factor": 1.0, "OS-FLV-EXT-DATA:ephemeral": 0, "ram": 512, "name": "ds512M", "id": "d1", "vcpus": 1, "disk": 5, "swap": 0, "os-flavor-access:is_public": true}} {{(pid=93388) _process_stack /opt/stack/nova/nova/api/openstack/wsgi.py:511}}
Sep 08 16:28:37.429384 dv-cinder-790535-14-iscsi devstack@n-api.service[93388]: /usr/local/lib/python3.8/dist-packages/oslo_policy/policy.py:1064: UserWarning: Policy os_compute_api:os-flavor-manage:create failed scope check. The token used to make the request was project scoped but the policy requires ['system'] scope. This behavior may change in the future where using the intended scope is required
Sep 08 16:28:37.429384 dv-cinder-790535-14-iscsi devstack@n-api.service[93388]: warnings.warn(msg)
Sep 08 16:28:37.450013 dv-cinder-790535-14-iscsi devstack@n-api.service[93388]: INFO nova.api.openstack.requestlog [None req-5f13d722-c750-4691-83cc-9ad38191ce9b admin admin] 10.222.0.69 "POST /compute/v2.1/flavors" status: 200 len: 404 microversion: 2.61 time: 0.139584
Sep 08 16:28:37.450575 dv-cinder-790535-14-iscsi devstack@n-api.service[93388]: [pid: 93388|app: 0|req: 4/8] 10.222.0.69 () {64 vars in 1283 bytes} [Wed Sep 8 16:28:37 2021] POST /compute/v2.1/flavors => generated 404 bytes in 141 msecs (HTTP/1.1 200) 9 headers in 359 bytes (1 switches on core 0)
Sep 08 16:28:37.463212 dv-cinder-790535-14-iscsi devstack@n-api.service[93389]: DEBUG nova.api.openstack.wsgi [None req-ea6b2785-3e5e-4966-b022-76a5deda050a admin admin] Action: 'create', calling method: >, body: {"extra_specs": {"hw_rng:allowed": "True"}} {{(pid=93389) _process_stack /opt/stack/nova/nova/api/openstack/wsgi.py:511}}
Sep 08 16:28:37.464768 dv-cinder-790535-14-iscsi devstack@n-api.service[93389]: /usr/local/lib/python3.8/dist-packages/oslo_policy/policy.py:1064: UserWarning: Policy os_compute_api:os-flavor-extra-specs:create failed scope check. The token used to make the request was project scoped but the policy requires ['system'] scope. This behavior may change in the future where using the intended scope is required
Sep 08 16:28:37.464768 dv-cinder-790535-14-iscsi devstack@n-api.service[93389]: warnings.warn(msg)
Sep 08 16:28:37.499128 dv-cinder-790535-14-iscsi devstack@n-api.service[93389]: INFO nova.api.openstack.requestlog [None req-ea6b2785-3e5e-4966-b022-76a5deda050a admin admin] 10.222.0.69 "POST /compute/v2.1/flavors/d1/os-extra_specs" status: 200 len: 43 microversion: 2.61 time: 0.039761
Sep 08 16:28:37.507974 dv-cinder-790535-14-iscsi devstack@n-api.service[93389]: [pid: 93389|app: 0|req: 5/9] 10.222.0.69 () {64 vars in 1336 bytes} [Wed Sep 8 16:28:37 2021] POST /compute/v2.1/flavors/d1/os-extra_specs => generated 43 bytes in 49 msecs (HTTP/1.1 200) 9 headers in 358 bytes (2 switches on core 0)
Sep 08 16:28:39.805110 dv-cinder-790535-14-iscsi devstack@n-api.service[93388]: DEBUG nova.api.openstack.wsgi [None req-5f13d722-c750-4691-83cc-9ad38191ce9b admin admin] Calling method '>' {{(pid=93388) _process_stack /opt/stack/nova/nova/api/openstack/wsgi.py:513}}
Sep 08 16:28:39.806415 dv-cinder-790535-14-iscsi devstack@n-api.service[93388]: INFO nova.api.openstack.requestlog [None req-5f13d722-c750-4691-83cc-9ad38191ce9b admin admin] 10.222.0.69 "GET /compute/v2.1" status: 200 len: 388 microversion: 2.1 time: 0.001806
Sep 08 16:28:39.807320 dv-cinder-790535-14-iscsi devstack@n-api.service[93388]: [pid: 93388|app: 0|req: 5/10] 10.222.0.69 () {54 vars in 931 bytes} [Wed Sep 8 16:28:39 2021] GET /compute/v2.1 => generated 388 bytes in 3 msecs (HTTP/1.1 200) 9 headers in 357 bytes (1 switches on core 0)
Sep 08 16:28:39.871567 dv-cinder-790535-14-iscsi devstack@n-api.service[93389]: DEBUG nova.api.openstack.wsgi [None req-d9155f96-cf48-409e-a2fc-2532c585a542 admin admin] Action: 'create', calling method: >, body: {"flavor": {"vcpus": 1, "id": "d2", "swap": 0, "os-flavor-access:is_public": true, "OS-FLV-EXT-DATA:ephemeral": 0, "disk": 10, "ram": 1024, "rxtx_factor": 1.0, "name": "ds1G"}} {{(pid=93389) _process_stack /opt/stack/nova/nova/api/openstack/wsgi.py:511}}
Sep 08 16:28:39.895130 dv-cinder-790535-14-iscsi devstack@n-api.service[93389]: INFO nova.api.openstack.requestlog [None req-d9155f96-cf48-409e-a2fc-2532c585a542 admin admin] 10.222.0.69 "POST /compute/v2.1/flavors" status: 200 len: 404 microversion: 2.61 time: 0.079568
Sep 08 16:28:39.895258 dv-cinder-790535-14-iscsi devstack@n-api.service[93389]: [pid: 93389|app: 0|req: 6/11] 10.222.0.69 () {64 vars in 1283 bytes} [Wed Sep 8 16:28:39 2021] POST /compute/v2.1/flavors => generated 404 bytes in 81 msecs (HTTP/1.1 200) 9 headers in 359 bytes (1 switches on core 0)
Sep 08 16:28:39.908005 dv-cinder-790535-14-iscsi devstack@n-api.service[93388]: DEBUG nova.api.openstack.wsgi [None req-ad7d9f48-8f54-4442-91a6-79a8f3cdc4e9 admin admin] Action: 'create', calling method: >, body: {"extra_specs": {"hw_rng:allowed": "True"}} {{(pid=93388) _process_stack /opt/stack/nova/nova/api/openstack/wsgi.py:511}}
Sep 08 16:28:39.937809 dv-cinder-790535-14-iscsi devstack@n-api.service[93388]: INFO nova.api.openstack.requestlog [None req-ad7d9f48-8f54-4442-91a6-79a8f3cdc4e9 admin admin] 10.222.0.69 "POST /compute/v2.1/flavors/d2/os-extra_specs" status: 200 len: 43 microversion: 2.61 time: 0.033543
Sep 08 16:28:39.938753 dv-cinder-790535-14-iscsi devstack@n-api.service[93388]: [pid: 93388|app: 0|req: 6/12] 10.222.0.69 () {64 vars in 1336 bytes} [Wed Sep 8 16:28:39 2021] POST /compute/v2.1/flavors/d2/os-extra_specs => generated 43 bytes in 35 msecs (HTTP/1.1 200) 9 headers in 358 bytes (1 switches on core 0)
Sep 08 16:28:42.205662 dv-cinder-790535-14-iscsi devstack@n-api.service[93389]: DEBUG nova.api.openstack.wsgi [None req-d9155f96-cf48-409e-a2fc-2532c585a542 admin admin] Calling method '>' {{(pid=93389) _process_stack /opt/stack/nova/nova/api/openstack/wsgi.py:513}}
Sep 08 16:28:42.207236 dv-cinder-790535-14-iscsi devstack@n-api.service[93389]: INFO nova.api.openstack.requestlog [None req-d9155f96-cf48-409e-a2fc-2532c585a542 admin admin] 10.222.0.69 "GET /compute/v2.1" status: 200 len: 388 microversion: 2.1 time: 0.001933
Sep 08 16:28:42.208036 dv-cinder-790535-14-iscsi devstack@n-api.service[93389]: [pid: 93389|app: 0|req: 7/13] 10.222.0.69 () {54 vars in 931 bytes} [Wed Sep 8 16:28:42 2021] GET /compute/v2.1 => generated 388 bytes in 4 msecs (HTTP/1.1 200) 9 headers in 357 bytes (1 switches on core 0)
Sep 08 16:28:42.277843 dv-cinder-790535-14-iscsi devstack@n-api.service[93388]: DEBUG nova.api.openstack.wsgi [None req-0a77d0a0-14b5-415e-a8ad-6d0f5986b424 admin admin] Action: 'create', calling method: >, body: {"flavor": {"os-flavor-access:is_public": true, "ram": 2048, "disk": 10, "swap": 0, "rxtx_factor": 1.0, "id": "d3", "OS-FLV-EXT-DATA:ephemeral": 0, "name": "ds2G", "vcpus": 2}} {{(pid=93388) _process_stack /opt/stack/nova/nova/api/openstack/wsgi.py:511}}
Sep 08 16:28:42.300140 dv-cinder-790535-14-iscsi devstack@n-api.service[93388]: INFO nova.api.openstack.requestlog [None req-0a77d0a0-14b5-415e-a8ad-6d0f5986b424 admin admin] 10.222.0.69 "POST /compute/v2.1/flavors" status: 200 len: 404 microversion: 2.61 time: 0.083632
Sep 08 16:28:42.300881 dv-cinder-790535-14-iscsi devstack@n-api.service[93388]: [pid: 93388|app: 0|req: 7/14] 10.222.0.69 () {64 vars in 1283 bytes} [Wed Sep 8 16:28:42 2021] POST /compute/v2.1/flavors => generated 404 bytes in 85 msecs (HTTP/1.1 200) 9 headers in 359 bytes (1 switches on core 0)
Sep 08 16:28:42.313037 dv-cinder-790535-14-iscsi devstack@n-api.service[93389]: DEBUG nova.api.openstack.wsgi [None req-d9ea0d24-80b1-4ea7-9a02-3fbdceb983e8 admin admin] Action: 'create', calling method: >, body: {"extra_specs": {"hw_rng:allowed": "True"}} {{(pid=93389) _process_stack /opt/stack/nova/nova/api/openstack/wsgi.py:511}}
Sep 08 16:28:42.337091 dv-cinder-790535-14-iscsi devstack@n-api.service[93389]: INFO nova.api.openstack.requestlog [None req-d9ea0d24-80b1-4ea7-9a02-3fbdceb983e8 admin admin] 10.222.0.69 "POST /compute/v2.1/flavors/d3/os-extra_specs" status: 200 len: 43 microversion: 2.61 time: 0.027765
Sep 08 16:28:42.337722 dv-cinder-790535-14-iscsi devstack@n-api.service[93389]: [pid: 93389|app: 0|req: 8/15] 10.222.0.69 () {64 vars in 1336 bytes} [Wed Sep 8 16:28:42 2021] POST /compute/v2.1/flavors/d3/os-extra_specs => generated 43 bytes in 29 msecs (HTTP/1.1 200) 9 headers in 358 bytes (1 switches on core 0)
Sep 08 16:28:44.594060 dv-cinder-790535-14-iscsi devstack@n-api.service[93388]: DEBUG nova.api.openstack.wsgi [None req-0a77d0a0-14b5-415e-a8ad-6d0f5986b424 admin admin] Calling method '>' {{(pid=93388) _process_stack /opt/stack/nova/nova/api/openstack/wsgi.py:513}}
Sep 08 16:28:44.595159 dv-cinder-790535-14-iscsi devstack@n-api.service[93388]: INFO nova.api.openstack.requestlog [None req-0a77d0a0-14b5-415e-a8ad-6d0f5986b424 admin admin] 10.222.0.69 "GET /compute/v2.1" status: 200 len: 388 microversion: 2.1 time: 0.001484
Sep 08 16:28:44.595815 dv-cinder-790535-14-iscsi devstack@n-api.service[93388]: [pid: 93388|app: 0|req: 8/16] 10.222.0.69 () {54 vars in 931 bytes} [Wed Sep 8 16:28:44 2021] GET /compute/v2.1 => generated 388 bytes in 2 msecs (HTTP/1.1 200) 9 headers in 357 bytes (1 switches on core 0)
Sep 08 16:28:44.667709 dv-cinder-790535-14-iscsi devstack@n-api.service[93389]: DEBUG nova.api.openstack.wsgi [None req-321c1b32-7d80-45c3-95da-0434a8a38784 admin admin] Action: 'create', calling method: >, body: {"flavor": {"name": "ds4G", "os-flavor-access:is_public": true, "rxtx_factor": 1.0, "ram": 4096, "swap": 0, "disk": 20, "vcpus": 4, "id": "d4", "OS-FLV-EXT-DATA:ephemeral": 0}} {{(pid=93389) _process_stack /opt/stack/nova/nova/api/openstack/wsgi.py:511}}
Sep 08 16:28:44.690295 dv-cinder-790535-14-iscsi devstack@n-api.service[93389]: INFO nova.api.openstack.requestlog [None req-321c1b32-7d80-45c3-95da-0434a8a38784 admin admin] 10.222.0.69 "POST /compute/v2.1/flavors" status: 200 len: 404 microversion: 2.61 time: 0.088120
Sep 08 16:28:44.697311 dv-cinder-790535-14-iscsi devstack@n-api.service[93389]: [pid: 93389|app: 0|req: 9/17] 10.222.0.69 () {64 vars in 1283 bytes} [Wed Sep 8 16:28:44 2021] POST /compute/v2.1/flavors => generated 404 bytes in 90 msecs (HTTP/1.1 200) 9 headers in 359 bytes (2 switches on core 0)
Sep 08 16:28:44.703720 dv-cinder-790535-14-iscsi devstack@n-api.service[93388]: DEBUG nova.api.openstack.wsgi [None req-616c12a8-11a6-4656-b149-d81061b650ec admin admin] Action: 'create', calling method: >, body: {"extra_specs": {"hw_rng:allowed": "True"}} {{(pid=93388) _process_stack /opt/stack/nova/nova/api/openstack/wsgi.py:511}}
Sep 08 16:28:44.727140 dv-cinder-790535-14-iscsi devstack@n-api.service[93388]: INFO nova.api.openstack.requestlog [None req-616c12a8-11a6-4656-b149-d81061b650ec admin admin] 10.222.0.69 "POST /compute/v2.1/flavors/d4/os-extra_specs" status: 200 len: 43 microversion: 2.61 time: 0.027196
Sep 08 16:28:44.733844 dv-cinder-790535-14-iscsi devstack@n-api.service[93388]: [pid: 93388|app: 0|req: 9/18] 10.222.0.69 () {64 vars in 1336 bytes} [Wed Sep 8 16:28:44 2021] POST /compute/v2.1/flavors/d4/os-extra_specs => generated 43 bytes in 29 msecs (HTTP/1.1 200) 9 headers in 358 bytes (1 switches on core 0)
Sep 08 16:28:46.984075 dv-cinder-790535-14-iscsi devstack@n-api.service[93389]: DEBUG nova.api.openstack.wsgi [None req-321c1b32-7d80-45c3-95da-0434a8a38784 admin admin] Calling method '>' {{(pid=93389) _process_stack /opt/stack/nova/nova/api/openstack/wsgi.py:513}}
Sep 08 16:28:46.985375 dv-cinder-790535-14-iscsi devstack@n-api.service[93389]: INFO nova.api.openstack.requestlog [None req-321c1b32-7d80-45c3-95da-0434a8a38784 admin admin] 10.222.0.69 "GET /compute/v2.1" status: 200 len: 388 microversion: 2.1 time: 0.001562
Sep 08 16:28:46.986055 dv-cinder-790535-14-iscsi devstack@n-api.service[93389]: [pid: 93389|app: 0|req: 10/19] 10.222.0.69 () {54 vars in 931 bytes} [Wed Sep 8 16:28:46 2021] GET /compute/v2.1 => generated 388 bytes in 3 msecs (HTTP/1.1 200) 9 headers in 357 bytes (1 switches on core 0)
Sep 08 16:28:47.050066 dv-cinder-790535-14-iscsi devstack@n-api.service[93388]: DEBUG nova.api.openstack.wsgi [None req-e120b066-1801-4161-bcd9-21d428222003 admin admin] Calling method '>' {{(pid=93388) _process_stack /opt/stack/nova/nova/api/openstack/wsgi.py:513}}
Sep 08 16:28:47.073813 dv-cinder-790535-14-iscsi devstack@n-api.service[93388]: INFO nova.api.openstack.requestlog [None req-e120b066-1801-4161-bcd9-21d428222003 admin admin] 10.222.0.69 "GET /compute/v2.1/flavors/detail?is_public=True" status: 200 len: 2106 microversion: 2.61 time: 0.080830
Sep 08 16:28:47.074820 dv-cinder-790535-14-iscsi devstack@n-api.service[93388]: [pid: 93388|app: 0|req: 10/20] 10.222.0.69 () {60 vars in 1292 bytes} [Wed Sep 8 16:28:46 2021] GET /compute/v2.1/flavors/detail?is_public=True => generated 2106 bytes in 82 msecs (HTTP/1.1 200) 9 headers in 360 bytes (1 switches on core 0)
Sep 08 16:28:49.628067 dv-cinder-790535-14-iscsi devstack@n-api.service[93389]: DEBUG nova.api.openstack.wsgi [None req-321c1b32-7d80-45c3-95da-0434a8a38784 admin admin] Calling method '>' {{(pid=93389) _process_stack /opt/stack/nova/nova/api/openstack/wsgi.py:513}}
Sep 08 16:28:49.629122 dv-cinder-790535-14-iscsi devstack@n-api.service[93389]: INFO nova.api.openstack.requestlog [None req-321c1b32-7d80-45c3-95da-0434a8a38784 admin admin] 10.222.0.69 "GET /compute/v2.1" status: 200 len: 388 microversion: 2.1 time: 0.001567
Sep 08 16:28:49.629530 dv-cinder-790535-14-iscsi devstack@n-api.service[93389]: [pid: 93389|app: 0|req: 11/21] 10.222.0.69 () {54 vars in 931 bytes} [Wed Sep 8 16:28:49 2021] GET /compute/v2.1 => generated 388 bytes in 3 msecs (HTTP/1.1 200) 9 headers in 357 bytes (2 switches on core 0)
Sep 08 16:28:49.695680 dv-cinder-790535-14-iscsi devstack@n-api.service[93388]: DEBUG nova.api.openstack.wsgi [None req-a7e8edcc-eccf-4802-b688-8d8d8ba08a9d admin admin] Action: 'create', calling method: >, body: {"flavor": {"rxtx_factor": 1.0, "disk": 1, "id": "1", "swap": 0, "OS-FLV-EXT-DATA:ephemeral": 0, "ram": 512, "vcpus": 1, "os-flavor-access:is_public": true, "name": "m1.tiny"}} {{(pid=93388) _process_stack /opt/stack/nova/nova/api/openstack/wsgi.py:511}}
Sep 08 16:28:49.717999 dv-cinder-790535-14-iscsi devstack@n-api.service[93388]: INFO nova.api.openstack.requestlog [None req-a7e8edcc-eccf-4802-b688-8d8d8ba08a9d admin admin] 10.222.0.69 "POST /compute/v2.1/flavors" status: 200 len: 402 microversion: 2.61 time: 0.081227
Sep 08 16:28:49.718688 dv-cinder-790535-14-iscsi devstack@n-api.service[93388]: [pid: 93388|app: 0|req: 11/22] 10.222.0.69 () {64 vars in 1283 bytes} [Wed Sep 8 16:28:49 2021] POST /compute/v2.1/flavors => generated 402 bytes in 83 msecs (HTTP/1.1 200) 9 headers in 359 bytes (1 switches on core 0)
Sep 08 16:28:49.731375 dv-cinder-790535-14-iscsi devstack@n-api.service[93389]: DEBUG nova.api.openstack.wsgi [None req-41c6b7e3-87c4-445e-aee0-165bd52a8c58 admin admin] Action: 'create', calling method: >, body: {"extra_specs": {"hw_rng:allowed": "True"}} {{(pid=93389) _process_stack /opt/stack/nova/nova/api/openstack/wsgi.py:511}}
Sep 08 16:28:49.757958 dv-cinder-790535-14-iscsi devstack@n-api.service[93389]: INFO nova.api.openstack.requestlog [None req-41c6b7e3-87c4-445e-aee0-165bd52a8c58 admin admin] 10.222.0.69 "POST /compute/v2.1/flavors/1/os-extra_specs" status: 200 len: 43 microversion: 2.61 time: 0.030132
Sep 08 16:28:49.758799 dv-cinder-790535-14-iscsi devstack@n-api.service[93389]: [pid: 93389|app: 0|req: 12/23] 10.222.0.69 () {64 vars in 1333 bytes} [Wed Sep 8 16:28:49 2021] POST /compute/v2.1/flavors/1/os-extra_specs => generated 43 bytes in 32 msecs (HTTP/1.1 200) 9 headers in 358 bytes (1 switches on core 0)
Sep 08 16:28:52.573460 dv-cinder-790535-14-iscsi devstack@n-api.service[93388]: DEBUG nova.api.openstack.wsgi [None req-a7e8edcc-eccf-4802-b688-8d8d8ba08a9d admin admin] Calling method '>' {{(pid=93388) _process_stack /opt/stack/nova/nova/api/openstack/wsgi.py:513}}
Sep 08 16:28:52.574448 dv-cinder-790535-14-iscsi devstack@n-api.service[93388]: INFO nova.api.openstack.requestlog [None req-a7e8edcc-eccf-4802-b688-8d8d8ba08a9d admin admin] 10.222.0.69 "GET /compute/v2.1" status: 200 len: 388 microversion: 2.1 time: 0.001587
Sep 08 16:28:52.574878 dv-cinder-790535-14-iscsi devstack@n-api.service[93388]: [pid: 93388|app: 0|req: 12/24] 10.222.0.69 () {54 vars in 931 bytes} [Wed Sep 8 16:28:52 2021] GET /compute/v2.1 => generated 388 bytes in 3 msecs (HTTP/1.1 200) 9 headers in 357 bytes (1 switches on core 0)
Sep 08 16:28:52.649631 dv-cinder-790535-14-iscsi devstack@n-api.service[93389]: DEBUG nova.api.openstack.wsgi [None req-908ed690-3a49-43e3-ae7f-47db1e0ff428 admin admin] Action: 'create', calling method: >, body: {"flavor": {"id": "2", "os-flavor-access:is_public": true, "vcpus": 1, "disk": 20, "rxtx_factor": 1.0, "name": "m1.small", "swap": 0, "ram": 2048, "OS-FLV-EXT-DATA:ephemeral": 0}} {{(pid=93389) _process_stack /opt/stack/nova/nova/api/openstack/wsgi.py:511}}
Sep 08 16:28:52.674334 dv-cinder-790535-14-iscsi devstack@n-api.service[93389]: INFO nova.api.openstack.requestlog [None req-908ed690-3a49-43e3-ae7f-47db1e0ff428 admin admin] 10.222.0.69 "POST /compute/v2.1/flavors" status: 200 len: 405 microversion: 2.61 time: 0.091718
Sep 08 16:28:52.674900 dv-cinder-790535-14-iscsi devstack@n-api.service[93389]: [pid: 93389|app: 0|req: 13/25] 10.222.0.69 () {64 vars in 1283 bytes} [Wed Sep 8 16:28:52 2021] POST /compute/v2.1/flavors => generated 405 bytes in 93 msecs (HTTP/1.1 200) 9 headers in 359 bytes (1 switches on core 0)
Sep 08 16:28:52.688177 dv-cinder-790535-14-iscsi devstack@n-api.service[93388]: DEBUG nova.api.openstack.wsgi [None req-e4ebaf89-340a-4b44-a0c0-1a6c92809201 admin admin] Action: 'create', calling method: >, body: {"extra_specs": {"hw_rng:allowed": "True"}} {{(pid=93388) _process_stack /opt/stack/nova/nova/api/openstack/wsgi.py:511}}
Sep 08 16:28:52.714972 dv-cinder-790535-14-iscsi devstack@n-api.service[93388]: INFO nova.api.openstack.requestlog [None req-e4ebaf89-340a-4b44-a0c0-1a6c92809201 admin admin] 10.222.0.69 "POST /compute/v2.1/flavors/2/os-extra_specs" status: 200 len: 43 microversion: 2.61 time: 0.030785
Sep 08 16:28:52.715926 dv-cinder-790535-14-iscsi devstack@n-api.service[93388]: [pid: 93388|app: 0|req: 13/26] 10.222.0.69 () {64 vars in 1333 bytes} [Wed Sep 8 16:28:52 2021] POST /compute/v2.1/flavors/2/os-extra_specs => generated 43 bytes in 33 msecs (HTTP/1.1 200) 9 headers in 358 bytes (2 switches on core 0)
Sep 08 16:28:54.974002 dv-cinder-790535-14-iscsi devstack@n-api.service[93389]: DEBUG nova.api.openstack.wsgi [None req-908ed690-3a49-43e3-ae7f-47db1e0ff428 admin admin] Calling method '>' {{(pid=93389) _process_stack /opt/stack/nova/nova/api/openstack/wsgi.py:513}}
Sep 08 16:28:54.975117 dv-cinder-790535-14-iscsi devstack@n-api.service[93389]: INFO nova.api.openstack.requestlog [None req-908ed690-3a49-43e3-ae7f-47db1e0ff428 admin admin] 10.222.0.69 "GET /compute/v2.1" status: 200 len: 388 microversion: 2.1 time: 0.001611
Sep 08 16:28:54.975610 dv-cinder-790535-14-iscsi devstack@n-api.service[93389]: [pid: 93389|app: 0|req: 14/27] 10.222.0.69 () {54 vars in 931 bytes} [Wed Sep 8 16:28:54 2021] GET /compute/v2.1 => generated 388 bytes in 3 msecs (HTTP/1.1 200) 9 headers in 357 bytes (1 switches on core 0)
Sep 08 16:28:55.038936 dv-cinder-790535-14-iscsi devstack@n-api.service[93388]: DEBUG nova.api.openstack.wsgi [None req-4282e83e-23c7-4a92-9c64-5c4951dc57e8 admin admin] Action: 'create', calling method: >, body: {"flavor": {"vcpus": 2, "id": "3", "os-flavor-access:is_public": true, "name": "m1.medium", "disk": 40, "swap": 0, "rxtx_factor": 1.0, "ram": 4096, "OS-FLV-EXT-DATA:ephemeral": 0}} {{(pid=93388) _process_stack /opt/stack/nova/nova/api/openstack/wsgi.py:511}}
Sep 08 16:28:55.061251 dv-cinder-790535-14-iscsi devstack@n-api.service[93388]: INFO nova.api.openstack.requestlog [None req-4282e83e-23c7-4a92-9c64-5c4951dc57e8 admin admin] 10.222.0.69 "POST /compute/v2.1/flavors" status: 200 len: 406 microversion: 2.61 time: 0.079065
Sep 08 16:28:55.061813 dv-cinder-790535-14-iscsi devstack@n-api.service[93388]: [pid: 93388|app: 0|req: 14/28] 10.222.0.69 () {64 vars in 1283 bytes} [Wed Sep 8 16:28:54 2021] POST /compute/v2.1/flavors => generated 406 bytes in 80 msecs (HTTP/1.1 200) 9 headers in 359 bytes (1 switches on core 0)
Sep 08 16:28:55.074666 dv-cinder-790535-14-iscsi devstack@n-api.service[93389]: DEBUG nova.api.openstack.wsgi [None req-b891cb9e-1e74-46f6-9a04-010d3e9fdc28 admin admin] Action: 'create', calling method: >, body: {"extra_specs": {"hw_rng:allowed": "True"}} {{(pid=93389) _process_stack /opt/stack/nova/nova/api/openstack/wsgi.py:511}}
Sep 08 16:28:55.098972 dv-cinder-790535-14-iscsi devstack@n-api.service[93389]: INFO nova.api.openstack.requestlog [None req-b891cb9e-1e74-46f6-9a04-010d3e9fdc28 admin admin] 10.222.0.69 "POST /compute/v2.1/flavors/3/os-extra_specs" status: 200 len: 43 microversion: 2.61 time: 0.028091
Sep 08 16:28:55.099741 dv-cinder-790535-14-iscsi devstack@n-api.service[93389]: [pid: 93389|app: 0|req: 15/29] 10.222.0.69 () {64 vars in 1333 bytes} [Wed Sep 8 16:28:55 2021] POST /compute/v2.1/flavors/3/os-extra_specs => generated 43 bytes in 30 msecs (HTTP/1.1 200) 9 headers in 358 bytes (1 switches on core 0)
Sep 08 16:28:57.350242 dv-cinder-790535-14-iscsi devstack@n-api.service[93388]: DEBUG nova.api.openstack.wsgi [None req-4282e83e-23c7-4a92-9c64-5c4951dc57e8 admin admin] Calling method '>' {{(pid=93388) _process_stack /opt/stack/nova/nova/api/openstack/wsgi.py:513}}
Sep 08 16:28:57.352040 dv-cinder-790535-14-iscsi devstack@n-api.service[93388]: INFO nova.api.openstack.requestlog [None req-4282e83e-23c7-4a92-9c64-5c4951dc57e8 admin admin] 10.222.0.69 "GET /compute/v2.1" status: 200 len: 388 microversion: 2.1 time: 0.002252
Sep 08 16:28:57.355734 dv-cinder-790535-14-iscsi devstack@n-api.service[93388]: [pid: 93388|app: 0|req: 15/30] 10.222.0.69 () {54 vars in 931 bytes} [Wed Sep 8 16:28:57 2021] GET /compute/v2.1 => generated 388 bytes in 6 msecs (HTTP/1.1 200) 9 headers in 357 bytes (1 switches on core 0)
Sep 08 16:28:57.421526 dv-cinder-790535-14-iscsi devstack@n-api.service[93389]: DEBUG nova.api.openstack.wsgi [None req-807667e7-30f0-4859-9465-26713140213e admin admin] Action: 'create', calling method: >, body: {"flavor": {"id": "4", "disk": 80, "ram": 8192, "name": "m1.large", "OS-FLV-EXT-DATA:ephemeral": 0, "swap": 0, "rxtx_factor": 1.0, "vcpus": 4, "os-flavor-access:is_public": true}} {{(pid=93389) _process_stack /opt/stack/nova/nova/api/openstack/wsgi.py:511}}
Sep 08 16:28:57.442263 dv-cinder-790535-14-iscsi devstack@n-api.service[93389]: INFO nova.api.openstack.requestlog [None req-807667e7-30f0-4859-9465-26713140213e admin admin] 10.222.0.69 "POST /compute/v2.1/flavors" status: 200 len: 405 microversion: 2.61 time: 0.082890
Sep 08 16:28:57.442813 dv-cinder-790535-14-iscsi devstack@n-api.service[93389]: [pid: 93389|app: 0|req: 16/31] 10.222.0.69 () {64 vars in 1283 bytes} [Wed Sep 8 16:28:57 2021] POST /compute/v2.1/flavors => generated 405 bytes in 84 msecs (HTTP/1.1 200) 9 headers in 359 bytes (1 switches on core 0)
Sep 08 16:28:57.456154 dv-cinder-790535-14-iscsi devstack@n-api.service[93388]: DEBUG nova.api.openstack.wsgi [None req-23585aa9-c078-4bce-aa04-22a9d09b99b9 admin admin] Action: 'create', calling method: >, body: {"extra_specs": {"hw_rng:allowed": "True"}} {{(pid=93388) _process_stack /opt/stack/nova/nova/api/openstack/wsgi.py:511}}
Sep 08 16:28:57.479960 dv-cinder-790535-14-iscsi devstack@n-api.service[93388]: INFO nova.api.openstack.requestlog [None req-23585aa9-c078-4bce-aa04-22a9d09b99b9 admin admin] 10.222.0.69 "POST /compute/v2.1/flavors/4/os-extra_specs" status: 200 len: 43 microversion: 2.61 time: 0.027744
Sep 08 16:28:57.480464 dv-cinder-790535-14-iscsi devstack@n-api.service[93388]: [pid: 93388|app: 0|req: 16/32] 10.222.0.69 () {64 vars in 1333 bytes} [Wed Sep 8 16:28:57 2021] POST /compute/v2.1/flavors/4/os-extra_specs => generated 43 bytes in 29 msecs (HTTP/1.1 200) 9 headers in 358 bytes (2 switches on core 0)
Sep 08 16:28:59.794003 dv-cinder-790535-14-iscsi devstack@n-api.service[93389]: DEBUG nova.api.openstack.wsgi [None req-807667e7-30f0-4859-9465-26713140213e admin admin] Calling method '>' {{(pid=93389) _process_stack /opt/stack/nova/nova/api/openstack/wsgi.py:513}}
Sep 08 16:28:59.795815 dv-cinder-790535-14-iscsi devstack@n-api.service[93389]: INFO nova.api.openstack.requestlog [None req-807667e7-30f0-4859-9465-26713140213e admin admin] 10.222.0.69 "GET /compute/v2.1" status: 200 len: 388 microversion: 2.1 time: 0.002242
Sep 08 16:28:59.799914 dv-cinder-790535-14-iscsi devstack@n-api.service[93389]: [pid: 93389|app: 0|req: 17/33] 10.222.0.69 () {54 vars in 931 bytes} [Wed Sep 8 16:28:59 2021] GET /compute/v2.1 => generated 388 bytes in 7 msecs (HTTP/1.1 200) 9 headers in 357 bytes (1 switches on core 0)
Sep 08 16:28:59.867100 dv-cinder-790535-14-iscsi devstack@n-api.service[93388]: DEBUG nova.api.openstack.wsgi [None req-2bd18e5f-a7b8-452e-bd8d-ced98852cce8 admin admin] Action: 'create', calling method: >, body: {"flavor": {"disk": 160, "os-flavor-access:is_public": true, "rxtx_factor": 1.0, "name": "m1.xlarge", "id": "5", "vcpus": 8, "OS-FLV-EXT-DATA:ephemeral": 0, "swap": 0, "ram": 16384}} {{(pid=93388) _process_stack /opt/stack/nova/nova/api/openstack/wsgi.py:511}}
Sep 08 16:28:59.888521 dv-cinder-790535-14-iscsi devstack@n-api.service[93388]: INFO nova.api.openstack.requestlog [None req-2bd18e5f-a7b8-452e-bd8d-ced98852cce8 admin admin] 10.222.0.69 "POST /compute/v2.1/flavors" status: 200 len: 408 microversion: 2.61 time: 0.084598
Sep 08 16:28:59.903541 dv-cinder-790535-14-iscsi devstack@n-api.service[93388]: [pid: 93388|app: 0|req: 17/34] 10.222.0.69 () {64 vars in 1283 bytes} [Wed Sep 8 16:28:59 2021] POST /compute/v2.1/flavors => generated 408 bytes in 94 msecs (HTTP/1.1 200) 9 headers in 359 bytes (1 switches on core 0)
Sep 08 16:28:59.903770 dv-cinder-790535-14-iscsi devstack@n-api.service[93389]: DEBUG nova.api.openstack.wsgi [None req-3ea40905-5637-49a3-9b9d-376578ac5eac admin admin] Action: 'create', calling method: >, body: {"extra_specs": {"hw_rng:allowed": "True"}} {{(pid=93389) _process_stack /opt/stack/nova/nova/api/openstack/wsgi.py:511}}
Sep 08 16:28:59.930334 dv-cinder-790535-14-iscsi devstack@n-api.service[93389]: INFO nova.api.openstack.requestlog [None req-3ea40905-5637-49a3-9b9d-376578ac5eac admin admin] 10.222.0.69 "POST /compute/v2.1/flavors/5/os-extra_specs" status: 200 len: 43 microversion: 2.61 time: 0.032482
Sep 08 16:28:59.935873 dv-cinder-790535-14-iscsi devstack@n-api.service[93389]: [pid: 93389|app: 0|req: 18/35] 10.222.0.69 () {64 vars in 1333 bytes} [Wed Sep 8 16:28:59 2021] POST /compute/v2.1/flavors/5/os-extra_specs => generated 43 bytes in 38 msecs (HTTP/1.1 200) 9 headers in 358 bytes (1 switches on core 0)
Sep 08 16:29:39.345827 dv-cinder-790535-14-iscsi devstack@n-api.service[93388]: DEBUG nova.api.openstack.wsgi [None req-2bd18e5f-a7b8-452e-bd8d-ced98852cce8 admin admin] Calling method '>' {{(pid=93388) _process_stack /opt/stack/nova/nova/api/openstack/wsgi.py:513}}
Sep 08 16:29:39.346959 dv-cinder-790535-14-iscsi devstack@n-api.service[93388]: INFO nova.api.openstack.requestlog [None req-2bd18e5f-a7b8-452e-bd8d-ced98852cce8 admin admin] 10.222.0.69 "GET /compute/v2.1" status: 200 len: 388 microversion: 2.1 time: 0.002082
Sep 08 16:29:39.347363 dv-cinder-790535-14-iscsi devstack@n-api.service[93388]: [pid: 93388|app: 0|req: 18/36] 10.222.0.69 () {54 vars in 931 bytes} [Wed Sep 8 16:29:39 2021] GET /compute/v2.1 => generated 388 bytes in 3 msecs (HTTP/1.1 200) 9 headers in 357 bytes (1 switches on core 0)
Sep 08 16:29:39.416811 dv-cinder-790535-14-iscsi devstack@n-api.service[93389]: DEBUG nova.api.openstack.wsgi [None req-577dd39f-1b34-4e52-b21a-2242822d463f admin admin] Calling method '>' {{(pid=93389) _process_stack /opt/stack/nova/nova/api/openstack/wsgi.py:513}}
Sep 08 16:29:39.434633 dv-cinder-790535-14-iscsi devstack@n-api.service[93389]: INFO nova.api.openstack.requestlog [None req-577dd39f-1b34-4e52-b21a-2242822d463f admin admin] 10.222.0.69 "GET /compute/v2.1/flavors/detail?is_public=True" status: 200 len: 4202 microversion: 2.61 time: 0.079729
Sep 08 16:29:39.435180 dv-cinder-790535-14-iscsi devstack@n-api.service[93389]: [pid: 93389|app: 0|req: 19/37] 10.222.0.69 () {60 vars in 1292 bytes} [Wed Sep 8 16:29:39 2021] GET /compute/v2.1/flavors/detail?is_public=True => generated 4202 bytes in 81 msecs (HTTP/1.1 200) 9 headers in 360 bytes (2 switches on core 0)
Sep 08 16:29:40.897133 dv-cinder-790535-14-iscsi devstack@n-api.service[93388]: DEBUG nova.api.openstack.wsgi [None req-2bd18e5f-a7b8-452e-bd8d-ced98852cce8 admin admin] Calling method '>' {{(pid=93388) _process_stack /opt/stack/nova/nova/api/openstack/wsgi.py:513}}
Sep 08 16:29:40.898139 dv-cinder-790535-14-iscsi devstack@n-api.service[93388]: INFO nova.api.openstack.requestlog [None req-2bd18e5f-a7b8-452e-bd8d-ced98852cce8 admin admin] 10.222.0.69 "GET /compute/v2.1" status: 200 len: 388 microversion: 2.1 time: 0.001422
Sep 08 16:29:40.898536 dv-cinder-790535-14-iscsi devstack@n-api.service[93388]: [pid: 93388|app: 0|req: 19/38] 10.222.0.69 () {56 vars in 1075 bytes} [Wed Sep 8 16:29:40 2021] GET /compute/v2.1 => generated 388 bytes in 2 msecs (HTTP/1.1 200) 9 headers in 357 bytes (1 switches on core 0)
Sep 08 16:29:41.097840 dv-cinder-790535-14-iscsi devstack@n-api.service[93389]: DEBUG nova.api.openstack.wsgi [None req-28cf9b86-ef38-4e70-9bed-af51166a9dd7 admin admin] Calling method '>' {{(pid=93389) _process_stack /opt/stack/nova/nova/api/openstack/wsgi.py:513}}
Sep 08 16:29:41.104143 dv-cinder-790535-14-iscsi devstack@n-api.service[93389]: INFO nova.api.openstack.wsgi [None req-28cf9b86-ef38-4e70-9bed-af51166a9dd7 admin admin] HTTP exception thrown: Flavor 42 could not be found.
Sep 08 16:29:41.104645 dv-cinder-790535-14-iscsi devstack@n-api.service[93389]: DEBUG nova.api.openstack.wsgi [None req-28cf9b86-ef38-4e70-9bed-af51166a9dd7 admin admin] Returning 404 to user: Flavor 42 could not be found. {{(pid=93389) __call__ /opt/stack/nova/nova/api/openstack/wsgi.py:936}}
Sep 08 16:29:41.105448 dv-cinder-790535-14-iscsi devstack@n-api.service[93389]: INFO nova.api.openstack.requestlog [None req-28cf9b86-ef38-4e70-9bed-af51166a9dd7 admin admin] 10.222.0.69 "GET /compute/v2.1/flavors/42" status: 404 len: 75 microversion: 2.90 time: 0.068149
Sep 08 16:29:41.105979 dv-cinder-790535-14-iscsi devstack@n-api.service[93389]: [pid: 93389|app: 0|req: 20/39] 10.222.0.69 () {60 vars in 1191 bytes} [Wed Sep 8 16:29:41 2021] GET /compute/v2.1/flavors/42 => generated 75 bytes in 70 msecs (HTTP/1.1 404) 9 headers in 380 bytes (1 switches on core 0)
Sep 08 16:29:41.119175 dv-cinder-790535-14-iscsi devstack@n-api.service[93388]: DEBUG nova.api.openstack.wsgi [None req-44bc741e-c3b1-4db8-a3a6-a19696d943bf admin admin] Calling method '>' {{(pid=93388) _process_stack /opt/stack/nova/nova/api/openstack/wsgi.py:513}}
Sep 08 16:29:41.143130 dv-cinder-790535-14-iscsi devstack@n-api.service[93388]: INFO nova.api.openstack.requestlog [None req-44bc741e-c3b1-4db8-a3a6-a19696d943bf admin admin] 10.222.0.69 "GET /compute/v2.1/flavors?is_public=None" status: 200 len: 2056 microversion: 2.90 time: 0.030027
Sep 08 16:29:41.143675 dv-cinder-790535-14-iscsi devstack@n-api.service[93388]: [pid: 93388|app: 0|req: 20/40] 10.222.0.69 () {60 vars in 1211 bytes} [Wed Sep 8 16:29:41 2021] GET /compute/v2.1/flavors?is_public=None => generated 2056 bytes in 31 msecs (HTTP/1.1 200) 9 headers in 360 bytes (1 switches on core 0)
Sep 08 16:29:41.154799 dv-cinder-790535-14-iscsi devstack@n-api.service[93389]: DEBUG nova.api.openstack.wsgi [None req-c1388574-1848-4873-aaa4-2e59945c896b admin admin] Calling method '>' {{(pid=93389) _process_stack /opt/stack/nova/nova/api/openstack/wsgi.py:513}}
Sep 08 16:29:41.176740 dv-cinder-790535-14-iscsi devstack@n-api.service[93389]: INFO nova.api.openstack.requestlog [None req-c1388574-1848-4873-aaa4-2e59945c896b admin admin] 10.222.0.69 "GET /compute/v2.1/flavors?is_public=None" status: 200 len: 2056 microversion: 2.90 time: 0.025883
Sep 08 16:29:41.177331 dv-cinder-790535-14-iscsi devstack@n-api.service[93389]: [pid: 93389|app: 0|req: 21/41] 10.222.0.69 () {60 vars in 1211 bytes} [Wed Sep 8 16:29:41 2021] GET /compute/v2.1/flavors?is_public=None => generated 2056 bytes in 27 msecs (HTTP/1.1 200) 9 headers in 360 bytes (1 switches on core 0)
Sep 08 16:29:41.187331 dv-cinder-790535-14-iscsi devstack@n-api.service[93388]: DEBUG nova.api.openstack.wsgi [None req-c33e3047-b058-44bc-a663-2cf4356993bd admin admin] Calling method '>' {{(pid=93388) _process_stack /opt/stack/nova/nova/api/openstack/wsgi.py:513}}
Sep 08 16:29:41.193767 dv-cinder-790535-14-iscsi devstack@n-api.service[93388]: INFO nova.api.openstack.wsgi [None req-c33e3047-b058-44bc-a663-2cf4356993bd admin admin] HTTP exception thrown: Flavor 42 could not be found.
Sep 08 16:29:41.194365 dv-cinder-790535-14-iscsi devstack@n-api.service[93388]: DEBUG nova.api.openstack.wsgi [None req-c33e3047-b058-44bc-a663-2cf4356993bd admin admin] Returning 404 to user: Flavor 42 could not be found. {{(pid=93388) __call__ /opt/stack/nova/nova/api/openstack/wsgi.py:936}}
Sep 08 16:29:41.195222 dv-cinder-790535-14-iscsi devstack@n-api.service[93388]: INFO nova.api.openstack.requestlog [None req-c33e3047-b058-44bc-a663-2cf4356993bd admin admin] 10.222.0.69 "GET /compute/v2.1/flavors/42" status: 404 len: 75 microversion: 2.90 time: 0.011457
Sep 08 16:29:41.195797 dv-cinder-790535-14-iscsi devstack@n-api.service[93388]: [pid: 93388|app: 0|req: 21/42] 10.222.0.69 () {60 vars in 1191 bytes} [Wed Sep 8 16:29:41 2021] GET /compute/v2.1/flavors/42 => generated 75 bytes in 13 msecs (HTTP/1.1 404) 9 headers in 380 bytes (2 switches on core 0)
Sep 08 16:29:42.604069 dv-cinder-790535-14-iscsi devstack@n-api.service[93389]: DEBUG nova.api.openstack.wsgi [None req-c1388574-1848-4873-aaa4-2e59945c896b admin admin] Calling method '>' {{(pid=93389) _process_stack /opt/stack/nova/nova/api/openstack/wsgi.py:513}}
Sep 08 16:29:42.605405 dv-cinder-790535-14-iscsi devstack@n-api.service[93389]: INFO nova.api.openstack.requestlog [None req-c1388574-1848-4873-aaa4-2e59945c896b admin admin] 10.222.0.69 "GET /compute/v2.1" status: 200 len: 388 microversion: 2.1 time: 0.002096
Sep 08 16:29:42.605888 dv-cinder-790535-14-iscsi devstack@n-api.service[93389]: [pid: 93389|app: 0|req: 22/43] 10.222.0.69 () {56 vars in 1075 bytes} [Wed Sep 8 16:29:42 2021] GET /compute/v2.1 => generated 388 bytes in 4 msecs (HTTP/1.1 200) 9 headers in 357 bytes (1 switches on core 0)
Sep 08 16:29:42.826575 dv-cinder-790535-14-iscsi devstack@n-api.service[93388]: DEBUG nova.api.openstack.wsgi [None req-9129c4c9-a7cb-4e62-a6bc-4e6b8d5648a7 admin admin] Calling method '>' {{(pid=93388) _process_stack /opt/stack/nova/nova/api/openstack/wsgi.py:513}}
Sep 08 16:29:42.831847 dv-cinder-790535-14-iscsi devstack@n-api.service[93388]: INFO nova.api.openstack.wsgi [None req-9129c4c9-a7cb-4e62-a6bc-4e6b8d5648a7 admin admin] HTTP exception thrown: Flavor 84 could not be found.
Sep 08 16:29:42.832404 dv-cinder-790535-14-iscsi devstack@n-api.service[93388]: DEBUG nova.api.openstack.wsgi [None req-9129c4c9-a7cb-4e62-a6bc-4e6b8d5648a7 admin admin] Returning 404 to user: Flavor 84 could not be found. {{(pid=93388) __call__ /opt/stack/nova/nova/api/openstack/wsgi.py:936}}
Sep 08 16:29:42.833212 dv-cinder-790535-14-iscsi devstack@n-api.service[93388]: INFO nova.api.openstack.requestlog [None req-9129c4c9-a7cb-4e62-a6bc-4e6b8d5648a7 admin admin] 10.222.0.69 "GET /compute/v2.1/flavors/84" status: 404 len: 75 microversion: 2.90 time: 0.072713
Sep 08 16:29:42.833755 dv-cinder-790535-14-iscsi devstack@n-api.service[93388]: [pid: 93388|app: 0|req: 22/44] 10.222.0.69 () {60 vars in 1191 bytes} [Wed Sep 8 16:29:42 2021] GET /compute/v2.1/flavors/84 => generated 75 bytes in 75 msecs (HTTP/1.1 404) 9 headers in 380 bytes (2 switches on core 0)
Sep 08 16:29:42.843853 dv-cinder-790535-14-iscsi devstack@n-api.service[93389]: DEBUG nova.api.openstack.wsgi [None req-50a9704b-ce99-4745-abc5-b94a6ca30bd8 admin admin] Calling method '>' {{(pid=93389) _process_stack /opt/stack/nova/nova/api/openstack/wsgi.py:513}}
Sep 08 16:29:42.858284 dv-cinder-790535-14-iscsi devstack@n-api.service[93389]: INFO nova.api.openstack.requestlog [None req-50a9704b-ce99-4745-abc5-b94a6ca30bd8 admin admin] 10.222.0.69 "GET /compute/v2.1/flavors?is_public=None" status: 200 len: 2056 microversion: 2.90 time: 0.018026
Sep 08 16:29:42.858814 dv-cinder-790535-14-iscsi devstack@n-api.service[93389]: [pid: 93389|app: 0|req: 23/45] 10.222.0.69 () {60 vars in 1211 bytes} [Wed Sep 8 16:29:42 2021] GET /compute/v2.1/flavors?is_public=None => generated 2056 bytes in 19 msecs (HTTP/1.1 200) 9 headers in 360 bytes (1 switches on core 0)
Sep 08 16:29:42.869040 dv-cinder-790535-14-iscsi devstack@n-api.service[93388]: DEBUG nova.api.openstack.wsgi [None req-32701b32-c610-4010-9d98-90efcd419542 admin admin] Calling method '>' {{(pid=93388) _process_stack /opt/stack/nova/nova/api/openstack/wsgi.py:513}}
Sep 08 16:29:42.882714 dv-cinder-790535-14-iscsi devstack@n-api.service[93388]: INFO nova.api.openstack.requestlog [None req-32701b32-c610-4010-9d98-90efcd419542 admin admin] 10.222.0.69 "GET /compute/v2.1/flavors?is_public=None" status: 200 len: 2056 microversion: 2.90 time: 0.017194
Sep 08 16:29:42.883238 dv-cinder-790535-14-iscsi devstack@n-api.service[93388]: [pid: 93388|app: 0|req: 23/46] 10.222.0.69 () {60 vars in 1211 bytes} [Wed Sep 8 16:29:42 2021] GET /compute/v2.1/flavors?is_public=None => generated 2056 bytes in 18 msecs (HTTP/1.1 200) 9 headers in 360 bytes (1 switches on core 0)
Sep 08 16:29:42.893223 dv-cinder-790535-14-iscsi devstack@n-api.service[93389]: DEBUG nova.api.openstack.wsgi [None req-1eab719d-072c-4203-889e-e429c75f3406 admin admin] Calling method '>' {{(pid=93389) _process_stack /opt/stack/nova/nova/api/openstack/wsgi.py:513}}
Sep 08 16:29:42.898954 dv-cinder-790535-14-iscsi devstack@n-api.service[93389]: INFO nova.api.openstack.wsgi [None req-1eab719d-072c-4203-889e-e429c75f3406 admin admin] HTTP exception thrown: Flavor 84 could not be found.
Sep 08 16:29:42.899548 dv-cinder-790535-14-iscsi devstack@n-api.service[93389]: DEBUG nova.api.openstack.wsgi [None req-1eab719d-072c-4203-889e-e429c75f3406 admin admin] Returning 404 to user: Flavor 84 could not be found. {{(pid=93389) __call__ /opt/stack/nova/nova/api/openstack/wsgi.py:936}}
Sep 08 16:29:42.900338 dv-cinder-790535-14-iscsi devstack@n-api.service[93389]: INFO nova.api.openstack.requestlog [None req-1eab719d-072c-4203-889e-e429c75f3406 admin admin] 10.222.0.69 "GET /compute/v2.1/flavors/84" status: 404 len: 75 microversion: 2.90 time: 0.010855
Sep 08 16:29:42.900881 dv-cinder-790535-14-iscsi devstack@n-api.service[93389]: [pid: 93389|app: 0|req: 24/47] 10.222.0.69 () {60 vars in 1191 bytes} [Wed Sep 8 16:29:42 2021] GET /compute/v2.1/flavors/84 => generated 75 bytes in 12 msecs (HTTP/1.1 404) 9 headers in 380 bytes (1 switches on core 0)
Sep 08 16:29:44.287066 dv-cinder-790535-14-iscsi devstack@n-api.service[93388]: DEBUG nova.api.openstack.wsgi [None req-32701b32-c610-4010-9d98-90efcd419542 admin admin] Calling method '>' {{(pid=93388) _process_stack /opt/stack/nova/nova/api/openstack/wsgi.py:513}}
Sep 08 16:29:44.288123 dv-cinder-790535-14-iscsi devstack@n-api.service[93388]: INFO nova.api.openstack.requestlog [None req-32701b32-c610-4010-9d98-90efcd419542 admin admin] 10.222.0.69 "GET /compute/v2.1" status: 200 len: 388 microversion: 2.1 time: 0.001520
Sep 08 16:29:44.288524 dv-cinder-790535-14-iscsi devstack@n-api.service[93388]: [pid: 93388|app: 0|req: 24/48] 10.222.0.69 () {56 vars in 1075 bytes} [Wed Sep 8 16:29:44 2021] GET /compute/v2.1 => generated 388 bytes in 2 msecs (HTTP/1.1 200) 9 headers in 357 bytes (1 switches on core 0)
Sep 08 16:29:44.498815 dv-cinder-790535-14-iscsi devstack@n-api.service[93389]: DEBUG nova.api.openstack.wsgi [None req-1b560c1f-07cd-4744-8925-dbd8f5acc83b admin admin] Calling method '>' {{(pid=93389) _process_stack /opt/stack/nova/nova/api/openstack/wsgi.py:513}}
Sep 08 16:29:44.504742 dv-cinder-790535-14-iscsi devstack@n-api.service[93389]: INFO nova.api.openstack.wsgi [None req-1b560c1f-07cd-4744-8925-dbd8f5acc83b admin admin] HTTP exception thrown: Flavor 451 could not be found.
