Sep 08 05:43:17.233042 dv-cinder-790535-13-smb devstack@c-api.service[107353]: WARNING stevedore.named [None req-c036728b-dd65-4395-99ab-07993249c137 tempest-GroupSnapshotsTest-2077831622 tempest-GroupSnapshotsTest-2077831622-project] Could not load cinder.keymgr.conf_key_mgr.ConfKeyManager
Sep 08 05:43:17.233609 dv-cinder-790535-13-smb devstack@c-api.service[107353]: WARNING castellan.key_manager [None req-c036728b-dd65-4395-99ab-07993249c137 tempest-GroupSnapshotsTest-2077831622 tempest-GroupSnapshotsTest-2077831622-project] Deprecation Warning : cinder.keymgr.conf_key_mgr.ConfKeyManager is not a stevedore based driver, trying to load it as a class: stevedore.exception.NoMatches: No 'castellan.drivers' driver found, looking for 'cinder.keymgr.conf_key_mgr.ConfKeyManager'
Sep 08 05:43:17.239525 dv-cinder-790535-13-smb devstack@c-api.service[107352]: INFO cinder.volume.api [None req-02542826-3dd7-4202-902b-be4e2e5f5f3b tempest-VolumeQuotasNegativeTestJSON-1470145739 tempest-VolumeQuotasNegativeTestJSON-1470145739-project] Availability Zones retrieved successfully.
Sep 08 05:43:17.250530 dv-cinder-790535-13-smb devstack@c-api.service[107353]: DEBUG oslo_db.sqlalchemy.engines [None req-c036728b-dd65-4395-99ab-07993249c137 tempest-GroupSnapshotsTest-2077831622 tempest-GroupSnapshotsTest-2077831622-project] MySQL server mode set to STRICT_TRANS_TABLES,STRICT_ALL_TABLES,NO_ZERO_IN_DATE,NO_ZERO_DATE,ERROR_FOR_DIVISION_BY_ZERO,TRADITIONAL,NO_ENGINE_SUBSTITUTION {{(pid=107353) _check_effective_sql_mode /usr/local/lib/python3.8/dist-packages/oslo_db/sqlalchemy/engines.py:314}}
Sep 08 05:43:17.263272 dv-cinder-790535-13-smb devstack@c-api.service[107352]: DEBUG cinder.volume.api [None req-02542826-3dd7-4202-902b-be4e2e5f5f3b tempest-VolumeQuotasNegativeTestJSON-1470145739 tempest-VolumeQuotasNegativeTestJSON-1470145739-project] Flow 'volume_create_api' (662d8990-963a-45f4-a05c-52884b2d7040) transitioned into state 'RUNNING' from state 'PENDING' {{(pid=107352) _flow_receiver /usr/local/lib/python3.8/dist-packages/taskflow/listeners/logging.py:141}}
Sep 08 05:43:17.263860 dv-cinder-790535-13-smb devstack@c-api.service[107353]: /usr/local/lib/python3.8/dist-packages/oslo_context/context.py:105: DeprecationWarning: Policy enforcement is depending on the value of is_admin. This key is deprecated. Please update your policy file to use the standard policy values.
Sep 08 05:43:17.263860 dv-cinder-790535-13-smb devstack@c-api.service[107353]: warnings.warn('Policy enforcement is depending on the value of '
Sep 08 05:43:17.266112 dv-cinder-790535-13-smb devstack@c-api.service[107352]: DEBUG cinder.volume.api [None req-02542826-3dd7-4202-902b-be4e2e5f5f3b tempest-VolumeQuotasNegativeTestJSON-1470145739 tempest-VolumeQuotasNegativeTestJSON-1470145739-project] Task 'cinder.volume.flows.api.create_volume.ExtractVolumeRequestTask;volume:create' (5161e8d2-72ad-4b51-8860-7e3385be62c0) transitioned into state 'RUNNING' from state 'PENDING' {{(pid=107352) _task_receiver /usr/local/lib/python3.8/dist-packages/taskflow/listeners/logging.py:190}}
Sep 08 05:43:17.268661 dv-cinder-790535-13-smb devstack@c-api.service[107352]: DEBUG cinder.volume.flows.api.create_volume [None req-02542826-3dd7-4202-902b-be4e2e5f5f3b tempest-VolumeQuotasNegativeTestJSON-1470145739 tempest-VolumeQuotasNegativeTestJSON-1470145739-project] Validating volume size '2' using validate_int {{(pid=107352) _extract_size /opt/stack/cinder/cinder/volume/flows/api/create_volume.py:225}}
Sep 08 05:43:17.275928 dv-cinder-790535-13-smb devstack@c-api.service[107353]: WARNING stevedore.named [None req-c036728b-dd65-4395-99ab-07993249c137 tempest-GroupSnapshotsTest-2077831622 tempest-GroupSnapshotsTest-2077831622-project] Could not load cinder.keymgr.conf_key_mgr.ConfKeyManager
Sep 08 05:43:17.277400 dv-cinder-790535-13-smb devstack@c-api.service[107353]: WARNING castellan.key_manager [None req-c036728b-dd65-4395-99ab-07993249c137 tempest-GroupSnapshotsTest-2077831622 tempest-GroupSnapshotsTest-2077831622-project] Deprecation Warning : cinder.keymgr.conf_key_mgr.ConfKeyManager is not a stevedore based driver, trying to load it as a class: stevedore.exception.NoMatches: No 'castellan.drivers' driver found, looking for 'cinder.keymgr.conf_key_mgr.ConfKeyManager'
Sep 08 05:43:17.300099 dv-cinder-790535-13-smb devstack@c-api.service[107353]: DEBUG oslo_db.sqlalchemy.engines [None req-c036728b-dd65-4395-99ab-07993249c137 tempest-GroupSnapshotsTest-2077831622 tempest-GroupSnapshotsTest-2077831622-project] MySQL server mode set to STRICT_TRANS_TABLES,STRICT_ALL_TABLES,NO_ZERO_IN_DATE,NO_ZERO_DATE,ERROR_FOR_DIVISION_BY_ZERO,TRADITIONAL,NO_ENGINE_SUBSTITUTION {{(pid=107353) _check_effective_sql_mode /usr/local/lib/python3.8/dist-packages/oslo_db/sqlalchemy/engines.py:314}}
Sep 08 05:43:17.311846 dv-cinder-790535-13-smb devstack@c-api.service[107353]: /usr/local/lib/python3.8/dist-packages/oslo_context/context.py:105: DeprecationWarning: Policy enforcement is depending on the value of is_admin. This key is deprecated. Please update your policy file to use the standard policy values.
Sep 08 05:43:17.311846 dv-cinder-790535-13-smb devstack@c-api.service[107353]: warnings.warn('Policy enforcement is depending on the value of '
Sep 08 05:43:17.328257 dv-cinder-790535-13-smb devstack@c-api.service[107352]: DEBUG cinder.volume.api [None req-02542826-3dd7-4202-902b-be4e2e5f5f3b tempest-VolumeQuotasNegativeTestJSON-1470145739 tempest-VolumeQuotasNegativeTestJSON-1470145739-project] Task 'cinder.volume.flows.api.create_volume.ExtractVolumeRequestTask;volume:create' (5161e8d2-72ad-4b51-8860-7e3385be62c0) transitioned into state 'SUCCESS' from state 'RUNNING' with result '{'size': 2, 'snapshot_id': None, 'source_volid': None, 'volume_type': VolumeType(created_at=2021-09-08T05:32:39Z,deleted=False,deleted_at=None,description='Default Volume Type',extra_specs={},id=6e342b60-08da-4e2f-984b-84a50f0e818b,is_public=True,name='__DEFAULT__',projects=[],qos_specs=,qos_specs_id=None,updated_at=2021-09-08T05:32:39Z), 'volume_type_id': '6e342b60-08da-4e2f-984b-84a50f0e818b', 'encryption_key_id': None, 'qos_specs': None, 'consistencygroup_id': None, 'cgsnapshot_id': None, 'group_id': None, 'replication_status': 'disabled', 'refresh_az': False, 'backup_id': None, 'multiattach': False, 'availability_zones': ['nova']}' {{(pid=107352) _task_receiver /usr/local/lib/python3.8/dist-packages/taskflow/listeners/logging.py:178}}
Sep 08 05:43:17.330438 dv-cinder-790535-13-smb devstack@c-api.service[107352]: DEBUG cinder.volume.api [None req-02542826-3dd7-4202-902b-be4e2e5f5f3b tempest-VolumeQuotasNegativeTestJSON-1470145739 tempest-VolumeQuotasNegativeTestJSON-1470145739-project] Task 'cinder.volume.flows.api.create_volume.QuotaReserveTask;volume:create' (1eae236e-62d4-4fbb-bd2d-590d2a3903f8) transitioned into state 'RUNNING' from state 'PENDING' {{(pid=107352) _task_receiver /usr/local/lib/python3.8/dist-packages/taskflow/listeners/logging.py:190}}
Sep 08 05:43:17.335584 dv-cinder-790535-13-smb devstack@c-api.service[107353]: INFO cinder.api.openstack.wsgi [None req-c036728b-dd65-4395-99ab-07993249c137 tempest-GroupSnapshotsTest-2077831622 tempest-GroupSnapshotsTest-2077831622-project] http://10.222.0.37/volume/v3/f8270c9f527a4254bb7e126f77fe318e/volumes/detail returned with HTTP 200
Sep 08 05:43:17.347022 dv-cinder-790535-13-smb devstack@c-api.service[107353]: [pid: 107353|app: 0|req: 43/98] 10.222.0.37 () {60 vars in 1276 bytes} [Wed Sep 8 05:43:17 2021] GET /volume/v3/f8270c9f527a4254bb7e126f77fe318e/volumes/detail => generated 1984 bytes in 199 msecs (HTTP/1.1 200) 7 headers in 287 bytes (1 switches on core 0)
Sep 08 05:43:17.347022 dv-cinder-790535-13-smb devstack@c-api.service[107353]: INFO cinder.api.openstack.wsgi [None req-c20f2ef2-e2cf-4a22-ba0f-3d712d5118b6 tempest-VolumeTypesTest-1929737938 tempest-VolumeTypesTest-1929737938-project] GET http://10.222.0.37/volume/v3/16274e02a17b4e8aa50e21fabf7cdfbd/volumes/caf83268-366d-4ae5-92e5-289a7fe6c673
Sep 08 05:43:17.347022 dv-cinder-790535-13-smb devstack@c-api.service[107353]: DEBUG cinder.api.openstack.wsgi [None req-c20f2ef2-e2cf-4a22-ba0f-3d712d5118b6 tempest-VolumeTypesTest-1929737938 tempest-VolumeTypesTest-1929737938-project] Empty body provided in request {{(pid=107353) get_body /opt/stack/cinder/cinder/api/openstack/wsgi.py:703}}
Sep 08 05:43:17.347022 dv-cinder-790535-13-smb devstack@c-api.service[107353]: /usr/local/lib/python3.8/dist-packages/webob/acceptparse.py:1047: DeprecationWarning: The behavior of AcceptValidHeader.best_match is currently being maintained for backward compatibility, but it will be deprecated in the future, as it does not conform to the RFC.
Sep 08 05:43:17.347022 dv-cinder-790535-13-smb devstack@c-api.service[107353]: warnings.warn(
Sep 08 05:43:17.347022 dv-cinder-790535-13-smb devstack@c-api.service[107353]: DEBUG cinder.api.openstack.wsgi [None req-c20f2ef2-e2cf-4a22-ba0f-3d712d5118b6 tempest-VolumeTypesTest-1929737938 tempest-VolumeTypesTest-1929737938-project] Calling method 'show' {{(pid=107353) _process_stack /opt/stack/cinder/cinder/api/openstack/wsgi.py:856}}
Sep 08 05:43:17.360866 dv-cinder-790535-13-smb devstack@c-api.service[107353]: /usr/local/lib/python3.8/dist-packages/oslo_context/context.py:105: DeprecationWarning: Policy enforcement is depending on the value of is_admin. This key is deprecated. Please update your policy file to use the standard policy values.
Sep 08 05:43:17.360866 dv-cinder-790535-13-smb devstack@c-api.service[107353]: warnings.warn('Policy enforcement is depending on the value of '
Sep 08 05:43:17.371354 dv-cinder-790535-13-smb devstack@c-api.service[107353]: INFO cinder.volume.api [None req-c20f2ef2-e2cf-4a22-ba0f-3d712d5118b6 tempest-VolumeTypesTest-1929737938 tempest-VolumeTypesTest-1929737938-project] Volume info retrieved successfully.
Sep 08 05:43:17.386824 dv-cinder-790535-13-smb devstack@c-api.service[107353]: INFO cinder.api.openstack.wsgi [None req-c20f2ef2-e2cf-4a22-ba0f-3d712d5118b6 tempest-VolumeTypesTest-1929737938 tempest-VolumeTypesTest-1929737938-project] http://10.222.0.37/volume/v3/16274e02a17b4e8aa50e21fabf7cdfbd/volumes/caf83268-366d-4ae5-92e5-289a7fe6c673 returned with HTTP 200
Sep 08 05:43:17.387912 dv-cinder-790535-13-smb devstack@c-api.service[107353]: [pid: 107353|app: 0|req: 44/99] 10.222.0.37 () {58 vars in 1325 bytes} [Wed Sep 8 05:43:17 2021] GET /volume/v3/16274e02a17b4e8aa50e21fabf7cdfbd/volumes/caf83268-366d-4ae5-92e5-289a7fe6c673 => generated 942 bytes in 51 msecs (HTTP/1.1 200) 7 headers in 285 bytes (1 switches on core 0)
Sep 08 05:43:17.392040 dv-cinder-790535-13-smb devstack@c-api.service[107352]: WARNING cinder.quota [None req-02542826-3dd7-4202-902b-be4e2e5f5f3b tempest-VolumeQuotasNegativeTestJSON-1470145739 tempest-VolumeQuotasNegativeTestJSON-1470145739-project] Deprecated: Default quota for resource: volumes___DEFAULT__ is set by the default quota flag: quota_volumes___DEFAULT__, it is now deprecated. Please use the default quota class for default quota.
Sep 08 05:43:17.392906 dv-cinder-790535-13-smb devstack@c-api.service[107352]: WARNING cinder.quota [None req-02542826-3dd7-4202-902b-be4e2e5f5f3b tempest-VolumeQuotasNegativeTestJSON-1470145739 tempest-VolumeQuotasNegativeTestJSON-1470145739-project] Deprecated: Default quota for resource: gigabytes___DEFAULT__ is set by the default quota flag: quota_gigabytes___DEFAULT__, it is now deprecated. Please use the default quota class for default quota.
Sep 08 05:43:17.398874 dv-cinder-790535-13-smb devstack@c-api.service[107353]: INFO cinder.api.openstack.wsgi [None req-e206dcc5-1d28-407e-b13d-3e2f8a97f966 tempest-GroupsV314Test-2091850205 tempest-GroupsV314Test-2091850205-project] POST http://10.222.0.37/volume/v3/d1f6691da4fd4e2a93d716422dd8959f/volumes
Sep 08 05:43:17.400605 dv-cinder-790535-13-smb devstack@c-api.service[107353]: /usr/local/lib/python3.8/dist-packages/webob/acceptparse.py:1047: DeprecationWarning: The behavior of AcceptValidHeader.best_match is currently being maintained for backward compatibility, but it will be deprecated in the future, as it does not conform to the RFC.
Sep 08 05:43:17.400605 dv-cinder-790535-13-smb devstack@c-api.service[107353]: warnings.warn(
Sep 08 05:43:17.401427 dv-cinder-790535-13-smb devstack@c-api.service[107353]: DEBUG cinder.api.openstack.wsgi [None req-e206dcc5-1d28-407e-b13d-3e2f8a97f966 tempest-GroupsV314Test-2091850205 tempest-GroupsV314Test-2091850205-project] Action: 'create', calling method: create, body: {"volume": {"volume_type": "b567d894-236c-4d68-8bf5-b315551c64f8", "group_id": "2125463e-653d-407c-9d50-08e7bb86abbb", "size": 1, "name": "tempest-GroupsV314Test-Volume-1555024046"}} {{(pid=107353) _process_stack /opt/stack/cinder/cinder/api/openstack/wsgi.py:854}}
Sep 08 05:43:17.403156 dv-cinder-790535-13-smb devstack@c-api.service[107353]: DEBUG cinder.api.v3.volumes [None req-e206dcc5-1d28-407e-b13d-3e2f8a97f966 tempest-GroupsV314Test-2091850205 tempest-GroupsV314Test-2091850205-project] Create volume request body: {'volume': {'volume_type': 'b567d894-236c-4d68-8bf5-b315551c64f8', 'group_id': '2125463e-653d-407c-9d50-08e7bb86abbb', 'size': 1, 'name': 'tempest-GroupsV314Test-Volume-1555024046'}} {{(pid=107353) create /opt/stack/cinder/cinder/api/v3/volumes.py:298}}
Sep 08 05:43:17.403650 dv-cinder-790535-13-smb devstack@c-api.service[107352]: WARNING cinder.quota_utils [None req-02542826-3dd7-4202-902b-be4e2e5f5f3b tempest-VolumeQuotasNegativeTestJSON-1470145739 tempest-VolumeQuotasNegativeTestJSON-1470145739-project] Quota exceeded for 866fbde5ee68477c90dfb33e174d7b00, tried to create 2G volume (1G of 1G already consumed).: cinder.exception.OverQuota: Quota exceeded for resources: ['gigabytes']
Sep 08 05:43:17.411346 dv-cinder-790535-13-smb devstack@c-api.service[107352]: WARNING cinder.volume.api [None req-02542826-3dd7-4202-902b-be4e2e5f5f3b tempest-VolumeQuotasNegativeTestJSON-1470145739 tempest-VolumeQuotasNegativeTestJSON-1470145739-project] Task 'cinder.volume.flows.api.create_volume.QuotaReserveTask;volume:create' (1eae236e-62d4-4fbb-bd2d-590d2a3903f8) transitioned into state 'FAILURE' from state 'RUNNING'
Sep 08 05:43:17.411346 dv-cinder-790535-13-smb devstack@c-api.service[107352]: Failure: cinder.exception.VolumeSizeExceedsAvailableQuota: Requested volume or snapshot exceeds allowed gigabytes quota. Requested 2G, quota is 1G and 1G has been consumed.
Sep 08 05:43:17.417640 dv-cinder-790535-13-smb devstack@c-api.service[107353]: /usr/local/lib/python3.8/dist-packages/oslo_context/context.py:105: DeprecationWarning: Policy enforcement is depending on the value of is_admin. This key is deprecated. Please update your policy file to use the standard policy values.
Sep 08 05:43:17.417640 dv-cinder-790535-13-smb devstack@c-api.service[107353]: warnings.warn('Policy enforcement is depending on the value of '
Sep 08 05:43:17.417886 dv-cinder-790535-13-smb devstack@c-api.service[107352]: DEBUG cinder.volume.api [None req-02542826-3dd7-4202-902b-be4e2e5f5f3b tempest-VolumeQuotasNegativeTestJSON-1470145739 tempest-VolumeQuotasNegativeTestJSON-1470145739-project] Task 'cinder.volume.flows.api.create_volume.QuotaReserveTask;volume:create' (1eae236e-62d4-4fbb-bd2d-590d2a3903f8) transitioned into state 'REVERTING' from state 'FAILURE' {{(pid=107352) _task_receiver /usr/local/lib/python3.8/dist-packages/taskflow/listeners/logging.py:190}}
Sep 08 05:43:17.418827 dv-cinder-790535-13-smb devstack@c-api.service[107353]: INFO cinder.api.v3.volumes [None req-e206dcc5-1d28-407e-b13d-3e2f8a97f966 tempest-GroupsV314Test-2091850205 tempest-GroupsV314Test-2091850205-project] Create volume of 1 GB
Sep 08 05:43:17.422222 dv-cinder-790535-13-smb devstack@c-api.service[107352]: WARNING cinder.volume.api [None req-02542826-3dd7-4202-902b-be4e2e5f5f3b tempest-VolumeQuotasNegativeTestJSON-1470145739 tempest-VolumeQuotasNegativeTestJSON-1470145739-project] Task 'cinder.volume.flows.api.create_volume.QuotaReserveTask;volume:create' (1eae236e-62d4-4fbb-bd2d-590d2a3903f8) transitioned into state 'REVERTED' from state 'REVERTING' with result 'None'
Sep 08 05:43:17.424202 dv-cinder-790535-13-smb devstack@c-api.service[107352]: DEBUG cinder.volume.api [None req-02542826-3dd7-4202-902b-be4e2e5f5f3b tempest-VolumeQuotasNegativeTestJSON-1470145739 tempest-VolumeQuotasNegativeTestJSON-1470145739-project] Task 'cinder.volume.flows.api.create_volume.ExtractVolumeRequestTask;volume:create' (5161e8d2-72ad-4b51-8860-7e3385be62c0) transitioned into state 'REVERTING' from state 'SUCCESS' {{(pid=107352) _task_receiver /usr/local/lib/python3.8/dist-packages/taskflow/listeners/logging.py:190}}
Sep 08 05:43:17.426201 dv-cinder-790535-13-smb devstack@c-api.service[107352]: WARNING cinder.volume.api [None req-02542826-3dd7-4202-902b-be4e2e5f5f3b tempest-VolumeQuotasNegativeTestJSON-1470145739 tempest-VolumeQuotasNegativeTestJSON-1470145739-project] Task 'cinder.volume.flows.api.create_volume.ExtractVolumeRequestTask;volume:create' (5161e8d2-72ad-4b51-8860-7e3385be62c0) transitioned into state 'REVERTED' from state 'REVERTING' with result 'None'
Sep 08 05:43:17.429211 dv-cinder-790535-13-smb devstack@c-api.service[107352]: WARNING cinder.volume.api [None req-02542826-3dd7-4202-902b-be4e2e5f5f3b tempest-VolumeQuotasNegativeTestJSON-1470145739 tempest-VolumeQuotasNegativeTestJSON-1470145739-project] Flow 'volume_create_api' (662d8990-963a-45f4-a05c-52884b2d7040) transitioned into state 'REVERTED' from state 'RUNNING'
Sep 08 05:43:17.429805 dv-cinder-790535-13-smb devstack@c-api.service[107352]: INFO cinder.api.middleware.fault [None req-02542826-3dd7-4202-902b-be4e2e5f5f3b tempest-VolumeQuotasNegativeTestJSON-1470145739 tempest-VolumeQuotasNegativeTestJSON-1470145739-project] http://10.222.0.37/volume/v3/866fbde5ee68477c90dfb33e174d7b00/volumes returned with HTTP 413
Sep 08 05:43:17.439989 dv-cinder-790535-13-smb devstack@c-api.service[107353]: INFO cinder.volume.api [None req-e206dcc5-1d28-407e-b13d-3e2f8a97f966 tempest-GroupsV314Test-2091850205 tempest-GroupsV314Test-2091850205-project] Availability Zones retrieved successfully.
Sep 08 05:43:17.446377 dv-cinder-790535-13-smb devstack@c-api.service[107352]: [pid: 107352|app: 0|req: 56/100] 10.222.0.37 () {60 vars in 1235 bytes} [Wed Sep 8 05:43:17 2021] POST /volume/v3/866fbde5ee68477c90dfb33e174d7b00/volumes => generated 208 bytes in 227 msecs (HTTP/1.1 413) 8 headers in 323 bytes (1 switches on core 0)
Sep 08 05:43:17.451240 dv-cinder-790535-13-smb devstack@c-api.service[107352]: INFO cinder.api.openstack.wsgi [None req-6fabeb0f-c01f-464e-b2a1-9ad782582396 tempest-GroupSnapshotsTest-2077831622 tempest-GroupSnapshotsTest-2077831622-project] POST http://10.222.0.37/volume/v3/f8270c9f527a4254bb7e126f77fe318e/groups/66caaf13-8830-4f5c-b1fe-2a000f3c16ac/action
Sep 08 05:43:17.451684 dv-cinder-790535-13-smb devstack@c-api.service[107352]: /usr/local/lib/python3.8/dist-packages/webob/acceptparse.py:1047: DeprecationWarning: The behavior of AcceptValidHeader.best_match is currently being maintained for backward compatibility, but it will be deprecated in the future, as it does not conform to the RFC.
Sep 08 05:43:17.451684 dv-cinder-790535-13-smb devstack@c-api.service[107352]: warnings.warn(
Sep 08 05:43:17.452063 dv-cinder-790535-13-smb devstack@c-api.service[107352]: DEBUG cinder.api.openstack.wsgi [None req-6fabeb0f-c01f-464e-b2a1-9ad782582396 tempest-GroupSnapshotsTest-2077831622 tempest-GroupSnapshotsTest-2077831622-project] Action body: b'{"delete": {"delete-volumes": true}}' {{(pid=107352) get_method /opt/stack/cinder/cinder/api/openstack/wsgi.py:971}}
Sep 08 05:43:17.452385 dv-cinder-790535-13-smb devstack@c-api.service[107352]: DEBUG cinder.api.openstack.wsgi [None req-6fabeb0f-c01f-464e-b2a1-9ad782582396 tempest-GroupSnapshotsTest-2077831622 tempest-GroupSnapshotsTest-2077831622-project] Action: 'action', calling method: version_select, body: {"delete": {"delete-volumes": true}} {{(pid=107352) _process_stack /opt/stack/cinder/cinder/api/openstack/wsgi.py:854}}
Sep 08 05:43:17.453173 dv-cinder-790535-13-smb devstack@c-api.service[107352]: DEBUG cinder.api.v3.groups [None req-6fabeb0f-c01f-464e-b2a1-9ad782582396 tempest-GroupSnapshotsTest-2077831622 tempest-GroupSnapshotsTest-2077831622-project] delete called for group 66caaf13-8830-4f5c-b1fe-2a000f3c16ac {{(pid=107352) _delete /opt/stack/cinder/cinder/api/v3/groups.py:117}}
Sep 08 05:43:17.453460 dv-cinder-790535-13-smb devstack@c-api.service[107352]: INFO cinder.api.v3.groups [None req-6fabeb0f-c01f-464e-b2a1-9ad782582396 tempest-GroupSnapshotsTest-2077831622 tempest-GroupSnapshotsTest-2077831622-project] Delete group with id: 66caaf13-8830-4f5c-b1fe-2a000f3c16ac
Sep 08 05:43:17.459482 dv-cinder-790535-13-smb devstack@c-api.service[107353]: DEBUG cinder.volume.api [None req-e206dcc5-1d28-407e-b13d-3e2f8a97f966 tempest-GroupsV314Test-2091850205 tempest-GroupsV314Test-2091850205-project] Flow 'volume_create_api' (b783f0fd-6d39-494c-90fa-0c67abc8bd0b) transitioned into state 'RUNNING' from state 'PENDING' {{(pid=107353) _flow_receiver /usr/local/lib/python3.8/dist-packages/taskflow/listeners/logging.py:141}}
Sep 08 05:43:17.462209 dv-cinder-790535-13-smb devstack@c-api.service[107352]: /usr/local/lib/python3.8/dist-packages/oslo_context/context.py:105: DeprecationWarning: Policy enforcement is depending on the value of is_admin. This key is deprecated. Please update your policy file to use the standard policy values.
Sep 08 05:43:17.462209 dv-cinder-790535-13-smb devstack@c-api.service[107352]: warnings.warn('Policy enforcement is depending on the value of '
Sep 08 05:43:17.464059 dv-cinder-790535-13-smb devstack@c-api.service[107353]: DEBUG cinder.volume.api [None req-e206dcc5-1d28-407e-b13d-3e2f8a97f966 tempest-GroupsV314Test-2091850205 tempest-GroupsV314Test-2091850205-project] Task 'cinder.volume.flows.api.create_volume.ExtractVolumeRequestTask;volume:create' (432fecdf-785a-48bf-8113-03e439a688ff) transitioned into state 'RUNNING' from state 'PENDING' {{(pid=107353) _task_receiver /usr/local/lib/python3.8/dist-packages/taskflow/listeners/logging.py:190}}
Sep 08 05:43:17.467768 dv-cinder-790535-13-smb devstack@c-api.service[107353]: /usr/local/lib/python3.8/dist-packages/oslo_context/context.py:105: DeprecationWarning: Policy enforcement is depending on the value of is_admin. This key is deprecated. Please update your policy file to use the standard policy values.
Sep 08 05:43:17.467768 dv-cinder-790535-13-smb devstack@c-api.service[107353]: warnings.warn('Policy enforcement is depending on the value of '
Sep 08 05:43:17.468965 dv-cinder-790535-13-smb devstack@c-api.service[107353]: DEBUG cinder.volume.flows.api.create_volume [None req-e206dcc5-1d28-407e-b13d-3e2f8a97f966 tempest-GroupsV314Test-2091850205 tempest-GroupsV314Test-2091850205-project] Validating volume size '1' using validate_int {{(pid=107353) _extract_size /opt/stack/cinder/cinder/volume/flows/api/create_volume.py:225}}
Sep 08 05:43:17.508428 dv-cinder-790535-13-smb devstack@c-api.service[107353]: DEBUG cinder.volume.api [None req-e206dcc5-1d28-407e-b13d-3e2f8a97f966 tempest-GroupsV314Test-2091850205 tempest-GroupsV314Test-2091850205-project] Task 'cinder.volume.flows.api.create_volume.ExtractVolumeRequestTask;volume:create' (432fecdf-785a-48bf-8113-03e439a688ff) transitioned into state 'SUCCESS' from state 'RUNNING' with result '{'size': 1, 'snapshot_id': None, 'source_volid': None, 'volume_type': VolumeType(created_at=2021-09-08T05:43:15Z,deleted=False,deleted_at=None,description=None,extra_specs={},id=b567d894-236c-4d68-8bf5-b315551c64f8,is_public=True,name='tempest-GroupsV314Test-volume-type-157440531',projects=[],qos_specs=,qos_specs_id=None,updated_at=None), 'volume_type_id': 'b567d894-236c-4d68-8bf5-b315551c64f8', 'encryption_key_id': None, 'qos_specs': None, 'consistencygroup_id': None, 'cgsnapshot_id': None, 'group_id': '2125463e-653d-407c-9d50-08e7bb86abbb', 'replication_status': 'disabled', 'refresh_az': False, 'backup_id': None, 'multiattach': False, 'availability_zones': ['nova']}' {{(pid=107353) _task_receiver /usr/local/lib/python3.8/dist-packages/taskflow/listeners/logging.py:178}}
Sep 08 05:43:17.510718 dv-cinder-790535-13-smb devstack@c-api.service[107353]: DEBUG cinder.volume.api [None req-e206dcc5-1d28-407e-b13d-3e2f8a97f966 tempest-GroupsV314Test-2091850205 tempest-GroupsV314Test-2091850205-project] Task 'cinder.volume.flows.api.create_volume.QuotaReserveTask;volume:create' (05d205a3-5db4-4440-a1e5-c6f3d55c869b) transitioned into state 'RUNNING' from state 'PENDING' {{(pid=107353) _task_receiver /usr/local/lib/python3.8/dist-packages/taskflow/listeners/logging.py:190}}
Sep 08 05:43:17.661109 dv-cinder-790535-13-smb devstack@c-api.service[107353]: DEBUG cinder.quota [None req-e206dcc5-1d28-407e-b13d-3e2f8a97f966 tempest-GroupsV314Test-2091850205 tempest-GroupsV314Test-2091850205-project] Created reservations ['abe13615-d2fb-4163-9622-3411da4a8ab4', 'bdd03c5d-04b7-4bf2-aa78-9591b0d4c360', '3fc854b7-7b6d-480b-b1de-9fbe9dee025c', 'bda55975-d0bf-4b20-a2e1-d5fb1ae99a9a'] {{(pid=107353) reserve /opt/stack/cinder/cinder/quota.py:755}}
Sep 08 05:43:17.663575 dv-cinder-790535-13-smb devstack@c-api.service[107353]: DEBUG cinder.volume.api [None req-e206dcc5-1d28-407e-b13d-3e2f8a97f966 tempest-GroupsV314Test-2091850205 tempest-GroupsV314Test-2091850205-project] Task 'cinder.volume.flows.api.create_volume.QuotaReserveTask;volume:create' (05d205a3-5db4-4440-a1e5-c6f3d55c869b) transitioned into state 'SUCCESS' from state 'RUNNING' with result '{'reservations': ['abe13615-d2fb-4163-9622-3411da4a8ab4', 'bdd03c5d-04b7-4bf2-aa78-9591b0d4c360', '3fc854b7-7b6d-480b-b1de-9fbe9dee025c', 'bda55975-d0bf-4b20-a2e1-d5fb1ae99a9a']}' {{(pid=107353) _task_receiver /usr/local/lib/python3.8/dist-packages/taskflow/listeners/logging.py:178}}
Sep 08 05:43:17.666466 dv-cinder-790535-13-smb devstack@c-api.service[107353]: DEBUG cinder.volume.api [None req-e206dcc5-1d28-407e-b13d-3e2f8a97f966 tempest-GroupsV314Test-2091850205 tempest-GroupsV314Test-2091850205-project] Task 'cinder.volume.flows.api.create_volume.EntryCreateTask;volume:create' (85b3c355-7843-4ec2-ab2d-05bb25475878) transitioned into state 'RUNNING' from state 'PENDING' {{(pid=107353) _task_receiver /usr/local/lib/python3.8/dist-packages/taskflow/listeners/logging.py:190}}
Sep 08 05:43:17.687539 dv-cinder-790535-13-smb devstack@c-api.service[107352]: INFO cinder.api.openstack.wsgi [None req-6fabeb0f-c01f-464e-b2a1-9ad782582396 tempest-GroupSnapshotsTest-2077831622 tempest-GroupSnapshotsTest-2077831622-project] http://10.222.0.37/volume/v3/f8270c9f527a4254bb7e126f77fe318e/groups/66caaf13-8830-4f5c-b1fe-2a000f3c16ac/action returned with HTTP 202
Sep 08 05:43:17.691996 dv-cinder-790535-13-smb devstack@c-api.service[107352]: [pid: 107352|app: 0|req: 57/101] 10.222.0.37 () {62 vars in 1405 bytes} [Wed Sep 8 05:43:17 2021] POST /volume/v3/f8270c9f527a4254bb7e126f77fe318e/groups/66caaf13-8830-4f5c-b1fe-2a000f3c16ac/action => generated 0 bytes in 242 msecs (HTTP/1.1 202) 6 headers in 234 bytes (1 switches on core 0)
Sep 08 05:43:17.692782 dv-cinder-790535-13-smb devstack@c-api.service[107353]: DEBUG cinder.volume.api [None req-e206dcc5-1d28-407e-b13d-3e2f8a97f966 tempest-GroupsV314Test-2091850205 tempest-GroupsV314Test-2091850205-project] Task 'cinder.volume.flows.api.create_volume.EntryCreateTask;volume:create' (85b3c355-7843-4ec2-ab2d-05bb25475878) transitioned into state 'SUCCESS' from state 'RUNNING' with result '{'volume_id': '22231d01-3ed5-4b53-b90f-b1e43cd50c02', 'volume_properties': VolumeProperties(attach_status='detached',availability_zone='nova',cgsnapshot_id=None,consistencygroup_id=None,display_description=None,display_name='tempest-GroupsV314Test-Volume-1555024046',encryption_key_id=None,group_id=2125463e-653d-407c-9d50-08e7bb86abbb,group_type_id=,metadata={},multiattach=False,project_id='d1f6691da4fd4e2a93d716422dd8959f',qos_specs=None,replication_status=,reservations=['abe13615-d2fb-4163-9622-3411da4a8ab4','bdd03c5d-04b7-4bf2-aa78-9591b0d4c360','3fc854b7-7b6d-480b-b1de-9fbe9dee025c','bda55975-d0bf-4b20-a2e1-d5fb1ae99a9a'],size=1,snapshot_id=None,source_replicaid=,source_volid=None,status='creating',user_id='41c13d45ee034be69b2cd330e95a5b60',volume_type_id=b567d894-236c-4d68-8bf5-b315551c64f8), 'volume': Volume(_name_id=None,admin_metadata=,attach_status='detached',availability_zone='nova',bootable=False,cluster=,cluster_name=None,consistencygroup=,consistencygroup_id=None,created_at=2021-09-08T05:43:17Z,deleted=False,deleted_at=None,display_description=None,display_name='tempest-GroupsV314Test-Volume-1555024046',ec2_id=None,encryption_key_id=None,glance_metadata=,group=,group_id=2125463e-653d-407c-9d50-08e7bb86abbb,host=None,id=22231d01-3ed5-4b53-b90f-b1e43cd50c02,launched_at=None,metadata={},migration_status=None,multiattach=False,previous_status=None,project_id='d1f6691da4fd4e2a93d716422dd8959f',provider_auth=None,provider_geometry=None,provider_id=None,provider_location=None,replication_driver_data=None,replication_extended_status=None,replication_status=None,scheduled_at=None,service_uuid=None,shared_targets=True,size=1,snapshot_id=None,snapshots=,source_volid=None,status='creating',terminated_at=None,updated_at=None,use_quota=True,user_id='41c13d45ee034be69b2cd330e95a5b60',volume_attachment=,volume_type=VolumeType(b567d894-236c-4d68-8bf5-b315551c64f8),volume_type_id=b567d894-236c-4d68-8bf5-b315551c64f8)}' {{(pid=107353) _task_receiver /usr/local/lib/python3.8/dist-packages/taskflow/listeners/logging.py:178}}
Sep 08 05:43:17.695548 dv-cinder-790535-13-smb devstack@c-api.service[107352]: INFO cinder.api.openstack.wsgi [None req-66131a39-16d3-41b1-9154-8f79960f6532 tempest-VolumeQuotasNegativeTestJSON-349420010 tempest-VolumeQuotasNegativeTestJSON-349420010-project-admin] PUT http://10.222.0.37/volume/v3/65c7cb5d81424bd5bd88f6c21a9b9f60/os-quota-sets/866fbde5ee68477c90dfb33e174d7b00
Sep 08 05:43:17.695979 dv-cinder-790535-13-smb devstack@c-api.service[107352]: /usr/local/lib/python3.8/dist-packages/webob/acceptparse.py:1047: DeprecationWarning: The behavior of AcceptValidHeader.best_match is currently being maintained for backward compatibility, but it will be deprecated in the future, as it does not conform to the RFC.
Sep 08 05:43:17.695979 dv-cinder-790535-13-smb devstack@c-api.service[107352]: warnings.warn(
Sep 08 05:43:17.696149 dv-cinder-790535-13-smb devstack@c-api.service[107353]: DEBUG cinder.volume.api [None req-e206dcc5-1d28-407e-b13d-3e2f8a97f966 tempest-GroupsV314Test-2091850205 tempest-GroupsV314Test-2091850205-project] Task 'cinder.volume.flows.api.create_volume.QuotaCommitTask;volume:create' (6b637c8c-e155-4d3d-a135-c9df4bc97fb2) transitioned into state 'RUNNING' from state 'PENDING' {{(pid=107353) _task_receiver /usr/local/lib/python3.8/dist-packages/taskflow/listeners/logging.py:190}}
Sep 08 05:43:17.696714 dv-cinder-790535-13-smb devstack@c-api.service[107352]: DEBUG cinder.api.openstack.wsgi [None req-66131a39-16d3-41b1-9154-8f79960f6532 tempest-VolumeQuotasNegativeTestJSON-349420010 tempest-VolumeQuotasNegativeTestJSON-349420010-project-admin] Action: 'update', calling method: update, body: {"quota_set": {"volumes": 1, "gigabytes": -1}} {{(pid=107352) _process_stack /opt/stack/cinder/cinder/api/openstack/wsgi.py:854}}
Sep 08 05:43:17.730266 dv-cinder-790535-13-smb devstack@c-api.service[107353]: DEBUG cinder.volume.api [None req-e206dcc5-1d28-407e-b13d-3e2f8a97f966 tempest-GroupsV314Test-2091850205 tempest-GroupsV314Test-2091850205-project] Task 'cinder.volume.flows.api.create_volume.QuotaCommitTask;volume:create' (6b637c8c-e155-4d3d-a135-c9df4bc97fb2) transitioned into state 'SUCCESS' from state 'RUNNING' with result '{'volume_properties': VolumeProperties(attach_status='detached',availability_zone='nova',cgsnapshot_id=None,consistencygroup_id=None,display_description=None,display_name='tempest-GroupsV314Test-Volume-1555024046',encryption_key_id=None,group_id=2125463e-653d-407c-9d50-08e7bb86abbb,group_type_id=,metadata={},multiattach=False,project_id='d1f6691da4fd4e2a93d716422dd8959f',qos_specs=None,replication_status=,reservations=['abe13615-d2fb-4163-9622-3411da4a8ab4','bdd03c5d-04b7-4bf2-aa78-9591b0d4c360','3fc854b7-7b6d-480b-b1de-9fbe9dee025c','bda55975-d0bf-4b20-a2e1-d5fb1ae99a9a'],size=1,snapshot_id=None,source_replicaid=,source_volid=None,status='creating',user_id='41c13d45ee034be69b2cd330e95a5b60',volume_type_id=b567d894-236c-4d68-8bf5-b315551c64f8)}' {{(pid=107353) _task_receiver /usr/local/lib/python3.8/dist-packages/taskflow/listeners/logging.py:178}}
Sep 08 05:43:17.733902 dv-cinder-790535-13-smb devstack@c-api.service[107353]: DEBUG cinder.volume.api [None req-e206dcc5-1d28-407e-b13d-3e2f8a97f966 tempest-GroupsV314Test-2091850205 tempest-GroupsV314Test-2091850205-project] Task 'cinder.volume.flows.api.create_volume.VolumeCastTask;volume:create' (fe32bf49-9820-44d6-b10c-2309ba7b95c9) transitioned into state 'RUNNING' from state 'PENDING' {{(pid=107353) _task_receiver /usr/local/lib/python3.8/dist-packages/taskflow/listeners/logging.py:190}}
Sep 08 05:43:17.763430 dv-cinder-790535-13-smb devstack@c-api.service[107353]: DEBUG cinder.volume.api [None req-e206dcc5-1d28-407e-b13d-3e2f8a97f966 tempest-GroupsV314Test-2091850205 tempest-GroupsV314Test-2091850205-project] Task 'cinder.volume.flows.api.create_volume.VolumeCastTask;volume:create' (fe32bf49-9820-44d6-b10c-2309ba7b95c9) transitioned into state 'SUCCESS' from state 'RUNNING' with result 'None' {{(pid=107353) _task_receiver /usr/local/lib/python3.8/dist-packages/taskflow/listeners/logging.py:178}}
Sep 08 05:43:17.768984 dv-cinder-790535-13-smb devstack@c-api.service[107353]: DEBUG cinder.volume.api [None req-e206dcc5-1d28-407e-b13d-3e2f8a97f966 tempest-GroupsV314Test-2091850205 tempest-GroupsV314Test-2091850205-project] Flow 'volume_create_api' (b783f0fd-6d39-494c-90fa-0c67abc8bd0b) transitioned into state 'SUCCESS' from state 'RUNNING' {{(pid=107353) _flow_receiver /usr/local/lib/python3.8/dist-packages/taskflow/listeners/logging.py:141}}
Sep 08 05:43:17.770062 dv-cinder-790535-13-smb devstack@c-api.service[107353]: INFO cinder.volume.api [None req-e206dcc5-1d28-407e-b13d-3e2f8a97f966 tempest-GroupsV314Test-2091850205 tempest-GroupsV314Test-2091850205-project] Create volume request issued successfully.
Sep 08 05:43:17.785411 dv-cinder-790535-13-smb devstack@c-api.service[107353]: WARNING stevedore.named [None req-e206dcc5-1d28-407e-b13d-3e2f8a97f966 tempest-GroupsV314Test-2091850205 tempest-GroupsV314Test-2091850205-project] Could not load cinder.keymgr.conf_key_mgr.ConfKeyManager
Sep 08 05:43:17.786382 dv-cinder-790535-13-smb devstack@c-api.service[107353]: WARNING castellan.key_manager [None req-e206dcc5-1d28-407e-b13d-3e2f8a97f966 tempest-GroupsV314Test-2091850205 tempest-GroupsV314Test-2091850205-project] Deprecation Warning : cinder.keymgr.conf_key_mgr.ConfKeyManager is not a stevedore based driver, trying to load it as a class: stevedore.exception.NoMatches: No 'castellan.drivers' driver found, looking for 'cinder.keymgr.conf_key_mgr.ConfKeyManager'
Sep 08 05:43:17.816046 dv-cinder-790535-13-smb devstack@c-api.service[107353]: DEBUG oslo_db.sqlalchemy.engines [None req-e206dcc5-1d28-407e-b13d-3e2f8a97f966 tempest-GroupsV314Test-2091850205 tempest-GroupsV314Test-2091850205-project] MySQL server mode set to STRICT_TRANS_TABLES,STRICT_ALL_TABLES,NO_ZERO_IN_DATE,NO_ZERO_DATE,ERROR_FOR_DIVISION_BY_ZERO,TRADITIONAL,NO_ENGINE_SUBSTITUTION {{(pid=107353) _check_effective_sql_mode /usr/local/lib/python3.8/dist-packages/oslo_db/sqlalchemy/engines.py:314}}
Sep 08 05:43:17.828814 dv-cinder-790535-13-smb devstack@c-api.service[107353]: /usr/local/lib/python3.8/dist-packages/oslo_context/context.py:105: DeprecationWarning: Policy enforcement is depending on the value of is_admin. This key is deprecated. Please update your policy file to use the standard policy values.
Sep 08 05:43:17.828814 dv-cinder-790535-13-smb devstack@c-api.service[107353]: warnings.warn('Policy enforcement is depending on the value of '
Sep 08 05:43:17.833741 dv-cinder-790535-13-smb devstack@c-api.service[107352]: WARNING cinder.quota [None req-66131a39-16d3-41b1-9154-8f79960f6532 tempest-VolumeQuotasNegativeTestJSON-349420010 tempest-VolumeQuotasNegativeTestJSON-349420010-project-admin] Deprecated: Default quota for resource: backups is set by the default quota flag: quota_backups, it is now deprecated. Please use the default quota class for default quota.
Sep 08 05:43:17.834776 dv-cinder-790535-13-smb devstack@c-api.service[107352]: WARNING cinder.quota [None req-66131a39-16d3-41b1-9154-8f79960f6532 tempest-VolumeQuotasNegativeTestJSON-349420010 tempest-VolumeQuotasNegativeTestJSON-349420010-project-admin] Deprecated: Default quota for resource: backup_gigabytes is set by the default quota flag: quota_backup_gigabytes, it is now deprecated. Please use the default quota class for default quota.
Sep 08 05:43:17.835873 dv-cinder-790535-13-smb devstack@c-api.service[107352]: WARNING cinder.quota [None req-66131a39-16d3-41b1-9154-8f79960f6532 tempest-VolumeQuotasNegativeTestJSON-349420010 tempest-VolumeQuotasNegativeTestJSON-349420010-project-admin] Deprecated: Default quota for resource: volumes_tempest-VolumeTypesTest-volume-type-969520770 is set by the default quota flag: quota_volumes_tempest-VolumeTypesTest-volume-type-969520770, it is now deprecated. Please use the default quota class for default quota.
Sep 08 05:43:17.836324 dv-cinder-790535-13-smb devstack@c-api.service[107353]: INFO cinder.api.openstack.wsgi [None req-e206dcc5-1d28-407e-b13d-3e2f8a97f966 tempest-GroupsV314Test-2091850205 tempest-GroupsV314Test-2091850205-project] http://10.222.0.37/volume/v3/d1f6691da4fd4e2a93d716422dd8959f/volumes returned with HTTP 202
Sep 08 05:43:17.837586 dv-cinder-790535-13-smb devstack@c-api.service[107352]: WARNING cinder.quota [None req-66131a39-16d3-41b1-9154-8f79960f6532 tempest-VolumeQuotasNegativeTestJSON-349420010 tempest-VolumeQuotasNegativeTestJSON-349420010-project-admin] Deprecated: Default quota for resource: gigabytes_tempest-VolumeTypesTest-volume-type-969520770 is set by the default quota flag: quota_gigabytes_tempest-VolumeTypesTest-volume-type-969520770, it is now deprecated. Please use the default quota class for default quota.
Sep 08 05:43:17.838138 dv-cinder-790535-13-smb devstack@c-api.service[107353]: [pid: 107353|app: 0|req: 45/102] 10.222.0.37 () {62 vars in 1277 bytes} [Wed Sep 8 05:43:17 2021] POST /volume/v3/d1f6691da4fd4e2a93d716422dd8959f/volumes => generated 899 bytes in 450 msecs (HTTP/1.1 202) 7 headers in 292 bytes (1 switches on core 0)
Sep 08 05:43:17.838884 dv-cinder-790535-13-smb devstack@c-api.service[107352]: WARNING cinder.quota [None req-66131a39-16d3-41b1-9154-8f79960f6532 tempest-VolumeQuotasNegativeTestJSON-349420010 tempest-VolumeQuotasNegativeTestJSON-349420010-project-admin] Deprecated: Default quota for resource: snapshots_tempest-VolumeTypesTest-volume-type-969520770 is set by the default quota flag: quota_snapshots_tempest-VolumeTypesTest-volume-type-969520770, it is now deprecated. Please use the default quota class for default quota.
Sep 08 05:43:17.841458 dv-cinder-790535-13-smb devstack@c-api.service[107352]: WARNING cinder.quota [None req-66131a39-16d3-41b1-9154-8f79960f6532 tempest-VolumeQuotasNegativeTestJSON-349420010 tempest-VolumeQuotasNegativeTestJSON-349420010-project-admin] Deprecated: Default quota for resource: snapshots_tempest-VolumeTypesTest-volume-type-1580260134 is set by the default quota flag: quota_snapshots_tempest-VolumeTypesTest-volume-type-1580260134, it is now deprecated. Please use the default quota class for default quota.
Sep 08 05:43:17.843493 dv-cinder-790535-13-smb devstack@c-api.service[107352]: WARNING cinder.quota [None req-66131a39-16d3-41b1-9154-8f79960f6532 tempest-VolumeQuotasNegativeTestJSON-349420010 tempest-VolumeQuotasNegativeTestJSON-349420010-project-admin] Deprecated: Default quota for resource: snapshots_tempest-UserMessagesTest-volume-type-245670096 is set by the default quota flag: quota_snapshots_tempest-UserMessagesTest-volume-type-245670096, it is now deprecated. Please use the default quota class for default quota.
Sep 08 05:43:17.844533 dv-cinder-790535-13-smb devstack@c-api.service[107352]: WARNING cinder.quota [None req-66131a39-16d3-41b1-9154-8f79960f6532 tempest-VolumeQuotasNegativeTestJSON-349420010 tempest-VolumeQuotasNegativeTestJSON-349420010-project-admin] Deprecated: Default quota for resource: volumes_tempest-GroupsV314Test-volume-type-157440531 is set by the default quota flag: quota_volumes_tempest-GroupsV314Test-volume-type-157440531, it is now deprecated. Please use the default quota class for default quota.
Sep 08 05:43:17.845987 dv-cinder-790535-13-smb devstack@c-api.service[107352]: WARNING cinder.quota [None req-66131a39-16d3-41b1-9154-8f79960f6532 tempest-VolumeQuotasNegativeTestJSON-349420010 tempest-VolumeQuotasNegativeTestJSON-349420010-project-admin] Deprecated: Default quota for resource: gigabytes_tempest-GroupsV314Test-volume-type-157440531 is set by the default quota flag: quota_gigabytes_tempest-GroupsV314Test-volume-type-157440531, it is now deprecated. Please use the default quota class for default quota.
Sep 08 05:43:17.847278 dv-cinder-790535-13-smb devstack@c-api.service[107352]: WARNING cinder.quota [None req-66131a39-16d3-41b1-9154-8f79960f6532 tempest-VolumeQuotasNegativeTestJSON-349420010 tempest-VolumeQuotasNegativeTestJSON-349420010-project-admin] Deprecated: Default quota for resource: snapshots_tempest-GroupsV314Test-volume-type-157440531 is set by the default quota flag: quota_snapshots_tempest-GroupsV314Test-volume-type-157440531, it is now deprecated. Please use the default quota class for default quota.
Sep 08 05:43:17.850014 dv-cinder-790535-13-smb devstack@c-api.service[107352]: WARNING cinder.quota [None req-66131a39-16d3-41b1-9154-8f79960f6532 tempest-VolumeQuotasNegativeTestJSON-349420010 tempest-VolumeQuotasNegativeTestJSON-349420010-project-admin] Deprecated: Default quota for resource: volumes_lvmdriver-1 is set by the default quota flag: quota_volumes_lvmdriver-1, it is now deprecated. Please use the default quota class for default quota.
Sep 08 05:43:17.851751 dv-cinder-790535-13-smb devstack@c-api.service[107352]: WARNING cinder.quota [None req-66131a39-16d3-41b1-9154-8f79960f6532 tempest-VolumeQuotasNegativeTestJSON-349420010 tempest-VolumeQuotasNegativeTestJSON-349420010-project-admin] Deprecated: Default quota for resource: gigabytes_lvmdriver-1 is set by the default quota flag: quota_gigabytes_lvmdriver-1, it is now deprecated. Please use the default quota class for default quota.
Sep 08 05:43:17.852249 dv-cinder-790535-13-smb devstack@c-api.service[107353]: INFO cinder.api.openstack.wsgi [None req-9df925c7-6eb3-4239-b3c4-d44773a81f70 tempest-UserMessagesTest-475343469 tempest-UserMessagesTest-475343469-project] GET http://10.222.0.37/volume/v3/7fe0ea425593455c9908a4f14c4ab562/volumes/0a4ab2e6-da11-4535-bc55-9e819d94ebf2
Sep 08 05:43:17.853225 dv-cinder-790535-13-smb devstack@c-api.service[107352]: WARNING cinder.quota [None req-66131a39-16d3-41b1-9154-8f79960f6532 tempest-VolumeQuotasNegativeTestJSON-349420010 tempest-VolumeQuotasNegativeTestJSON-349420010-project-admin] Deprecated: Default quota for resource: snapshots_lvmdriver-1 is set by the default quota flag: quota_snapshots_lvmdriver-1, it is now deprecated. Please use the default quota class for default quota.
Sep 08 05:43:17.853511 dv-cinder-790535-13-smb devstack@c-api.service[107353]: DEBUG cinder.api.openstack.wsgi [None req-9df925c7-6eb3-4239-b3c4-d44773a81f70 tempest-UserMessagesTest-475343469 tempest-UserMessagesTest-475343469-project] Empty body provided in request {{(pid=107353) get_body /opt/stack/cinder/cinder/api/openstack/wsgi.py:703}}
Sep 08 05:43:17.853886 dv-cinder-790535-13-smb devstack@c-api.service[107353]: /usr/local/lib/python3.8/dist-packages/webob/acceptparse.py:1047: DeprecationWarning: The behavior of AcceptValidHeader.best_match is currently being maintained for backward compatibility, but it will be deprecated in the future, as it does not conform to the RFC.
Sep 08 05:43:17.853886 dv-cinder-790535-13-smb devstack@c-api.service[107353]: warnings.warn(
Sep 08 05:43:17.854176 dv-cinder-790535-13-smb devstack@c-api.service[107353]: DEBUG cinder.api.openstack.wsgi [None req-9df925c7-6eb3-4239-b3c4-d44773a81f70 tempest-UserMessagesTest-475343469 tempest-UserMessagesTest-475343469-project] Calling method 'show' {{(pid=107353) _process_stack /opt/stack/cinder/cinder/api/openstack/wsgi.py:856}}
Sep 08 05:43:17.854650 dv-cinder-790535-13-smb devstack@c-api.service[107352]: WARNING cinder.quota [None req-66131a39-16d3-41b1-9154-8f79960f6532 tempest-VolumeQuotasNegativeTestJSON-349420010 tempest-VolumeQuotasNegativeTestJSON-349420010-project-admin] Deprecated: Default quota for resource: snapshots___DEFAULT__ is set by the default quota flag: quota_snapshots___DEFAULT__, it is now deprecated. Please use the default quota class for default quota.
Sep 08 05:43:17.866313 dv-cinder-790535-13-smb devstack@c-api.service[107352]: INFO cinder.api.openstack.wsgi [None req-66131a39-16d3-41b1-9154-8f79960f6532 tempest-VolumeQuotasNegativeTestJSON-349420010 tempest-VolumeQuotasNegativeTestJSON-349420010-project-admin] http://10.222.0.37/volume/v3/65c7cb5d81424bd5bd88f6c21a9b9f60/os-quota-sets/866fbde5ee68477c90dfb33e174d7b00 returned with HTTP 200
Sep 08 05:43:17.872319 dv-cinder-790535-13-smb devstack@c-api.service[107352]: [pid: 107352|app: 0|req: 58/103] 10.222.0.37 () {60 vars in 1351 bytes} [Wed Sep 8 05:43:17 2021] PUT /volume/v3/65c7cb5d81424bd5bd88f6c21a9b9f60/os-quota-sets/866fbde5ee68477c90dfb33e174d7b00 => generated 1263 bytes in 178 msecs (HTTP/1.1 200) 7 headers in 286 bytes (1 switches on core 0)
Sep 08 05:43:17.872889 dv-cinder-790535-13-smb devstack@c-api.service[107352]: INFO cinder.api.openstack.wsgi [None req-8947b888-8fbb-47aa-a4cf-b962ce40b62f tempest-GroupSnapshotsTest-2077831622 tempest-GroupSnapshotsTest-2077831622-project] GET http://10.222.0.37/volume/v3/f8270c9f527a4254bb7e126f77fe318e/volumes/2d4adc49-c56b-4d49-b496-31372d942475
Sep 08 05:43:17.873560 dv-cinder-790535-13-smb devstack@c-api.service[107352]: DEBUG cinder.api.openstack.wsgi [None req-8947b888-8fbb-47aa-a4cf-b962ce40b62f tempest-GroupSnapshotsTest-2077831622 tempest-GroupSnapshotsTest-2077831622-project] Empty body provided in request {{(pid=107352) get_body /opt/stack/cinder/cinder/api/openstack/wsgi.py:703}}
Sep 08 05:43:17.873953 dv-cinder-790535-13-smb devstack@c-api.service[107352]: DEBUG cinder.api.openstack.wsgi [None req-8947b888-8fbb-47aa-a4cf-b962ce40b62f tempest-GroupSnapshotsTest-2077831622 tempest-GroupSnapshotsTest-2077831622-project] Calling method 'show' {{(pid=107352) _process_stack /opt/stack/cinder/cinder/api/openstack/wsgi.py:856}}
Sep 08 05:43:17.874725 dv-cinder-790535-13-smb devstack@c-api.service[107353]: /usr/local/lib/python3.8/dist-packages/oslo_context/context.py:105: DeprecationWarning: Policy enforcement is depending on the value of is_admin. This key is deprecated. Please update your policy file to use the standard policy values.
Sep 08 05:43:17.874725 dv-cinder-790535-13-smb devstack@c-api.service[107353]: warnings.warn('Policy enforcement is depending on the value of '
Sep 08 05:43:17.886087 dv-cinder-790535-13-smb devstack@c-api.service[107353]: INFO cinder.volume.api [None req-9df925c7-6eb3-4239-b3c4-d44773a81f70 tempest-UserMessagesTest-475343469 tempest-UserMessagesTest-475343469-project] Volume info retrieved successfully.
Sep 08 05:43:17.891038 dv-cinder-790535-13-smb devstack@c-api.service[107352]: /usr/local/lib/python3.8/dist-packages/oslo_context/context.py:105: DeprecationWarning: Policy enforcement is depending on the value of is_admin. This key is deprecated. Please update your policy file to use the standard policy values.
Sep 08 05:43:17.891038 dv-cinder-790535-13-smb devstack@c-api.service[107352]: warnings.warn('Policy enforcement is depending on the value of '
Sep 08 05:43:17.900813 dv-cinder-790535-13-smb devstack@c-api.service[107352]: INFO cinder.volume.api [None req-8947b888-8fbb-47aa-a4cf-b962ce40b62f tempest-GroupSnapshotsTest-2077831622 tempest-GroupSnapshotsTest-2077831622-project] Volume info retrieved successfully.
Sep 08 05:43:17.911048 dv-cinder-790535-13-smb devstack@c-api.service[107353]: INFO cinder.api.openstack.wsgi [None req-9df925c7-6eb3-4239-b3c4-d44773a81f70 tempest-UserMessagesTest-475343469 tempest-UserMessagesTest-475343469-project] http://10.222.0.37/volume/v3/7fe0ea425593455c9908a4f14c4ab562/volumes/0a4ab2e6-da11-4535-bc55-9e819d94ebf2 returned with HTTP 200
Sep 08 05:43:17.922811 dv-cinder-790535-13-smb devstack@c-api.service[107353]: [pid: 107353|app: 0|req: 46/104] 10.222.0.37 () {60 vars in 1365 bytes} [Wed Sep 8 05:43:17 2021] GET /volume/v3/7fe0ea425593455c9908a4f14c4ab562/volumes/0a4ab2e6-da11-4535-bc55-9e819d94ebf2 => generated 939 bytes in 73 msecs (HTTP/1.1 200) 7 headers in 285 bytes (1 switches on core 0)
Sep 08 05:43:17.922811 dv-cinder-790535-13-smb devstack@c-api.service[107353]: INFO cinder.api.openstack.wsgi [None req-6bb72d48-0add-428f-bf50-f15b232c3848 tempest-GroupsV314Test-2091850205 tempest-GroupsV314Test-2091850205-project] GET http://10.222.0.37/volume/v3/d1f6691da4fd4e2a93d716422dd8959f/volumes/22231d01-3ed5-4b53-b90f-b1e43cd50c02
Sep 08 05:43:17.922811 dv-cinder-790535-13-smb devstack@c-api.service[107353]: DEBUG cinder.api.openstack.wsgi [None req-6bb72d48-0add-428f-bf50-f15b232c3848 tempest-GroupsV314Test-2091850205 tempest-GroupsV314Test-2091850205-project] Empty body provided in request {{(pid=107353) get_body /opt/stack/cinder/cinder/api/openstack/wsgi.py:703}}
