Sep 08 05:42:36.126211 dv-cinder-790535-13-iscsi devstack@n-api.service[114690]: INFO nova.api.openstack.requestlog [None req-9e4dc3de-63ad-4a18-9704-c4d57cbdf59c tempest-VolumesNegativeTest-669339233 tempest-VolumesNegativeTest-669339233-project] 10.222.0.11 "POST /compute/v2.1/os-volumes" status: 400 len: 125 microversion: 2.1 time: 0.027686
Sep 08 05:42:36.130230 dv-cinder-790535-13-iscsi devstack@n-api.service[114690]: [pid: 114690|app: 0|req: 2/3] 10.222.0.11 () {60 vars in 1156 bytes} [Wed Sep 8 05:42:36 2021] POST /compute/v2.1/os-volumes => generated 125 bytes in 33 msecs (HTTP/1.1 400) 9 headers in 381 bytes (1 switches on core 0)
Sep 08 05:42:36.641462 dv-cinder-790535-13-iscsi devstack@n-api.service[114690]: DEBUG nova.api.openstack.wsgi [None req-a007cd97-8e4f-4071-8a02-3b7c6a52e925 tempest-AttachVolumeNegativeTest-656772101 tempest-AttachVolumeNegativeTest-656772101-project] Action: 'create', calling method: >, body: {"server": {"name": "tempest-AttachVolumeNegativeTest-server-1302833031", "imageRef": "0c901599-9bfe-40ea-9a3f-740c261d4d16", "flavorRef": "452", "networks": [{"uuid": "e5ec765d-0566-45fd-9cf7-6515baf0e54b"}]}} {{(pid=114690) _process_stack /opt/stack/nova/nova/api/openstack/wsgi.py:511}}
Sep 08 05:42:36.752715 dv-cinder-790535-13-iscsi devstack@n-api.service[114690]: DEBUG nova.network.neutron [None req-a007cd97-8e4f-4071-8a02-3b7c6a52e925 tempest-AttachVolumeNegativeTest-656772101 tempest-AttachVolumeNegativeTest-656772101-project] validate_networks() for [('e5ec765d-0566-45fd-9cf7-6515baf0e54b', None, None, None, None, None)] {{(pid=114690) validate_networks /opt/stack/nova/nova/network/neutron.py:2475}}
Sep 08 05:42:36.827193 dv-cinder-790535-13-iscsi devstack@n-api.service[114691]: INFO nova.api.openstack.requestlog [None req-bf09180f-b098-444e-9527-f99302b75815 tempest-VolumesSnapshotsTestJSON-1217186589 tempest-VolumesSnapshotsTestJSON-1217186589-project] 10.222.0.11 "POST /compute/v2.1/os-volumes" status: 200 len: 344 microversion: 2.1 time: 2.666737
Sep 08 05:42:36.827954 dv-cinder-790535-13-iscsi devstack@n-api.service[114691]: [pid: 114691|app: 0|req: 2/4] 10.222.0.11 () {60 vars in 1155 bytes} [Wed Sep 8 05:42:34 2021] POST /compute/v2.1/os-volumes => generated 344 bytes in 2668 msecs (HTTP/1.1 200) 10 headers in 448 bytes (1 switches on core 0)
Sep 08 05:42:36.836419 dv-cinder-790535-13-iscsi devstack@n-api.service[114691]: DEBUG nova.api.openstack.wsgi [None req-49773d50-f7e7-4d33-8552-c7216a10d078 tempest-DeleteServersTestJSON-740236566 tempest-DeleteServersTestJSON-740236566-project] Calling method '>' {{(pid=114691) _process_stack /opt/stack/nova/nova/api/openstack/wsgi.py:513}}
Sep 08 05:42:36.839210 dv-cinder-790535-13-iscsi devstack@n-api.service[114691]: DEBUG nova.compute.api [None req-49773d50-f7e7-4d33-8552-c7216a10d078 tempest-DeleteServersTestJSON-740236566 tempest-DeleteServersTestJSON-740236566-project] [instance: 5b7e6d23-3ed8-44ef-aebd-01af6bbf8074] Fetching instance by UUID {{(pid=114691) get /opt/stack/nova/nova/compute/api.py:2863}}
Sep 08 05:42:37.033777 dv-cinder-790535-13-iscsi devstack@n-api.service[114691]: DEBUG nova.policy [None req-49773d50-f7e7-4d33-8552-c7216a10d078 tempest-DeleteServersTestJSON-740236566 tempest-DeleteServersTestJSON-740236566-project] Policy check for os_compute_api:os-extended-server-attributes failed with credentials {'is_admin': False, 'user_id': '86bf6b251e44421f9fed2f7498eb53d5', 'user_domain_id': 'default', 'system_scope': None, 'domain_id': None, 'project_id': 'fc9204dc8eec422ba5e7ec5b213dc707', 'project_domain_id': 'default', 'roles': ['member', 'reader'], 'is_admin_project': True, 'service_user_id': None, 'service_user_domain_id': None, 'service_project_id': None, 'service_project_domain_id': None, 'service_roles': []} {{(pid=114691) authorize /opt/stack/nova/nova/policy.py:199}}
Sep 08 05:42:37.083091 dv-cinder-790535-13-iscsi devstack@n-api.service[114691]: INFO nova.api.openstack.requestlog [None req-49773d50-f7e7-4d33-8552-c7216a10d078 tempest-DeleteServersTestJSON-740236566 tempest-DeleteServersTestJSON-740236566-project] 10.222.0.11 "GET /compute/v2.1/servers/5b7e6d23-3ed8-44ef-aebd-01af6bbf8074" status: 200 len: 1214 microversion: 2.1 time: 0.253106
Sep 08 05:42:37.084058 dv-cinder-790535-13-iscsi devstack@n-api.service[114691]: [pid: 114691|app: 0|req: 3/5] 10.222.0.11 () {58 vars in 1236 bytes} [Wed Sep 8 05:42:36 2021] GET /compute/v2.1/servers/5b7e6d23-3ed8-44ef-aebd-01af6bbf8074 => generated 1214 bytes in 255 msecs (HTTP/1.1 200) 9 headers in 358 bytes (1 switches on core 0)
Sep 08 05:42:37.106910 dv-cinder-790535-13-iscsi devstack@n-api.service[114691]: DEBUG nova.api.openstack.wsgi [None req-bff091e1-2be0-4dca-86eb-026e7081049b tempest-VolumesNegativeTest-669339233 tempest-VolumesNegativeTest-669339233-project] Action: 'create', calling method: .version_select at 0x7f6e1d898c10>, body: {"volume": {"size": "", "display_name": "tempest-VolumesNegativeTest-Volume-331760181", "metadata": {"Type": "work"}}} {{(pid=114691) _process_stack /opt/stack/nova/nova/api/openstack/wsgi.py:511}}
Sep 08 05:42:37.108325 dv-cinder-790535-13-iscsi devstack@n-api.service[114691]: DEBUG nova.api.openstack.wsgi [None req-bff091e1-2be0-4dca-86eb-026e7081049b tempest-VolumesNegativeTest-669339233 tempest-VolumesNegativeTest-669339233-project] Returning 400 to user: Invalid input for field/attribute size. Value: . '' does not match '^[0-9]+$' {{(pid=114691) __call__ /opt/stack/nova/nova/api/openstack/wsgi.py:936}}
Sep 08 05:42:37.109381 dv-cinder-790535-13-iscsi devstack@n-api.service[114691]: INFO nova.api.openstack.requestlog [None req-bff091e1-2be0-4dca-86eb-026e7081049b tempest-VolumesNegativeTest-669339233 tempest-VolumesNegativeTest-669339233-project] 10.222.0.11 "POST /compute/v2.1/os-volumes" status: 400 len: 121 microversion: 2.1 time: 0.007737
Sep 08 05:42:37.119029 dv-cinder-790535-13-iscsi devstack@n-api.service[114691]: [pid: 114691|app: 0|req: 4/6] 10.222.0.11 () {60 vars in 1156 bytes} [Wed Sep 8 05:42:37 2021] POST /compute/v2.1/os-volumes => generated 121 bytes in 34 msecs (HTTP/1.1 400) 9 headers in 381 bytes (1 switches on core 0)
Sep 08 05:42:37.124824 dv-cinder-790535-13-iscsi devstack@n-api.service[114691]: DEBUG nova.api.openstack.wsgi [None req-cd14cf3f-3d48-4c44-9705-36b71bb2c058 tempest-VolumesSnapshotsTestJSON-1217186589 tempest-VolumesSnapshotsTestJSON-1217186589-project] Calling method '.version_select at 0x7f6e1d86d9d0>' {{(pid=114691) _process_stack /opt/stack/nova/nova/api/openstack/wsgi.py:513}}
Sep 08 05:42:37.292572 dv-cinder-790535-13-iscsi devstack@n-api.service[114691]: INFO nova.api.openstack.requestlog [None req-cd14cf3f-3d48-4c44-9705-36b71bb2c058 tempest-VolumesSnapshotsTestJSON-1217186589 tempest-VolumesSnapshotsTestJSON-1217186589-project] 10.222.0.11 "GET /compute/v2.1/os-volumes/26f0ffcc-4c2c-49e7-a3ab-072e8fe1c40a" status: 200 len: 344 microversion: 2.1 time: 0.172256
Sep 08 05:42:37.293379 dv-cinder-790535-13-iscsi devstack@n-api.service[114691]: [pid: 114691|app: 0|req: 5/7] 10.222.0.11 () {58 vars in 1245 bytes} [Wed Sep 8 05:42:37 2021] GET /compute/v2.1/os-volumes/26f0ffcc-4c2c-49e7-a3ab-072e8fe1c40a => generated 344 bytes in 174 msecs (HTTP/1.1 200) 9 headers in 357 bytes (1 switches on core 0)
Sep 08 05:42:37.302463 dv-cinder-790535-13-iscsi devstack@n-api.service[114691]: DEBUG nova.api.openstack.wsgi [None req-07089037-9457-4185-b3b5-c0c98c3eb2d5 tempest-VolumesNegativeTest-669339233 tempest-VolumesNegativeTest-669339233-project] Calling method '.version_select at 0x7f6e1d86ddc0>' {{(pid=114691) _process_stack /opt/stack/nova/nova/api/openstack/wsgi.py:513}}
Sep 08 05:42:37.352952 dv-cinder-790535-13-iscsi devstack@n-api.service[114691]: INFO nova.api.openstack.wsgi [None req-07089037-9457-4185-b3b5-c0c98c3eb2d5 tempest-VolumesNegativeTest-669339233 tempest-VolumesNegativeTest-669339233-project] HTTP exception thrown: Volume tempest-invalid-1238485653 could not be found.
Sep 08 05:42:37.364767 dv-cinder-790535-13-iscsi devstack@n-api.service[114691]: DEBUG nova.api.openstack.wsgi [None req-07089037-9457-4185-b3b5-c0c98c3eb2d5 tempest-VolumesNegativeTest-669339233 tempest-VolumesNegativeTest-669339233-project] Returning 404 to user: Volume tempest-invalid-1238485653 could not be found. {{(pid=114691) __call__ /opt/stack/nova/nova/api/openstack/wsgi.py:936}}
Sep 08 05:42:37.368486 dv-cinder-790535-13-iscsi devstack@n-api.service[114691]: INFO nova.api.openstack.requestlog [None req-07089037-9457-4185-b3b5-c0c98c3eb2d5 tempest-VolumesNegativeTest-669339233 tempest-VolumesNegativeTest-669339233-project] 10.222.0.11 "DELETE /compute/v2.1/os-volumes/tempest-invalid-1238485653" status: 404 len: 99 microversion: 2.1 time: 0.072326
Sep 08 05:42:37.371019 dv-cinder-790535-13-iscsi devstack@n-api.service[114691]: [pid: 114691|app: 0|req: 6/8] 10.222.0.11 () {58 vars in 1218 bytes} [Wed Sep 8 05:42:37 2021] DELETE /compute/v2.1/os-volumes/tempest-invalid-1238485653 => generated 99 bytes in 76 msecs (HTTP/1.1 404) 9 headers in 378 bytes (1 switches on core 0)
Sep 08 05:42:37.386918 dv-cinder-790535-13-iscsi devstack@n-api.service[114691]: INFO nova.api.openstack.requestlog [None req-d28daa28-7472-4c17-90f8-bf8e24d087ab tempest-VolumesNegativeTest-669339233 tempest-VolumesNegativeTest-669339233-project] 10.222.0.11 "DELETE /compute/v2.1/os-volumes/" status: 404 len: 112 microversion: - time: 0.010211
Sep 08 05:42:37.390852 dv-cinder-790535-13-iscsi devstack@n-api.service[114691]: [pid: 114691|app: 0|req: 7/9] 10.222.0.11 () {58 vars in 1140 bytes} [Wed Sep 8 05:42:37 2021] DELETE /compute/v2.1/os-volumes/ => generated 112 bytes in 15 msecs (HTTP/1.1 404) 5 headers in 228 bytes (1 switches on core 0)
Sep 08 05:42:37.411575 dv-cinder-790535-13-iscsi devstack@n-api.service[114691]: INFO nova.api.openstack.requestlog [None req-0f386025-7344-49a6-83e5-98196ec4141b tempest-VolumesNegativeTest-669339233 tempest-VolumesNegativeTest-669339233-project] 10.222.0.11 "GET /compute/v2.1/os-volumes/" status: 404 len: 112 microversion: - time: 0.007181
Sep 08 05:42:37.417084 dv-cinder-790535-13-iscsi devstack@n-api.service[114691]: [pid: 114691|app: 0|req: 8/10] 10.222.0.11 () {58 vars in 1137 bytes} [Wed Sep 8 05:42:37 2021] GET /compute/v2.1/os-volumes/ => generated 112 bytes in 10 msecs (HTTP/1.1 404) 5 headers in 228 bytes (1 switches on core 0)
Sep 08 05:42:37.425609 dv-cinder-790535-13-iscsi devstack@n-api.service[114691]: DEBUG nova.api.openstack.wsgi [None req-2eb6a350-f9a1-481c-988a-38104313c6e4 tempest-VolumesNegativeTest-669339233 tempest-VolumesNegativeTest-669339233-project] Calling method '.version_select at 0x7f6e1d86d4c0>' {{(pid=114691) _process_stack /opt/stack/nova/nova/api/openstack/wsgi.py:513}}
Sep 08 05:42:37.467720 dv-cinder-790535-13-iscsi devstack@n-api.service[114691]: INFO nova.api.openstack.wsgi [None req-2eb6a350-f9a1-481c-988a-38104313c6e4 tempest-VolumesNegativeTest-669339233 tempest-VolumesNegativeTest-669339233-project] HTTP exception thrown: Volume e8e3b88c-f678-4bfe-8d62-882ca067a5aa could not be found.
Sep 08 05:42:37.468376 dv-cinder-790535-13-iscsi devstack@n-api.service[114691]: DEBUG nova.api.openstack.wsgi [None req-2eb6a350-f9a1-481c-988a-38104313c6e4 tempest-VolumesNegativeTest-669339233 tempest-VolumesNegativeTest-669339233-project] Returning 404 to user: Volume e8e3b88c-f678-4bfe-8d62-882ca067a5aa could not be found. {{(pid=114691) __call__ /opt/stack/nova/nova/api/openstack/wsgi.py:936}}
Sep 08 05:42:37.469204 dv-cinder-790535-13-iscsi devstack@n-api.service[114691]: INFO nova.api.openstack.requestlog [None req-2eb6a350-f9a1-481c-988a-38104313c6e4 tempest-VolumesNegativeTest-669339233 tempest-VolumesNegativeTest-669339233-project] 10.222.0.11 "DELETE /compute/v2.1/os-volumes/e8e3b88c-f678-4bfe-8d62-882ca067a5aa" status: 404 len: 109 microversion: 2.1 time: 0.051529
Sep 08 05:42:37.469954 dv-cinder-790535-13-iscsi devstack@n-api.service[114691]: [pid: 114691|app: 0|req: 9/11] 10.222.0.11 () {58 vars in 1248 bytes} [Wed Sep 8 05:42:37 2021] DELETE /compute/v2.1/os-volumes/e8e3b88c-f678-4bfe-8d62-882ca067a5aa => generated 109 bytes in 53 msecs (HTTP/1.1 404) 9 headers in 379 bytes (1 switches on core 0)
Sep 08 05:42:37.483216 dv-cinder-790535-13-iscsi devstack@n-api.service[114691]: DEBUG nova.api.openstack.wsgi [None req-942ddd9d-cbc4-45a7-ab24-8b2ebf9c5adc tempest-VolumesNegativeTest-669339233 tempest-VolumesNegativeTest-669339233-project] Calling method '.version_select at 0x7f6e1d898e50>' {{(pid=114691) _process_stack /opt/stack/nova/nova/api/openstack/wsgi.py:513}}
Sep 08 05:42:37.545489 dv-cinder-790535-13-iscsi devstack@n-api.service[114691]: INFO nova.api.openstack.wsgi [None req-942ddd9d-cbc4-45a7-ab24-8b2ebf9c5adc tempest-VolumesNegativeTest-669339233 tempest-VolumesNegativeTest-669339233-project] HTTP exception thrown: Volume c76c9e74-f44f-403b-a548-26d970ffeca3 could not be found.
Sep 08 05:42:37.546139 dv-cinder-790535-13-iscsi devstack@n-api.service[114691]: DEBUG nova.api.openstack.wsgi [None req-942ddd9d-cbc4-45a7-ab24-8b2ebf9c5adc tempest-VolumesNegativeTest-669339233 tempest-VolumesNegativeTest-669339233-project] Returning 404 to user: Volume c76c9e74-f44f-403b-a548-26d970ffeca3 could not be found. {{(pid=114691) __call__ /opt/stack/nova/nova/api/openstack/wsgi.py:936}}
Sep 08 05:42:37.546904 dv-cinder-790535-13-iscsi devstack@n-api.service[114691]: INFO nova.api.openstack.requestlog [None req-942ddd9d-cbc4-45a7-ab24-8b2ebf9c5adc tempest-VolumesNegativeTest-669339233 tempest-VolumesNegativeTest-669339233-project] 10.222.0.11 "GET /compute/v2.1/os-volumes/c76c9e74-f44f-403b-a548-26d970ffeca3" status: 404 len: 109 microversion: 2.1 time: 0.070735
Sep 08 05:42:37.547452 dv-cinder-790535-13-iscsi devstack@n-api.service[114691]: [pid: 114691|app: 0|req: 10/12] 10.222.0.11 () {58 vars in 1245 bytes} [Wed Sep 8 05:42:37 2021] GET /compute/v2.1/os-volumes/c76c9e74-f44f-403b-a548-26d970ffeca3 => generated 109 bytes in 72 msecs (HTTP/1.1 404) 9 headers in 379 bytes (1 switches on core 0)
Sep 08 05:42:37.632465 dv-cinder-790535-13-iscsi devstack@n-api.service[114690]: DEBUG nova.virt.hardware [None req-a007cd97-8e4f-4071-8a02-3b7c6a52e925 tempest-AttachVolumeNegativeTest-656772101 tempest-AttachVolumeNegativeTest-656772101-project] Flavor limits 0:0:0 {{(pid=114690) get_cpu_topology_constraints /opt/stack/nova/nova/virt/hardware.py:343}}
Sep 08 05:42:37.633046 dv-cinder-790535-13-iscsi devstack@n-api.service[114690]: DEBUG nova.virt.hardware [None req-a007cd97-8e4f-4071-8a02-3b7c6a52e925 tempest-AttachVolumeNegativeTest-656772101 tempest-AttachVolumeNegativeTest-656772101-project] Image limits 0:0:0 {{(pid=114690) get_cpu_topology_constraints /opt/stack/nova/nova/virt/hardware.py:347}}
Sep 08 05:42:37.633633 dv-cinder-790535-13-iscsi devstack@n-api.service[114690]: DEBUG nova.virt.hardware [None req-a007cd97-8e4f-4071-8a02-3b7c6a52e925 tempest-AttachVolumeNegativeTest-656772101 tempest-AttachVolumeNegativeTest-656772101-project] Flavor pref 0:0:0 {{(pid=114690) get_cpu_topology_constraints /opt/stack/nova/nova/virt/hardware.py:383}}
Sep 08 05:42:37.634064 dv-cinder-790535-13-iscsi devstack@n-api.service[114690]: DEBUG nova.virt.hardware [None req-a007cd97-8e4f-4071-8a02-3b7c6a52e925 tempest-AttachVolumeNegativeTest-656772101 tempest-AttachVolumeNegativeTest-656772101-project] Image pref 0:0:0 {{(pid=114690) get_cpu_topology_constraints /opt/stack/nova/nova/virt/hardware.py:387}}
Sep 08 05:42:37.634481 dv-cinder-790535-13-iscsi devstack@n-api.service[114690]: DEBUG nova.virt.hardware [None req-a007cd97-8e4f-4071-8a02-3b7c6a52e925 tempest-AttachVolumeNegativeTest-656772101 tempest-AttachVolumeNegativeTest-656772101-project] Chose sockets=0, cores=0, threads=0; limits were sockets=65536, cores=65536, threads=65536 {{(pid=114690) get_cpu_topology_constraints /opt/stack/nova/nova/virt/hardware.py:425}}
Sep 08 05:42:37.649044 dv-cinder-790535-13-iscsi devstack@n-api.service[114690]: DEBUG oslo_concurrency.lockutils [None req-a007cd97-8e4f-4071-8a02-3b7c6a52e925 tempest-AttachVolumeNegativeTest-656772101 tempest-AttachVolumeNegativeTest-656772101-project] Lock "00000000-0000-0000-0000-000000000000" acquired by "nova.context.set_target_cell..get_or_set_cached_cell_and_set_connections" :: waited 0.000s {{(pid=114690) inner /usr/local/lib/python3.8/dist-packages/oslo_concurrency/lockutils.py:355}}
Sep 08 05:42:37.649500 dv-cinder-790535-13-iscsi devstack@n-api.service[114690]: DEBUG oslo_concurrency.lockutils [None req-a007cd97-8e4f-4071-8a02-3b7c6a52e925 tempest-AttachVolumeNegativeTest-656772101 tempest-AttachVolumeNegativeTest-656772101-project] Lock "00000000-0000-0000-0000-000000000000" released by "nova.context.set_target_cell..get_or_set_cached_cell_and_set_connections" :: held 0.001s {{(pid=114690) inner /usr/local/lib/python3.8/dist-packages/oslo_concurrency/lockutils.py:367}}
Sep 08 05:42:37.653073 dv-cinder-790535-13-iscsi devstack@n-api.service[114690]: DEBUG oslo_concurrency.lockutils [None req-a007cd97-8e4f-4071-8a02-3b7c6a52e925 tempest-AttachVolumeNegativeTest-656772101 tempest-AttachVolumeNegativeTest-656772101-project] Lock "0f1700d8-04a4-4dda-b460-38d6c745e882" acquired by "nova.context.set_target_cell..get_or_set_cached_cell_and_set_connections" :: waited 0.000s {{(pid=114690) inner /usr/local/lib/python3.8/dist-packages/oslo_concurrency/lockutils.py:355}}
Sep 08 05:42:37.653535 dv-cinder-790535-13-iscsi devstack@n-api.service[114690]: DEBUG oslo_concurrency.lockutils [None req-a007cd97-8e4f-4071-8a02-3b7c6a52e925 tempest-AttachVolumeNegativeTest-656772101 tempest-AttachVolumeNegativeTest-656772101-project] Lock "0f1700d8-04a4-4dda-b460-38d6c745e882" released by "nova.context.set_target_cell..get_or_set_cached_cell_and_set_connections" :: held 0.001s {{(pid=114690) inner /usr/local/lib/python3.8/dist-packages/oslo_concurrency/lockutils.py:367}}
Sep 08 05:42:37.699619 dv-cinder-790535-13-iscsi devstack@n-api.service[114690]: DEBUG nova.quota [None req-a007cd97-8e4f-4071-8a02-3b7c6a52e925 tempest-AttachVolumeNegativeTest-656772101 tempest-AttachVolumeNegativeTest-656772101-project] Getting quotas for project ab4fb15796624f809f233331d530a15a. Resources: {'cores', 'instances', 'ram'} {{(pid=114690) _get_quotas /opt/stack/nova/nova/quota.py:387}}
Sep 08 05:42:37.708344 dv-cinder-790535-13-iscsi devstack@n-api.service[114690]: DEBUG nova.quota [None req-a007cd97-8e4f-4071-8a02-3b7c6a52e925 tempest-AttachVolumeNegativeTest-656772101 tempest-AttachVolumeNegativeTest-656772101-project] Getting quotas for user ff58ccb4011e481288bd7e4d49676e05 and project ab4fb15796624f809f233331d530a15a. Resources: {'cores', 'instances', 'ram'} {{(pid=114690) _get_quotas /opt/stack/nova/nova/quota.py:377}}
Sep 08 05:42:37.736809 dv-cinder-790535-13-iscsi devstack@n-api.service[114690]: DEBUG nova.compute.api [None req-a007cd97-8e4f-4071-8a02-3b7c6a52e925 tempest-AttachVolumeNegativeTest-656772101 tempest-AttachVolumeNegativeTest-656772101-project] Going to run 1 instances... {{(pid=114690) _provision_instances /opt/stack/nova/nova/compute/api.py:1350}}
Sep 08 05:42:37.749385 dv-cinder-790535-13-iscsi devstack@n-api.service[114690]: DEBUG nova.compute.api [None req-a007cd97-8e4f-4071-8a02-3b7c6a52e925 tempest-AttachVolumeNegativeTest-656772101 tempest-AttachVolumeNegativeTest-656772101-project] [instance: b2df1784-97c5-4e51-b96f-aab4a0040c2f] block_device_mapping [BlockDeviceMapping(attachment_id=,boot_index=0,connection_info=None,created_at=,delete_on_termination=True,deleted=,deleted_at=,destination_type='local',device_name=None,device_type='disk',disk_bus=None,guest_format=None,id=,image_id='0c901599-9bfe-40ea-9a3f-740c261d4d16',instance=,instance_uuid=,no_device=False,snapshot_id=None,source_type='image',tag=None,updated_at=,uuid=,volume_id=None,volume_size=None,volume_type=None)] {{(pid=114690) _bdm_validate_set_size_and_instance /opt/stack/nova/nova/compute/api.py:1757}}
Sep 08 05:42:37.870983 dv-cinder-790535-13-iscsi devstack@n-api.service[114690]: INFO nova.api.openstack.requestlog [None req-a007cd97-8e4f-4071-8a02-3b7c6a52e925 tempest-AttachVolumeNegativeTest-656772101 tempest-AttachVolumeNegativeTest-656772101-project] 10.222.0.11 "POST /compute/v2.1/servers" status: 202 len: 380 microversion: 2.1 time: 1.737028
Sep 08 05:42:37.877380 dv-cinder-790535-13-iscsi devstack@n-api.service[114690]: [pid: 114690|app: 0|req: 3/13] 10.222.0.11 () {60 vars in 1147 bytes} [Wed Sep 8 05:42:36 2021] POST /compute/v2.1/servers => generated 380 bytes in 1744 msecs (HTTP/1.1 202) 10 headers in 451 bytes (1 switches on core 0)
Sep 08 05:42:37.891595 dv-cinder-790535-13-iscsi devstack@n-api.service[114691]: DEBUG nova.api.openstack.wsgi [None req-e604cd16-8a24-4bbc-a066-3d0a54e38a43 tempest-AttachVolumeNegativeTest-656772101 tempest-AttachVolumeNegativeTest-656772101-project] Calling method '>' {{(pid=114691) _process_stack /opt/stack/nova/nova/api/openstack/wsgi.py:513}}
Sep 08 05:42:37.892243 dv-cinder-790535-13-iscsi devstack@n-api.service[114691]: DEBUG nova.compute.api [None req-e604cd16-8a24-4bbc-a066-3d0a54e38a43 tempest-AttachVolumeNegativeTest-656772101 tempest-AttachVolumeNegativeTest-656772101-project] [instance: b2df1784-97c5-4e51-b96f-aab4a0040c2f] Fetching instance by UUID {{(pid=114691) get /opt/stack/nova/nova/compute/api.py:2863}}
Sep 08 05:42:38.096792 dv-cinder-790535-13-iscsi devstack@n-api.service[114691]: DEBUG nova.policy [None req-e604cd16-8a24-4bbc-a066-3d0a54e38a43 tempest-AttachVolumeNegativeTest-656772101 tempest-AttachVolumeNegativeTest-656772101-project] Policy check for os_compute_api:os-extended-server-attributes failed with credentials {'is_admin': False, 'user_id': 'ff58ccb4011e481288bd7e4d49676e05', 'user_domain_id': 'default', 'system_scope': None, 'domain_id': None, 'project_id': 'ab4fb15796624f809f233331d530a15a', 'project_domain_id': 'default', 'roles': ['member', 'reader'], 'is_admin_project': True, 'service_user_id': None, 'service_user_domain_id': None, 'service_project_id': None, 'service_project_domain_id': None, 'service_roles': []} {{(pid=114691) authorize /opt/stack/nova/nova/policy.py:199}}
Sep 08 05:42:38.102264 dv-cinder-790535-13-iscsi devstack@n-api.service[114690]: DEBUG nova.api.openstack.wsgi [None req-0df10468-df30-4f0d-957e-c37fcdf60dca tempest-DeleteServersTestJSON-740236566 tempest-DeleteServersTestJSON-740236566-project] Calling method '>' {{(pid=114690) _process_stack /opt/stack/nova/nova/api/openstack/wsgi.py:513}}
Sep 08 05:42:38.103137 dv-cinder-790535-13-iscsi devstack@n-api.service[114690]: DEBUG nova.compute.api [None req-0df10468-df30-4f0d-957e-c37fcdf60dca tempest-DeleteServersTestJSON-740236566 tempest-DeleteServersTestJSON-740236566-project] [instance: 5b7e6d23-3ed8-44ef-aebd-01af6bbf8074] Fetching instance by UUID {{(pid=114690) get /opt/stack/nova/nova/compute/api.py:2863}}
Sep 08 05:42:38.111603 dv-cinder-790535-13-iscsi devstack@n-api.service[114691]: INFO nova.api.openstack.requestlog [None req-e604cd16-8a24-4bbc-a066-3d0a54e38a43 tempest-AttachVolumeNegativeTest-656772101 tempest-AttachVolumeNegativeTest-656772101-project] 10.222.0.11 "GET /compute/v2.1/servers/b2df1784-97c5-4e51-b96f-aab4a0040c2f" status: 200 len: 1218 microversion: 2.1 time: 0.224147
Sep 08 05:42:38.112601 dv-cinder-790535-13-iscsi devstack@n-api.service[114691]: [pid: 114691|app: 0|req: 11/14] 10.222.0.11 () {58 vars in 1236 bytes} [Wed Sep 8 05:42:37 2021] GET /compute/v2.1/servers/b2df1784-97c5-4e51-b96f-aab4a0040c2f => generated 1218 bytes in 228 msecs (HTTP/1.1 200) 9 headers in 358 bytes (1 switches on core 0)
Sep 08 05:42:38.141392 dv-cinder-790535-13-iscsi devstack@n-api.service[114690]: DEBUG oslo_concurrency.lockutils [None req-0df10468-df30-4f0d-957e-c37fcdf60dca tempest-DeleteServersTestJSON-740236566 tempest-DeleteServersTestJSON-740236566-project] Lock "0f1700d8-04a4-4dda-b460-38d6c745e882" acquired by "nova.context.set_target_cell..get_or_set_cached_cell_and_set_connections" :: waited 0.000s {{(pid=114690) inner /usr/local/lib/python3.8/dist-packages/oslo_concurrency/lockutils.py:355}}
Sep 08 05:42:38.141853 dv-cinder-790535-13-iscsi devstack@n-api.service[114690]: DEBUG oslo_concurrency.lockutils [None req-0df10468-df30-4f0d-957e-c37fcdf60dca tempest-DeleteServersTestJSON-740236566 tempest-DeleteServersTestJSON-740236566-project] Lock "0f1700d8-04a4-4dda-b460-38d6c745e882" released by "nova.context.set_target_cell..get_or_set_cached_cell_and_set_connections" :: held 0.001s {{(pid=114690) inner /usr/local/lib/python3.8/dist-packages/oslo_concurrency/lockutils.py:367}}
Sep 08 05:42:38.142647 dv-cinder-790535-13-iscsi devstack@n-api.service[114690]: DEBUG oslo_concurrency.lockutils [None req-0df10468-df30-4f0d-957e-c37fcdf60dca tempest-DeleteServersTestJSON-740236566 tempest-DeleteServersTestJSON-740236566-project] Lock "0f1700d8-04a4-4dda-b460-38d6c745e882" acquired by "nova.context.set_target_cell..get_or_set_cached_cell_and_set_connections" :: waited 0.000s {{(pid=114690) inner /usr/local/lib/python3.8/dist-packages/oslo_concurrency/lockutils.py:355}}
Sep 08 05:42:38.143080 dv-cinder-790535-13-iscsi devstack@n-api.service[114690]: DEBUG oslo_concurrency.lockutils [None req-0df10468-df30-4f0d-957e-c37fcdf60dca tempest-DeleteServersTestJSON-740236566 tempest-DeleteServersTestJSON-740236566-project] Lock "0f1700d8-04a4-4dda-b460-38d6c745e882" released by "nova.context.set_target_cell..get_or_set_cached_cell_and_set_connections" :: held 0.000s {{(pid=114690) inner /usr/local/lib/python3.8/dist-packages/oslo_concurrency/lockutils.py:367}}
Sep 08 05:42:38.308634 dv-cinder-790535-13-iscsi devstack@n-api.service[114691]: DEBUG nova.api.openstack.wsgi [None req-97146569-b971-410a-a078-bc61810e91ed tempest-VolumesSnapshotsTestJSON-1217186589 tempest-VolumesSnapshotsTestJSON-1217186589-project] Calling method '.version_select at 0x7f6e1d9dc1f0>' {{(pid=114691) _process_stack /opt/stack/nova/nova/api/openstack/wsgi.py:513}}
Sep 08 05:42:38.496252 dv-cinder-790535-13-iscsi devstack@n-api.service[114691]: INFO nova.api.openstack.requestlog [None req-97146569-b971-410a-a078-bc61810e91ed tempest-VolumesSnapshotsTestJSON-1217186589 tempest-VolumesSnapshotsTestJSON-1217186589-project] 10.222.0.11 "GET /compute/v2.1/os-volumes/26f0ffcc-4c2c-49e7-a3ab-072e8fe1c40a" status: 200 len: 345 microversion: 2.1 time: 0.191484
Sep 08 05:42:38.497610 dv-cinder-790535-13-iscsi devstack@n-api.service[114691]: [pid: 114691|app: 0|req: 12/15] 10.222.0.11 () {58 vars in 1245 bytes} [Wed Sep 8 05:42:38 2021] GET /compute/v2.1/os-volumes/26f0ffcc-4c2c-49e7-a3ab-072e8fe1c40a => generated 345 bytes in 195 msecs (HTTP/1.1 200) 9 headers in 357 bytes (1 switches on core 0)
Sep 08 05:42:38.521098 dv-cinder-790535-13-iscsi devstack@n-api.service[114691]: DEBUG nova.api.openstack.wsgi [None req-0fd4e14b-08ad-40cb-abf6-0adc7170ad8a tempest-VolumesSnapshotsTestJSON-1217186589 tempest-VolumesSnapshotsTestJSON-1217186589-project] Action: 'create', calling method: .version_select at 0x7f6e1d9dc280>, body: {"snapshot": {"volume_id": "26f0ffcc-4c2c-49e7-a3ab-072e8fe1c40a", "display_name": "tempest-VolumesSnapshotsTestJSON-Snapshot-1380927439"}} {{(pid=114691) _process_stack /opt/stack/nova/nova/api/openstack/wsgi.py:511}}
Sep 08 05:42:38.561900 dv-cinder-790535-13-iscsi devstack@n-api.service[114690]: DEBUG nova.policy [None req-0df10468-df30-4f0d-957e-c37fcdf60dca tempest-DeleteServersTestJSON-740236566 tempest-DeleteServersTestJSON-740236566-project] Policy check for os_compute_api:os-extended-server-attributes failed with credentials {'is_admin': False, 'user_id': '86bf6b251e44421f9fed2f7498eb53d5', 'user_domain_id': 'default', 'system_scope': None, 'domain_id': None, 'project_id': 'fc9204dc8eec422ba5e7ec5b213dc707', 'project_domain_id': 'default', 'roles': ['member', 'reader'], 'is_admin_project': True, 'service_user_id': None, 'service_user_domain_id': None, 'service_project_id': None, 'service_project_domain_id': None, 'service_roles': []} {{(pid=114690) authorize /opt/stack/nova/nova/policy.py:199}}
Sep 08 05:42:38.619042 dv-cinder-790535-13-iscsi devstack@n-api.service[114690]: INFO nova.api.openstack.requestlog [None req-0df10468-df30-4f0d-957e-c37fcdf60dca tempest-DeleteServersTestJSON-740236566 tempest-DeleteServersTestJSON-740236566-project] 10.222.0.11 "GET /compute/v2.1/servers/5b7e6d23-3ed8-44ef-aebd-01af6bbf8074" status: 200 len: 1218 microversion: 2.1 time: 0.516790
Sep 08 05:42:38.620193 dv-cinder-790535-13-iscsi devstack@n-api.service[114690]: [pid: 114690|app: 0|req: 4/16] 10.222.0.11 () {58 vars in 1236 bytes} [Wed Sep 8 05:42:38 2021] GET /compute/v2.1/servers/5b7e6d23-3ed8-44ef-aebd-01af6bbf8074 => generated 1218 bytes in 523 msecs (HTTP/1.1 200) 9 headers in 358 bytes (2 switches on core 0)
Sep 08 05:42:38.928747 dv-cinder-790535-13-iscsi devstack@n-api.service[114691]: INFO nova.api.openstack.requestlog [None req-0fd4e14b-08ad-40cb-abf6-0adc7170ad8a tempest-VolumesSnapshotsTestJSON-1217186589 tempest-VolumesSnapshotsTestJSON-1217186589-project] 10.222.0.11 "POST /compute/v2.1/os-snapshots" status: 200 len: 287 microversion: 2.1 time: 0.420727
Sep 08 05:42:38.929499 dv-cinder-790535-13-iscsi devstack@n-api.service[114691]: [pid: 114691|app: 0|req: 13/17] 10.222.0.11 () {60 vars in 1162 bytes} [Wed Sep 8 05:42:38 2021] POST /compute/v2.1/os-snapshots => generated 287 bytes in 422 msecs (HTTP/1.1 200) 9 headers in 357 bytes (1 switches on core 0)
Sep 08 05:42:38.951603 dv-cinder-790535-13-iscsi devstack@n-api.service[114690]: DEBUG nova.api.openstack.wsgi [None req-0ba5502d-d521-4be4-b956-590678155198 tempest-VolumesSnapshotsTestJSON-1217186589 tempest-VolumesSnapshotsTestJSON-1217186589-project] Calling method '.version_select at 0x7f6e1c756820>' {{(pid=114690) _process_stack /opt/stack/nova/nova/api/openstack/wsgi.py:513}}
Sep 08 05:42:39.075638 dv-cinder-790535-13-iscsi devstack@n-api.service[114690]: INFO nova.api.openstack.requestlog [None req-0ba5502d-d521-4be4-b956-590678155198 tempest-VolumesSnapshotsTestJSON-1217186589 tempest-VolumesSnapshotsTestJSON-1217186589-project] 10.222.0.11 "GET /compute/v2.1/os-snapshots/23604691-2733-41e3-8a7c-ac09b52caa1e" status: 200 len: 287 microversion: 2.1 time: 0.139469
Sep 08 05:42:39.081002 dv-cinder-790535-13-iscsi devstack@n-api.service[114690]: [pid: 114690|app: 0|req: 5/18] 10.222.0.11 () {58 vars in 1251 bytes} [Wed Sep 8 05:42:38 2021] GET /compute/v2.1/os-snapshots/23604691-2733-41e3-8a7c-ac09b52caa1e => generated 287 bytes in 141 msecs (HTTP/1.1 200) 9 headers in 357 bytes (1 switches on core 0)
Sep 08 05:42:39.088032 dv-cinder-790535-13-iscsi devstack@n-api.service[114691]: DEBUG nova.api.openstack.wsgi [None req-08009877-e46c-4a3e-bf27-9ef76b823a30 tempest-VolumesSnapshotsTestJSON-1217186589 tempest-VolumesSnapshotsTestJSON-1217186589-project] Calling method '.version_select at 0x7f6e1d86d820>' {{(pid=114691) _process_stack /opt/stack/nova/nova/api/openstack/wsgi.py:513}}
Sep 08 05:42:39.133206 dv-cinder-790535-13-iscsi devstack@n-api.service[114690]: DEBUG nova.api.openstack.wsgi [None req-96bf5152-eb75-46e5-869e-3d66ec8e05ae tempest-AttachVolumeNegativeTest-656772101 tempest-AttachVolumeNegativeTest-656772101-project] Calling method '>' {{(pid=114690) _process_stack /opt/stack/nova/nova/api/openstack/wsgi.py:513}}
Sep 08 05:42:39.133878 dv-cinder-790535-13-iscsi devstack@n-api.service[114690]: DEBUG nova.compute.api [None req-96bf5152-eb75-46e5-869e-3d66ec8e05ae tempest-AttachVolumeNegativeTest-656772101 tempest-AttachVolumeNegativeTest-656772101-project] [instance: b2df1784-97c5-4e51-b96f-aab4a0040c2f] Fetching instance by UUID {{(pid=114690) get /opt/stack/nova/nova/compute/api.py:2863}}
Sep 08 05:42:39.172442 dv-cinder-790535-13-iscsi devstack@n-api.service[114691]: INFO nova.api.openstack.requestlog [None req-08009877-e46c-4a3e-bf27-9ef76b823a30 tempest-VolumesSnapshotsTestJSON-1217186589 tempest-VolumesSnapshotsTestJSON-1217186589-project] 10.222.0.11 "GET /compute/v2.1/os-snapshots" status: 200 len: 290 microversion: 2.1 time: 0.089323
Sep 08 05:42:39.178924 dv-cinder-790535-13-iscsi devstack@n-api.service[114691]: [pid: 114691|app: 0|req: 14/19] 10.222.0.11 () {58 vars in 1140 bytes} [Wed Sep 8 05:42:39 2021] GET /compute/v2.1/os-snapshots => generated 290 bytes in 91 msecs (HTTP/1.1 200) 9 headers in 357 bytes (1 switches on core 0)
Sep 08 05:42:39.186961 dv-cinder-790535-13-iscsi devstack@n-api.service[114691]: DEBUG nova.api.openstack.wsgi [None req-bdd74b7a-2760-4c45-9c76-84521f24366d tempest-VolumesSnapshotsTestJSON-1217186589 tempest-VolumesSnapshotsTestJSON-1217186589-project] Calling method '.version_select at 0x7f6e1d87c790>' {{(pid=114691) _process_stack /opt/stack/nova/nova/api/openstack/wsgi.py:513}}
Sep 08 05:42:39.273804 dv-cinder-790535-13-iscsi devstack@n-api.service[114691]: INFO nova.api.openstack.requestlog [None req-bdd74b7a-2760-4c45-9c76-84521f24366d tempest-VolumesSnapshotsTestJSON-1217186589 tempest-VolumesSnapshotsTestJSON-1217186589-project] 10.222.0.11 "GET /compute/v2.1/os-snapshots/23604691-2733-41e3-8a7c-ac09b52caa1e" status: 200 len: 287 microversion: 2.1 time: 0.093318
Sep 08 05:42:39.278085 dv-cinder-790535-13-iscsi devstack@n-api.service[114691]: [pid: 114691|app: 0|req: 15/20] 10.222.0.11 () {58 vars in 1251 bytes} [Wed Sep 8 05:42:39 2021] GET /compute/v2.1/os-snapshots/23604691-2733-41e3-8a7c-ac09b52caa1e => generated 287 bytes in 95 msecs (HTTP/1.1 200) 9 headers in 357 bytes (1 switches on core 0)
Sep 08 05:42:39.431823 dv-cinder-790535-13-iscsi devstack@n-api.service[114690]: DEBUG nova.policy [None req-96bf5152-eb75-46e5-869e-3d66ec8e05ae tempest-AttachVolumeNegativeTest-656772101 tempest-AttachVolumeNegativeTest-656772101-project] Policy check for os_compute_api:os-extended-server-attributes failed with credentials {'is_admin': False, 'user_id': 'ff58ccb4011e481288bd7e4d49676e05', 'user_domain_id': 'default', 'system_scope': None, 'domain_id': None, 'project_id': 'ab4fb15796624f809f233331d530a15a', 'project_domain_id': 'default', 'roles': ['member', 'reader'], 'is_admin_project': True, 'service_user_id': None, 'service_user_domain_id': None, 'service_project_id': None, 'service_project_domain_id': None, 'service_roles': []} {{(pid=114690) authorize /opt/stack/nova/nova/policy.py:199}}
Sep 08 05:42:39.452235 dv-cinder-790535-13-iscsi devstack@n-api.service[114690]: INFO nova.api.openstack.requestlog [None req-96bf5152-eb75-46e5-869e-3d66ec8e05ae tempest-AttachVolumeNegativeTest-656772101 tempest-AttachVolumeNegativeTest-656772101-project] 10.222.0.11 "GET /compute/v2.1/servers/b2df1784-97c5-4e51-b96f-aab4a0040c2f" status: 200 len: 1218 microversion: 2.1 time: 0.321687
Sep 08 05:42:39.452965 dv-cinder-790535-13-iscsi devstack@n-api.service[114690]: [pid: 114690|app: 0|req: 6/21] 10.222.0.11 () {58 vars in 1236 bytes} [Wed Sep 8 05:42:39 2021] GET /compute/v2.1/servers/b2df1784-97c5-4e51-b96f-aab4a0040c2f => generated 1218 bytes in 328 msecs (HTTP/1.1 200) 9 headers in 358 bytes (2 switches on core 0)
Sep 08 05:42:39.637968 dv-cinder-790535-13-iscsi devstack@n-api.service[114691]: DEBUG nova.api.openstack.wsgi [None req-ea80bfbd-d070-4406-8920-3f2932c82e14 tempest-DeleteServersTestJSON-740236566 tempest-DeleteServersTestJSON-740236566-project] Calling method '>' {{(pid=114691) _process_stack /opt/stack/nova/nova/api/openstack/wsgi.py:513}}
Sep 08 05:42:39.638854 dv-cinder-790535-13-iscsi devstack@n-api.service[114691]: DEBUG nova.compute.api [None req-ea80bfbd-d070-4406-8920-3f2932c82e14 tempest-DeleteServersTestJSON-740236566 tempest-DeleteServersTestJSON-740236566-project] [instance: 5b7e6d23-3ed8-44ef-aebd-01af6bbf8074] Fetching instance by UUID {{(pid=114691) get /opt/stack/nova/nova/compute/api.py:2863}}
Sep 08 05:42:39.652482 dv-cinder-790535-13-iscsi devstack@n-api.service[114691]: DEBUG oslo_concurrency.lockutils [None req-ea80bfbd-d070-4406-8920-3f2932c82e14 tempest-DeleteServersTestJSON-740236566 tempest-DeleteServersTestJSON-740236566-project] Lock "0f1700d8-04a4-4dda-b460-38d6c745e882" acquired by "nova.context.set_target_cell..get_or_set_cached_cell_and_set_connections" :: waited 0.000s {{(pid=114691) inner /usr/local/lib/python3.8/dist-packages/oslo_concurrency/lockutils.py:355}}
Sep 08 05:42:39.653467 dv-cinder-790535-13-iscsi devstack@n-api.service[114691]: DEBUG oslo_concurrency.lockutils [None req-ea80bfbd-d070-4406-8920-3f2932c82e14 tempest-DeleteServersTestJSON-740236566 tempest-DeleteServersTestJSON-740236566-project] Lock "0f1700d8-04a4-4dda-b460-38d6c745e882" released by "nova.context.set_target_cell..get_or_set_cached_cell_and_set_connections" :: held 0.002s {{(pid=114691) inner /usr/local/lib/python3.8/dist-packages/oslo_concurrency/lockutils.py:367}}
Sep 08 05:42:39.656287 dv-cinder-790535-13-iscsi devstack@n-api.service[114691]: DEBUG oslo_concurrency.lockutils [None req-ea80bfbd-d070-4406-8920-3f2932c82e14 tempest-DeleteServersTestJSON-740236566 tempest-DeleteServersTestJSON-740236566-project] Lock "0f1700d8-04a4-4dda-b460-38d6c745e882" acquired by "nova.context.set_target_cell..get_or_set_cached_cell_and_set_connections" :: waited 0.000s {{(pid=114691) inner /usr/local/lib/python3.8/dist-packages/oslo_concurrency/lockutils.py:355}}
Sep 08 05:42:39.657607 dv-cinder-790535-13-iscsi devstack@n-api.service[114691]: DEBUG oslo_concurrency.lockutils [None req-ea80bfbd-d070-4406-8920-3f2932c82e14 tempest-DeleteServersTestJSON-740236566 tempest-DeleteServersTestJSON-740236566-project] Lock "0f1700d8-04a4-4dda-b460-38d6c745e882" released by "nova.context.set_target_cell..get_or_set_cached_cell_and_set_connections" :: held 0.001s {{(pid=114691) inner /usr/local/lib/python3.8/dist-packages/oslo_concurrency/lockutils.py:367}}
Sep 08 05:42:39.967663 dv-cinder-790535-13-iscsi devstack@n-api.service[114691]: DEBUG nova.policy [None req-ea80bfbd-d070-4406-8920-3f2932c82e14 tempest-DeleteServersTestJSON-740236566 tempest-DeleteServersTestJSON-740236566-project] Policy check for os_compute_api:os-extended-server-attributes failed with credentials {'is_admin': False, 'user_id': '86bf6b251e44421f9fed2f7498eb53d5', 'user_domain_id': 'default', 'system_scope': None, 'domain_id': None, 'project_id': 'fc9204dc8eec422ba5e7ec5b213dc707', 'project_domain_id': 'default', 'roles': ['member', 'reader'], 'is_admin_project': True, 'service_user_id': None, 'service_user_domain_id': None, 'service_project_id': None, 'service_project_domain_id': None, 'service_roles': []} {{(pid=114691) authorize /opt/stack/nova/nova/policy.py:199}}
Sep 08 05:42:39.983766 dv-cinder-790535-13-iscsi devstack@n-api.service[114691]: INFO nova.api.openstack.requestlog [None req-ea80bfbd-d070-4406-8920-3f2932c82e14 tempest-DeleteServersTestJSON-740236566 tempest-DeleteServersTestJSON-740236566-project] 10.222.0.11 "GET /compute/v2.1/servers/5b7e6d23-3ed8-44ef-aebd-01af6bbf8074" status: 200 len: 1266 microversion: 2.1 time: 0.350131
Sep 08 05:42:39.996334 dv-cinder-790535-13-iscsi devstack@n-api.service[114691]: [pid: 114691|app: 0|req: 16/22] 10.222.0.11 () {58 vars in 1236 bytes} [Wed Sep 8 05:42:39 2021] GET /compute/v2.1/servers/5b7e6d23-3ed8-44ef-aebd-01af6bbf8074 => generated 1266 bytes in 364 msecs (HTTP/1.1 200) 9 headers in 358 bytes (2 switches on core 0)
Sep 08 05:42:40.286451 dv-cinder-790535-13-iscsi devstack@n-api.service[114691]: DEBUG nova.api.openstack.wsgi [None req-198dec96-a6ae-4064-ad96-7af18eafa5a5 tempest-VolumesSnapshotsTestJSON-1217186589 tempest-VolumesSnapshotsTestJSON-1217186589-project] Calling method '.version_select at 0x7f6e1d7a55e0>' {{(pid=114691) _process_stack /opt/stack/nova/nova/api/openstack/wsgi.py:513}}
Sep 08 05:42:40.331671 dv-cinder-790535-13-iscsi devstack@n-api.service[114691]: INFO nova.api.openstack.requestlog [None req-198dec96-a6ae-4064-ad96-7af18eafa5a5 tempest-VolumesSnapshotsTestJSON-1217186589 tempest-VolumesSnapshotsTestJSON-1217186589-project] 10.222.0.11 "GET /compute/v2.1/os-snapshots/23604691-2733-41e3-8a7c-ac09b52caa1e" status: 200 len: 287 microversion: 2.1 time: 0.049095
Sep 08 05:42:40.339602 dv-cinder-790535-13-iscsi devstack@n-api.service[114691]: [pid: 114691|app: 0|req: 17/23] 10.222.0.11 () {58 vars in 1251 bytes} [Wed Sep 8 05:42:40 2021] GET /compute/v2.1/os-snapshots/23604691-2733-41e3-8a7c-ac09b52caa1e => generated 287 bytes in 58 msecs (HTTP/1.1 200) 9 headers in 357 bytes (2 switches on core 0)
Sep 08 05:42:40.396584 dv-cinder-790535-13-iscsi devstack@n-api.service[114690]: DEBUG nova.api.openstack.wsgi [None req-98bb11ee-9583-4f7f-990b-8805666c07a9 tempest-ServerRescueNegativeTestJSON-2020859859 tempest-ServerRescueNegativeTestJSON-2020859859-project] Action: 'create', calling method: >, body: {"server": {"name": "tempest-ServerRescueNegativeTestJSON-server-1444777692", "imageRef": "0c901599-9bfe-40ea-9a3f-740c261d4d16", "flavorRef": "452", "adminPass": "***", "networks": [{"uuid": "985a8468-8a62-4700-9016-52db1934ab6b"}]}} {{(pid=114690) _process_stack /opt/stack/nova/nova/api/openstack/wsgi.py:511}}
Sep 08 05:42:40.474349 dv-cinder-790535-13-iscsi devstack@n-api.service[114691]: DEBUG nova.api.openstack.wsgi [None req-7cb0a4e5-ce94-4f6c-8b04-95e54a12eff0 tempest-AttachVolumeNegativeTest-656772101 tempest-AttachVolumeNegativeTest-656772101-project] Calling method '>' {{(pid=114691) _process_stack /opt/stack/nova/nova/api/openstack/wsgi.py:513}}
Sep 08 05:42:40.475768 dv-cinder-790535-13-iscsi devstack@n-api.service[114691]: DEBUG nova.compute.api [None req-7cb0a4e5-ce94-4f6c-8b04-95e54a12eff0 tempest-AttachVolumeNegativeTest-656772101 tempest-AttachVolumeNegativeTest-656772101-project] [instance: b2df1784-97c5-4e51-b96f-aab4a0040c2f] Fetching instance by UUID {{(pid=114691) get /opt/stack/nova/nova/compute/api.py:2863}}
Sep 08 05:42:40.520250 dv-cinder-790535-13-iscsi devstack@n-api.service[114691]: DEBUG oslo_concurrency.lockutils [None req-7cb0a4e5-ce94-4f6c-8b04-95e54a12eff0 tempest-AttachVolumeNegativeTest-656772101 tempest-AttachVolumeNegativeTest-656772101-project] Lock "0f1700d8-04a4-4dda-b460-38d6c745e882" acquired by "nova.context.set_target_cell..get_or_set_cached_cell_and_set_connections" :: waited 0.000s {{(pid=114691) inner /usr/local/lib/python3.8/dist-packages/oslo_concurrency/lockutils.py:355}}
Sep 08 05:42:40.521012 dv-cinder-790535-13-iscsi devstack@n-api.service[114691]: DEBUG oslo_concurrency.lockutils [None req-7cb0a4e5-ce94-4f6c-8b04-95e54a12eff0 tempest-AttachVolumeNegativeTest-656772101 tempest-AttachVolumeNegativeTest-656772101-project] Lock "0f1700d8-04a4-4dda-b460-38d6c745e882" released by "nova.context.set_target_cell..get_or_set_cached_cell_and_set_connections" :: held 0.001s {{(pid=114691) inner /usr/local/lib/python3.8/dist-packages/oslo_concurrency/lockutils.py:367}}
Sep 08 05:42:40.533808 dv-cinder-790535-13-iscsi devstack@n-api.service[114690]: DEBUG nova.network.neutron [None req-98bb11ee-9583-4f7f-990b-8805666c07a9 tempest-ServerRescueNegativeTestJSON-2020859859 tempest-ServerRescueNegativeTestJSON-2020859859-project] validate_networks() for [('985a8468-8a62-4700-9016-52db1934ab6b', None, None, None, None, None)] {{(pid=114690) validate_networks /opt/stack/nova/nova/network/neutron.py:2475}}
Sep 08 05:42:40.544910 dv-cinder-790535-13-iscsi devstack@n-api.service[114691]: DEBUG oslo_concurrency.lockutils [None req-7cb0a4e5-ce94-4f6c-8b04-95e54a12eff0 tempest-AttachVolumeNegativeTest-656772101 tempest-AttachVolumeNegativeTest-656772101-project] Lock "0f1700d8-04a4-4dda-b460-38d6c745e882" acquired by "nova.context.set_target_cell..get_or_set_cached_cell_and_set_connections" :: waited 0.000s {{(pid=114691) inner /usr/local/lib/python3.8/dist-packages/oslo_concurrency/lockutils.py:355}}
Sep 08 05:42:40.545667 dv-cinder-790535-13-iscsi devstack@n-api.service[114691]: DEBUG oslo_concurrency.lockutils [None req-7cb0a4e5-ce94-4f6c-8b04-95e54a12eff0 tempest-AttachVolumeNegativeTest-656772101 tempest-AttachVolumeNegativeTest-656772101-project] Lock "0f1700d8-04a4-4dda-b460-38d6c745e882" released by "nova.context.set_target_cell..get_or_set_cached_cell_and_set_connections" :: held 0.001s {{(pid=114691) inner /usr/local/lib/python3.8/dist-packages/oslo_concurrency/lockutils.py:367}}
Sep 08 05:42:40.821827 dv-cinder-790535-13-iscsi devstack@n-api.service[114691]: DEBUG nova.policy [None req-7cb0a4e5-ce94-4f6c-8b04-95e54a12eff0 tempest-AttachVolumeNegativeTest-656772101 tempest-AttachVolumeNegativeTest-656772101-project] Policy check for os_compute_api:os-extended-server-attributes failed with credentials {'is_admin': False, 'user_id': 'ff58ccb4011e481288bd7e4d49676e05', 'user_domain_id': 'default', 'system_scope': None, 'domain_id': None, 'project_id': 'ab4fb15796624f809f233331d530a15a', 'project_domain_id': 'default', 'roles': ['member', 'reader'], 'is_admin_project': True, 'service_user_id': None, 'service_user_domain_id': None, 'service_project_id': None, 'service_project_domain_id': None, 'service_roles': []} {{(pid=114691) authorize /opt/stack/nova/nova/policy.py:199}}
Sep 08 05:42:40.831893 dv-cinder-790535-13-iscsi devstack@n-api.service[114691]: INFO nova.api.openstack.requestlog [None req-7cb0a4e5-ce94-4f6c-8b04-95e54a12eff0 tempest-AttachVolumeNegativeTest-656772101 tempest-AttachVolumeNegativeTest-656772101-project] 10.222.0.11 "GET /compute/v2.1/servers/b2df1784-97c5-4e51-b96f-aab4a0040c2f" status: 200 len: 1222 microversion: 2.1 time: 0.365348
Sep 08 05:42:40.835222 dv-cinder-790535-13-iscsi devstack@n-api.service[114691]: [pid: 114691|app: 0|req: 18/24] 10.222.0.11 () {58 vars in 1236 bytes} [Wed Sep 8 05:42:40 2021] GET /compute/v2.1/servers/b2df1784-97c5-4e51-b96f-aab4a0040c2f => generated 1222 bytes in 370 msecs (HTTP/1.1 200) 9 headers in 358 bytes (2 switches on core 0)
Sep 08 05:42:41.003266 dv-cinder-790535-13-iscsi devstack@n-api.service[114691]: DEBUG nova.api.openstack.wsgi [None req-5075235d-aae8-4086-af7b-5b1fea202cdf tempest-DeleteServersTestJSON-740236566 tempest-DeleteServersTestJSON-740236566-project] Calling method '>' {{(pid=114691) _process_stack /opt/stack/nova/nova/api/openstack/wsgi.py:513}}
Sep 08 05:42:41.004435 dv-cinder-790535-13-iscsi devstack@n-api.service[114691]: DEBUG nova.compute.api [None req-5075235d-aae8-4086-af7b-5b1fea202cdf tempest-DeleteServersTestJSON-740236566 tempest-DeleteServersTestJSON-740236566-project] [instance: 5b7e6d23-3ed8-44ef-aebd-01af6bbf8074] Fetching instance by UUID {{(pid=114691) get /opt/stack/nova/nova/compute/api.py:2863}}
Sep 08 05:42:41.016832 dv-cinder-790535-13-iscsi devstack@n-api.service[114691]: DEBUG oslo_concurrency.lockutils [None req-5075235d-aae8-4086-af7b-5b1fea202cdf tempest-DeleteServersTestJSON-740236566 tempest-DeleteServersTestJSON-740236566-project] Lock "0f1700d8-04a4-4dda-b460-38d6c745e882" acquired by "nova.context.set_target_cell..get_or_set_cached_cell_and_set_connections" :: waited 0.000s {{(pid=114691) inner /usr/local/lib/python3.8/dist-packages/oslo_concurrency/lockutils.py:355}}
Sep 08 05:42:41.017748 dv-cinder-790535-13-iscsi devstack@n-api.service[114691]: DEBUG oslo_concurrency.lockutils [None req-5075235d-aae8-4086-af7b-5b1fea202cdf tempest-DeleteServersTestJSON-740236566 tempest-DeleteServersTestJSON-740236566-project] Lock "0f1700d8-04a4-4dda-b460-38d6c745e882" released by "nova.context.set_target_cell..get_or_set_cached_cell_and_set_connections" :: held 0.002s {{(pid=114691) inner /usr/local/lib/python3.8/dist-packages/oslo_concurrency/lockutils.py:367}}
Sep 08 05:42:41.019498 dv-cinder-790535-13-iscsi devstack@n-api.service[114691]: DEBUG oslo_concurrency.lockutils [None req-5075235d-aae8-4086-af7b-5b1fea202cdf tempest-DeleteServersTestJSON-740236566 tempest-DeleteServersTestJSON-740236566-project] Lock "0f1700d8-04a4-4dda-b460-38d6c745e882" acquired by "nova.context.set_target_cell..get_or_set_cached_cell_and_set_connections" :: waited 0.000s {{(pid=114691) inner /usr/local/lib/python3.8/dist-packages/oslo_concurrency/lockutils.py:355}}
Sep 08 05:42:41.020883 dv-cinder-790535-13-iscsi devstack@n-api.service[114691]: DEBUG oslo_concurrency.lockutils [None req-5075235d-aae8-4086-af7b-5b1fea202cdf tempest-DeleteServersTestJSON-740236566 tempest-DeleteServersTestJSON-740236566-project] Lock "0f1700d8-04a4-4dda-b460-38d6c745e882" released by "nova.context.set_target_cell..get_or_set_cached_cell_and_set_connections" :: held 0.001s {{(pid=114691) inner /usr/local/lib/python3.8/dist-packages/oslo_concurrency/lockutils.py:367}}
Sep 08 05:42:41.310490 dv-cinder-790535-13-iscsi devstack@n-api.service[114691]: DEBUG nova.policy [None req-5075235d-aae8-4086-af7b-5b1fea202cdf tempest-DeleteServersTestJSON-740236566 tempest-DeleteServersTestJSON-740236566-project] Policy check for os_compute_api:os-extended-server-attributes failed with credentials {'is_admin': False, 'user_id': '86bf6b251e44421f9fed2f7498eb53d5', 'user_domain_id': 'default', 'system_scope': None, 'domain_id': None, 'project_id': 'fc9204dc8eec422ba5e7ec5b213dc707', 'project_domain_id': 'default', 'roles': ['member', 'reader'], 'is_admin_project': True, 'service_user_id': None, 'service_user_domain_id': None, 'service_project_id': None, 'service_project_domain_id': None, 'service_roles': []} {{(pid=114691) authorize /opt/stack/nova/nova/policy.py:199}}
Sep 08 05:42:41.323840 dv-cinder-790535-13-iscsi devstack@n-api.service[114691]: INFO nova.api.openstack.requestlog [None req-5075235d-aae8-4086-af7b-5b1fea202cdf tempest-DeleteServersTestJSON-740236566 tempest-DeleteServersTestJSON-740236566-project] 10.222.0.11 "GET /compute/v2.1/servers/5b7e6d23-3ed8-44ef-aebd-01af6bbf8074" status: 200 len: 1266 microversion: 2.1 time: 0.325421
Sep 08 05:42:41.334250 dv-cinder-790535-13-iscsi devstack@n-api.service[114691]: [pid: 114691|app: 0|req: 19/25] 10.222.0.11 () {58 vars in 1236 bytes} [Wed Sep 8 05:42:40 2021] GET /compute/v2.1/servers/5b7e6d23-3ed8-44ef-aebd-01af6bbf8074 => generated 1266 bytes in 331 msecs (HTTP/1.1 200) 9 headers in 358 bytes (2 switches on core 0)
