Aug 23 19:33:26.708053 dv-cinder-790535-11-smb devstack@c-api.service[100874]: DEBUG cinder.volume.api [None req-97360989-55cc-4e29-bc1f-cf2eb08d63f2 tempest-GroupSnapshotsTest-538221914 tempest-GroupSnapshotsTest-538221914-project] Task 'cinder.volume.flows.api.create_volume.EntryCreateTask;volume:create' (98999c13-0ee2-45d8-9cd9-acf46f514909) transitioned into state 'RUNNING' from state 'PENDING' {{(pid=100874) _task_receiver /usr/local/lib/python3.8/dist-packages/taskflow/listeners/logging.py:190}}
Aug 23 19:33:26.720333 dv-cinder-790535-11-smb devstack@c-api.service[100873]: INFO cinder.volume.api [None req-f7f1e4b7-85d6-4677-b5c1-ea176523baf9 tempest-VolumeSnapshotQuotasNegativeTestJSON-589322657 tempest-VolumeSnapshotQuotasNegativeTestJSON-589322657-project] Snapshot delete request issued successfully.
Aug 23 19:33:26.721456 dv-cinder-790535-11-smb devstack@c-api.service[100873]: INFO cinder.api.openstack.wsgi [None req-f7f1e4b7-85d6-4677-b5c1-ea176523baf9 tempest-VolumeSnapshotQuotasNegativeTestJSON-589322657 tempest-VolumeSnapshotQuotasNegativeTestJSON-589322657-project] http://10.222.0.77/volume/v3/5338bbd2ceaf43e581b2995bb76db22e/snapshots/5ab6f92f-c72c-4956-b108-360537a9fd0f returned with HTTP 202
Aug 23 19:33:26.722672 dv-cinder-790535-11-smb devstack@c-api.service[100873]: [pid: 100873|app: 0|req: 108/198] 10.222.0.77 () {58 vars in 1334 bytes} [Mon Aug 23 19:33:26 2021] DELETE /volume/v3/5338bbd2ceaf43e581b2995bb76db22e/snapshots/5ab6f92f-c72c-4956-b108-360537a9fd0f => generated 0 bytes in 67 msecs (HTTP/1.1 202) 6 headers in 233 bytes (1 switches on core 0)
Aug 23 19:33:26.727383 dv-cinder-790535-11-smb devstack@c-api.service[100873]: INFO cinder.api.openstack.wsgi [None req-bf8f7be9-7d10-4088-bc92-350f604b1efb tempest-AttachVolumeNegativeTest-1143663965 tempest-AttachVolumeNegativeTest-1143663965-project] GET http://10.222.0.77/volume/v3/00f60332f2f74a569fc6235bc221fea9/volumes/5ab0e46e-a8cc-4857-b8e6-a3bece615306
Aug 23 19:33:26.728379 dv-cinder-790535-11-smb devstack@c-api.service[100873]: DEBUG cinder.api.openstack.wsgi [None req-bf8f7be9-7d10-4088-bc92-350f604b1efb tempest-AttachVolumeNegativeTest-1143663965 tempest-AttachVolumeNegativeTest-1143663965-project] Empty body provided in request {{(pid=100873) get_body /opt/stack/cinder/cinder/api/openstack/wsgi.py:703}}
Aug 23 19:33:26.728554 dv-cinder-790535-11-smb devstack@c-api.service[100873]: /usr/local/lib/python3.8/dist-packages/webob/acceptparse.py:1047: DeprecationWarning: The behavior of AcceptValidHeader.best_match is currently being maintained for backward compatibility, but it will be deprecated in the future, as it does not conform to the RFC.
Aug 23 19:33:26.728554 dv-cinder-790535-11-smb devstack@c-api.service[100873]: warnings.warn(
Aug 23 19:33:26.728854 dv-cinder-790535-11-smb devstack@c-api.service[100873]: DEBUG cinder.api.openstack.wsgi [None req-bf8f7be9-7d10-4088-bc92-350f604b1efb tempest-AttachVolumeNegativeTest-1143663965 tempest-AttachVolumeNegativeTest-1143663965-project] Calling method 'show' {{(pid=100873) _process_stack /opt/stack/cinder/cinder/api/openstack/wsgi.py:856}}
Aug 23 19:33:26.739799 dv-cinder-790535-11-smb devstack@c-api.service[100874]: DEBUG cinder.volume.api [None req-97360989-55cc-4e29-bc1f-cf2eb08d63f2 tempest-GroupSnapshotsTest-538221914 tempest-GroupSnapshotsTest-538221914-project] Task 'cinder.volume.flows.api.create_volume.EntryCreateTask;volume:create' (98999c13-0ee2-45d8-9cd9-acf46f514909) transitioned into state 'SUCCESS' from state 'RUNNING' with result '{'volume_id': '0068e2bc-bde3-46ae-8cca-1106ffa61786', 'volume_properties': VolumeProperties(attach_status='detached',availability_zone='nova',cgsnapshot_id=None,consistencygroup_id=None,display_description=None,display_name='tempest-GroupSnapshotsTest-Volume-1293428996',encryption_key_id=None,group_id=17a81c7a-6ad6-46c5-ba00-f9ea97373c5c,group_type_id=,metadata={},multiattach=False,project_id='302d0669bd1541ed8c051113505fcd91',qos_specs=None,replication_status=,reservations=['25974ad5-f0f4-465f-a824-0e7fd179ccf9','a4cbc224-fc89-4715-be8a-80e6ed82ef59','b6c3e46e-5234-4f7c-ac9b-b6728cbc2d08','13558218-0288-4e57-a309-49d15789d0f4'],size=1,snapshot_id=None,source_replicaid=,source_volid=None,status='creating',user_id='97ef966ecb7d434180d2d72a51b008a9',volume_type_id=254945e4-5697-42e7-b20e-5a3b10043649), 'volume': Volume(_name_id=None,admin_metadata=,attach_status='detached',availability_zone='nova',bootable=False,cluster=,cluster_name=None,consistencygroup=,consistencygroup_id=None,created_at=2021-08-23T19:33:26Z,deleted=False,deleted_at=None,display_description=None,display_name='tempest-GroupSnapshotsTest-Volume-1293428996',ec2_id=None,encryption_key_id=None,glance_metadata=,group=,group_id=17a81c7a-6ad6-46c5-ba00-f9ea97373c5c,host=None,id=0068e2bc-bde3-46ae-8cca-1106ffa61786,launched_at=None,metadata={},migration_status=None,multiattach=False,previous_status=None,project_id='302d0669bd1541ed8c051113505fcd91',provider_auth=None,provider_geometry=None,provider_id=None,provider_location=None,replication_driver_data=None,replication_extended_status=None,replication_status=None,scheduled_at=None,service_uuid=None,shared_targets=True,size=1,snapshot_id=None,snapshots=,source_volid=None,status='creating',terminated_at=None,updated_at=None,user_id='97ef966ecb7d434180d2d72a51b008a9',volume_attachment=,volume_type=VolumeType(254945e4-5697-42e7-b20e-5a3b10043649),volume_type_id=254945e4-5697-42e7-b20e-5a3b10043649)}' {{(pid=100874) _task_receiver /usr/local/lib/python3.8/dist-packages/taskflow/listeners/logging.py:178}}
Aug 23 19:33:26.741731 dv-cinder-790535-11-smb devstack@c-api.service[100874]: DEBUG cinder.volume.api [None req-97360989-55cc-4e29-bc1f-cf2eb08d63f2 tempest-GroupSnapshotsTest-538221914 tempest-GroupSnapshotsTest-538221914-project] Task 'cinder.volume.flows.api.create_volume.QuotaCommitTask;volume:create' (1304249c-7ef6-4c89-a552-7a3a91e9bbad) transitioned into state 'RUNNING' from state 'PENDING' {{(pid=100874) _task_receiver /usr/local/lib/python3.8/dist-packages/taskflow/listeners/logging.py:190}}
Aug 23 19:33:26.743312 dv-cinder-790535-11-smb devstack@c-api.service[100873]: /usr/local/lib/python3.8/dist-packages/oslo_context/context.py:105: DeprecationWarning: Policy enforcement is depending on the value of is_admin. This key is deprecated. Please update your policy file to use the standard policy values.
Aug 23 19:33:26.743312 dv-cinder-790535-11-smb devstack@c-api.service[100873]: warnings.warn('Policy enforcement is depending on the value of '
Aug 23 19:33:26.750486 dv-cinder-790535-11-smb devstack@c-api.service[100873]: INFO cinder.volume.api [None req-bf8f7be9-7d10-4088-bc92-350f604b1efb tempest-AttachVolumeNegativeTest-1143663965 tempest-AttachVolumeNegativeTest-1143663965-project] Volume info retrieved successfully.
Aug 23 19:33:26.762591 dv-cinder-790535-11-smb devstack@c-api.service[100873]: /usr/local/lib/python3.8/dist-packages/oslo_context/context.py:105: DeprecationWarning: Policy enforcement is depending on the value of is_admin. This key is deprecated. Please update your policy file to use the standard policy values.
Aug 23 19:33:26.762591 dv-cinder-790535-11-smb devstack@c-api.service[100873]: warnings.warn('Policy enforcement is depending on the value of '
Aug 23 19:33:26.772807 dv-cinder-790535-11-smb devstack@c-api.service[100873]: INFO cinder.api.openstack.wsgi [None req-bf8f7be9-7d10-4088-bc92-350f604b1efb tempest-AttachVolumeNegativeTest-1143663965 tempest-AttachVolumeNegativeTest-1143663965-project] http://10.222.0.77/volume/v3/00f60332f2f74a569fc6235bc221fea9/volumes/5ab0e46e-a8cc-4857-b8e6-a3bece615306 returned with HTTP 200
Aug 23 19:33:26.775962 dv-cinder-790535-11-smb devstack@c-api.service[100873]: [pid: 100873|app: 0|req: 109/199] 10.222.0.77 () {58 vars in 1325 bytes} [Mon Aug 23 19:33:26 2021] GET /volume/v3/00f60332f2f74a569fc6235bc221fea9/volumes/5ab0e46e-a8cc-4857-b8e6-a3bece615306 => generated 915 bytes in 53 msecs (HTTP/1.1 200) 7 headers in 285 bytes (1 switches on core 0)
Aug 23 19:33:26.780777 dv-cinder-790535-11-smb devstack@c-api.service[100873]: INFO cinder.api.openstack.wsgi [None req-4132eadd-ca6f-4fb5-a2a9-dd3ac67dfc7f tempest-VolumeSnapshotQuotasNegativeTestJSON-589322657 tempest-VolumeSnapshotQuotasNegativeTestJSON-589322657-project] GET http://10.222.0.77/volume/v3/5338bbd2ceaf43e581b2995bb76db22e/snapshots/5ab6f92f-c72c-4956-b108-360537a9fd0f
Aug 23 19:33:26.784942 dv-cinder-790535-11-smb devstack@c-api.service[100874]: DEBUG cinder.volume.api [None req-97360989-55cc-4e29-bc1f-cf2eb08d63f2 tempest-GroupSnapshotsTest-538221914 tempest-GroupSnapshotsTest-538221914-project] Task 'cinder.volume.flows.api.create_volume.QuotaCommitTask;volume:create' (1304249c-7ef6-4c89-a552-7a3a91e9bbad) transitioned into state 'SUCCESS' from state 'RUNNING' with result '{'volume_properties': VolumeProperties(attach_status='detached',availability_zone='nova',cgsnapshot_id=None,consistencygroup_id=None,display_description=None,display_name='tempest-GroupSnapshotsTest-Volume-1293428996',encryption_key_id=None,group_id=17a81c7a-6ad6-46c5-ba00-f9ea97373c5c,group_type_id=,metadata={},multiattach=False,project_id='302d0669bd1541ed8c051113505fcd91',qos_specs=None,replication_status=,reservations=['25974ad5-f0f4-465f-a824-0e7fd179ccf9','a4cbc224-fc89-4715-be8a-80e6ed82ef59','b6c3e46e-5234-4f7c-ac9b-b6728cbc2d08','13558218-0288-4e57-a309-49d15789d0f4'],size=1,snapshot_id=None,source_replicaid=,source_volid=None,status='creating',user_id='97ef966ecb7d434180d2d72a51b008a9',volume_type_id=254945e4-5697-42e7-b20e-5a3b10043649)}' {{(pid=100874) _task_receiver /usr/local/lib/python3.8/dist-packages/taskflow/listeners/logging.py:178}}
Aug 23 19:33:26.785367 dv-cinder-790535-11-smb devstack@c-api.service[100874]: DEBUG cinder.volume.api [None req-97360989-55cc-4e29-bc1f-cf2eb08d63f2 tempest-GroupSnapshotsTest-538221914 tempest-GroupSnapshotsTest-538221914-project] Task 'cinder.volume.flows.api.create_volume.VolumeCastTask;volume:create' (46ac7215-ca2a-40aa-b6c9-46e9ad181292) transitioned into state 'RUNNING' from state 'PENDING' {{(pid=100874) _task_receiver /usr/local/lib/python3.8/dist-packages/taskflow/listeners/logging.py:190}}
Aug 23 19:33:26.788355 dv-cinder-790535-11-smb devstack@c-api.service[100873]: DEBUG cinder.api.openstack.wsgi [None req-4132eadd-ca6f-4fb5-a2a9-dd3ac67dfc7f tempest-VolumeSnapshotQuotasNegativeTestJSON-589322657 tempest-VolumeSnapshotQuotasNegativeTestJSON-589322657-project] Empty body provided in request {{(pid=100873) get_body /opt/stack/cinder/cinder/api/openstack/wsgi.py:703}}
Aug 23 19:33:26.788777 dv-cinder-790535-11-smb devstack@c-api.service[100873]: /usr/local/lib/python3.8/dist-packages/webob/acceptparse.py:1047: DeprecationWarning: The behavior of AcceptValidHeader.best_match is currently being maintained for backward compatibility, but it will be deprecated in the future, as it does not conform to the RFC.
Aug 23 19:33:26.788777 dv-cinder-790535-11-smb devstack@c-api.service[100873]: warnings.warn(
Aug 23 19:33:26.789549 dv-cinder-790535-11-smb devstack@c-api.service[100873]: DEBUG cinder.api.openstack.wsgi [None req-4132eadd-ca6f-4fb5-a2a9-dd3ac67dfc7f tempest-VolumeSnapshotQuotasNegativeTestJSON-589322657 tempest-VolumeSnapshotQuotasNegativeTestJSON-589322657-project] Calling method 'show' {{(pid=100873) _process_stack /opt/stack/cinder/cinder/api/openstack/wsgi.py:856}}
Aug 23 19:33:26.799663 dv-cinder-790535-11-smb devstack@c-api.service[100873]: /usr/local/lib/python3.8/dist-packages/oslo_context/context.py:105: DeprecationWarning: Policy enforcement is depending on the value of is_admin. This key is deprecated. Please update your policy file to use the standard policy values.
Aug 23 19:33:26.799663 dv-cinder-790535-11-smb devstack@c-api.service[100873]: warnings.warn('Policy enforcement is depending on the value of '
Aug 23 19:33:26.800656 dv-cinder-790535-11-smb devstack@c-api.service[100873]: INFO cinder.volume.api [None req-4132eadd-ca6f-4fb5-a2a9-dd3ac67dfc7f tempest-VolumeSnapshotQuotasNegativeTestJSON-589322657 tempest-VolumeSnapshotQuotasNegativeTestJSON-589322657-project] Snapshot retrieved successfully.
Aug 23 19:33:26.802421 dv-cinder-790535-11-smb devstack@c-api.service[100873]: INFO cinder.api.openstack.wsgi [None req-4132eadd-ca6f-4fb5-a2a9-dd3ac67dfc7f tempest-VolumeSnapshotQuotasNegativeTestJSON-589322657 tempest-VolumeSnapshotQuotasNegativeTestJSON-589322657-project] http://10.222.0.77/volume/v3/5338bbd2ceaf43e581b2995bb76db22e/snapshots/5ab6f92f-c72c-4956-b108-360537a9fd0f returned with HTTP 200
Aug 23 19:33:26.803567 dv-cinder-790535-11-smb devstack@c-api.service[100873]: [pid: 100873|app: 0|req: 110/200] 10.222.0.77 () {58 vars in 1331 bytes} [Mon Aug 23 19:33:26 2021] GET /volume/v3/5338bbd2ceaf43e581b2995bb76db22e/snapshots/5ab6f92f-c72c-4956-b108-360537a9fd0f => generated 547 bytes in 27 msecs (HTTP/1.1 200) 7 headers in 285 bytes (1 switches on core 0)
Aug 23 19:33:26.804865 dv-cinder-790535-11-smb devstack@c-api.service[100873]: INFO cinder.api.openstack.wsgi [None req-4132eadd-ca6f-4fb5-a2a9-dd3ac67dfc7f tempest-VolumeSnapshotQuotasNegativeTestJSON-589322657 tempest-VolumeSnapshotQuotasNegativeTestJSON-589322657-project] GET http://10.222.0.77/volume//
Aug 23 19:33:26.805256 dv-cinder-790535-11-smb devstack@c-api.service[100873]: DEBUG cinder.api.openstack.wsgi [None req-4132eadd-ca6f-4fb5-a2a9-dd3ac67dfc7f tempest-VolumeSnapshotQuotasNegativeTestJSON-589322657 tempest-VolumeSnapshotQuotasNegativeTestJSON-589322657-project] Empty body provided in request {{(pid=100873) get_body /opt/stack/cinder/cinder/api/openstack/wsgi.py:703}}
Aug 23 19:33:26.805492 dv-cinder-790535-11-smb devstack@c-api.service[100873]: /usr/local/lib/python3.8/dist-packages/webob/acceptparse.py:1047: DeprecationWarning: The behavior of AcceptValidHeader.best_match is currently being maintained for backward compatibility, but it will be deprecated in the future, as it does not conform to the RFC.
Aug 23 19:33:26.805492 dv-cinder-790535-11-smb devstack@c-api.service[100873]: warnings.warn(
Aug 23 19:33:26.805780 dv-cinder-790535-11-smb devstack@c-api.service[100873]: DEBUG cinder.api.openstack.wsgi [None req-4132eadd-ca6f-4fb5-a2a9-dd3ac67dfc7f tempest-VolumeSnapshotQuotasNegativeTestJSON-589322657 tempest-VolumeSnapshotQuotasNegativeTestJSON-589322657-project] Calling method 'all' {{(pid=100873) _process_stack /opt/stack/cinder/cinder/api/openstack/wsgi.py:856}}
Aug 23 19:33:26.806813 dv-cinder-790535-11-smb devstack@c-api.service[100873]: INFO cinder.api.openstack.wsgi [None req-4132eadd-ca6f-4fb5-a2a9-dd3ac67dfc7f tempest-VolumeSnapshotQuotasNegativeTestJSON-589322657 tempest-VolumeSnapshotQuotasNegativeTestJSON-589322657-project] http://10.222.0.77/volume// returned with HTTP 300
Aug 23 19:33:26.806924 dv-cinder-790535-11-smb devstack@c-api.service[100874]: DEBUG cinder.volume.api [None req-97360989-55cc-4e29-bc1f-cf2eb08d63f2 tempest-GroupSnapshotsTest-538221914 tempest-GroupSnapshotsTest-538221914-project] Task 'cinder.volume.flows.api.create_volume.VolumeCastTask;volume:create' (46ac7215-ca2a-40aa-b6c9-46e9ad181292) transitioned into state 'SUCCESS' from state 'RUNNING' with result 'None' {{(pid=100874) _task_receiver /usr/local/lib/python3.8/dist-packages/taskflow/listeners/logging.py:178}}
Aug 23 19:33:26.807435 dv-cinder-790535-11-smb devstack@c-api.service[100873]: [pid: 100873|app: 0|req: 111/201] 10.222.0.68 () {56 vars in 1099 bytes} [Mon Aug 23 19:33:26 2021] GET /volume/ => generated 386 bytes in 3 msecs (HTTP/1.1 300) 5 headers in 169 bytes (1 switches on core 0)
Aug 23 19:33:26.810315 dv-cinder-790535-11-smb devstack@c-api.service[100874]: DEBUG cinder.volume.api [None req-97360989-55cc-4e29-bc1f-cf2eb08d63f2 tempest-GroupSnapshotsTest-538221914 tempest-GroupSnapshotsTest-538221914-project] Flow 'volume_create_api' (f122eb69-2cf5-461a-94b8-4ae550e019a5) transitioned into state 'SUCCESS' from state 'RUNNING' {{(pid=100874) _flow_receiver /usr/local/lib/python3.8/dist-packages/taskflow/listeners/logging.py:141}}
Aug 23 19:33:26.811141 dv-cinder-790535-11-smb devstack@c-api.service[100874]: INFO cinder.volume.api [None req-97360989-55cc-4e29-bc1f-cf2eb08d63f2 tempest-GroupSnapshotsTest-538221914 tempest-GroupSnapshotsTest-538221914-project] Create volume request issued successfully.
Aug 23 19:33:26.819505 dv-cinder-790535-11-smb devstack@c-api.service[100874]: WARNING stevedore.named [None req-97360989-55cc-4e29-bc1f-cf2eb08d63f2 tempest-GroupSnapshotsTest-538221914 tempest-GroupSnapshotsTest-538221914-project] Could not load cinder.keymgr.conf_key_mgr.ConfKeyManager
Aug 23 19:33:26.820124 dv-cinder-790535-11-smb devstack@c-api.service[100874]: WARNING castellan.key_manager [None req-97360989-55cc-4e29-bc1f-cf2eb08d63f2 tempest-GroupSnapshotsTest-538221914 tempest-GroupSnapshotsTest-538221914-project] Deprecation Warning : cinder.keymgr.conf_key_mgr.ConfKeyManager is not a stevedore based driver, trying to load it as a class: stevedore.exception.NoMatches: No 'castellan.drivers' driver found, looking for 'cinder.keymgr.conf_key_mgr.ConfKeyManager'
Aug 23 19:33:26.827287 dv-cinder-790535-11-smb devstack@c-api.service[100874]: DEBUG oslo_db.sqlalchemy.engines [None req-97360989-55cc-4e29-bc1f-cf2eb08d63f2 tempest-GroupSnapshotsTest-538221914 tempest-GroupSnapshotsTest-538221914-project] MySQL server mode set to STRICT_TRANS_TABLES,STRICT_ALL_TABLES,NO_ZERO_IN_DATE,NO_ZERO_DATE,ERROR_FOR_DIVISION_BY_ZERO,TRADITIONAL,NO_ENGINE_SUBSTITUTION {{(pid=100874) _check_effective_sql_mode /usr/local/lib/python3.8/dist-packages/oslo_db/sqlalchemy/engines.py:314}}
Aug 23 19:33:26.833133 dv-cinder-790535-11-smb devstack@c-api.service[100874]: /usr/local/lib/python3.8/dist-packages/oslo_context/context.py:105: DeprecationWarning: Policy enforcement is depending on the value of is_admin. This key is deprecated. Please update your policy file to use the standard policy values.
Aug 23 19:33:26.833133 dv-cinder-790535-11-smb devstack@c-api.service[100874]: warnings.warn('Policy enforcement is depending on the value of '
Aug 23 19:33:26.839009 dv-cinder-790535-11-smb devstack@c-api.service[100874]: INFO cinder.api.openstack.wsgi [None req-97360989-55cc-4e29-bc1f-cf2eb08d63f2 tempest-GroupSnapshotsTest-538221914 tempest-GroupSnapshotsTest-538221914-project] http://10.222.0.77/volume/v3/302d0669bd1541ed8c051113505fcd91/volumes returned with HTTP 202
Aug 23 19:33:26.839762 dv-cinder-790535-11-smb devstack@c-api.service[100874]: [pid: 100874|app: 0|req: 91/202] 10.222.0.77 () {62 vars in 1277 bytes} [Mon Aug 23 19:33:26 2021] POST /volume/v3/302d0669bd1541ed8c051113505fcd91/volumes => generated 908 bytes in 273 msecs (HTTP/1.1 202) 7 headers in 292 bytes (2 switches on core 0)
Aug 23 19:33:26.853354 dv-cinder-790535-11-smb devstack@c-api.service[100873]: INFO cinder.api.openstack.wsgi [None req-939fbfee-6577-40aa-8b52-982eb198f2a0 tempest-GroupSnapshotsTest-538221914 tempest-GroupSnapshotsTest-538221914-project] GET http://10.222.0.77/volume/v3/302d0669bd1541ed8c051113505fcd91/volumes/0068e2bc-bde3-46ae-8cca-1106ffa61786
Aug 23 19:33:26.853983 dv-cinder-790535-11-smb devstack@c-api.service[100873]: DEBUG cinder.api.openstack.wsgi [None req-939fbfee-6577-40aa-8b52-982eb198f2a0 tempest-GroupSnapshotsTest-538221914 tempest-GroupSnapshotsTest-538221914-project] Empty body provided in request {{(pid=100873) get_body /opt/stack/cinder/cinder/api/openstack/wsgi.py:703}}
Aug 23 19:33:26.854433 dv-cinder-790535-11-smb devstack@c-api.service[100873]: DEBUG cinder.api.openstack.wsgi [None req-939fbfee-6577-40aa-8b52-982eb198f2a0 tempest-GroupSnapshotsTest-538221914 tempest-GroupSnapshotsTest-538221914-project] Calling method 'show' {{(pid=100873) _process_stack /opt/stack/cinder/cinder/api/openstack/wsgi.py:856}}
Aug 23 19:33:26.855607 dv-cinder-790535-11-smb devstack@c-api.service[100874]: INFO cinder.api.openstack.wsgi [req-c8e21d73-e341-482c-9136-b4ec3b73651b req-5078bba4-c13e-4934-9af5-c163b913a369 tempest-AttachVolumeNegativeTest-1143663965 tempest-AttachVolumeNegativeTest-1143663965-project] GET http://10.222.0.77/volume/v3/00f60332f2f74a569fc6235bc221fea9/volumes/5ab0e46e-a8cc-4857-b8e6-a3bece615306
Aug 23 19:33:26.856096 dv-cinder-790535-11-smb devstack@c-api.service[100874]: DEBUG cinder.api.openstack.wsgi [req-c8e21d73-e341-482c-9136-b4ec3b73651b req-5078bba4-c13e-4934-9af5-c163b913a369 tempest-AttachVolumeNegativeTest-1143663965 tempest-AttachVolumeNegativeTest-1143663965-project] Empty body provided in request {{(pid=100874) get_body /opt/stack/cinder/cinder/api/openstack/wsgi.py:703}}
Aug 23 19:33:26.856295 dv-cinder-790535-11-smb devstack@c-api.service[100874]: /usr/local/lib/python3.8/dist-packages/webob/acceptparse.py:1047: DeprecationWarning: The behavior of AcceptValidHeader.best_match is currently being maintained for backward compatibility, but it will be deprecated in the future, as it does not conform to the RFC.
Aug 23 19:33:26.856295 dv-cinder-790535-11-smb devstack@c-api.service[100874]: warnings.warn(
Aug 23 19:33:26.856605 dv-cinder-790535-11-smb devstack@c-api.service[100874]: DEBUG cinder.api.openstack.wsgi [req-c8e21d73-e341-482c-9136-b4ec3b73651b req-5078bba4-c13e-4934-9af5-c163b913a369 tempest-AttachVolumeNegativeTest-1143663965 tempest-AttachVolumeNegativeTest-1143663965-project] Calling method 'show' {{(pid=100874) _process_stack /opt/stack/cinder/cinder/api/openstack/wsgi.py:856}}
Aug 23 19:33:26.867858 dv-cinder-790535-11-smb devstack@c-api.service[100873]: /usr/local/lib/python3.8/dist-packages/oslo_context/context.py:105: DeprecationWarning: Policy enforcement is depending on the value of is_admin. This key is deprecated. Please update your policy file to use the standard policy values.
Aug 23 19:33:26.867858 dv-cinder-790535-11-smb devstack@c-api.service[100873]: warnings.warn('Policy enforcement is depending on the value of '
Aug 23 19:33:26.869919 dv-cinder-790535-11-smb devstack@c-api.service[100874]: /usr/local/lib/python3.8/dist-packages/oslo_context/context.py:105: DeprecationWarning: Policy enforcement is depending on the value of is_admin. This key is deprecated. Please update your policy file to use the standard policy values.
Aug 23 19:33:26.869919 dv-cinder-790535-11-smb devstack@c-api.service[100874]: warnings.warn('Policy enforcement is depending on the value of '
Aug 23 19:33:26.875351 dv-cinder-790535-11-smb devstack@c-api.service[100873]: INFO cinder.volume.api [None req-939fbfee-6577-40aa-8b52-982eb198f2a0 tempest-GroupSnapshotsTest-538221914 tempest-GroupSnapshotsTest-538221914-project] Volume info retrieved successfully.
Aug 23 19:33:26.877446 dv-cinder-790535-11-smb devstack@c-api.service[100874]: INFO cinder.volume.api [req-c8e21d73-e341-482c-9136-b4ec3b73651b req-5078bba4-c13e-4934-9af5-c163b913a369 tempest-AttachVolumeNegativeTest-1143663965 tempest-AttachVolumeNegativeTest-1143663965-project] Volume info retrieved successfully.
Aug 23 19:33:26.882871 dv-cinder-790535-11-smb devstack@c-api.service[100873]: WARNING stevedore.named [None req-939fbfee-6577-40aa-8b52-982eb198f2a0 tempest-GroupSnapshotsTest-538221914 tempest-GroupSnapshotsTest-538221914-project] Could not load cinder.keymgr.conf_key_mgr.ConfKeyManager
Aug 23 19:33:26.883342 dv-cinder-790535-11-smb devstack@c-api.service[100873]: WARNING castellan.key_manager [None req-939fbfee-6577-40aa-8b52-982eb198f2a0 tempest-GroupSnapshotsTest-538221914 tempest-GroupSnapshotsTest-538221914-project] Deprecation Warning : cinder.keymgr.conf_key_mgr.ConfKeyManager is not a stevedore based driver, trying to load it as a class: stevedore.exception.NoMatches: No 'castellan.drivers' driver found, looking for 'cinder.keymgr.conf_key_mgr.ConfKeyManager'
Aug 23 19:33:26.891302 dv-cinder-790535-11-smb devstack@c-api.service[100873]: DEBUG oslo_db.sqlalchemy.engines [None req-939fbfee-6577-40aa-8b52-982eb198f2a0 tempest-GroupSnapshotsTest-538221914 tempest-GroupSnapshotsTest-538221914-project] MySQL server mode set to STRICT_TRANS_TABLES,STRICT_ALL_TABLES,NO_ZERO_IN_DATE,NO_ZERO_DATE,ERROR_FOR_DIVISION_BY_ZERO,TRADITIONAL,NO_ENGINE_SUBSTITUTION {{(pid=100873) _check_effective_sql_mode /usr/local/lib/python3.8/dist-packages/oslo_db/sqlalchemy/engines.py:314}}
Aug 23 19:33:26.894351 dv-cinder-790535-11-smb devstack@c-api.service[100874]: /usr/local/lib/python3.8/dist-packages/oslo_context/context.py:105: DeprecationWarning: Policy enforcement is depending on the value of is_admin. This key is deprecated. Please update your policy file to use the standard policy values.
Aug 23 19:33:26.894351 dv-cinder-790535-11-smb devstack@c-api.service[100874]: warnings.warn('Policy enforcement is depending on the value of '
Aug 23 19:33:26.898373 dv-cinder-790535-11-smb devstack@c-api.service[100873]: /usr/local/lib/python3.8/dist-packages/oslo_context/context.py:105: DeprecationWarning: Policy enforcement is depending on the value of is_admin. This key is deprecated. Please update your policy file to use the standard policy values.
Aug 23 19:33:26.898373 dv-cinder-790535-11-smb devstack@c-api.service[100873]: warnings.warn('Policy enforcement is depending on the value of '
Aug 23 19:33:26.902238 dv-cinder-790535-11-smb devstack@c-api.service[100874]: INFO cinder.api.openstack.wsgi [req-c8e21d73-e341-482c-9136-b4ec3b73651b req-5078bba4-c13e-4934-9af5-c163b913a369 tempest-AttachVolumeNegativeTest-1143663965 tempest-AttachVolumeNegativeTest-1143663965-project] http://10.222.0.77/volume/v3/00f60332f2f74a569fc6235bc221fea9/volumes/5ab0e46e-a8cc-4857-b8e6-a3bece615306 returned with HTTP 200
Aug 23 19:33:26.902983 dv-cinder-790535-11-smb devstack@c-api.service[100874]: [pid: 100874|app: 0|req: 92/203] 10.222.0.68 () {60 vars in 1413 bytes} [Mon Aug 23 19:33:26 2021] GET /volume/v3/00f60332f2f74a569fc6235bc221fea9/volumes/5ab0e46e-a8cc-4857-b8e6-a3bece615306 => generated 1014 bytes in 51 msecs (HTTP/1.1 200) 7 headers in 287 bytes (2 switches on core 0)
Aug 23 19:33:26.906598 dv-cinder-790535-11-smb devstack@c-api.service[100874]: INFO cinder.api.openstack.wsgi [None req-ead3cb84-3089-40c8-b54a-9c4f57356a99 tempest-DeleteServersTestJSON-1826180023 tempest-DeleteServersTestJSON-1826180023-project] GET http://10.222.0.77/volume/v3/d3553acbc0b74ac9ab51084db3e13e11/volumes/76668dfb-0f17-48cf-93b7-14185187e01c
Aug 23 19:33:26.907059 dv-cinder-790535-11-smb devstack@c-api.service[100874]: DEBUG cinder.api.openstack.wsgi [None req-ead3cb84-3089-40c8-b54a-9c4f57356a99 tempest-DeleteServersTestJSON-1826180023 tempest-DeleteServersTestJSON-1826180023-project] Empty body provided in request {{(pid=100874) get_body /opt/stack/cinder/cinder/api/openstack/wsgi.py:703}}
Aug 23 19:33:26.907222 dv-cinder-790535-11-smb devstack@c-api.service[100874]: /usr/local/lib/python3.8/dist-packages/webob/acceptparse.py:1047: DeprecationWarning: The behavior of AcceptValidHeader.best_match is currently being maintained for backward compatibility, but it will be deprecated in the future, as it does not conform to the RFC.
Aug 23 19:33:26.907222 dv-cinder-790535-11-smb devstack@c-api.service[100874]: warnings.warn(
Aug 23 19:33:26.907527 dv-cinder-790535-11-smb devstack@c-api.service[100874]: DEBUG cinder.api.openstack.wsgi [None req-ead3cb84-3089-40c8-b54a-9c4f57356a99 tempest-DeleteServersTestJSON-1826180023 tempest-DeleteServersTestJSON-1826180023-project] Calling method 'show' {{(pid=100874) _process_stack /opt/stack/cinder/cinder/api/openstack/wsgi.py:856}}
Aug 23 19:33:26.911607 dv-cinder-790535-11-smb devstack@c-api.service[100873]: INFO cinder.api.openstack.wsgi [None req-939fbfee-6577-40aa-8b52-982eb198f2a0 tempest-GroupSnapshotsTest-538221914 tempest-GroupSnapshotsTest-538221914-project] http://10.222.0.77/volume/v3/302d0669bd1541ed8c051113505fcd91/volumes/0068e2bc-bde3-46ae-8cca-1106ffa61786 returned with HTTP 200
Aug 23 19:33:26.912774 dv-cinder-790535-11-smb devstack@c-api.service[100873]: [pid: 100873|app: 0|req: 112/204] 10.222.0.77 () {60 vars in 1366 bytes} [Mon Aug 23 19:33:26 2021] GET /volume/v3/302d0669bd1541ed8c051113505fcd91/volumes/0068e2bc-bde3-46ae-8cca-1106ffa61786 => generated 976 bytes in 63 msecs (HTTP/1.1 200) 7 headers in 286 bytes (1 switches on core 0)
Aug 23 19:33:26.920275 dv-cinder-790535-11-smb devstack@c-api.service[100874]: /usr/local/lib/python3.8/dist-packages/oslo_context/context.py:105: DeprecationWarning: Policy enforcement is depending on the value of is_admin. This key is deprecated. Please update your policy file to use the standard policy values.
Aug 23 19:33:26.920275 dv-cinder-790535-11-smb devstack@c-api.service[100874]: warnings.warn('Policy enforcement is depending on the value of '
Aug 23 19:33:26.926811 dv-cinder-790535-11-smb devstack@c-api.service[100874]: INFO cinder.volume.api [None req-ead3cb84-3089-40c8-b54a-9c4f57356a99 tempest-DeleteServersTestJSON-1826180023 tempest-DeleteServersTestJSON-1826180023-project] Volume info retrieved successfully.
Aug 23 19:33:26.940805 dv-cinder-790535-11-smb devstack@c-api.service[100874]: INFO cinder.api.openstack.wsgi [None req-ead3cb84-3089-40c8-b54a-9c4f57356a99 tempest-DeleteServersTestJSON-1826180023 tempest-DeleteServersTestJSON-1826180023-project] http://10.222.0.77/volume/v3/d3553acbc0b74ac9ab51084db3e13e11/volumes/76668dfb-0f17-48cf-93b7-14185187e01c returned with HTTP 200
Aug 23 19:33:26.941563 dv-cinder-790535-11-smb devstack@c-api.service[100874]: [pid: 100874|app: 0|req: 93/205] 10.222.0.77 () {58 vars in 1325 bytes} [Mon Aug 23 19:33:26 2021] GET /volume/v3/d3553acbc0b74ac9ab51084db3e13e11/volumes/76668dfb-0f17-48cf-93b7-14185187e01c => generated 914 bytes in 38 msecs (HTTP/1.1 200) 7 headers in 285 bytes (1 switches on core 0)
Aug 23 19:33:26.993032 dv-cinder-790535-11-smb devstack@c-api.service[100873]: INFO cinder.api.openstack.wsgi [req-c8e21d73-e341-482c-9136-b4ec3b73651b req-c8f62731-b019-4001-924e-8f25f1803770 tempest-AttachVolumeNegativeTest-1143663965 tempest-AttachVolumeNegativeTest-1143663965-project] PUT http://10.222.0.77/volume/v3/00f60332f2f74a569fc6235bc221fea9/attachments/6b7eec6a-3b98-4a79-aa42-36d1a6c050f7
Aug 23 19:33:26.993550 dv-cinder-790535-11-smb devstack@c-api.service[100873]: /usr/local/lib/python3.8/dist-packages/webob/acceptparse.py:1047: DeprecationWarning: The behavior of AcceptValidHeader.best_match is currently being maintained for backward compatibility, but it will be deprecated in the future, as it does not conform to the RFC.
Aug 23 19:33:26.993550 dv-cinder-790535-11-smb devstack@c-api.service[100873]: warnings.warn(
Aug 23 19:33:26.994031 dv-cinder-790535-11-smb devstack@c-api.service[100873]: DEBUG cinder.api.openstack.wsgi [req-c8e21d73-e341-482c-9136-b4ec3b73651b req-c8f62731-b019-4001-924e-8f25f1803770 tempest-AttachVolumeNegativeTest-1143663965 tempest-AttachVolumeNegativeTest-1143663965-project] Action: 'update', calling method: version_select, body: {"attachment": {"connector": {"platform": "AMD64", "os_type": "win32", "ip": "10.222.0.68", "host": "hv-cinder-79053", "multipath": false, "initiator": "iqn.1991-05.com.microsoft:hv-cinder-79053", "mountpoint": "/dev/sdb"}}} {{(pid=100873) _process_stack /opt/stack/cinder/cinder/api/openstack/wsgi.py:854}}
Aug 23 19:33:26.999105 dv-cinder-790535-11-smb devstack@c-api.service[100874]: WARNING keystonemiddleware.auth_token [None req-ead3cb84-3089-40c8-b54a-9c4f57356a99 tempest-DeleteServersTestJSON-1826180023 tempest-DeleteServersTestJSON-1826180023-project] A valid token was submitted as a service token, but it was not a valid service token. This is incorrect but backwards compatible behaviour. This will be removed in future releases.
Aug 23 19:33:27.002465 dv-cinder-790535-11-smb devstack@c-api.service[100874]: INFO cinder.api.openstack.wsgi [req-57e17063-7db5-44a2-a750-04208c0e362a req-4c09399c-8223-4636-90b2-96ad87258731 tempest-DeleteServersTestJSON-1826180023 tempest-DeleteServersTestJSON-1826180023-project] GET http://10.222.0.77/volume/v3/d3553acbc0b74ac9ab51084db3e13e11/volumes/76668dfb-0f17-48cf-93b7-14185187e01c
Aug 23 19:33:27.002897 dv-cinder-790535-11-smb devstack@c-api.service[100874]: DEBUG cinder.api.openstack.wsgi [req-57e17063-7db5-44a2-a750-04208c0e362a req-4c09399c-8223-4636-90b2-96ad87258731 tempest-DeleteServersTestJSON-1826180023 tempest-DeleteServersTestJSON-1826180023-project] Empty body provided in request {{(pid=100874) get_body /opt/stack/cinder/cinder/api/openstack/wsgi.py:703}}
Aug 23 19:33:27.003058 dv-cinder-790535-11-smb devstack@c-api.service[100874]: /usr/local/lib/python3.8/dist-packages/webob/acceptparse.py:1047: DeprecationWarning: The behavior of AcceptValidHeader.best_match is currently being maintained for backward compatibility, but it will be deprecated in the future, as it does not conform to the RFC.
Aug 23 19:33:27.003058 dv-cinder-790535-11-smb devstack@c-api.service[100874]: warnings.warn(
Aug 23 19:33:27.003367 dv-cinder-790535-11-smb devstack@c-api.service[100874]: DEBUG cinder.api.openstack.wsgi [req-57e17063-7db5-44a2-a750-04208c0e362a req-4c09399c-8223-4636-90b2-96ad87258731 tempest-DeleteServersTestJSON-1826180023 tempest-DeleteServersTestJSON-1826180023-project] Calling method 'show' {{(pid=100874) _process_stack /opt/stack/cinder/cinder/api/openstack/wsgi.py:856}}
Aug 23 19:33:27.015888 dv-cinder-790535-11-smb devstack@c-api.service[100873]: /usr/local/lib/python3.8/dist-packages/tenacity/__init__.py:333: DeprecationWarning: "retry" function must accept single "retry_state" parameter, please update tooz._retry.retry..
Aug 23 19:33:27.015888 dv-cinder-790535-11-smb devstack@c-api.service[100873]: return self(f, *args, **kw)
Aug 23 19:33:27.017500 dv-cinder-790535-11-smb devstack@c-api.service[100873]: DEBUG cinder.coordination [req-c8e21d73-e341-482c-9136-b4ec3b73651b req-c8f62731-b019-4001-924e-8f25f1803770 tempest-AttachVolumeNegativeTest-1143663965 tempest-AttachVolumeNegativeTest-1143663965-project] Lock "b'cinder-attachment_update-5ab0e46e-a8cc-4857-b8e6-a3bece615306-hv-cinder-79053'" acquired by "attachment_update" :: waited 0.010s {{(pid=100873) _synchronized /opt/stack/cinder/cinder/coordination.py:181}}
Aug 23 19:33:27.017611 dv-cinder-790535-11-smb devstack@c-api.service[100874]: /usr/local/lib/python3.8/dist-packages/oslo_context/context.py:105: DeprecationWarning: Policy enforcement is depending on the value of is_admin. This key is deprecated. Please update your policy file to use the standard policy values.
Aug 23 19:33:27.017611 dv-cinder-790535-11-smb devstack@c-api.service[100874]: warnings.warn('Policy enforcement is depending on the value of '
Aug 23 19:33:27.019072 dv-cinder-790535-11-smb devstack@c-api.service[100873]: /usr/local/lib/python3.8/dist-packages/oslo_context/context.py:105: DeprecationWarning: Policy enforcement is depending on the value of is_admin. This key is deprecated. Please update your policy file to use the standard policy values.
Aug 23 19:33:27.019072 dv-cinder-790535-11-smb devstack@c-api.service[100873]: warnings.warn('Policy enforcement is depending on the value of '
Aug 23 19:33:27.025802 dv-cinder-790535-11-smb devstack@c-api.service[100874]: INFO cinder.volume.api [req-57e17063-7db5-44a2-a750-04208c0e362a req-4c09399c-8223-4636-90b2-96ad87258731 tempest-DeleteServersTestJSON-1826180023 tempest-DeleteServersTestJSON-1826180023-project] Volume info retrieved successfully.
Aug 23 19:33:27.040918 dv-cinder-790535-11-smb devstack@c-api.service[100874]: INFO cinder.api.openstack.wsgi [req-57e17063-7db5-44a2-a750-04208c0e362a req-4c09399c-8223-4636-90b2-96ad87258731 tempest-DeleteServersTestJSON-1826180023 tempest-DeleteServersTestJSON-1826180023-project] http://10.222.0.77/volume/v3/d3553acbc0b74ac9ab51084db3e13e11/volumes/76668dfb-0f17-48cf-93b7-14185187e01c returned with HTTP 200
Aug 23 19:33:27.041897 dv-cinder-790535-11-smb devstack@c-api.service[100874]: [pid: 100874|app: 0|req: 94/206] 10.222.0.77 () {60 vars in 1579 bytes} [Mon Aug 23 19:33:26 2021] GET /volume/v3/d3553acbc0b74ac9ab51084db3e13e11/volumes/76668dfb-0f17-48cf-93b7-14185187e01c => generated 914 bytes in 44 msecs (HTTP/1.1 200) 7 headers in 285 bytes (2 switches on core 0)
Aug 23 19:33:27.128985 dv-cinder-790535-11-smb devstack@c-api.service[100874]: INFO cinder.api.openstack.wsgi [req-57e17063-7db5-44a2-a750-04208c0e362a req-4c09399c-8223-4636-90b2-96ad87258731 tempest-DeleteServersTestJSON-1826180023 tempest-DeleteServersTestJSON-1826180023-project] GET http://10.222.0.77/volume//
Aug 23 19:33:27.129395 dv-cinder-790535-11-smb devstack@c-api.service[100874]: DEBUG cinder.api.openstack.wsgi [req-57e17063-7db5-44a2-a750-04208c0e362a req-4c09399c-8223-4636-90b2-96ad87258731 tempest-DeleteServersTestJSON-1826180023 tempest-DeleteServersTestJSON-1826180023-project] Empty body provided in request {{(pid=100874) get_body /opt/stack/cinder/cinder/api/openstack/wsgi.py:703}}
Aug 23 19:33:27.129565 dv-cinder-790535-11-smb devstack@c-api.service[100874]: /usr/local/lib/python3.8/dist-packages/webob/acceptparse.py:1047: DeprecationWarning: The behavior of AcceptValidHeader.best_match is currently being maintained for backward compatibility, but it will be deprecated in the future, as it does not conform to the RFC.
Aug 23 19:33:27.129565 dv-cinder-790535-11-smb devstack@c-api.service[100874]: warnings.warn(
Aug 23 19:33:27.129924 dv-cinder-790535-11-smb devstack@c-api.service[100874]: DEBUG cinder.api.openstack.wsgi [req-57e17063-7db5-44a2-a750-04208c0e362a req-4c09399c-8223-4636-90b2-96ad87258731 tempest-DeleteServersTestJSON-1826180023 tempest-DeleteServersTestJSON-1826180023-project] Calling method 'all' {{(pid=100874) _process_stack /opt/stack/cinder/cinder/api/openstack/wsgi.py:856}}
Aug 23 19:33:27.130836 dv-cinder-790535-11-smb devstack@c-api.service[100874]: INFO cinder.api.openstack.wsgi [req-57e17063-7db5-44a2-a750-04208c0e362a req-4c09399c-8223-4636-90b2-96ad87258731 tempest-DeleteServersTestJSON-1826180023 tempest-DeleteServersTestJSON-1826180023-project] http://10.222.0.77/volume// returned with HTTP 300
Aug 23 19:33:27.131881 dv-cinder-790535-11-smb devstack@c-api.service[100874]: [pid: 100874|app: 0|req: 95/207] 10.222.0.77 () {58 vars in 1300 bytes} [Mon Aug 23 19:33:27 2021] GET /volume/ => generated 386 bytes in 3 msecs (HTTP/1.1 300) 5 headers in 169 bytes (2 switches on core 0)
Aug 23 19:33:27.142607 dv-cinder-790535-11-smb devstack@c-api.service[100874]: INFO cinder.api.openstack.wsgi [req-57e17063-7db5-44a2-a750-04208c0e362a req-f1767d95-8e27-4306-bc23-68d7195c2764 tempest-DeleteServersTestJSON-1826180023 tempest-DeleteServersTestJSON-1826180023-project] POST http://10.222.0.77/volume/v3/d3553acbc0b74ac9ab51084db3e13e11/attachments
Aug 23 19:33:27.143351 dv-cinder-790535-11-smb devstack@c-api.service[100874]: DEBUG cinder.api.openstack.wsgi [req-57e17063-7db5-44a2-a750-04208c0e362a req-f1767d95-8e27-4306-bc23-68d7195c2764 tempest-DeleteServersTestJSON-1826180023 tempest-DeleteServersTestJSON-1826180023-project] Action: 'create', calling method: version_select, body: {"attachment": {"volume_uuid": "76668dfb-0f17-48cf-93b7-14185187e01c", "connector": null, "instance_uuid": "e3969298-4a98-46c0-af91-ce08cd6efbfc"}} {{(pid=100874) _process_stack /opt/stack/cinder/cinder/api/openstack/wsgi.py:854}}
Aug 23 19:33:27.158668 dv-cinder-790535-11-smb devstack@c-api.service[100874]: /usr/local/lib/python3.8/dist-packages/oslo_context/context.py:105: DeprecationWarning: Policy enforcement is depending on the value of is_admin. This key is deprecated. Please update your policy file to use the standard policy values.
Aug 23 19:33:27.158668 dv-cinder-790535-11-smb devstack@c-api.service[100874]: warnings.warn('Policy enforcement is depending on the value of '
Aug 23 19:33:27.211660 dv-cinder-790535-11-smb devstack@c-api.service[100874]: INFO cinder.api.openstack.wsgi [req-57e17063-7db5-44a2-a750-04208c0e362a req-f1767d95-8e27-4306-bc23-68d7195c2764 tempest-DeleteServersTestJSON-1826180023 tempest-DeleteServersTestJSON-1826180023-project] http://10.222.0.77/volume/v3/d3553acbc0b74ac9ab51084db3e13e11/attachments returned with HTTP 200
Aug 23 19:33:27.212515 dv-cinder-790535-11-smb devstack@c-api.service[100874]: [pid: 100874|app: 0|req: 96/208] 10.222.0.77 () {66 vars in 1575 bytes} [Mon Aug 23 19:33:27 2021] POST /volume/v3/d3553acbc0b74ac9ab51084db3e13e11/attachments => generated 273 bytes in 75 msecs (HTTP/1.1 200) 7 headers in 286 bytes (2 switches on core 0)
Aug 23 19:33:27.246220 dv-cinder-790535-11-smb devstack@c-api.service[100874]: INFO cinder.api.openstack.wsgi [None req-88e8b320-60ee-4627-b0f7-2ca0442e280d tempest-DeleteServersTestJSON-1826180023 tempest-DeleteServersTestJSON-1826180023-project] GET http://10.222.0.77/volume/v3/d3553acbc0b74ac9ab51084db3e13e11/volumes/76668dfb-0f17-48cf-93b7-14185187e01c
Aug 23 19:33:27.246717 dv-cinder-790535-11-smb devstack@c-api.service[100874]: DEBUG cinder.api.openstack.wsgi [None req-88e8b320-60ee-4627-b0f7-2ca0442e280d tempest-DeleteServersTestJSON-1826180023 tempest-DeleteServersTestJSON-1826180023-project] Empty body provided in request {{(pid=100874) get_body /opt/stack/cinder/cinder/api/openstack/wsgi.py:703}}
Aug 23 19:33:27.246893 dv-cinder-790535-11-smb devstack@c-api.service[100874]: /usr/local/lib/python3.8/dist-packages/webob/acceptparse.py:1047: DeprecationWarning: The behavior of AcceptValidHeader.best_match is currently being maintained for backward compatibility, but it will be deprecated in the future, as it does not conform to the RFC.
Aug 23 19:33:27.246893 dv-cinder-790535-11-smb devstack@c-api.service[100874]: warnings.warn(
Aug 23 19:33:27.247205 dv-cinder-790535-11-smb devstack@c-api.service[100874]: DEBUG cinder.api.openstack.wsgi [None req-88e8b320-60ee-4627-b0f7-2ca0442e280d tempest-DeleteServersTestJSON-1826180023 tempest-DeleteServersTestJSON-1826180023-project] Calling method 'show' {{(pid=100874) _process_stack /opt/stack/cinder/cinder/api/openstack/wsgi.py:856}}
Aug 23 19:33:27.261641 dv-cinder-790535-11-smb devstack@c-api.service[100874]: /usr/local/lib/python3.8/dist-packages/oslo_context/context.py:105: DeprecationWarning: Policy enforcement is depending on the value of is_admin. This key is deprecated. Please update your policy file to use the standard policy values.
Aug 23 19:33:27.261641 dv-cinder-790535-11-smb devstack@c-api.service[100874]: warnings.warn('Policy enforcement is depending on the value of '
Aug 23 19:33:27.268511 dv-cinder-790535-11-smb devstack@c-api.service[100874]: INFO cinder.volume.api [None req-88e8b320-60ee-4627-b0f7-2ca0442e280d tempest-DeleteServersTestJSON-1826180023 tempest-DeleteServersTestJSON-1826180023-project] Volume info retrieved successfully.
Aug 23 19:33:27.278962 dv-cinder-790535-11-smb devstack@c-api.service[100874]: /usr/local/lib/python3.8/dist-packages/oslo_context/context.py:105: DeprecationWarning: Policy enforcement is depending on the value of is_admin. This key is deprecated. Please update your policy file to use the standard policy values.
Aug 23 19:33:27.278962 dv-cinder-790535-11-smb devstack@c-api.service[100874]: warnings.warn('Policy enforcement is depending on the value of '
Aug 23 19:33:27.286270 dv-cinder-790535-11-smb devstack@c-api.service[100874]: INFO cinder.api.openstack.wsgi [None req-88e8b320-60ee-4627-b0f7-2ca0442e280d tempest-DeleteServersTestJSON-1826180023 tempest-DeleteServersTestJSON-1826180023-project] http://10.222.0.77/volume/v3/d3553acbc0b74ac9ab51084db3e13e11/volumes/76668dfb-0f17-48cf-93b7-14185187e01c returned with HTTP 200
Aug 23 19:33:27.286980 dv-cinder-790535-11-smb devstack@c-api.service[100874]: [pid: 100874|app: 0|req: 97/209] 10.222.0.77 () {58 vars in 1325 bytes} [Mon Aug 23 19:33:27 2021] GET /volume/v3/d3553acbc0b74ac9ab51084db3e13e11/volumes/76668dfb-0f17-48cf-93b7-14185187e01c => generated 913 bytes in 44 msecs (HTTP/1.1 200) 7 headers in 285 bytes (2 switches on core 0)
Aug 23 19:33:27.290513 dv-cinder-790535-11-smb devstack@c-api.service[100874]: INFO cinder.api.openstack.wsgi [None req-dbf7dbe4-2e75-498f-a2f2-57f27f1ef2b7 tempest-VolumesListAdminTestJSON-1837034087 tempest-VolumesListAdminTestJSON-1837034087-project] GET http://10.222.0.77/volume/v3/bee17aa9fe4949fdb9ee3101d596b924/volumes/d096bb34-880f-4954-96c1-3a16c0897616
Aug 23 19:33:27.290959 dv-cinder-790535-11-smb devstack@c-api.service[100874]: DEBUG cinder.api.openstack.wsgi [None req-dbf7dbe4-2e75-498f-a2f2-57f27f1ef2b7 tempest-VolumesListAdminTestJSON-1837034087 tempest-VolumesListAdminTestJSON-1837034087-project] Empty body provided in request {{(pid=100874) get_body /opt/stack/cinder/cinder/api/openstack/wsgi.py:703}}
Aug 23 19:33:27.291122 dv-cinder-790535-11-smb devstack@c-api.service[100874]: /usr/local/lib/python3.8/dist-packages/webob/acceptparse.py:1047: DeprecationWarning: The behavior of AcceptValidHeader.best_match is currently being maintained for backward compatibility, but it will be deprecated in the future, as it does not conform to the RFC.
Aug 23 19:33:27.291122 dv-cinder-790535-11-smb devstack@c-api.service[100874]: warnings.warn(
Aug 23 19:33:27.291435 dv-cinder-790535-11-smb devstack@c-api.service[100874]: DEBUG cinder.api.openstack.wsgi [None req-dbf7dbe4-2e75-498f-a2f2-57f27f1ef2b7 tempest-VolumesListAdminTestJSON-1837034087 tempest-VolumesListAdminTestJSON-1837034087-project] Calling method 'show' {{(pid=100874) _process_stack /opt/stack/cinder/cinder/api/openstack/wsgi.py:856}}
Aug 23 19:33:27.304175 dv-cinder-790535-11-smb devstack@c-api.service[100874]: /usr/local/lib/python3.8/dist-packages/oslo_context/context.py:105: DeprecationWarning: Policy enforcement is depending on the value of is_admin. This key is deprecated. Please update your policy file to use the standard policy values.
Aug 23 19:33:27.304175 dv-cinder-790535-11-smb devstack@c-api.service[100874]: warnings.warn('Policy enforcement is depending on the value of '
Aug 23 19:33:27.310615 dv-cinder-790535-11-smb devstack@c-api.service[100874]: INFO cinder.volume.api [None req-dbf7dbe4-2e75-498f-a2f2-57f27f1ef2b7 tempest-VolumesListAdminTestJSON-1837034087 tempest-VolumesListAdminTestJSON-1837034087-project] Volume info retrieved successfully.
Aug 23 19:33:27.324304 dv-cinder-790535-11-smb devstack@c-api.service[100874]: INFO cinder.api.openstack.wsgi [None req-dbf7dbe4-2e75-498f-a2f2-57f27f1ef2b7 tempest-VolumesListAdminTestJSON-1837034087 tempest-VolumesListAdminTestJSON-1837034087-project] http://10.222.0.77/volume/v3/bee17aa9fe4949fdb9ee3101d596b924/volumes/d096bb34-880f-4954-96c1-3a16c0897616 returned with HTTP 200
Aug 23 19:33:27.325252 dv-cinder-790535-11-smb devstack@c-api.service[100874]: [pid: 100874|app: 0|req: 98/210] 10.222.0.77 () {58 vars in 1325 bytes} [Mon Aug 23 19:33:27 2021] GET /volume/v3/bee17aa9fe4949fdb9ee3101d596b924/volumes/d096bb34-880f-4954-96c1-3a16c0897616 => generated 916 bytes in 38 msecs (HTTP/1.1 200) 7 headers in 285 bytes (1 switches on core 0)
Aug 23 19:33:27.326153 dv-cinder-790535-11-smb devstack@c-api.service[100874]: INFO cinder.api.openstack.wsgi [None req-dbf7dbe4-2e75-498f-a2f2-57f27f1ef2b7 tempest-VolumesListAdminTestJSON-1837034087 tempest-VolumesListAdminTestJSON-1837034087-project] GET http://10.222.0.77/volume//
Aug 23 19:33:27.326546 dv-cinder-790535-11-smb devstack@c-api.service[100874]: DEBUG cinder.api.openstack.wsgi [None req-dbf7dbe4-2e75-498f-a2f2-57f27f1ef2b7 tempest-VolumesListAdminTestJSON-1837034087 tempest-VolumesListAdminTestJSON-1837034087-project] Empty body provided in request {{(pid=100874) get_body /opt/stack/cinder/cinder/api/openstack/wsgi.py:703}}
Aug 23 19:33:27.326697 dv-cinder-790535-11-smb devstack@c-api.service[100874]: /usr/local/lib/python3.8/dist-packages/webob/acceptparse.py:1047: DeprecationWarning: The behavior of AcceptValidHeader.best_match is currently being maintained for backward compatibility, but it will be deprecated in the future, as it does not conform to the RFC.
Aug 23 19:33:27.326697 dv-cinder-790535-11-smb devstack@c-api.service[100874]: warnings.warn(
Aug 23 19:33:27.327006 dv-cinder-790535-11-smb devstack@c-api.service[100874]: DEBUG cinder.api.openstack.wsgi [None req-dbf7dbe4-2e75-498f-a2f2-57f27f1ef2b7 tempest-VolumesListAdminTestJSON-1837034087 tempest-VolumesListAdminTestJSON-1837034087-project] Calling method 'all' {{(pid=100874) _process_stack /opt/stack/cinder/cinder/api/openstack/wsgi.py:856}}
Aug 23 19:33:27.327715 dv-cinder-790535-11-smb devstack@c-api.service[100874]: INFO cinder.api.openstack.wsgi [None req-dbf7dbe4-2e75-498f-a2f2-57f27f1ef2b7 tempest-VolumesListAdminTestJSON-1837034087 tempest-VolumesListAdminTestJSON-1837034087-project] http://10.222.0.77/volume// returned with HTTP 300
Aug 23 19:33:27.328196 dv-cinder-790535-11-smb devstack@c-api.service[100874]: [pid: 100874|app: 0|req: 99/211] 10.222.0.68 () {56 vars in 1099 bytes} [Mon Aug 23 19:33:27 2021] GET /volume/ => generated 386 bytes in 2 msecs (HTTP/1.1 300) 5 headers in 169 bytes (1 switches on core 0)
Aug 23 19:33:27.331805 dv-cinder-790535-11-smb devstack@c-api.service[100874]: INFO cinder.api.openstack.wsgi [None req-4792d462-593e-4f08-9976-9d3276438800 tempest-VolumeQuotasNegativeTestJSON-898544414 tempest-VolumeQuotasNegativeTestJSON-898544414-project] GET http://10.222.0.77/volume/v3/8155479bed6c4a1bb2ada48449b51e32/volumes/cb1fb1a8-a25f-477d-aff7-b7288d9247ba
Aug 23 19:33:27.332274 dv-cinder-790535-11-smb devstack@c-api.service[100874]: DEBUG cinder.api.openstack.wsgi [None req-4792d462-593e-4f08-9976-9d3276438800 tempest-VolumeQuotasNegativeTestJSON-898544414 tempest-VolumeQuotasNegativeTestJSON-898544414-project] Empty body provided in request {{(pid=100874) get_body /opt/stack/cinder/cinder/api/openstack/wsgi.py:703}}
Aug 23 19:33:27.332668 dv-cinder-790535-11-smb devstack@c-api.service[100874]: DEBUG cinder.api.openstack.wsgi [None req-4792d462-593e-4f08-9976-9d3276438800 tempest-VolumeQuotasNegativeTestJSON-898544414 tempest-VolumeQuotasNegativeTestJSON-898544414-project] Calling method 'show' {{(pid=100874) _process_stack /opt/stack/cinder/cinder/api/openstack/wsgi.py:856}}
