Aug 20 14:21:30.893529 dv-cinder-790535-10-smb devstack@c-api.service[101368]: INFO cinder.api.openstack.wsgi [None req-fff0af5c-ebd7-4608-9b95-f5e5e8ee21c7 tempest-GroupsTest-701608103 tempest-GroupsTest-701608103-project] http://10.222.0.61/volume/v3/94957d1e8d884424b38b68a68f41a53f/volumes/11336df8-8526-44cf-9d65-bc988b4b0f82 returned with HTTP 200
Aug 20 14:21:30.893529 dv-cinder-790535-10-smb devstack@c-api.service[101368]: [pid: 101368|app: 0|req: 88/194] 10.222.0.61 () {60 vars in 1366 bytes} [Fri Aug 20 14:21:30 2021] GET /volume/v3/94957d1e8d884424b38b68a68f41a53f/volumes/11336df8-8526-44cf-9d65-bc988b4b0f82 => generated 959 bytes in 116 msecs (HTTP/1.1 200) 7 headers in 286 bytes (1 switches on core 0)
Aug 20 14:21:30.950672 dv-cinder-790535-10-smb devstack@c-api.service[101367]: INFO cinder.api.openstack.wsgi [None req-3aa537b2-45d3-4c73-bfc0-adbff2ccdb09 tempest-VolumesImageMetadata-1879713802 tempest-VolumesImageMetadata-1879713802-project] GET http://10.222.0.61/volume/v3/5c038fc7b47242a9a9ba9e38bdd39104/volumes/8f254b97-18ab-4530-b42d-357a4b70ac51
Aug 20 14:21:30.951262 dv-cinder-790535-10-smb devstack@c-api.service[101367]: DEBUG cinder.api.openstack.wsgi [None req-3aa537b2-45d3-4c73-bfc0-adbff2ccdb09 tempest-VolumesImageMetadata-1879713802 tempest-VolumesImageMetadata-1879713802-project] Empty body provided in request {{(pid=101367) get_body /opt/stack/cinder/cinder/api/openstack/wsgi.py:703}}
Aug 20 14:21:30.951434 dv-cinder-790535-10-smb devstack@c-api.service[101367]: /usr/local/lib/python3.8/dist-packages/webob/acceptparse.py:1047: DeprecationWarning: The behavior of AcceptValidHeader.best_match is currently being maintained for backward compatibility, but it will be deprecated in the future, as it does not conform to the RFC.
Aug 20 14:21:30.951434 dv-cinder-790535-10-smb devstack@c-api.service[101367]: warnings.warn(
Aug 20 14:21:30.951752 dv-cinder-790535-10-smb devstack@c-api.service[101367]: DEBUG cinder.api.openstack.wsgi [None req-3aa537b2-45d3-4c73-bfc0-adbff2ccdb09 tempest-VolumesImageMetadata-1879713802 tempest-VolumesImageMetadata-1879713802-project] Calling method 'show' {{(pid=101367) _process_stack /opt/stack/cinder/cinder/api/openstack/wsgi.py:856}}
Aug 20 14:21:30.966857 dv-cinder-790535-10-smb devstack@c-api.service[101367]: /usr/local/lib/python3.8/dist-packages/oslo_context/context.py:105: DeprecationWarning: Policy enforcement is depending on the value of is_admin. This key is deprecated. Please update your policy file to use the standard policy values.
Aug 20 14:21:30.966857 dv-cinder-790535-10-smb devstack@c-api.service[101367]: warnings.warn('Policy enforcement is depending on the value of '
Aug 20 14:21:30.974328 dv-cinder-790535-10-smb devstack@c-api.service[101367]: INFO cinder.volume.api [None req-3aa537b2-45d3-4c73-bfc0-adbff2ccdb09 tempest-VolumesImageMetadata-1879713802 tempest-VolumesImageMetadata-1879713802-project] Volume info retrieved successfully.
Aug 20 14:21:30.988476 dv-cinder-790535-10-smb devstack@c-api.service[101367]: INFO cinder.api.openstack.wsgi [None req-3aa537b2-45d3-4c73-bfc0-adbff2ccdb09 tempest-VolumesImageMetadata-1879713802 tempest-VolumesImageMetadata-1879713802-project] http://10.222.0.61/volume/v3/5c038fc7b47242a9a9ba9e38bdd39104/volumes/8f254b97-18ab-4530-b42d-357a4b70ac51 returned with HTTP 200
Aug 20 14:21:30.989360 dv-cinder-790535-10-smb devstack@c-api.service[101367]: [pid: 101367|app: 0|req: 107/195] 10.222.0.61 () {58 vars in 1325 bytes} [Fri Aug 20 14:21:30 2021] GET /volume/v3/5c038fc7b47242a9a9ba9e38bdd39104/volumes/8f254b97-18ab-4530-b42d-357a4b70ac51 => generated 911 bytes in 42 msecs (HTTP/1.1 200) 7 headers in 285 bytes (2 switches on core 0)
Aug 20 14:21:31.627950 dv-cinder-790535-10-smb devstack@c-api.service[101368]: INFO cinder.api.openstack.wsgi [None req-386f04c4-0393-40f2-a6a4-fce2535349e5 tempest-GroupSnapshotsTest-2041747208 tempest-GroupSnapshotsTest-2041747208-project] GET http://10.222.0.61/volume/v3/848172241d414f989fa6d8ceab58f08b/volumes/6041498a-f909-45cd-85ec-7567579cb764
Aug 20 14:21:31.628473 dv-cinder-790535-10-smb devstack@c-api.service[101368]: DEBUG cinder.api.openstack.wsgi [None req-386f04c4-0393-40f2-a6a4-fce2535349e5 tempest-GroupSnapshotsTest-2041747208 tempest-GroupSnapshotsTest-2041747208-project] Empty body provided in request {{(pid=101368) get_body /opt/stack/cinder/cinder/api/openstack/wsgi.py:703}}
Aug 20 14:21:31.628624 dv-cinder-790535-10-smb devstack@c-api.service[101368]: /usr/local/lib/python3.8/dist-packages/webob/acceptparse.py:1047: DeprecationWarning: The behavior of AcceptValidHeader.best_match is currently being maintained for backward compatibility, but it will be deprecated in the future, as it does not conform to the RFC.
Aug 20 14:21:31.628624 dv-cinder-790535-10-smb devstack@c-api.service[101368]: warnings.warn(
Aug 20 14:21:31.628937 dv-cinder-790535-10-smb devstack@c-api.service[101368]: DEBUG cinder.api.openstack.wsgi [None req-386f04c4-0393-40f2-a6a4-fce2535349e5 tempest-GroupSnapshotsTest-2041747208 tempest-GroupSnapshotsTest-2041747208-project] Calling method 'show' {{(pid=101368) _process_stack /opt/stack/cinder/cinder/api/openstack/wsgi.py:856}}
Aug 20 14:21:31.639859 dv-cinder-790535-10-smb devstack@c-api.service[101368]: INFO cinder.api.openstack.wsgi [None req-386f04c4-0393-40f2-a6a4-fce2535349e5 tempest-GroupSnapshotsTest-2041747208 tempest-GroupSnapshotsTest-2041747208-project] http://10.222.0.61/volume/v3/848172241d414f989fa6d8ceab58f08b/volumes/6041498a-f909-45cd-85ec-7567579cb764 returned with HTTP 404
Aug 20 14:21:31.640797 dv-cinder-790535-10-smb devstack@c-api.service[101368]: [pid: 101368|app: 0|req: 89/196] 10.222.0.61 () {60 vars in 1366 bytes} [Fri Aug 20 14:21:31 2021] GET /volume/v3/848172241d414f989fa6d8ceab58f08b/volumes/6041498a-f909-45cd-85ec-7567579cb764 => generated 109 bytes in 17 msecs (HTTP/1.1 404) 7 headers in 293 bytes (1 switches on core 0)
Aug 20 14:21:31.649605 dv-cinder-790535-10-smb devstack@c-api.service[101367]: INFO cinder.api.openstack.wsgi [None req-90bd3af2-6234-41be-ae6d-f44d6a9c6f94 tempest-GroupSnapshotsTest-2041747208 tempest-GroupSnapshotsTest-2041747208-project] GET http://10.222.0.61/volume/v3/848172241d414f989fa6d8ceab58f08b/groups/124f18cb-ec52-48ce-a121-c1b886971310
Aug 20 14:21:31.650234 dv-cinder-790535-10-smb devstack@c-api.service[101367]: DEBUG cinder.api.openstack.wsgi [None req-90bd3af2-6234-41be-ae6d-f44d6a9c6f94 tempest-GroupSnapshotsTest-2041747208 tempest-GroupSnapshotsTest-2041747208-project] Empty body provided in request {{(pid=101367) get_body /opt/stack/cinder/cinder/api/openstack/wsgi.py:703}}
Aug 20 14:21:31.650333 dv-cinder-790535-10-smb devstack@c-api.service[101367]: /usr/local/lib/python3.8/dist-packages/webob/acceptparse.py:1047: DeprecationWarning: The behavior of AcceptValidHeader.best_match is currently being maintained for backward compatibility, but it will be deprecated in the future, as it does not conform to the RFC.
Aug 20 14:21:31.650333 dv-cinder-790535-10-smb devstack@c-api.service[101367]: warnings.warn(
Aug 20 14:21:31.650574 dv-cinder-790535-10-smb devstack@c-api.service[101367]: DEBUG cinder.api.openstack.wsgi [None req-90bd3af2-6234-41be-ae6d-f44d6a9c6f94 tempest-GroupSnapshotsTest-2041747208 tempest-GroupSnapshotsTest-2041747208-project] Calling method 'version_select' {{(pid=101367) _process_stack /opt/stack/cinder/cinder/api/openstack/wsgi.py:856}}
Aug 20 14:21:31.650912 dv-cinder-790535-10-smb devstack@c-api.service[101367]: DEBUG cinder.api.v3.groups [None req-90bd3af2-6234-41be-ae6d-f44d6a9c6f94 tempest-GroupSnapshotsTest-2041747208 tempest-GroupSnapshotsTest-2041747208-project] show called for member 124f18cb-ec52-48ce-a121-c1b886971310 {{(pid=101367) show /opt/stack/cinder/cinder/api/v3/groups.py:58}}
Aug 20 14:21:31.656899 dv-cinder-790535-10-smb devstack@c-api.service[101367]: /usr/local/lib/python3.8/dist-packages/oslo_context/context.py:105: DeprecationWarning: Policy enforcement is depending on the value of is_admin. This key is deprecated. Please update your policy file to use the standard policy values.
Aug 20 14:21:31.656899 dv-cinder-790535-10-smb devstack@c-api.service[101367]: warnings.warn('Policy enforcement is depending on the value of '
Aug 20 14:21:31.673139 dv-cinder-790535-10-smb devstack@c-api.service[101367]: INFO cinder.api.openstack.wsgi [None req-90bd3af2-6234-41be-ae6d-f44d6a9c6f94 tempest-GroupSnapshotsTest-2041747208 tempest-GroupSnapshotsTest-2041747208-project] http://10.222.0.61/volume/v3/848172241d414f989fa6d8ceab58f08b/groups/124f18cb-ec52-48ce-a121-c1b886971310 returned with HTTP 200
Aug 20 14:21:31.673978 dv-cinder-790535-10-smb devstack@c-api.service[101367]: [pid: 101367|app: 0|req: 108/197] 10.222.0.61 () {60 vars in 1363 bytes} [Fri Aug 20 14:21:31 2021] GET /volume/v3/848172241d414f989fa6d8ceab58f08b/groups/124f18cb-ec52-48ce-a121-c1b886971310 => generated 392 bytes in 29 msecs (HTTP/1.1 200) 7 headers in 286 bytes (1 switches on core 0)
Aug 20 14:21:31.905624 dv-cinder-790535-10-smb devstack@c-api.service[101368]: INFO cinder.api.openstack.wsgi [None req-3f8e59d2-e40f-429f-941a-94ecac85c6fc tempest-GroupsTest-701608103 tempest-GroupsTest-701608103-project] GET http://10.222.0.61/volume/v3/94957d1e8d884424b38b68a68f41a53f/volumes/11336df8-8526-44cf-9d65-bc988b4b0f82
Aug 20 14:21:31.906200 dv-cinder-790535-10-smb devstack@c-api.service[101368]: DEBUG cinder.api.openstack.wsgi [None req-3f8e59d2-e40f-429f-941a-94ecac85c6fc tempest-GroupsTest-701608103 tempest-GroupsTest-701608103-project] Empty body provided in request {{(pid=101368) get_body /opt/stack/cinder/cinder/api/openstack/wsgi.py:703}}
Aug 20 14:21:31.906784 dv-cinder-790535-10-smb devstack@c-api.service[101368]: DEBUG cinder.api.openstack.wsgi [None req-3f8e59d2-e40f-429f-941a-94ecac85c6fc tempest-GroupsTest-701608103 tempest-GroupsTest-701608103-project] Calling method 'show' {{(pid=101368) _process_stack /opt/stack/cinder/cinder/api/openstack/wsgi.py:856}}
Aug 20 14:21:31.955705 dv-cinder-790535-10-smb devstack@c-api.service[101368]: /usr/local/lib/python3.8/dist-packages/oslo_context/context.py:105: DeprecationWarning: Policy enforcement is depending on the value of is_admin. This key is deprecated. Please update your policy file to use the standard policy values.
Aug 20 14:21:31.955705 dv-cinder-790535-10-smb devstack@c-api.service[101368]: warnings.warn('Policy enforcement is depending on the value of '
Aug 20 14:21:31.967132 dv-cinder-790535-10-smb devstack@c-api.service[101368]: INFO cinder.volume.api [None req-3f8e59d2-e40f-429f-941a-94ecac85c6fc tempest-GroupsTest-701608103 tempest-GroupsTest-701608103-project] Volume info retrieved successfully.
Aug 20 14:21:31.976141 dv-cinder-790535-10-smb devstack@c-api.service[101368]: WARNING stevedore.named [None req-3f8e59d2-e40f-429f-941a-94ecac85c6fc tempest-GroupsTest-701608103 tempest-GroupsTest-701608103-project] Could not load cinder.keymgr.conf_key_mgr.ConfKeyManager
Aug 20 14:21:31.976744 dv-cinder-790535-10-smb devstack@c-api.service[101368]: WARNING castellan.key_manager [None req-3f8e59d2-e40f-429f-941a-94ecac85c6fc tempest-GroupsTest-701608103 tempest-GroupsTest-701608103-project] Deprecation Warning : cinder.keymgr.conf_key_mgr.ConfKeyManager is not a stevedore based driver, trying to load it as a class: stevedore.exception.NoMatches: No 'castellan.drivers' driver found, looking for 'cinder.keymgr.conf_key_mgr.ConfKeyManager'
Aug 20 14:21:31.987658 dv-cinder-790535-10-smb devstack@c-api.service[101368]: DEBUG oslo_db.sqlalchemy.engines [None req-3f8e59d2-e40f-429f-941a-94ecac85c6fc tempest-GroupsTest-701608103 tempest-GroupsTest-701608103-project] MySQL server mode set to STRICT_TRANS_TABLES,STRICT_ALL_TABLES,NO_ZERO_IN_DATE,NO_ZERO_DATE,ERROR_FOR_DIVISION_BY_ZERO,TRADITIONAL,NO_ENGINE_SUBSTITUTION {{(pid=101368) _check_effective_sql_mode /usr/local/lib/python3.8/dist-packages/oslo_db/sqlalchemy/engines.py:314}}
Aug 20 14:21:32.002804 dv-cinder-790535-10-smb devstack@c-api.service[101368]: /usr/local/lib/python3.8/dist-packages/oslo_context/context.py:105: DeprecationWarning: Policy enforcement is depending on the value of is_admin. This key is deprecated. Please update your policy file to use the standard policy values.
Aug 20 14:21:32.002804 dv-cinder-790535-10-smb devstack@c-api.service[101368]: warnings.warn('Policy enforcement is depending on the value of '
Aug 20 14:21:32.004370 dv-cinder-790535-10-smb devstack@c-api.service[101367]: INFO cinder.api.openstack.wsgi [None req-0949b6c4-7cdd-45c3-b6e8-b6003e2321c0 tempest-VolumesImageMetadata-1879713802 tempest-VolumesImageMetadata-1879713802-project] GET http://10.222.0.61/volume/v3/5c038fc7b47242a9a9ba9e38bdd39104/volumes/8f254b97-18ab-4530-b42d-357a4b70ac51
Aug 20 14:21:32.004892 dv-cinder-790535-10-smb devstack@c-api.service[101367]: DEBUG cinder.api.openstack.wsgi [None req-0949b6c4-7cdd-45c3-b6e8-b6003e2321c0 tempest-VolumesImageMetadata-1879713802 tempest-VolumesImageMetadata-1879713802-project] Empty body provided in request {{(pid=101367) get_body /opt/stack/cinder/cinder/api/openstack/wsgi.py:703}}
Aug 20 14:21:32.005123 dv-cinder-790535-10-smb devstack@c-api.service[101367]: /usr/local/lib/python3.8/dist-packages/webob/acceptparse.py:1047: DeprecationWarning: The behavior of AcceptValidHeader.best_match is currently being maintained for backward compatibility, but it will be deprecated in the future, as it does not conform to the RFC.
Aug 20 14:21:32.005123 dv-cinder-790535-10-smb devstack@c-api.service[101367]: warnings.warn(
Aug 20 14:21:32.005695 dv-cinder-790535-10-smb devstack@c-api.service[101367]: DEBUG cinder.api.openstack.wsgi [None req-0949b6c4-7cdd-45c3-b6e8-b6003e2321c0 tempest-VolumesImageMetadata-1879713802 tempest-VolumesImageMetadata-1879713802-project] Calling method 'show' {{(pid=101367) _process_stack /opt/stack/cinder/cinder/api/openstack/wsgi.py:856}}
Aug 20 14:21:32.039306 dv-cinder-790535-10-smb devstack@c-api.service[101367]: /usr/local/lib/python3.8/dist-packages/oslo_context/context.py:105: DeprecationWarning: Policy enforcement is depending on the value of is_admin. This key is deprecated. Please update your policy file to use the standard policy values.
Aug 20 14:21:32.039306 dv-cinder-790535-10-smb devstack@c-api.service[101367]: warnings.warn('Policy enforcement is depending on the value of '
Aug 20 14:21:32.039578 dv-cinder-790535-10-smb devstack@c-api.service[101368]: INFO cinder.api.openstack.wsgi [None req-3f8e59d2-e40f-429f-941a-94ecac85c6fc tempest-GroupsTest-701608103 tempest-GroupsTest-701608103-project] http://10.222.0.61/volume/v3/94957d1e8d884424b38b68a68f41a53f/volumes/11336df8-8526-44cf-9d65-bc988b4b0f82 returned with HTTP 200
Aug 20 14:21:32.041396 dv-cinder-790535-10-smb devstack@c-api.service[101368]: [pid: 101368|app: 0|req: 90/198] 10.222.0.61 () {60 vars in 1366 bytes} [Fri Aug 20 14:21:31 2021] GET /volume/v3/94957d1e8d884424b38b68a68f41a53f/volumes/11336df8-8526-44cf-9d65-bc988b4b0f82 => generated 984 bytes in 140 msecs (HTTP/1.1 200) 7 headers in 286 bytes (1 switches on core 0)
Aug 20 14:21:32.058816 dv-cinder-790535-10-smb devstack@c-api.service[101368]: INFO cinder.api.openstack.wsgi [None req-2d7ae890-be5e-4af0-bd58-7b223c3db0e6 tempest-GroupsTest-701608103 tempest-GroupsTest-701608103-project] PUT http://10.222.0.61/volume/v3/94957d1e8d884424b38b68a68f41a53f/groups/256ffe97-024a-4ba5-b2f7-c7b8ee6f0ba0
Aug 20 14:21:32.059598 dv-cinder-790535-10-smb devstack@c-api.service[101368]: /usr/local/lib/python3.8/dist-packages/webob/acceptparse.py:1047: DeprecationWarning: The behavior of AcceptValidHeader.best_match is currently being maintained for backward compatibility, but it will be deprecated in the future, as it does not conform to the RFC.
Aug 20 14:21:32.059598 dv-cinder-790535-10-smb devstack@c-api.service[101368]: warnings.warn(
Aug 20 14:21:32.059780 dv-cinder-790535-10-smb devstack@c-api.service[101367]: INFO cinder.volume.api [None req-0949b6c4-7cdd-45c3-b6e8-b6003e2321c0 tempest-VolumesImageMetadata-1879713802 tempest-VolumesImageMetadata-1879713802-project] Volume info retrieved successfully.
Aug 20 14:21:32.060485 dv-cinder-790535-10-smb devstack@c-api.service[101368]: DEBUG cinder.api.openstack.wsgi [None req-2d7ae890-be5e-4af0-bd58-7b223c3db0e6 tempest-GroupsTest-701608103 tempest-GroupsTest-701608103-project] Action: 'update', calling method: version_select, body: {"group": {"name": "new_group", "description": "This is a new group", "remove_volumes": "11336df8-8526-44cf-9d65-bc988b4b0f82"}} {{(pid=101368) _process_stack /opt/stack/cinder/cinder/api/openstack/wsgi.py:854}}
Aug 20 14:21:32.080290 dv-cinder-790535-10-smb devstack@c-api.service[101368]: DEBUG cinder.api.v3.groups [None req-2d7ae890-be5e-4af0-bd58-7b223c3db0e6 tempest-GroupsTest-701608103 tempest-GroupsTest-701608103-project] Update called for group 256ffe97-024a-4ba5-b2f7-c7b8ee6f0ba0. {{(pid=101368) update /opt/stack/cinder/cinder/api/v3/groups.py:302}}
Aug 20 14:21:32.080644 dv-cinder-790535-10-smb devstack@c-api.service[101368]: INFO cinder.api.v3.groups [None req-2d7ae890-be5e-4af0-bd58-7b223c3db0e6 tempest-GroupsTest-701608103 tempest-GroupsTest-701608103-project] Updating group 256ffe97-024a-4ba5-b2f7-c7b8ee6f0ba0 with name new_group description: This is a new group add_volumes: None remove_volumes: 11336df8-8526-44cf-9d65-bc988b4b0f82.
Aug 20 14:21:32.089928 dv-cinder-790535-10-smb devstack@c-api.service[101368]: /usr/local/lib/python3.8/dist-packages/oslo_context/context.py:105: DeprecationWarning: Policy enforcement is depending on the value of is_admin. This key is deprecated. Please update your policy file to use the standard policy values.
Aug 20 14:21:32.089928 dv-cinder-790535-10-smb devstack@c-api.service[101368]: warnings.warn('Policy enforcement is depending on the value of '
Aug 20 14:21:32.099440 dv-cinder-790535-10-smb devstack@c-api.service[101367]: INFO cinder.api.openstack.wsgi [None req-0949b6c4-7cdd-45c3-b6e8-b6003e2321c0 tempest-VolumesImageMetadata-1879713802 tempest-VolumesImageMetadata-1879713802-project] http://10.222.0.61/volume/v3/5c038fc7b47242a9a9ba9e38bdd39104/volumes/8f254b97-18ab-4530-b42d-357a4b70ac51 returned with HTTP 200
Aug 20 14:21:32.100224 dv-cinder-790535-10-smb devstack@c-api.service[101367]: [pid: 101367|app: 0|req: 109/199] 10.222.0.61 () {58 vars in 1325 bytes} [Fri Aug 20 14:21:32 2021] GET /volume/v3/5c038fc7b47242a9a9ba9e38bdd39104/volumes/8f254b97-18ab-4530-b42d-357a4b70ac51 => generated 969 bytes in 99 msecs (HTTP/1.1 200) 7 headers in 285 bytes (2 switches on core 0)
Aug 20 14:21:32.252094 dv-cinder-790535-10-smb devstack@c-api.service[101368]: INFO cinder.api.openstack.wsgi [None req-2d7ae890-be5e-4af0-bd58-7b223c3db0e6 tempest-GroupsTest-701608103 tempest-GroupsTest-701608103-project] http://10.222.0.61/volume/v3/94957d1e8d884424b38b68a68f41a53f/groups/256ffe97-024a-4ba5-b2f7-c7b8ee6f0ba0 returned with HTTP 202
Aug 20 14:21:32.254192 dv-cinder-790535-10-smb devstack@c-api.service[101368]: [pid: 101368|app: 0|req: 91/200] 10.222.0.61 () {62 vars in 1384 bytes} [Fri Aug 20 14:21:32 2021] PUT /volume/v3/94957d1e8d884424b38b68a68f41a53f/groups/256ffe97-024a-4ba5-b2f7-c7b8ee6f0ba0 => generated 0 bytes in 200 msecs (HTTP/1.1 202) 6 headers in 234 bytes (2 switches on core 0)
Aug 20 14:21:32.262467 dv-cinder-790535-10-smb devstack@c-api.service[101368]: INFO cinder.api.openstack.wsgi [None req-7428f85f-655d-49de-a6c3-153fb574e773 tempest-GroupsTest-701608103 tempest-GroupsTest-701608103-project] GET http://10.222.0.61/volume/v3/94957d1e8d884424b38b68a68f41a53f/groups/256ffe97-024a-4ba5-b2f7-c7b8ee6f0ba0
Aug 20 14:21:32.262949 dv-cinder-790535-10-smb devstack@c-api.service[101368]: DEBUG cinder.api.openstack.wsgi [None req-7428f85f-655d-49de-a6c3-153fb574e773 tempest-GroupsTest-701608103 tempest-GroupsTest-701608103-project] Empty body provided in request {{(pid=101368) get_body /opt/stack/cinder/cinder/api/openstack/wsgi.py:703}}
Aug 20 14:21:32.263126 dv-cinder-790535-10-smb devstack@c-api.service[101368]: /usr/local/lib/python3.8/dist-packages/webob/acceptparse.py:1047: DeprecationWarning: The behavior of AcceptValidHeader.best_match is currently being maintained for backward compatibility, but it will be deprecated in the future, as it does not conform to the RFC.
Aug 20 14:21:32.263126 dv-cinder-790535-10-smb devstack@c-api.service[101368]: warnings.warn(
Aug 20 14:21:32.263425 dv-cinder-790535-10-smb devstack@c-api.service[101368]: DEBUG cinder.api.openstack.wsgi [None req-7428f85f-655d-49de-a6c3-153fb574e773 tempest-GroupsTest-701608103 tempest-GroupsTest-701608103-project] Calling method 'version_select' {{(pid=101368) _process_stack /opt/stack/cinder/cinder/api/openstack/wsgi.py:856}}
Aug 20 14:21:32.263775 dv-cinder-790535-10-smb devstack@c-api.service[101368]: DEBUG cinder.api.v3.groups [None req-7428f85f-655d-49de-a6c3-153fb574e773 tempest-GroupsTest-701608103 tempest-GroupsTest-701608103-project] show called for member 256ffe97-024a-4ba5-b2f7-c7b8ee6f0ba0 {{(pid=101368) show /opt/stack/cinder/cinder/api/v3/groups.py:58}}
Aug 20 14:21:32.281523 dv-cinder-790535-10-smb devstack@c-api.service[101368]: /usr/local/lib/python3.8/dist-packages/oslo_context/context.py:105: DeprecationWarning: Policy enforcement is depending on the value of is_admin. This key is deprecated. Please update your policy file to use the standard policy values.
Aug 20 14:21:32.281523 dv-cinder-790535-10-smb devstack@c-api.service[101368]: warnings.warn('Policy enforcement is depending on the value of '
Aug 20 14:21:32.308550 dv-cinder-790535-10-smb devstack@c-api.service[101368]: INFO cinder.api.openstack.wsgi [None req-7428f85f-655d-49de-a6c3-153fb574e773 tempest-GroupsTest-701608103 tempest-GroupsTest-701608103-project] http://10.222.0.61/volume/v3/94957d1e8d884424b38b68a68f41a53f/groups/256ffe97-024a-4ba5-b2f7-c7b8ee6f0ba0 returned with HTTP 200
Aug 20 14:21:32.309333 dv-cinder-790535-10-smb devstack@c-api.service[101368]: [pid: 101368|app: 0|req: 92/201] 10.222.0.61 () {60 vars in 1363 bytes} [Fri Aug 20 14:21:32 2021] GET /volume/v3/94957d1e8d884424b38b68a68f41a53f/groups/256ffe97-024a-4ba5-b2f7-c7b8ee6f0ba0 => generated 323 bytes in 51 msecs (HTTP/1.1 200) 7 headers in 286 bytes (1 switches on core 0)
Aug 20 14:21:32.324579 dv-cinder-790535-10-smb devstack@c-api.service[101367]: INFO cinder.api.openstack.wsgi [None req-56eba61d-91a2-45af-bab9-174966555f41 tempest-VolumeTypesExtraSpecsTest-2133888270 tempest-VolumeTypesExtraSpecsTest-2133888270-project-admin] POST http://10.222.0.61/volume/v3/309eb07795be459aa7cf8de7d5faca44/types
Aug 20 14:21:32.325314 dv-cinder-790535-10-smb devstack@c-api.service[101367]: /usr/local/lib/python3.8/dist-packages/webob/acceptparse.py:1047: DeprecationWarning: The behavior of AcceptValidHeader.best_match is currently being maintained for backward compatibility, but it will be deprecated in the future, as it does not conform to the RFC.
Aug 20 14:21:32.325314 dv-cinder-790535-10-smb devstack@c-api.service[101367]: warnings.warn(
Aug 20 14:21:32.325993 dv-cinder-790535-10-smb devstack@c-api.service[101367]: DEBUG cinder.api.openstack.wsgi [None req-56eba61d-91a2-45af-bab9-174966555f41 tempest-VolumeTypesExtraSpecsTest-2133888270 tempest-VolumeTypesExtraSpecsTest-2133888270-project-admin] Action: 'create', calling method: _create, body: {"volume_type": {"name": "tempest-VolumeTypesExtraSpecsTest-volume-type-248815206"}} {{(pid=101367) _process_stack /opt/stack/cinder/cinder/api/openstack/wsgi.py:854}}
Aug 20 14:21:32.428266 dv-cinder-790535-10-smb devstack@c-api.service[101367]: INFO cinder.api.openstack.wsgi [None req-56eba61d-91a2-45af-bab9-174966555f41 tempest-VolumeTypesExtraSpecsTest-2133888270 tempest-VolumeTypesExtraSpecsTest-2133888270-project-admin] http://10.222.0.61/volume/v3/309eb07795be459aa7cf8de7d5faca44/types returned with HTTP 200
Aug 20 14:21:32.429956 dv-cinder-790535-10-smb devstack@c-api.service[101367]: [pid: 101367|app: 0|req: 110/202] 10.222.0.61 () {60 vars in 1229 bytes} [Fri Aug 20 14:21:32 2021] POST /volume/v3/309eb07795be459aa7cf8de7d5faca44/types => generated 230 bytes in 263 msecs (HTTP/1.1 200) 7 headers in 285 bytes (1 switches on core 0)
Aug 20 14:21:32.444266 dv-cinder-790535-10-smb devstack@c-api.service[101368]: INFO cinder.api.openstack.wsgi [None req-ce0fc94d-e388-4b80-8ba4-3914c88e06ee tempest-VolumeTypesExtraSpecsTest-2133888270 tempest-VolumeTypesExtraSpecsTest-2133888270-project-admin] POST http://10.222.0.61/volume/v3/309eb07795be459aa7cf8de7d5faca44/types/16b8425a-317b-4e4e-b439-0350a92eb37e/extra_specs
Aug 20 14:21:32.444852 dv-cinder-790535-10-smb devstack@c-api.service[101368]: /usr/local/lib/python3.8/dist-packages/webob/acceptparse.py:1047: DeprecationWarning: The behavior of AcceptValidHeader.best_match is currently being maintained for backward compatibility, but it will be deprecated in the future, as it does not conform to the RFC.
Aug 20 14:21:32.444852 dv-cinder-790535-10-smb devstack@c-api.service[101368]: warnings.warn(
Aug 20 14:21:32.446294 dv-cinder-790535-10-smb devstack@c-api.service[101368]: DEBUG cinder.api.openstack.wsgi [None req-ce0fc94d-e388-4b80-8ba4-3914c88e06ee tempest-VolumeTypesExtraSpecsTest-2133888270 tempest-VolumeTypesExtraSpecsTest-2133888270-project-admin] Action: 'create', calling method: create, body: {"extra_specs": {"spec3": "val1"}} {{(pid=101368) _process_stack /opt/stack/cinder/cinder/api/openstack/wsgi.py:854}}
Aug 20 14:21:32.447742 dv-cinder-790535-10-smb devstack@c-api.service[101368]: /usr/local/lib/python3.8/dist-packages/oslo_context/context.py:105: DeprecationWarning: Policy enforcement is depending on the value of is_admin. This key is deprecated. Please update your policy file to use the standard policy values.
Aug 20 14:21:32.447742 dv-cinder-790535-10-smb devstack@c-api.service[101368]: warnings.warn('Policy enforcement is depending on the value of '
Aug 20 14:21:32.549536 dv-cinder-790535-10-smb devstack@c-api.service[101368]: INFO cinder.api.openstack.wsgi [None req-ce0fc94d-e388-4b80-8ba4-3914c88e06ee tempest-VolumeTypesExtraSpecsTest-2133888270 tempest-VolumeTypesExtraSpecsTest-2133888270-project-admin] http://10.222.0.61/volume/v3/309eb07795be459aa7cf8de7d5faca44/types/16b8425a-317b-4e4e-b439-0350a92eb37e/extra_specs returned with HTTP 200
Aug 20 14:21:32.555166 dv-cinder-790535-10-smb devstack@c-api.service[101368]: [pid: 101368|app: 0|req: 93/203] 10.222.0.61 () {60 vars in 1376 bytes} [Fri Aug 20 14:21:32 2021] POST /volume/v3/309eb07795be459aa7cf8de7d5faca44/types/16b8425a-317b-4e4e-b439-0350a92eb37e/extra_specs => generated 34 bytes in 117 msecs (HTTP/1.1 200) 7 headers in 284 bytes (2 switches on core 0)
Aug 20 14:21:32.560095 dv-cinder-790535-10-smb devstack@c-api.service[101367]: INFO cinder.api.openstack.wsgi [None req-efc699bd-3b39-4a96-ab24-fb093551c8f7 tempest-VolumeTypesExtraSpecsTest-2133888270 tempest-VolumeTypesExtraSpecsTest-2133888270-project-admin] GET http://10.222.0.61/volume/v3/309eb07795be459aa7cf8de7d5faca44/types/16b8425a-317b-4e4e-b439-0350a92eb37e/extra_specs/spec3
Aug 20 14:21:32.560581 dv-cinder-790535-10-smb devstack@c-api.service[101367]: DEBUG cinder.api.openstack.wsgi [None req-efc699bd-3b39-4a96-ab24-fb093551c8f7 tempest-VolumeTypesExtraSpecsTest-2133888270 tempest-VolumeTypesExtraSpecsTest-2133888270-project-admin] Empty body provided in request {{(pid=101367) get_body /opt/stack/cinder/cinder/api/openstack/wsgi.py:703}}
Aug 20 14:21:32.560995 dv-cinder-790535-10-smb devstack@c-api.service[101367]: DEBUG cinder.api.openstack.wsgi [None req-efc699bd-3b39-4a96-ab24-fb093551c8f7 tempest-VolumeTypesExtraSpecsTest-2133888270 tempest-VolumeTypesExtraSpecsTest-2133888270-project-admin] Calling method 'show' {{(pid=101367) _process_stack /opt/stack/cinder/cinder/api/openstack/wsgi.py:856}}
Aug 20 14:21:32.576366 dv-cinder-790535-10-smb devstack@c-api.service[101367]: INFO cinder.api.openstack.wsgi [None req-efc699bd-3b39-4a96-ab24-fb093551c8f7 tempest-VolumeTypesExtraSpecsTest-2133888270 tempest-VolumeTypesExtraSpecsTest-2133888270-project-admin] http://10.222.0.61/volume/v3/309eb07795be459aa7cf8de7d5faca44/types/16b8425a-317b-4e4e-b439-0350a92eb37e/extra_specs/spec3 returned with HTTP 200
Aug 20 14:21:32.577097 dv-cinder-790535-10-smb devstack@c-api.service[101367]: [pid: 101367|app: 0|req: 111/204] 10.222.0.61 () {58 vars in 1373 bytes} [Fri Aug 20 14:21:32 2021] GET /volume/v3/309eb07795be459aa7cf8de7d5faca44/types/16b8425a-317b-4e4e-b439-0350a92eb37e/extra_specs/spec3 => generated 17 bytes in 22 msecs (HTTP/1.1 200) 7 headers in 284 bytes (1 switches on core 0)
Aug 20 14:21:32.592371 dv-cinder-790535-10-smb devstack@c-api.service[101368]: INFO cinder.api.openstack.wsgi [None req-803bd80f-7a36-4874-b54d-504460193414 tempest-VolumeTypesExtraSpecsTest-2133888270 tempest-VolumeTypesExtraSpecsTest-2133888270-project-admin] DELETE http://10.222.0.61/volume/v3/309eb07795be459aa7cf8de7d5faca44/types/16b8425a-317b-4e4e-b439-0350a92eb37e/extra_specs/spec3
Aug 20 14:21:32.592822 dv-cinder-790535-10-smb devstack@c-api.service[101368]: DEBUG cinder.api.openstack.wsgi [None req-803bd80f-7a36-4874-b54d-504460193414 tempest-VolumeTypesExtraSpecsTest-2133888270 tempest-VolumeTypesExtraSpecsTest-2133888270-project-admin] Empty body provided in request {{(pid=101368) get_body /opt/stack/cinder/cinder/api/openstack/wsgi.py:703}}
Aug 20 14:21:32.593236 dv-cinder-790535-10-smb devstack@c-api.service[101368]: DEBUG cinder.api.openstack.wsgi [None req-803bd80f-7a36-4874-b54d-504460193414 tempest-VolumeTypesExtraSpecsTest-2133888270 tempest-VolumeTypesExtraSpecsTest-2133888270-project-admin] Calling method 'delete' {{(pid=101368) _process_stack /opt/stack/cinder/cinder/api/openstack/wsgi.py:856}}
Aug 20 14:21:32.685557 dv-cinder-790535-10-smb devstack@c-api.service[101367]: INFO cinder.api.openstack.wsgi [None req-9081613b-2b09-40ae-8b99-0d0326fc3822 tempest-GroupSnapshotsTest-2041747208 tempest-GroupSnapshotsTest-2041747208-project] GET http://10.222.0.61/volume/v3/848172241d414f989fa6d8ceab58f08b/groups/124f18cb-ec52-48ce-a121-c1b886971310
Aug 20 14:21:32.686111 dv-cinder-790535-10-smb devstack@c-api.service[101367]: DEBUG cinder.api.openstack.wsgi [None req-9081613b-2b09-40ae-8b99-0d0326fc3822 tempest-GroupSnapshotsTest-2041747208 tempest-GroupSnapshotsTest-2041747208-project] Empty body provided in request {{(pid=101367) get_body /opt/stack/cinder/cinder/api/openstack/wsgi.py:703}}
Aug 20 14:21:32.686389 dv-cinder-790535-10-smb devstack@c-api.service[101367]: DEBUG cinder.api.openstack.wsgi [None req-9081613b-2b09-40ae-8b99-0d0326fc3822 tempest-GroupSnapshotsTest-2041747208 tempest-GroupSnapshotsTest-2041747208-project] Calling method 'version_select' {{(pid=101367) _process_stack /opt/stack/cinder/cinder/api/openstack/wsgi.py:856}}
Aug 20 14:21:32.686729 dv-cinder-790535-10-smb devstack@c-api.service[101367]: DEBUG cinder.api.v3.groups [None req-9081613b-2b09-40ae-8b99-0d0326fc3822 tempest-GroupSnapshotsTest-2041747208 tempest-GroupSnapshotsTest-2041747208-project] show called for member 124f18cb-ec52-48ce-a121-c1b886971310 {{(pid=101367) show /opt/stack/cinder/cinder/api/v3/groups.py:58}}
Aug 20 14:21:32.691345 dv-cinder-790535-10-smb devstack@c-api.service[101367]: INFO cinder.api.openstack.wsgi [None req-9081613b-2b09-40ae-8b99-0d0326fc3822 tempest-GroupSnapshotsTest-2041747208 tempest-GroupSnapshotsTest-2041747208-project] http://10.222.0.61/volume/v3/848172241d414f989fa6d8ceab58f08b/groups/124f18cb-ec52-48ce-a121-c1b886971310 returned with HTTP 404
Aug 20 14:21:32.692194 dv-cinder-790535-10-smb devstack@c-api.service[101367]: [pid: 101367|app: 0|req: 112/205] 10.222.0.61 () {60 vars in 1363 bytes} [Fri Aug 20 14:21:32 2021] GET /volume/v3/848172241d414f989fa6d8ceab58f08b/groups/124f18cb-ec52-48ce-a121-c1b886971310 => generated 108 bytes in 11 msecs (HTTP/1.1 404) 7 headers in 293 bytes (2 switches on core 0)
Aug 20 14:21:32.699529 dv-cinder-790535-10-smb devstack@c-api.service[101367]: INFO cinder.api.openstack.wsgi [None req-f6c21cfe-1e89-4680-9931-b81bc34a6a25 tempest-GroupSnapshotsTest-719731108 tempest-GroupSnapshotsTest-719731108-project-admin] DELETE http://10.222.0.61/volume/v3/1d1a502b8c474aca8197169691b6ca10/group_types/c8216fde-9613-454b-a01e-b7b381551329
Aug 20 14:21:32.700260 dv-cinder-790535-10-smb devstack@c-api.service[101367]: DEBUG cinder.api.openstack.wsgi [None req-f6c21cfe-1e89-4680-9931-b81bc34a6a25 tempest-GroupSnapshotsTest-719731108 tempest-GroupSnapshotsTest-719731108-project-admin] Empty body provided in request {{(pid=101367) get_body /opt/stack/cinder/cinder/api/openstack/wsgi.py:703}}
Aug 20 14:21:32.700491 dv-cinder-790535-10-smb devstack@c-api.service[101367]: DEBUG cinder.api.openstack.wsgi [None req-f6c21cfe-1e89-4680-9931-b81bc34a6a25 tempest-GroupSnapshotsTest-719731108 tempest-GroupSnapshotsTest-719731108-project-admin] Calling method 'version_select' {{(pid=101367) _process_stack /opt/stack/cinder/cinder/api/openstack/wsgi.py:856}}
Aug 20 14:21:32.703909 dv-cinder-790535-10-smb devstack@c-api.service[101368]: INFO cinder.api.openstack.wsgi [None req-803bd80f-7a36-4874-b54d-504460193414 tempest-VolumeTypesExtraSpecsTest-2133888270 tempest-VolumeTypesExtraSpecsTest-2133888270-project-admin] http://10.222.0.61/volume/v3/309eb07795be459aa7cf8de7d5faca44/types/16b8425a-317b-4e4e-b439-0350a92eb37e/extra_specs/spec3 returned with HTTP 202
Aug 20 14:21:32.704723 dv-cinder-790535-10-smb devstack@c-api.service[101368]: [pid: 101368|app: 0|req: 94/206] 10.222.0.61 () {58 vars in 1376 bytes} [Fri Aug 20 14:21:32 2021] DELETE /volume/v3/309eb07795be459aa7cf8de7d5faca44/types/16b8425a-317b-4e4e-b439-0350a92eb37e/extra_specs/spec3 => generated 0 bytes in 118 msecs (HTTP/1.1 202) 7 headers in 289 bytes (1 switches on core 0)
Aug 20 14:21:32.713308 dv-cinder-790535-10-smb devstack@c-api.service[101368]: INFO cinder.api.openstack.wsgi [None req-a0cd1528-253c-4f88-80df-eb6aa63f9f11 tempest-VolumeTypesExtraSpecsTest-2133888270 tempest-VolumeTypesExtraSpecsTest-2133888270-project-admin] GET http://10.222.0.61/volume/v3/309eb07795be459aa7cf8de7d5faca44/types/16b8425a-317b-4e4e-b439-0350a92eb37e/extra_specs/spec3
Aug 20 14:21:32.713757 dv-cinder-790535-10-smb devstack@c-api.service[101368]: DEBUG cinder.api.openstack.wsgi [None req-a0cd1528-253c-4f88-80df-eb6aa63f9f11 tempest-VolumeTypesExtraSpecsTest-2133888270 tempest-VolumeTypesExtraSpecsTest-2133888270-project-admin] Empty body provided in request {{(pid=101368) get_body /opt/stack/cinder/cinder/api/openstack/wsgi.py:703}}
Aug 20 14:21:32.714178 dv-cinder-790535-10-smb devstack@c-api.service[101368]: DEBUG cinder.api.openstack.wsgi [None req-a0cd1528-253c-4f88-80df-eb6aa63f9f11 tempest-VolumeTypesExtraSpecsTest-2133888270 tempest-VolumeTypesExtraSpecsTest-2133888270-project-admin] Calling method 'show' {{(pid=101368) _process_stack /opt/stack/cinder/cinder/api/openstack/wsgi.py:856}}
Aug 20 14:21:32.723947 dv-cinder-790535-10-smb devstack@c-api.service[101368]: INFO cinder.api.openstack.wsgi [None req-a0cd1528-253c-4f88-80df-eb6aa63f9f11 tempest-VolumeTypesExtraSpecsTest-2133888270 tempest-VolumeTypesExtraSpecsTest-2133888270-project-admin] http://10.222.0.61/volume/v3/309eb07795be459aa7cf8de7d5faca44/types/16b8425a-317b-4e4e-b439-0350a92eb37e/extra_specs/spec3 returned with HTTP 404
Aug 20 14:21:32.724854 dv-cinder-790535-10-smb devstack@c-api.service[101368]: [pid: 101368|app: 0|req: 95/207] 10.222.0.61 () {58 vars in 1373 bytes} [Fri Aug 20 14:21:32 2021] GET /volume/v3/309eb07795be459aa7cf8de7d5faca44/types/16b8425a-317b-4e4e-b439-0350a92eb37e/extra_specs/spec3 => generated 129 bytes in 16 msecs (HTTP/1.1 404) 7 headers in 292 bytes (2 switches on core 0)
Aug 20 14:21:32.735302 dv-cinder-790535-10-smb devstack@c-api.service[101368]: INFO cinder.api.openstack.wsgi [None req-11e82f0a-b021-46d7-91c4-302b94bc7c3e tempest-VolumeTypesExtraSpecsTest-2133888270 tempest-VolumeTypesExtraSpecsTest-2133888270-project-admin] POST http://10.222.0.61/volume/v3/309eb07795be459aa7cf8de7d5faca44/types/16b8425a-317b-4e4e-b439-0350a92eb37e/extra_specs
Aug 20 14:21:32.736063 dv-cinder-790535-10-smb devstack@c-api.service[101368]: DEBUG cinder.api.openstack.wsgi [None req-11e82f0a-b021-46d7-91c4-302b94bc7c3e tempest-VolumeTypesExtraSpecsTest-2133888270 tempest-VolumeTypesExtraSpecsTest-2133888270-project-admin] Action: 'create', calling method: create, body: {"extra_specs": {"spec1": "val1"}} {{(pid=101368) _process_stack /opt/stack/cinder/cinder/api/openstack/wsgi.py:854}}
Aug 20 14:21:32.784861 dv-cinder-790535-10-smb devstack@c-api.service[101367]: INFO cinder.api.openstack.wsgi [None req-f6c21cfe-1e89-4680-9931-b81bc34a6a25 tempest-GroupSnapshotsTest-719731108 tempest-GroupSnapshotsTest-719731108-project-admin] http://10.222.0.61/volume/v3/1d1a502b8c474aca8197169691b6ca10/group_types/c8216fde-9613-454b-a01e-b7b381551329 returned with HTTP 202
Aug 20 14:21:32.785954 dv-cinder-790535-10-smb devstack@c-api.service[101367]: [pid: 101367|app: 0|req: 113/208] 10.222.0.61 () {60 vars in 1381 bytes} [Fri Aug 20 14:21:32 2021] DELETE /volume/v3/1d1a502b8c474aca8197169691b6ca10/group_types/c8216fde-9613-454b-a01e-b7b381551329 => generated 0 bytes in 90 msecs (HTTP/1.1 202) 6 headers in 234 bytes (2 switches on core 0)
Aug 20 14:21:32.796781 dv-cinder-790535-10-smb devstack@c-api.service[101367]: INFO cinder.api.openstack.wsgi [None req-ba4d1c9a-c6ab-4946-9bd0-041bf16b694a tempest-GroupSnapshotsTest-719731108 tempest-GroupSnapshotsTest-719731108-project-admin] POST http://10.222.0.61/volume/v3/1d1a502b8c474aca8197169691b6ca10/types
Aug 20 14:21:32.797451 dv-cinder-790535-10-smb devstack@c-api.service[101367]: DEBUG cinder.api.openstack.wsgi [None req-ba4d1c9a-c6ab-4946-9bd0-041bf16b694a tempest-GroupSnapshotsTest-719731108 tempest-GroupSnapshotsTest-719731108-project-admin] Action: 'create', calling method: _create, body: {"volume_type": {"name": "tempest-GroupSnapshotsTest-volume-type-1157660754"}} {{(pid=101367) _process_stack /opt/stack/cinder/cinder/api/openstack/wsgi.py:854}}
Aug 20 14:21:32.859029 dv-cinder-790535-10-smb devstack@c-api.service[101368]: INFO cinder.api.openstack.wsgi [None req-11e82f0a-b021-46d7-91c4-302b94bc7c3e tempest-VolumeTypesExtraSpecsTest-2133888270 tempest-VolumeTypesExtraSpecsTest-2133888270-project-admin] http://10.222.0.61/volume/v3/309eb07795be459aa7cf8de7d5faca44/types/16b8425a-317b-4e4e-b439-0350a92eb37e/extra_specs returned with HTTP 200
Aug 20 14:21:32.862010 dv-cinder-790535-10-smb devstack@c-api.service[101368]: [pid: 101368|app: 0|req: 96/209] 10.222.0.61 () {60 vars in 1376 bytes} [Fri Aug 20 14:21:32 2021] POST /volume/v3/309eb07795be459aa7cf8de7d5faca44/types/16b8425a-317b-4e4e-b439-0350a92eb37e/extra_specs => generated 34 bytes in 129 msecs (HTTP/1.1 200) 7 headers in 284 bytes (2 switches on core 0)
Aug 20 14:21:32.871573 dv-cinder-790535-10-smb devstack@c-api.service[101368]: INFO cinder.api.openstack.wsgi [None req-66b6232d-3270-4878-8486-e75d022ec7df tempest-VolumeTypesExtraSpecsTest-2133888270 tempest-VolumeTypesExtraSpecsTest-2133888270-project-admin] GET http://10.222.0.61/volume/v3/309eb07795be459aa7cf8de7d5faca44/types/16b8425a-317b-4e4e-b439-0350a92eb37e/extra_specs
Aug 20 14:21:32.872031 dv-cinder-790535-10-smb devstack@c-api.service[101368]: DEBUG cinder.api.openstack.wsgi [None req-66b6232d-3270-4878-8486-e75d022ec7df tempest-VolumeTypesExtraSpecsTest-2133888270 tempest-VolumeTypesExtraSpecsTest-2133888270-project-admin] Empty body provided in request {{(pid=101368) get_body /opt/stack/cinder/cinder/api/openstack/wsgi.py:703}}
Aug 20 14:21:32.872488 dv-cinder-790535-10-smb devstack@c-api.service[101368]: DEBUG cinder.api.openstack.wsgi [None req-66b6232d-3270-4878-8486-e75d022ec7df tempest-VolumeTypesExtraSpecsTest-2133888270 tempest-VolumeTypesExtraSpecsTest-2133888270-project-admin] Calling method 'index' {{(pid=101368) _process_stack /opt/stack/cinder/cinder/api/openstack/wsgi.py:856}}
Aug 20 14:21:32.882008 dv-cinder-790535-10-smb devstack@c-api.service[101368]: INFO cinder.api.openstack.wsgi [None req-66b6232d-3270-4878-8486-e75d022ec7df tempest-VolumeTypesExtraSpecsTest-2133888270 tempest-VolumeTypesExtraSpecsTest-2133888270-project-admin] http://10.222.0.61/volume/v3/309eb07795be459aa7cf8de7d5faca44/types/16b8425a-317b-4e4e-b439-0350a92eb37e/extra_specs returned with HTTP 200
Aug 20 14:21:32.883205 dv-cinder-790535-10-smb devstack@c-api.service[101368]: [pid: 101368|app: 0|req: 97/210] 10.222.0.61 () {58 vars in 1355 bytes} [Fri Aug 20 14:21:32 2021] GET /volume/v3/309eb07795be459aa7cf8de7d5faca44/types/16b8425a-317b-4e4e-b439-0350a92eb37e/extra_specs => generated 34 bytes in 17 msecs (HTTP/1.1 200) 7 headers in 284 bytes (2 switches on core 0)
Aug 20 14:21:32.893494 dv-cinder-790535-10-smb devstack@c-api.service[101367]: INFO cinder.api.openstack.wsgi [None req-ba4d1c9a-c6ab-4946-9bd0-041bf16b694a tempest-GroupSnapshotsTest-719731108 tempest-GroupSnapshotsTest-719731108-project-admin] http://10.222.0.61/volume/v3/1d1a502b8c474aca8197169691b6ca10/types returned with HTTP 200
Aug 20 14:21:32.894222 dv-cinder-790535-10-smb devstack@c-api.service[101367]: [pid: 101367|app: 0|req: 114/211] 10.222.0.61 () {60 vars in 1229 bytes} [Fri Aug 20 14:21:32 2021] POST /volume/v3/1d1a502b8c474aca8197169691b6ca10/types => generated 224 bytes in 102 msecs (HTTP/1.1 200) 7 headers in 285 bytes (2 switches on core 0)
Aug 20 14:21:32.894729 dv-cinder-790535-10-smb devstack@c-api.service[101368]: INFO cinder.api.openstack.wsgi [None req-986b54b6-a461-428c-90f0-faae7bac1ea4 tempest-VolumeTypesExtraSpecsTest-2133888270 tempest-VolumeTypesExtraSpecsTest-2133888270-project-admin] POST http://10.222.0.61/volume/v3/309eb07795be459aa7cf8de7d5faca44/types/16b8425a-317b-4e4e-b439-0350a92eb37e/extra_specs
Aug 20 14:21:32.895387 dv-cinder-790535-10-smb devstack@c-api.service[101368]: DEBUG cinder.api.openstack.wsgi [None req-986b54b6-a461-428c-90f0-faae7bac1ea4 tempest-VolumeTypesExtraSpecsTest-2133888270 tempest-VolumeTypesExtraSpecsTest-2133888270-project-admin] Action: 'create', calling method: create, body: {"extra_specs": {"spec2": "val1"}} {{(pid=101368) _process_stack /opt/stack/cinder/cinder/api/openstack/wsgi.py:854}}
Aug 20 14:21:32.903999 dv-cinder-790535-10-smb devstack@c-api.service[101367]: INFO cinder.api.openstack.wsgi [None req-c4942ab4-e304-42d2-8d53-53423e2b0376 tempest-GroupSnapshotsTest-719731108 tempest-GroupSnapshotsTest-719731108-project-admin] POST http://10.222.0.61/volume/v3/1d1a502b8c474aca8197169691b6ca10/group_types
Aug 20 14:21:32.904791 dv-cinder-790535-10-smb devstack@c-api.service[101367]: DEBUG cinder.api.openstack.wsgi [None req-c4942ab4-e304-42d2-8d53-53423e2b0376 tempest-GroupSnapshotsTest-719731108 tempest-GroupSnapshotsTest-719731108-project-admin] Action: 'create', calling method: version_select, body: {"group_type": {"name": "tempest-GroupSnapshotsTest-group-type-1288595195"}} {{(pid=101367) _process_stack /opt/stack/cinder/cinder/api/openstack/wsgi.py:854}}
Aug 20 14:21:33.030463 dv-cinder-790535-10-smb devstack@c-api.service[101368]: INFO cinder.api.openstack.wsgi [None req-986b54b6-a461-428c-90f0-faae7bac1ea4 tempest-VolumeTypesExtraSpecsTest-2133888270 tempest-VolumeTypesExtraSpecsTest-2133888270-project-admin] http://10.222.0.61/volume/v3/309eb07795be459aa7cf8de7d5faca44/types/16b8425a-317b-4e4e-b439-0350a92eb37e/extra_specs returned with HTTP 200
Aug 20 14:21:33.031365 dv-cinder-790535-10-smb devstack@c-api.service[101368]: [pid: 101368|app: 0|req: 98/212] 10.222.0.61 () {60 vars in 1376 bytes} [Fri Aug 20 14:21:32 2021] POST /volume/v3/309eb07795be459aa7cf8de7d5faca44/types/16b8425a-317b-4e4e-b439-0350a92eb37e/extra_specs => generated 34 bytes in 142 msecs (HTTP/1.1 200) 7 headers in 284 bytes (2 switches on core 0)
Aug 20 14:21:33.031471 dv-cinder-790535-10-smb devstack@c-api.service[101367]: INFO cinder.api.openstack.wsgi [None req-c4942ab4-e304-42d2-8d53-53423e2b0376 tempest-GroupSnapshotsTest-719731108 tempest-GroupSnapshotsTest-719731108-project-admin] http://10.222.0.61/volume/v3/1d1a502b8c474aca8197169691b6ca10/group_types returned with HTTP 202
Aug 20 14:21:33.032521 dv-cinder-790535-10-smb devstack@c-api.service[101367]: [pid: 101367|app: 0|req: 115/213] 10.222.0.61 () {62 vars in 1288 bytes} [Fri Aug 20 14:21:32 2021] POST /volume/v3/1d1a502b8c474aca8197169691b6ca10/group_types => generated 181 bytes in 132 msecs (HTTP/1.1 202) 7 headers in 292 bytes (2 switches on core 0)
Aug 20 14:21:33.039836 dv-cinder-790535-10-smb devstack@c-api.service[101368]: INFO cinder.api.openstack.wsgi [req-bfffeaa3-4755-41d3-a80d-f61d143c31b3 req-15e652ae-eb44-4825-9b68-34c3571afcb3 tempest-DeleteServersTestJSON-36899704 tempest-DeleteServersTestJSON-36899704-project] DELETE http://10.222.0.61/volume/v3/36efd8ba8159421fbc7c6d248a67fe8d/attachments/a4ef81e5-7e52-42d6-851f-69c108132813
Aug 20 14:21:33.040313 dv-cinder-790535-10-smb devstack@c-api.service[101368]: DEBUG cinder.api.openstack.wsgi [req-bfffeaa3-4755-41d3-a80d-f61d143c31b3 req-15e652ae-eb44-4825-9b68-34c3571afcb3 tempest-DeleteServersTestJSON-36899704 tempest-DeleteServersTestJSON-36899704-project] Empty body provided in request {{(pid=101368) get_body /opt/stack/cinder/cinder/api/openstack/wsgi.py:703}}
Aug 20 14:21:33.040722 dv-cinder-790535-10-smb devstack@c-api.service[101368]: DEBUG cinder.api.openstack.wsgi [req-bfffeaa3-4755-41d3-a80d-f61d143c31b3 req-15e652ae-eb44-4825-9b68-34c3571afcb3 tempest-DeleteServersTestJSON-36899704 tempest-DeleteServersTestJSON-36899704-project] Calling method 'version_select' {{(pid=101368) _process_stack /opt/stack/cinder/cinder/api/openstack/wsgi.py:856}}
Aug 20 14:21:33.044031 dv-cinder-790535-10-smb devstack@c-api.service[101367]: INFO cinder.api.openstack.wsgi [None req-bc56a66b-ba9d-4529-9fb3-6bfa537019ba tempest-VolumeTypesExtraSpecsTest-2133888270 tempest-VolumeTypesExtraSpecsTest-2133888270-project-admin] PUT http://10.222.0.61/volume/v3/309eb07795be459aa7cf8de7d5faca44/types/16b8425a-317b-4e4e-b439-0350a92eb37e/extra_specs/spec2
Aug 20 14:21:33.044841 dv-cinder-790535-10-smb devstack@c-api.service[101367]: DEBUG cinder.api.openstack.wsgi [None req-bc56a66b-ba9d-4529-9fb3-6bfa537019ba tempest-VolumeTypesExtraSpecsTest-2133888270 tempest-VolumeTypesExtraSpecsTest-2133888270-project-admin] Action: 'update', calling method: update, body: {"spec2": "val2"} {{(pid=101367) _process_stack /opt/stack/cinder/cinder/api/openstack/wsgi.py:854}}
Aug 20 14:21:33.061613 dv-cinder-790535-10-smb devstack@c-api.service[101368]: /usr/local/lib/python3.8/dist-packages/oslo_context/context.py:105: DeprecationWarning: Policy enforcement is depending on the value of is_admin. This key is deprecated. Please update your policy file to use the standard policy values.
Aug 20 14:21:33.061613 dv-cinder-790535-10-smb devstack@c-api.service[101368]: warnings.warn('Policy enforcement is depending on the value of '
Aug 20 14:21:33.178493 dv-cinder-790535-10-smb devstack@c-api.service[101367]: INFO cinder.api.openstack.wsgi [None req-bc56a66b-ba9d-4529-9fb3-6bfa537019ba tempest-VolumeTypesExtraSpecsTest-2133888270 tempest-VolumeTypesExtraSpecsTest-2133888270-project-admin] http://10.222.0.61/volume/v3/309eb07795be459aa7cf8de7d5faca44/types/16b8425a-317b-4e4e-b439-0350a92eb37e/extra_specs/spec2 returned with HTTP 200
Aug 20 14:21:33.179382 dv-cinder-790535-10-smb devstack@c-api.service[101367]: [pid: 101367|app: 0|req: 116/214] 10.222.0.61 () {60 vars in 1393 bytes} [Fri Aug 20 14:21:33 2021] PUT /volume/v3/309eb07795be459aa7cf8de7d5faca44/types/16b8425a-317b-4e4e-b439-0350a92eb37e/extra_specs/spec2 => generated 17 bytes in 143 msecs (HTTP/1.1 200) 7 headers in 284 bytes (2 switches on core 0)
Aug 20 14:21:33.189009 dv-cinder-790535-10-smb devstack@c-api.service[101367]: INFO cinder.api.openstack.wsgi [None req-000c1932-07d6-4c48-a1b5-41236c91bcee tempest-GroupSnapshotsTest-2041747208 tempest-GroupSnapshotsTest-2041747208-project] POST http://10.222.0.61/volume/v3/848172241d414f989fa6d8ceab58f08b/groups
Aug 20 14:21:33.189705 dv-cinder-790535-10-smb devstack@c-api.service[101367]: DEBUG cinder.api.openstack.wsgi [None req-000c1932-07d6-4c48-a1b5-41236c91bcee tempest-GroupSnapshotsTest-2041747208 tempest-GroupSnapshotsTest-2041747208-project] Action: 'create', calling method: version_select, body: {"group": {"group_type": "5946b1c3-53b5-4f2f-aa57-f2475c34848c", "volume_types": ["405b0cb1-f594-4dc8-9d6a-d213b6ff20b7"], "name": "tempest-GroupSnapshotsTest-Group-784150899"}} {{(pid=101367) _process_stack /opt/stack/cinder/cinder/api/openstack/wsgi.py:854}}
Aug 20 14:21:33.190744 dv-cinder-790535-10-smb devstack@c-api.service[101367]: DEBUG cinder.api.v3.groups [None req-000c1932-07d6-4c48-a1b5-41236c91bcee tempest-GroupSnapshotsTest-2041747208 tempest-GroupSnapshotsTest-2041747208-project] Creating new group {'group': {'group_type': '5946b1c3-53b5-4f2f-aa57-f2475c34848c', 'volume_types': ['405b0cb1-f594-4dc8-9d6a-d213b6ff20b7'], 'name': 'tempest-GroupSnapshotsTest-Group-784150899'}} {{(pid=101367) create /opt/stack/cinder/cinder/api/v3/groups.py:190}}
Aug 20 14:21:33.196041 dv-cinder-790535-10-smb devstack@c-api.service[101367]: INFO cinder.api.v3.groups [None req-000c1932-07d6-4c48-a1b5-41236c91bcee tempest-GroupSnapshotsTest-2041747208 tempest-GroupSnapshotsTest-2041747208-project] Creating group tempest-GroupSnapshotsTest-Group-784150899.
Aug 20 14:21:33.206514 dv-cinder-790535-10-smb devstack@c-api.service[101367]: INFO cinder.volume.api [None req-000c1932-07d6-4c48-a1b5-41236c91bcee tempest-GroupSnapshotsTest-2041747208 tempest-GroupSnapshotsTest-2041747208-project] Availability Zones retrieved successfully.
