Aug 25 18:23:58.428665 dv-cinder-790492-8-iscsi neutron-server[93792]: INFO neutron.wsgi [None req-2748fa5e-9128-4c93-835f-2cdf85043cbd tempest-AttachVolumeTestJSON-2038743220 tempest-AttachVolumeTestJSON-2038743220-project] 10.222.0.37 "POST /v2.0/security-group-rules HTTP/1.1" status: 201 len: 764 time: 0.2631190
Aug 25 18:23:58.431850 dv-cinder-790492-8-iscsi neutron-server[93792]: DEBUG neutron.wsgi [-] (93792) accepted ('10.222.0.37', 35486) {{(pid=93792) server /usr/local/lib/python3.8/dist-packages/eventlet/wsgi.py:982}}
Aug 25 18:23:58.437163 dv-cinder-790492-8-iscsi neutron-server[93792]: DEBUG neutron.api.v2.base [None req-4647304f-5a4b-44c4-ba08-4d8679f0dffa tempest-AttachVolumeTestJSON-2038743220 tempest-AttachVolumeTestJSON-2038743220-project] Request body: {'security_group_rule': {'security_group_id': '181e219a-c68c-442c-92ea-2dc82905c88b', 'protocol': 'icmp', 'ethertype': 'IPv4', 'direction': 'ingress'}} {{(pid=93792) prepare_request_body /opt/stack/neutron/neutron/api/v2/base.py:730}}
Aug 25 18:23:58.506782 dv-cinder-790492-8-iscsi neutron-server[93793]: DEBUG neutron.plugins.ml2.db [None req-938a88ff-3e9e-4ccd-be02-536308799e39 None None] For port 081eba37-682c-4461-9999-0209b94d8f60, host dv-cinder-790492-8-iscsi, cleared binding levels {{(pid=93793) clear_binding_levels /opt/stack/neutron/neutron/plugins/ml2/db.py:87}}
Aug 25 18:23:58.512575 dv-cinder-790492-8-iscsi neutron-server[93792]: DEBUG neutron_lib.callbacks.manager [None req-4647304f-5a4b-44c4-ba08-4d8679f0dffa tempest-AttachVolumeTestJSON-2038743220 tempest-AttachVolumeTestJSON-2038743220-project] Notify callbacks [] for security_group_rule, before_create {{(pid=93792) _notify_loop /usr/local/lib/python3.8/dist-packages/neutron_lib/callbacks/manager.py:192}}
Aug 25 18:23:58.517588 dv-cinder-790492-8-iscsi neutron-server[93793]: DEBUG neutron.plugins.ml2.db [None req-938a88ff-3e9e-4ccd-be02-536308799e39 None None] For port 081eba37-682c-4461-9999-0209b94d8f60, host dv-cinder-790492-8-iscsi, set binding levels [PortBindingLevel(driver='openvswitch',host='dv-cinder-790492-8-iscsi',level=0,port_id=081eba37-682c-4461-9999-0209b94d8f60,segment=NetworkSegment(62c5cb4f-6cbb-4ba1-a645-4fcbb1b48168),segment_id=62c5cb4f-6cbb-4ba1-a645-4fcbb1b48168)] {{(pid=93793) set_binding_levels /opt/stack/neutron/neutron/plugins/ml2/db.py:59}}
Aug 25 18:23:58.524415 dv-cinder-790492-8-iscsi neutron-server[93793]: DEBUG neutron_lib.callbacks.manager [None req-938a88ff-3e9e-4ccd-be02-536308799e39 None None] Notify callbacks ['neutron.plugins.ml2.plugin.SecurityGroupServerNotifierRpcMixin._notify_sg_on_port_change-596249', 'neutron.plugins.ml2.ovo_rpc._ObjectChangeHandler.handle_event-47650', 'neutron.api.rpc.agentnotifiers.dhcp_rpc_agent_api.DhcpAgentNotifyAPI._native_event_send_dhcp_notification-1611146', 'neutron.db.l3_db.L3RpcNotifierMixin._notify_gateway_port_ip_changed-8748354477873', 'neutron.db.l3_dvrscheduler_db._notify_l3_agent_port_update-8748354017841', 'neutron.db.l3_hascheduler_db._notify_l3_agent_ha_port_update-8748354017859'] for port, after_update {{(pid=93793) _notify_loop /usr/local/lib/python3.8/dist-packages/neutron_lib/callbacks/manager.py:192}}
Aug 25 18:23:58.620998 dv-cinder-790492-8-iscsi neutron-server[93793]: DEBUG neutron.db.l3_dvrscheduler_db [None req-938a88ff-3e9e-4ccd-be02-536308799e39 None None] Routers {'82765363-f53f-4ab1-a3fb-f61972a507c7'} bound to L3 agent in host dv-cinder-790492-8-iscsi {{(pid=93793) _get_router_ids_for_agent /opt/stack/neutron/neutron/db/l3_dvrscheduler_db.py:420}}
Aug 25 18:23:58.621942 dv-cinder-790492-8-iscsi neutron-server[93793]: DEBUG neutron.db.l3_hamode_db [None req-938a88ff-3e9e-4ccd-be02-536308799e39 None None] neutron.services.l3_router.l3_router_plugin.L3RouterPlugin method get_ha_sync_data_for_host called with arguments (, 'dv-cinder-790492-8-iscsi', Agent(admin_state_up=True,agent_type='L3 agent',availability_zone='nova',binary='neutron-l3-agent',configurations={"agent_mode": "legacy", "ex_gw_ports": 4, "extensions": [], "floating_ips": 1, "handle_internal_only_routers": true, "interface_driver": "openvswitch", "interfaces": 3, "log_agent_heartbeats": false, "routers": 4},created_at=2021-08-25T18:14:56Z,description=,heartbeat_timestamp=2021-08-25T18:23:56Z,host='dv-cinder-790492-8-iscsi',id=3ec7ffd9-cda4-41c0-b0c4-828f12a62641,load=0,resource_versions=,resources_synced=,started_at=2021-08-25T18:14:56Z,topic='l3_agent')) {'router_ids': ['82765363-f53f-4ab1-a3fb-f61972a507c7'], 'active': True} {{(pid=93793) wrapper /usr/local/lib/python3.8/dist-packages/oslo_log/helpers.py:65}}
Aug 25 18:23:58.631748 dv-cinder-790492-8-iscsi neutron-server[93792]: DEBUG neutron_lib.callbacks.manager [None req-4647304f-5a4b-44c4-ba08-4d8679f0dffa tempest-AttachVolumeTestJSON-2038743220 tempest-AttachVolumeTestJSON-2038743220-project] Notify callbacks [] for security_group_rule, precommit_create {{(pid=93792) _notify_loop /usr/local/lib/python3.8/dist-packages/neutron_lib/callbacks/manager.py:192}}
Aug 25 18:23:58.638551 dv-cinder-790492-8-iscsi neutron-server[93792]: DEBUG neutron_lib.callbacks.manager [None req-4647304f-5a4b-44c4-ba08-4d8679f0dffa tempest-AttachVolumeTestJSON-2038743220 tempest-AttachVolumeTestJSON-2038743220-project] Notify callbacks ['neutron.plugins.ml2.ovo_rpc._ObjectChangeHandler.handle_event-516089'] for security_group_rule, after_create {{(pid=93792) _notify_loop /usr/local/lib/python3.8/dist-packages/neutron_lib/callbacks/manager.py:192}}
Aug 25 18:23:58.685428 dv-cinder-790492-8-iscsi neutron-server[93792]: DEBUG neutron.api.rpc.handlers.resources_rpc [None req-4647304f-5a4b-44c4-ba08-4d8679f0dffa tempest-AttachVolumeTestJSON-2038743220 tempest-AttachVolumeTestJSON-2038743220-project] Pushing event updated for resources: {'SecurityGroupRule': ['ID=2e1a7bf4-472a-4f20-a17d-98fa1f860bb6,revision_number=0']} {{(pid=93792) push /opt/stack/neutron/neutron/api/rpc/handlers/resources_rpc.py:237}}
Aug 25 18:23:58.704301 dv-cinder-790492-8-iscsi neutron-server[93792]: DEBUG neutron_lib.callbacks.manager [None req-4647304f-5a4b-44c4-ba08-4d8679f0dffa tempest-AttachVolumeTestJSON-2038743220 tempest-AttachVolumeTestJSON-2038743220-project] Notify callbacks [] for security_group_rule, before_response {{(pid=93792) _notify_loop /usr/local/lib/python3.8/dist-packages/neutron_lib/callbacks/manager.py:192}}
Aug 25 18:23:58.705810 dv-cinder-790492-8-iscsi neutron-server[93792]: INFO neutron.wsgi [None req-4647304f-5a4b-44c4-ba08-4d8679f0dffa tempest-AttachVolumeTestJSON-2038743220 tempest-AttachVolumeTestJSON-2038743220-project] 10.222.0.37 "POST /v2.0/security-group-rules HTTP/1.1" status: 201 len: 769 time: 0.2727945
Aug 25 18:23:58.714292 dv-cinder-790492-8-iscsi neutron-server[93792]: DEBUG neutron.wsgi [-] (93792) accepted ('10.222.0.37', 35496) {{(pid=93792) server /usr/local/lib/python3.8/dist-packages/eventlet/wsgi.py:982}}
Aug 25 18:23:58.724099 dv-cinder-790492-8-iscsi neutron-server[93792]: DEBUG neutron.api.v2.base [None req-b237a47d-8ccc-43e7-9cc2-1158cb78a89c tempest-AttachVolumeTestJSON-2038743220 tempest-AttachVolumeTestJSON-2038743220-project] Request body: {'floatingip': {'floating_network_id': 'e0615610-0145-4336-86ca-92716d56c217'}} {{(pid=93792) prepare_request_body /opt/stack/neutron/neutron/api/v2/base.py:730}}
Aug 25 18:23:58.748979 dv-cinder-790492-8-iscsi neutron-server[93791]: DEBUG neutron.pecan_wsgi.hooks.policy_enforcement [req-1b6cf185-e44d-4b3d-a930-2f9287ec0e0c req-49e4ceca-861c-4bfd-a7f3-58a0ce9af3c7 tempest-AttachVolumeNegativeTest-1789752098 tempest-AttachVolumeNegativeTest-1789752098-project] Attributes excluded by policy engine: ['standard_attr_id', 'vlan_transparent', 'provider:network_type', 'provider:physical_network', 'provider:segmentation_id'] {{(pid=93791) _exclude_attributes_by_policy /opt/stack/neutron/neutron/pecan_wsgi/hooks/policy_enforcement.py:255}}
Aug 25 18:23:58.753617 dv-cinder-790492-8-iscsi neutron-server[93791]: INFO neutron.wsgi [req-1b6cf185-e44d-4b3d-a930-2f9287ec0e0c req-49e4ceca-861c-4bfd-a7f3-58a0ce9af3c7 tempest-AttachVolumeNegativeTest-1789752098 tempest-AttachVolumeNegativeTest-1789752098-project] 10.222.0.24 "GET /v2.0/networks?id=2cd15194-5e4d-4178-a19c-bfac18d7be9f HTTP/1.1" status: 200 len: 814 time: 0.3257785
Aug 25 18:23:58.771897 dv-cinder-790492-8-iscsi neutron-server[93793]: DEBUG neutron.api.rpc.handlers.resources_rpc [None req-a643212a-44fb-42e8-a2a3-85e2bbe29a4c None None] Pushing event updated for resources: {'Port': ['ID=081eba37-682c-4461-9999-0209b94d8f60,revision_number=4']} {{(pid=93793) push /opt/stack/neutron/neutron/api/rpc/handlers/resources_rpc.py:237}}
Aug 25 18:23:58.779684 dv-cinder-790492-8-iscsi neutron-server[93791]: DEBUG neutron.db.db_base_plugin_common [req-11b961f7-67eb-4015-9d77-ae202b517192 req-26abdf54-5cdb-4978-8342-8b874aedd702 tempest-VolumesActionsTest-147102442 tempest-VolumesActionsTest-147102442-project] Allocated IP 172.20.0.9 (712e96ef-9e9b-4b73-86e7-fd167aa50e3f/1e0cb288-de13-48e8-a459-ea7d40af495d/23589040-3469-4d0a-9c0b-77c2255d3037) {{(pid=93791) _store_ip_allocation /opt/stack/neutron/neutron/db/db_base_plugin_common.py:131}}
Aug 25 18:23:58.784133 dv-cinder-790492-8-iscsi neutron-server[93792]: DEBUG neutron_lib.callbacks.manager [None req-b237a47d-8ccc-43e7-9cc2-1158cb78a89c tempest-AttachVolumeTestJSON-2038743220 tempest-AttachVolumeTestJSON-2038743220-project] Notify callbacks [] for floatingip, before_create {{(pid=93792) _notify_loop /usr/local/lib/python3.8/dist-packages/neutron_lib/callbacks/manager.py:192}}
Aug 25 18:23:58.789045 dv-cinder-790492-8-iscsi neutron-server[93791]: DEBUG neutron.api.v2.base [req-1b6cf185-e44d-4b3d-a930-2f9287ec0e0c req-ae29a295-ca83-4a9b-8eeb-05c349636fe0 tempest-AttachVolumeNegativeTest-1789752098 tempest-AttachVolumeNegativeTest-1789752098-project] Request body: {'port': {'device_id': 'ab098503-6df4-46e9-8e5a-3b9b4e03bc6e', 'network_id': '2cd15194-5e4d-4178-a19c-bfac18d7be9f', 'admin_state_up': True, 'tenant_id': 'dfb0f87eed314ea4a07c2ce25cc9966a'}} {{(pid=93791) prepare_request_body /opt/stack/neutron/neutron/api/v2/base.py:730}}
Aug 25 18:23:58.903966 dv-cinder-790492-8-iscsi neutron-server[93793]: DEBUG neutron.db.l3_dvr_db [None req-938a88ff-3e9e-4ccd-be02-536308799e39 None None] Set router 82765363-f53f-4ab1-a3fb-f61972a507c7 gateway port host: dv-cinder-790492-8-iscsi {{(pid=93793) _build_routers_list /opt/stack/neutron/neutron/db/l3_dvr_db.py:906}}
Aug 25 18:23:59.006429 dv-cinder-790492-8-iscsi neutron-server[93792]: DEBUG neutron_lib.callbacks.manager [None req-b237a47d-8ccc-43e7-9cc2-1158cb78a89c tempest-AttachVolumeTestJSON-2038743220 tempest-AttachVolumeTestJSON-2038743220-project] Notify callbacks ['neutron.plugins.ml2.plugin.SecurityGroupDbMixin._ensure_default_security_group_handler-596310'] for port, before_create {{(pid=93792) _notify_loop /usr/local/lib/python3.8/dist-packages/neutron_lib/callbacks/manager.py:192}}
Aug 25 18:23:59.062757 dv-cinder-790492-8-iscsi neutron-server[93793]: DEBUG neutron_lib.callbacks.manager [None req-3d29a279-4eb3-49e6-9e1f-3003d0d4505d None None] Notify callbacks ['neutron.services.segments.db._update_segment_host_mapping_for_agent-8748354584540', 'neutron.plugins.ml2.plugin.Ml2Plugin._retry_binding_revived_agents-652396'] for agent, after_update {{(pid=93793) _notify_loop /usr/local/lib/python3.8/dist-packages/neutron_lib/callbacks/manager.py:192}}
Aug 25 18:23:59.140238 dv-cinder-790492-8-iscsi neutron-server[93791]: DEBUG neutron_lib.callbacks.manager [req-11b961f7-67eb-4015-9d77-ae202b517192 req-26abdf54-5cdb-4978-8342-8b874aedd702 tempest-VolumesActionsTest-147102442 tempest-VolumesActionsTest-147102442-project] Notify callbacks [] for port, precommit_create {{(pid=93791) _notify_loop /usr/local/lib/python3.8/dist-packages/neutron_lib/callbacks/manager.py:192}}
Aug 25 18:23:59.249236 dv-cinder-790492-8-iscsi neutron-server[93792]: DEBUG neutron.db.db_base_plugin_common [None req-b237a47d-8ccc-43e7-9cc2-1158cb78a89c tempest-AttachVolumeTestJSON-2038743220 tempest-AttachVolumeTestJSON-2038743220-project] Allocated IP 172.27.3.250 (e0615610-0145-4336-86ca-92716d56c217/ba8c35dc-42f2-4379-aafd-ce1793efee80/71745bd2-4270-4660-9ae5-76197d3f1d12) {{(pid=93792) _store_ip_allocation /opt/stack/neutron/neutron/db/db_base_plugin_common.py:131}}
Aug 25 18:23:59.254048 dv-cinder-790492-8-iscsi neutron-server[93791]: DEBUG neutron.pecan_wsgi.hooks.quota_enforcement [req-1b6cf185-e44d-4b3d-a930-2f9287ec0e0c req-ae29a295-ca83-4a9b-8eeb-05c349636fe0 tempest-AttachVolumeNegativeTest-1789752098 tempest-AttachVolumeNegativeTest-1789752098-project] Made reservation on behalf of dfb0f87eed314ea4a07c2ce25cc9966a for: {'port': 1} {{(pid=93791) before /opt/stack/neutron/neutron/pecan_wsgi/hooks/quota_enforcement.py:53}}
Aug 25 18:23:59.257978 dv-cinder-790492-8-iscsi neutron-server[93791]: DEBUG neutron_lib.callbacks.manager [req-1b6cf185-e44d-4b3d-a930-2f9287ec0e0c req-ae29a295-ca83-4a9b-8eeb-05c349636fe0 tempest-AttachVolumeNegativeTest-1789752098 tempest-AttachVolumeNegativeTest-1789752098-project] Notify callbacks ['neutron.plugins.ml2.plugin.SecurityGroupDbMixin._ensure_default_security_group_handler-596310'] for port, before_create {{(pid=93791) _notify_loop /usr/local/lib/python3.8/dist-packages/neutron_lib/callbacks/manager.py:192}}
Aug 25 18:23:59.292503 dv-cinder-790492-8-iscsi neutron-server[93793]: DEBUG neutron.db.l3_hamode_db [None req-938a88ff-3e9e-4ccd-be02-536308799e39 None None] neutron.services.l3_router.l3_router_plugin.L3RouterPlugin method _process_sync_ha_data called with arguments (, [{'id': '82765363-f53f-4ab1-a3fb-f61972a507c7', 'name': 'tempest-AttachVolumeTestJSON-264473942-router', 'tenant_id': 'ff6fe479012b4bdfbf44365f146a6cb1', 'admin_state_up': True, 'status': 'ACTIVE', 'external_gateway_info': {'network_id': 'e0615610-0145-4336-86ca-92716d56c217', 'external_fixed_ips': [{'subnet_id': 'ba8c35dc-42f2-4379-aafd-ce1793efee80', 'ip_address': '172.27.3.79'}], 'enable_snat': True}, 'gw_port_id': '3e5b458c-f251-4566-a0b3-b8fb1441987e', 'description': '', 'availability_zones': ['nova'], 'distributed': False, 'ha': False, 'ha_vr_id': 0, 'availability_zone_hints': [], 'routes': [], 'flavor_id': None, 'tags': [], 'created_at': '2021-08-25T18:23:50Z', 'updated_at': '2021-08-25T18:23:54Z', 'revision_number': 4, 'project_id': 'ff6fe479012b4bdfbf44365f146a6cb1', 'gw_port': {'id': '3e5b458c-f251-4566-a0b3-b8fb1441987e', 'name': '', 'network_id': 'e0615610-0145-4336-86ca-92716d56c217', 'tenant_id': '', 'mac_address': 'fa:16:3e:1d:c9:ba', 'admin_state_up': True, 'status': 'ACTIVE', 'device_id': '82765363-f53f-4ab1-a3fb-f61972a507c7', 'device_owner': 'network:router_gateway', 'standard_attr_id': 292, 'fixed_ips': [{'subnet_id': 'ba8c35dc-42f2-4379-aafd-ce1793efee80', 'ip_address': '172.27.3.79', 'prefixlen': 24}], 'allowed_address_pairs': [], 'extra_dhcp_opts': [], 'security_groups': [], 'description': '', 'binding:vnic_type': 'normal', 'binding:profile': {}, 'binding:host_id': 'dv-cinder-790492-8-iscsi', 'binding:vif_type': 'ovs', 'binding:vif_details': {'connectivity': 'l2', 'port_filter': True, 'ovs_hybrid_plug': False, 'datapath_type': 'system', 'bridge_name': 'br-int'}, 'port_security_enabled': False, 'tags': [], 'created_at': '2021-08-25T18:23:50Z', 'updated_at': '2021-08-25T18:23:56Z', 'revision_number': 4, 'project_id': '', 'subnets': [{'id': 'ba8c35dc-42f2-4379-aafd-ce1793efee80', 'cidr': '172.27.3.0/24', 'gateway_ip': '172.27.3.1', 'dns_nameservers': [], 'ipv6_ra_mode': None, 'subnetpool_id': None}], 'extra_subnets': [], 'address_scopes': {4: None, 6: None}, 'mtu': 1500}, 'enable_snat': True, 'gw_port_host': 'dv-cinder-790492-8-iscsi', '_interfaces': [{'id': '081eba37-682c-4461-9999-0209b94d8f60', 'name': '', 'network_id': '0d04d8ed-dff1-407b-ac17-418584fb2033', 'tenant_id': 'ff6fe479012b4bdfbf44365f146a6cb1', 'mac_address': 'fa:16:3e:ab:2f:6c', 'admin_state_up': True, 'status': 'DOWN', 'device_id': '82765363-f53f-4ab1-a3fb-f61972a507c7', 'device_owner': 'network:router_interface', 'standard_attr_id': 293, 'fixed_ips': [{'subnet_id': '37e9ac56-2a31-4c36-93d9-ecbd84267da7', 'ip_address': '172.20.0.1', 'prefixlen': 28}], 'allowed_address_pairs': [], 'extra_dhcp_opts': [], 'security_groups': [], 'description': '', 'binding:vnic_type': 'normal', 'binding:profile': {}, 'binding:host_id': 'dv-cinder-790492-8-iscsi', 'binding:vif_type': 'ovs', 'binding:vif_details': {'connectivity': 'l2', 'port_filter': True, 'ovs_hybrid_plug': False, 'datapath_type': 'system', 'bridge_name': 'br-int'}, 'port_security_enabled': False, 'tags': [], 'created_at': '2021-08-25T18:23:53Z', 'updated_at': '2021-08-25T18:23:58Z', 'revision_number': 4, 'project_id': 'ff6fe479012b4bdfbf44365f146a6cb1', 'subnets': [{'id': '37e9ac56-2a31-4c36-93d9-ecbd84267da7', 'cidr': '172.20.0.0/28', 'gateway_ip': '172.20.0.1', 'dns_nameservers': [], 'ipv6_ra_mode': None, 'subnetpool_id': None}], 'extra_subnets': [], 'address_scopes': {4: None, 6: None}, 'mtu': 1500}]}], 'dv-cinder-790492-8-iscsi', False) {} {{(pid=93793) wrapper /usr/local/lib/python3.8/dist-packages/oslo_log/helpers.py:65}}
Aug 25 18:23:59.295436 dv-cinder-790492-8-iscsi neutron-server[93791]: DEBUG neutron.pecan_wsgi.hooks.policy_enforcement [req-e50ba984-3e29-4f91-93d6-9451a893f908 req-fc047a53-d974-480c-8666-30b59f84ff3a tempest-ServerRescueNegativeTestJSON-1784520531 tempest-ServerRescueNegativeTestJSON-1784520531-project] Attributes excluded by policy engine: ['standard_attr_id', 'binding:profile', 'binding:host_id', 'binding:vif_type', 'binding:vif_details'] {{(pid=93791) _exclude_attributes_by_policy /opt/stack/neutron/neutron/pecan_wsgi/hooks/policy_enforcement.py:255}}
Aug 25 18:23:59.302652 dv-cinder-790492-8-iscsi neutron-server[93791]: INFO neutron.wsgi [req-e50ba984-3e29-4f91-93d6-9451a893f908 req-fc047a53-d974-480c-8666-30b59f84ff3a tempest-ServerRescueNegativeTestJSON-1784520531 tempest-ServerRescueNegativeTestJSON-1784520531-project] 10.222.0.37 "GET /v2.0/ports?device_id=5f00ccbc-2eda-46a8-a76f-f4fae75fbdfc HTTP/1.1" status: 200 len: 946 time: 0.3617082
Aug 25 18:23:59.309405 dv-cinder-790492-8-iscsi neutron-server[93791]: INFO neutron.wsgi [req-b901e0a8-6116-4b82-998d-135a0eb564ae req-86f3a45a-863f-4978-9f7b-57b036e8b8cd tempest-VolumesActionsTest-147102442 tempest-VolumesActionsTest-147102442-project] 10.222.0.37 "GET /v2.0/ports?device_id=0cc5bf04-e7cb-4a8a-9876-2407539a73b9 HTTP/1.1" status: 200 len: 210 time: 0.1005421
Aug 25 18:23:59.375016 dv-cinder-790492-8-iscsi neutron-server[93793]: DEBUG neutron.api.rpc.handlers.l3_rpc [None req-938a88ff-3e9e-4ccd-be02-536308799e39 None None] The sync data for ids ['82765363-f53f-4ab1-a3fb-f61972a507c7'] in dv-cinder-790492-8-iscsi is: [{'id': '82765363-f53f-4ab1-a3fb-f61972a507c7', 'name': 'tempest-AttachVolumeTestJSON-264473942-router', 'tenant_id': 'ff6fe479012b4bdfbf44365f146a6cb1', 'admin_state_up': True, 'status': 'ACTIVE', 'external_gateway_info': {'network_id': 'e0615610-0145-4336-86ca-92716d56c217', 'external_fixed_ips': [{'subnet_id': 'ba8c35dc-42f2-4379-aafd-ce1793efee80', 'ip_address': '172.27.3.79'}], 'enable_snat': True}, 'gw_port_id': '3e5b458c-f251-4566-a0b3-b8fb1441987e', 'description': '', 'availability_zones': ['nova'], 'distributed': False, 'ha': False, 'ha_vr_id': 0, 'availability_zone_hints': [], 'routes': [], 'flavor_id': None, 'tags': [], 'created_at': '2021-08-25T18:23:50Z', 'updated_at': '2021-08-25T18:23:54Z', 'revision_number': 4, 'project_id': 'ff6fe479012b4bdfbf44365f146a6cb1', 'gw_port': {'id': '3e5b458c-f251-4566-a0b3-b8fb1441987e', 'name': '', 'network_id': 'e0615610-0145-4336-86ca-92716d56c217', 'tenant_id': '', 'mac_address': 'fa:16:3e:1d:c9:ba', 'admin_state_up': True, 'status': 'ACTIVE', 'device_id': '82765363-f53f-4ab1-a3fb-f61972a507c7', 'device_owner': 'network:router_gateway', 'standard_attr_id': 292, 'fixed_ips': [{'subnet_id': 'ba8c35dc-42f2-4379-aafd-ce1793efee80', 'ip_address': '172.27.3.79', 'prefixlen': 24}], 'allowed_address_pairs': [], 'extra_dhcp_opts': [], 'security_groups': [], 'description': '', 'binding:vnic_type': 'normal', 'binding:profile': {}, 'binding:host_id': 'dv-cinder-790492-8-iscsi', 'binding:vif_type': 'ovs', 'binding:vif_details': {'connectivity': 'l2', 'port_filter': True, 'ovs_hybrid_plug': False, 'datapath_type': 'system', 'bridge_name': 'br-int'}, 'port_security_enabled': False, 'tags': [], 'created_at': '2021-08-25T18:23:50Z', 'updated_at': '2021-08-25T18:23:56Z', 'revision_number': 4, 'project_id': '', 'subnets': [{'id': 'ba8c35dc-42f2-4379-aafd-ce1793efee80', 'cidr': '172.27.3.0/24', 'gateway_ip': '172.27.3.1', 'dns_nameservers': [], 'ipv6_ra_mode': None, 'subnetpool_id': None}], 'extra_subnets': [], 'address_scopes': {4: None, 6: None}, 'mtu': 1500}, 'enable_snat': True, 'gw_port_host': 'dv-cinder-790492-8-iscsi', '_interfaces': [{'id': '081eba37-682c-4461-9999-0209b94d8f60', 'name': '', 'network_id': '0d04d8ed-dff1-407b-ac17-418584fb2033', 'tenant_id': 'ff6fe479012b4bdfbf44365f146a6cb1', 'mac_address': 'fa:16:3e:ab:2f:6c', 'admin_state_up': True, 'status': 'DOWN', 'device_id': '82765363-f53f-4ab1-a3fb-f61972a507c7', 'device_owner': 'network:router_interface', 'standard_attr_id': 293, 'fixed_ips': [{'subnet_id': '37e9ac56-2a31-4c36-93d9-ecbd84267da7', 'ip_address': '172.20.0.1', 'prefixlen': 28}], 'allowed_address_pairs': [], 'extra_dhcp_opts': [], 'security_groups': [], 'description': '', 'binding:vnic_type': 'normal', 'binding:profile': {}, 'binding:host_id': 'dv-cinder-790492-8-iscsi', 'binding:vif_type': 'ovs', 'binding:vif_details': {'connectivity': 'l2', 'port_filter': True, 'ovs_hybrid_plug': False, 'datapath_type': 'system', 'bridge_name': 'br-int'}, 'port_security_enabled': False, 'tags': [], 'created_at': '2021-08-25T18:23:53Z', 'updated_at': '2021-08-25T18:23:58Z', 'revision_number': 4, 'project_id': 'ff6fe479012b4bdfbf44365f146a6cb1', 'subnets': [{'id': '37e9ac56-2a31-4c36-93d9-ecbd84267da7', 'cidr': '172.20.0.0/28', 'gateway_ip': '172.20.0.1', 'dns_nameservers': [], 'ipv6_ra_mode': None, 'subnetpool_id': None}], 'extra_subnets': [], 'address_scopes': {4: None, 6: None}, 'mtu': 1500}]}] {{(pid=93793) sync_routers /opt/stack/neutron/neutron/api/rpc/handlers/l3_rpc.py:137}}
Aug 25 18:23:59.399067 dv-cinder-790492-8-iscsi neutron-server[93791]: INFO neutron.wsgi [req-e50ba984-3e29-4f91-93d6-9451a893f908 req-fe50b136-23fc-4509-8bb5-a6102b89787b tempest-ServerRescueNegativeTestJSON-1784520531 tempest-ServerRescueNegativeTestJSON-1784520531-project] 10.222.0.37 "GET /v2.0/security-groups?id=5cab83af-57d5-45c2-9bb9-65e6fc4e45c8&fields=id&fields=name HTTP/1.1" status: 200 len: 286 time: 0.0954416
Aug 25 18:23:59.412001 dv-cinder-790492-8-iscsi neutron-server[93791]: DEBUG neutron_lib.callbacks.manager [req-11b961f7-67eb-4015-9d77-ae202b517192 req-26abdf54-5cdb-4978-8342-8b874aedd702 tempest-VolumesActionsTest-147102442 tempest-VolumesActionsTest-147102442-project] Notify callbacks ['neutron.plugins.ml2.plugin.SecurityGroupServerNotifierRpcMixin._notify_sg_on_port_change-596249', 'neutron.plugins.ml2.ovo_rpc._ObjectChangeHandler.handle_event-47650', 'neutron.api.rpc.agentnotifiers.dhcp_rpc_agent_api.DhcpAgentNotifyAPI._native_event_send_dhcp_notification-1611146', 'neutron.db.l3_dvrscheduler_db._notify_l3_agent_new_port-8748354017823'] for port, after_create {{(pid=93791) _notify_loop /usr/local/lib/python3.8/dist-packages/neutron_lib/callbacks/manager.py:192}}
Aug 25 18:23:59.504197 dv-cinder-790492-8-iscsi neutron-server[93792]: DEBUG neutron_lib.callbacks.manager [None req-b237a47d-8ccc-43e7-9cc2-1158cb78a89c tempest-AttachVolumeTestJSON-2038743220 tempest-AttachVolumeTestJSON-2038743220-project] Notify callbacks [] for port, precommit_create {{(pid=93792) _notify_loop /usr/local/lib/python3.8/dist-packages/neutron_lib/callbacks/manager.py:192}}
Aug 25 18:23:59.545293 dv-cinder-790492-8-iscsi neutron-server[93791]: INFO neutron.wsgi [req-2663bcdb-db4e-4236-b4b2-cb4a06447e2e req-b06f272c-cd2c-4ad5-8151-8cffe84088b1 tempest-AttachVolumeNegativeTest-1789752098 tempest-AttachVolumeNegativeTest-1789752098-project] 10.222.0.37 "GET /v2.0/ports?device_id=ab098503-6df4-46e9-8e5a-3b9b4e03bc6e HTTP/1.1" status: 200 len: 210 time: 0.0404954
Aug 25 18:23:59.577216 dv-cinder-790492-8-iscsi neutron-server[93791]: DEBUG neutron.api.rpc.handlers.resources_rpc [None req-26abdf54-5cdb-4978-8342-8b874aedd702 tempest-VolumesActionsTest-147102442 tempest-VolumesActionsTest-147102442-project] Pushing event updated for resources: {'Port': ['ID=23589040-3469-4d0a-9c0b-77c2255d3037,revision_number=1']} {{(pid=93791) push /opt/stack/neutron/neutron/api/rpc/handlers/resources_rpc.py:237}}
Aug 25 18:23:59.583872 dv-cinder-790492-8-iscsi neutron-server[93791]: DEBUG neutron.scheduler.dhcp_agent_scheduler [req-11b961f7-67eb-4015-9d77-ae202b517192 req-26abdf54-5cdb-4978-8342-8b874aedd702 tempest-VolumesActionsTest-147102442 tempest-VolumesActionsTest-147102442-project] Network 712e96ef-9e9b-4b73-86e7-fd167aa50e3f is already hosted by enough agents. {{(pid=93791) _get_dhcp_agents_hosting_network /opt/stack/neutron/neutron/scheduler/dhcp_agent_scheduler.py:275}}
Aug 25 18:23:59.615816 dv-cinder-790492-8-iscsi neutron-server[93791]: DEBUG neutron.scheduler.base_scheduler [req-11b961f7-67eb-4015-9d77-ae202b517192 req-26abdf54-5cdb-4978-8342-8b874aedd702 tempest-VolumesActionsTest-147102442 tempest-VolumesActionsTest-147102442-project] Resources bound (agent type, host, resource id): {{(pid=93791) schedule /opt/stack/neutron/neutron/scheduler/base_scheduler.py:57}}
Aug 25 18:23:59.637137 dv-cinder-790492-8-iscsi neutron-server[93791]: DEBUG neutron.db.l3_dvrscheduler_db [req-11b961f7-67eb-4015-9d77-ae202b517192 req-26abdf54-5cdb-4978-8342-8b874aedd702 tempest-VolumesActionsTest-147102442 tempest-VolumesActionsTest-147102442-project] Received port after_create {{(pid=93791) _notify_l3_agent_new_port /opt/stack/neutron/neutron/db/l3_dvrscheduler_db.py:535}}
Aug 25 18:23:59.643322 dv-cinder-790492-8-iscsi neutron-server[93792]: DEBUG neutron_lib.callbacks.manager [None req-b237a47d-8ccc-43e7-9cc2-1158cb78a89c tempest-AttachVolumeTestJSON-2038743220 tempest-AttachVolumeTestJSON-2038743220-project] Notify callbacks ['neutron.plugins.ml2.plugin.SecurityGroupServerNotifierRpcMixin._notify_sg_on_port_change-596249', 'neutron.plugins.ml2.ovo_rpc._ObjectChangeHandler.handle_event-47650', 'neutron.api.rpc.agentnotifiers.dhcp_rpc_agent_api.DhcpAgentNotifyAPI._native_event_send_dhcp_notification-1611146', 'neutron.db.l3_dvrscheduler_db._notify_l3_agent_new_port-8748354017823', 'neutron.services.segments.plugin.NovaSegmentNotifier._notify_port_created_or_deleted-12706292'] for port, after_create {{(pid=93792) _notify_loop /usr/local/lib/python3.8/dist-packages/neutron_lib/callbacks/manager.py:192}}
Aug 25 18:23:59.648377 dv-cinder-790492-8-iscsi neutron-server[93791]: DEBUG neutron.pecan_wsgi.hooks.policy_enforcement [req-11b961f7-67eb-4015-9d77-ae202b517192 req-26abdf54-5cdb-4978-8342-8b874aedd702 tempest-VolumesActionsTest-147102442 tempest-VolumesActionsTest-147102442-project] Attributes excluded by policy engine: ['standard_attr_id', 'binding:profile', 'binding:host_id', 'binding:vif_type', 'binding:vif_details', 'network'] {{(pid=93791) _exclude_attributes_by_policy /opt/stack/neutron/neutron/pecan_wsgi/hooks/policy_enforcement.py:255}}
Aug 25 18:23:59.653423 dv-cinder-790492-8-iscsi neutron-server[93791]: DEBUG neutron_lib.callbacks.manager [req-11b961f7-67eb-4015-9d77-ae202b517192 req-26abdf54-5cdb-4978-8342-8b874aedd702 tempest-VolumesActionsTest-147102442 tempest-VolumesActionsTest-147102442-project] Notify callbacks ['neutron.notifiers.nova.Notifier._send_nova_notification-130259'] for port, before_response {{(pid=93791) _notify_loop /usr/local/lib/python3.8/dist-packages/neutron_lib/callbacks/manager.py:192}}
Aug 25 18:23:59.708345 dv-cinder-790492-8-iscsi neutron-server[93791]: INFO neutron.wsgi [req-11b961f7-67eb-4015-9d77-ae202b517192 req-26abdf54-5cdb-4978-8342-8b874aedd702 tempest-VolumesActionsTest-147102442 tempest-VolumesActionsTest-147102442-project] 10.222.0.24 "POST /v2.0/ports HTTP/1.1" status: 201 len: 933 time: 1.6005514
Aug 25 18:23:59.716690 dv-cinder-790492-8-iscsi neutron-server[93791]: DEBUG neutron.db.db_base_plugin_common [req-1b6cf185-e44d-4b3d-a930-2f9287ec0e0c req-ae29a295-ca83-4a9b-8eeb-05c349636fe0 tempest-AttachVolumeNegativeTest-1789752098 tempest-AttachVolumeNegativeTest-1789752098-project] Allocated IP 172.20.0.4 (2cd15194-5e4d-4178-a19c-bfac18d7be9f/ecab46d4-97f7-43f1-803d-02b5f4e01661/f56e0972-0d9c-49d1-951d-028a21f35377) {{(pid=93791) _store_ip_allocation /opt/stack/neutron/neutron/db/db_base_plugin_common.py:131}}
Aug 25 18:23:59.720417 dv-cinder-790492-8-iscsi neutron-server[93792]: DEBUG neutron.scheduler.dhcp_agent_scheduler [None req-b237a47d-8ccc-43e7-9cc2-1158cb78a89c tempest-AttachVolumeTestJSON-2038743220 tempest-AttachVolumeTestJSON-2038743220-project] Network e0615610-0145-4336-86ca-92716d56c217 is already hosted by enough agents. {{(pid=93792) _get_dhcp_agents_hosting_network /opt/stack/neutron/neutron/scheduler/dhcp_agent_scheduler.py:275}}
Aug 25 18:23:59.726460 dv-cinder-790492-8-iscsi neutron-server[93791]: DEBUG neutron.api.v2.base [req-11b961f7-67eb-4015-9d77-ae202b517192 req-fc89a2d8-6a17-48c5-9c70-d8ec64cf6548 service neutron] Request body: {'port': {'device_id': '0cc5bf04-e7cb-4a8a-9876-2407539a73b9', 'device_owner': 'compute:nova', 'binding:host_id': 'hv-cinder-79049'}} {{(pid=93791) prepare_request_body /opt/stack/neutron/neutron/api/v2/base.py:730}}
Aug 25 18:23:59.726863 dv-cinder-790492-8-iscsi neutron-server[93792]: DEBUG neutron.scheduler.base_scheduler [None req-b237a47d-8ccc-43e7-9cc2-1158cb78a89c tempest-AttachVolumeTestJSON-2038743220 tempest-AttachVolumeTestJSON-2038743220-project] Resources bound (agent type, host, resource id): {{(pid=93792) schedule /opt/stack/neutron/neutron/scheduler/base_scheduler.py:57}}
Aug 25 18:23:59.742530 dv-cinder-790492-8-iscsi neutron-server[93792]: DEBUG neutron.db.l3_dvrscheduler_db [None req-b237a47d-8ccc-43e7-9cc2-1158cb78a89c tempest-AttachVolumeTestJSON-2038743220 tempest-AttachVolumeTestJSON-2038743220-project] Received port after_create {{(pid=93792) _notify_l3_agent_new_port /opt/stack/neutron/neutron/db/l3_dvrscheduler_db.py:535}}
Aug 25 18:23:59.783707 dv-cinder-790492-8-iscsi neutron-server[93792]: DEBUG neutron.api.rpc.handlers.resources_rpc [None req-b237a47d-8ccc-43e7-9cc2-1158cb78a89c tempest-AttachVolumeTestJSON-2038743220 tempest-AttachVolumeTestJSON-2038743220-project] Pushing event updated for resources: {'Port': ['ID=71745bd2-4270-4660-9ae5-76197d3f1d12,revision_number=1']} {{(pid=93792) push /opt/stack/neutron/neutron/api/rpc/handlers/resources_rpc.py:237}}
Aug 25 18:23:59.866190 dv-cinder-790492-8-iscsi neutron-server[93792]: DEBUG neutron_lib.callbacks.manager [None req-b237a47d-8ccc-43e7-9cc2-1158cb78a89c tempest-AttachVolumeTestJSON-2038743220 tempest-AttachVolumeTestJSON-2038743220-project] Notify callbacks [] for floatingip, precommit_create {{(pid=93792) _notify_loop /usr/local/lib/python3.8/dist-packages/neutron_lib/callbacks/manager.py:192}}
Aug 25 18:23:59.883156 dv-cinder-790492-8-iscsi neutron-server[93791]: DEBUG neutron_lib.callbacks.manager [req-11b961f7-67eb-4015-9d77-ae202b517192 req-fc89a2d8-6a17-48c5-9c70-d8ec64cf6548 service neutron] Notify callbacks ['neutron.plugins.ml2.plugin.SecurityGroupDbMixin._ensure_default_security_group_handler-596310'] for port, before_update {{(pid=93791) _notify_loop /usr/local/lib/python3.8/dist-packages/neutron_lib/callbacks/manager.py:192}}
Aug 25 18:23:59.922916 dv-cinder-790492-8-iscsi neutron-server[93792]: DEBUG neutron_lib.callbacks.manager [None req-b237a47d-8ccc-43e7-9cc2-1158cb78a89c tempest-AttachVolumeTestJSON-2038743220 tempest-AttachVolumeTestJSON-2038743220-project] Notify callbacks ['neutron.plugins.ml2.plugin.SecurityGroupDbMixin._ensure_default_security_group_handler-596310'] for port, before_update {{(pid=93792) _notify_loop /usr/local/lib/python3.8/dist-packages/neutron_lib/callbacks/manager.py:192}}
Aug 25 18:24:00.125074 dv-cinder-790492-8-iscsi neutron-server[93791]: DEBUG neutron.pecan_wsgi.hooks.policy_enforcement [req-93c44315-ceca-447b-9270-d72143c35fd8 req-87923205-083d-4e1b-8c77-7b52406505cf service neutron] Attributes excluded by policy engine: ['standard_attr_id'] {{(pid=93791) _exclude_attributes_by_policy /opt/stack/neutron/neutron/pecan_wsgi/hooks/policy_enforcement.py:255}}
Aug 25 18:24:00.132943 dv-cinder-790492-8-iscsi neutron-server[93791]: INFO neutron.wsgi [req-93c44315-ceca-447b-9270-d72143c35fd8 req-87923205-083d-4e1b-8c77-7b52406505cf service neutron] 10.222.0.24 "GET /v2.0/ports?device_id=5f00ccbc-2eda-46a8-a76f-f4fae75fbdfc HTTP/1.1" status: 200 len: 1099 time: 0.3054843
Aug 25 18:24:00.201568 dv-cinder-790492-8-iscsi neutron-server[93792]: DEBUG neutron_lib.callbacks.manager [None req-b237a47d-8ccc-43e7-9cc2-1158cb78a89c tempest-AttachVolumeTestJSON-2038743220 tempest-AttachVolumeTestJSON-2038743220-project] Notify callbacks [] for port, precommit_update {{(pid=93792) _notify_loop /usr/local/lib/python3.8/dist-packages/neutron_lib/callbacks/manager.py:192}}
Aug 25 18:24:00.205626 dv-cinder-790492-8-iscsi neutron-server[93791]: DEBUG neutron_lib.callbacks.manager [req-1b6cf185-e44d-4b3d-a930-2f9287ec0e0c req-ae29a295-ca83-4a9b-8eeb-05c349636fe0 tempest-AttachVolumeNegativeTest-1789752098 tempest-AttachVolumeNegativeTest-1789752098-project] Notify callbacks [] for port, precommit_create {{(pid=93791) _notify_loop /usr/local/lib/python3.8/dist-packages/neutron_lib/callbacks/manager.py:192}}
Aug 25 18:24:00.208220 dv-cinder-790492-8-iscsi neutron-server[93792]: DEBUG neutron_lib.callbacks.manager [None req-b237a47d-8ccc-43e7-9cc2-1158cb78a89c tempest-AttachVolumeTestJSON-2038743220 tempest-AttachVolumeTestJSON-2038743220-project] Notify callbacks ['neutron.plugins.ml2.plugin.SecurityGroupServerNotifierRpcMixin._notify_sg_on_port_change-596249', 'neutron.plugins.ml2.ovo_rpc._ObjectChangeHandler.handle_event-47650', 'neutron.api.rpc.agentnotifiers.dhcp_rpc_agent_api.DhcpAgentNotifyAPI._native_event_send_dhcp_notification-1611146', 'neutron.db.l3_db.L3RpcNotifierMixin._notify_gateway_port_ip_changed-8748354477873', 'neutron.db.l3_dvrscheduler_db._notify_l3_agent_port_update-8748354017841', 'neutron.db.l3_hascheduler_db._notify_l3_agent_ha_port_update-8748354017859', 'neutron.services.segments.plugin.NovaSegmentNotifier._notify_port_updated-12706285'] for port, after_update {{(pid=93792) _notify_loop /usr/local/lib/python3.8/dist-packages/neutron_lib/callbacks/manager.py:192}}
Aug 25 18:24:00.249427 dv-cinder-790492-8-iscsi neutron-server[93792]: DEBUG neutron.wsgi [-] (93792) accepted ('10.222.0.37', 35552) {{(pid=93792) server /usr/local/lib/python3.8/dist-packages/eventlet/wsgi.py:982}}
Aug 25 18:24:00.290009 dv-cinder-790492-8-iscsi neutron-server[93791]: INFO neutron.wsgi [req-93c44315-ceca-447b-9270-d72143c35fd8 req-2c867f2f-57b1-446b-8f4f-f1d4939bf1b6 service neutron] 10.222.0.24 "GET /v2.0/security-groups?id=5cab83af-57d5-45c2-9bb9-65e6fc4e45c8&fields=id&fields=name HTTP/1.1" status: 200 len: 286 time: 0.1456172
Aug 25 18:24:00.309493 dv-cinder-790492-8-iscsi neutron-server[93792]: DEBUG neutron.api.rpc.handlers.resources_rpc [None req-b237a47d-8ccc-43e7-9cc2-1158cb78a89c tempest-AttachVolumeTestJSON-2038743220 tempest-AttachVolumeTestJSON-2038743220-project] Pushing event updated for resources: {'Port': ['ID=71745bd2-4270-4660-9ae5-76197d3f1d12,revision_number=2']} {{(pid=93792) push /opt/stack/neutron/neutron/api/rpc/handlers/resources_rpc.py:237}}
Aug 25 18:24:00.319622 dv-cinder-790492-8-iscsi neutron-server[93792]: DEBUG neutron_lib.callbacks.manager [None req-b237a47d-8ccc-43e7-9cc2-1158cb78a89c tempest-AttachVolumeTestJSON-2038743220 tempest-AttachVolumeTestJSON-2038743220-project] Notify callbacks ['neutron.services.l3_router.l3_router_plugin.DVRResourceOperationHandler._create_dvr_floating_gw_port-438161'] for floatingip, after_create {{(pid=93792) _notify_loop /usr/local/lib/python3.8/dist-packages/neutron_lib/callbacks/manager.py:192}}
Aug 25 18:24:00.350849 dv-cinder-790492-8-iscsi neutron-server[93792]: DEBUG neutron_lib.callbacks.manager [None req-b237a47d-8ccc-43e7-9cc2-1158cb78a89c tempest-AttachVolumeTestJSON-2038743220 tempest-AttachVolumeTestJSON-2038743220-project] Notify callbacks ['neutron.notifiers.nova.Notifier._send_nova_notification-130259'] for floatingip, before_response {{(pid=93792) _notify_loop /usr/local/lib/python3.8/dist-packages/neutron_lib/callbacks/manager.py:192}}
Aug 25 18:24:00.352597 dv-cinder-790492-8-iscsi neutron-server[93792]: INFO neutron.wsgi [None req-b237a47d-8ccc-43e7-9cc2-1158cb78a89c tempest-AttachVolumeTestJSON-2038743220 tempest-AttachVolumeTestJSON-2038743220-project] 10.222.0.37 "POST /v2.0/floatingips HTTP/1.1" status: 201 len: 693 time: 1.6360974
Aug 25 18:24:00.385901 dv-cinder-790492-8-iscsi neutron-server[93791]: DEBUG neutron_lib.callbacks.manager [req-1b6cf185-e44d-4b3d-a930-2f9287ec0e0c req-ae29a295-ca83-4a9b-8eeb-05c349636fe0 tempest-AttachVolumeNegativeTest-1789752098 tempest-AttachVolumeNegativeTest-1789752098-project] Notify callbacks ['neutron.plugins.ml2.plugin.SecurityGroupServerNotifierRpcMixin._notify_sg_on_port_change-596249', 'neutron.plugins.ml2.ovo_rpc._ObjectChangeHandler.handle_event-47650', 'neutron.api.rpc.agentnotifiers.dhcp_rpc_agent_api.DhcpAgentNotifyAPI._native_event_send_dhcp_notification-1611146', 'neutron.db.l3_dvrscheduler_db._notify_l3_agent_new_port-8748354017823'] for port, after_create {{(pid=93791) _notify_loop /usr/local/lib/python3.8/dist-packages/neutron_lib/callbacks/manager.py:192}}
Aug 25 18:24:00.410845 dv-cinder-790492-8-iscsi neutron-server[93793]: DEBUG neutron.plugins.ml2.db [None req-9895df43-74e8-4a1c-ad14-b7ca3a9b8d86 None None] get_ports_and_sgs() called for port_ids ['f4dda55a-138e-4547-958a-e8ea46b3244e', '851e6b02-1d26-41c2-b4d8-4cd25cad8dcc'] {{(pid=93793) get_ports_and_sgs /opt/stack/neutron/neutron/plugins/ml2/db.py:156}}
Aug 25 18:24:00.476883 dv-cinder-790492-8-iscsi neutron-server[93792]: DEBUG neutron_lib.callbacks.manager [None req-ad55ee45-a679-44ff-9eaa-002ffd7f7ce4 admin admin] Notify callbacks [] for security_group, before_create {{(pid=93792) _notify_loop /usr/local/lib/python3.8/dist-packages/neutron_lib/callbacks/manager.py:192}}
Aug 25 18:24:00.663408 dv-cinder-790492-8-iscsi neutron-server[93792]: DEBUG neutron_lib.callbacks.manager [None req-ad55ee45-a679-44ff-9eaa-002ffd7f7ce4 admin admin] Notify callbacks [] for security_group, precommit_create {{(pid=93792) _notify_loop /usr/local/lib/python3.8/dist-packages/neutron_lib/callbacks/manager.py:192}}
Aug 25 18:24:00.668644 dv-cinder-790492-8-iscsi neutron-server[93792]: DEBUG neutron_lib.callbacks.manager [None req-ad55ee45-a679-44ff-9eaa-002ffd7f7ce4 admin admin] Notify callbacks ['neutron.plugins.ml2.ovo_rpc._ObjectChangeHandler.handle_event-497176'] for security_group, after_create {{(pid=93792) _notify_loop /usr/local/lib/python3.8/dist-packages/neutron_lib/callbacks/manager.py:192}}
Aug 25 18:24:00.709620 dv-cinder-790492-8-iscsi neutron-server[93792]: INFO neutron.wsgi [None req-ad55ee45-a679-44ff-9eaa-002ffd7f7ce4 admin admin] 10.222.0.37 "GET /v2.0/security-groups?tenant_id=56f36810b6504b878eb611242bf1a100&name=default HTTP/1.1" status: 200 len: 2979 time: 0.4565046
Aug 25 18:24:00.709620 dv-cinder-790492-8-iscsi neutron-server[93792]: DEBUG neutron.api.rpc.handlers.resources_rpc [None req-ad55ee45-a679-44ff-9eaa-002ffd7f7ce4 admin admin] Pushing event updated for resources: {'SecurityGroup': ['ID=146579d5-56dd-44b5-997c-0c950968c980,revision_number=1']} {{(pid=93792) push /opt/stack/neutron/neutron/api/rpc/handlers/resources_rpc.py:237}}
Aug 25 18:24:00.711005 dv-cinder-790492-8-iscsi neutron-server[93792]: DEBUG neutron.wsgi [-] (93792) accepted ('10.222.0.37', 35568) {{(pid=93792) server /usr/local/lib/python3.8/dist-packages/eventlet/wsgi.py:982}}
Aug 25 18:24:00.773516 dv-cinder-790492-8-iscsi neutron-server[93792]: DEBUG neutron_lib.callbacks.manager [None req-79f17bc4-5c5d-45df-ad8a-be5dc158f317 admin admin] Notify callbacks [] for security_group, before_delete {{(pid=93792) _notify_loop /usr/local/lib/python3.8/dist-packages/neutron_lib/callbacks/manager.py:192}}
Aug 25 18:24:00.777839 dv-cinder-790492-8-iscsi neutron-server[93791]: DEBUG neutron.scheduler.dhcp_agent_scheduler [req-1b6cf185-e44d-4b3d-a930-2f9287ec0e0c req-ae29a295-ca83-4a9b-8eeb-05c349636fe0 tempest-AttachVolumeNegativeTest-1789752098 tempest-AttachVolumeNegativeTest-1789752098-project] Network 2cd15194-5e4d-4178-a19c-bfac18d7be9f is already hosted by enough agents. {{(pid=93791) _get_dhcp_agents_hosting_network /opt/stack/neutron/neutron/scheduler/dhcp_agent_scheduler.py:275}}
Aug 25 18:24:00.797167 dv-cinder-790492-8-iscsi neutron-server[93792]: DEBUG neutron_lib.callbacks.manager [None req-79f17bc4-5c5d-45df-ad8a-be5dc158f317 admin admin] Notify callbacks [] for security_group, precommit_delete {{(pid=93792) _notify_loop /usr/local/lib/python3.8/dist-packages/neutron_lib/callbacks/manager.py:192}}
Aug 25 18:24:00.821509 dv-cinder-790492-8-iscsi neutron-server[93791]: DEBUG neutron.scheduler.base_scheduler [req-1b6cf185-e44d-4b3d-a930-2f9287ec0e0c req-ae29a295-ca83-4a9b-8eeb-05c349636fe0 tempest-AttachVolumeNegativeTest-1789752098 tempest-AttachVolumeNegativeTest-1789752098-project] Resources bound (agent type, host, resource id): {{(pid=93791) schedule /opt/stack/neutron/neutron/scheduler/base_scheduler.py:57}}
Aug 25 18:24:00.830837 dv-cinder-790492-8-iscsi neutron-server[93791]: DEBUG neutron.api.rpc.handlers.resources_rpc [None req-ae29a295-ca83-4a9b-8eeb-05c349636fe0 tempest-AttachVolumeNegativeTest-1789752098 tempest-AttachVolumeNegativeTest-1789752098-project] Pushing event updated for resources: {'Port': ['ID=f56e0972-0d9c-49d1-951d-028a21f35377,revision_number=1']} {{(pid=93791) push /opt/stack/neutron/neutron/api/rpc/handlers/resources_rpc.py:237}}
Aug 25 18:24:00.840785 dv-cinder-790492-8-iscsi neutron-server[93791]: DEBUG neutron.db.l3_dvrscheduler_db [req-1b6cf185-e44d-4b3d-a930-2f9287ec0e0c req-ae29a295-ca83-4a9b-8eeb-05c349636fe0 tempest-AttachVolumeNegativeTest-1789752098 tempest-AttachVolumeNegativeTest-1789752098-project] Received port after_create {{(pid=93791) _notify_l3_agent_new_port /opt/stack/neutron/neutron/db/l3_dvrscheduler_db.py:535}}
Aug 25 18:24:00.847595 dv-cinder-790492-8-iscsi neutron-server[93791]: DEBUG neutron.pecan_wsgi.hooks.policy_enforcement [req-1b6cf185-e44d-4b3d-a930-2f9287ec0e0c req-ae29a295-ca83-4a9b-8eeb-05c349636fe0 tempest-AttachVolumeNegativeTest-1789752098 tempest-AttachVolumeNegativeTest-1789752098-project] Attributes excluded by policy engine: ['standard_attr_id', 'binding:profile', 'binding:host_id', 'binding:vif_type', 'binding:vif_details', 'network'] {{(pid=93791) _exclude_attributes_by_policy /opt/stack/neutron/neutron/pecan_wsgi/hooks/policy_enforcement.py:255}}
Aug 25 18:24:00.848082 dv-cinder-790492-8-iscsi neutron-server[93791]: DEBUG neutron_lib.callbacks.manager [req-1b6cf185-e44d-4b3d-a930-2f9287ec0e0c req-ae29a295-ca83-4a9b-8eeb-05c349636fe0 tempest-AttachVolumeNegativeTest-1789752098 tempest-AttachVolumeNegativeTest-1789752098-project] Notify callbacks ['neutron.notifiers.nova.Notifier._send_nova_notification-130259'] for port, before_response {{(pid=93791) _notify_loop /usr/local/lib/python3.8/dist-packages/neutron_lib/callbacks/manager.py:192}}
Aug 25 18:24:00.850940 dv-cinder-790492-8-iscsi neutron-server[93792]: DEBUG neutron_lib.callbacks.manager [None req-79f17bc4-5c5d-45df-ad8a-be5dc158f317 admin admin] Notify callbacks ['neutron.plugins.ml2.ovo_rpc._ObjectChangeHandler.handle_event-497176'] for security_group, after_delete {{(pid=93792) _notify_loop /usr/local/lib/python3.8/dist-packages/neutron_lib/callbacks/manager.py:192}}
Aug 25 18:24:00.854299 dv-cinder-790492-8-iscsi neutron-server[93792]: DEBUG neutron_lib.callbacks.manager [None req-79f17bc4-5c5d-45df-ad8a-be5dc158f317 admin admin] Notify callbacks [] for security_group, before_response {{(pid=93792) _notify_loop /usr/local/lib/python3.8/dist-packages/neutron_lib/callbacks/manager.py:192}}
Aug 25 18:24:00.855624 dv-cinder-790492-8-iscsi neutron-server[93792]: INFO neutron.wsgi [None req-79f17bc4-5c5d-45df-ad8a-be5dc158f317 admin admin] 10.222.0.37 "DELETE /v2.0/security-groups/146579d5-56dd-44b5-997c-0c950968c980 HTTP/1.1" status: 204 len: 168 time: 0.1441724
Aug 25 18:24:00.865790 dv-cinder-790492-8-iscsi neutron-server[93792]: DEBUG neutron.api.rpc.handlers.resources_rpc [None req-79f17bc4-5c5d-45df-ad8a-be5dc158f317 admin admin] Pushing event deleted for resources: {'SecurityGroup': ['ID=146579d5-56dd-44b5-997c-0c950968c980,revision_number=None']} {{(pid=93792) push /opt/stack/neutron/neutron/api/rpc/handlers/resources_rpc.py:237}}
Aug 25 18:24:00.910084 dv-cinder-790492-8-iscsi neutron-server[93791]: DEBUG neutron.notifiers.nova [req-11b961f7-67eb-4015-9d77-ae202b517192 req-fc89a2d8-6a17-48c5-9c70-d8ec64cf6548 service neutron] Ignoring state change previous_port_status: DOWN current_port_status: DOWN port_id 23589040-3469-4d0a-9c0b-77c2255d3037 {{(pid=93791) record_port_status_changed /opt/stack/neutron/neutron/notifiers/nova.py:224}}
Aug 25 18:24:00.929765 dv-cinder-790492-8-iscsi neutron-server[93791]: DEBUG neutron_lib.callbacks.manager [req-11b961f7-67eb-4015-9d77-ae202b517192 req-fc89a2d8-6a17-48c5-9c70-d8ec64cf6548 service neutron] Notify callbacks [] for port, precommit_update {{(pid=93791) _notify_loop /usr/local/lib/python3.8/dist-packages/neutron_lib/callbacks/manager.py:192}}
Aug 25 18:24:00.936418 dv-cinder-790492-8-iscsi neutron-server[93791]: INFO neutron.wsgi [req-1b6cf185-e44d-4b3d-a930-2f9287ec0e0c req-ae29a295-ca83-4a9b-8eeb-05c349636fe0 tempest-AttachVolumeNegativeTest-1789752098 tempest-AttachVolumeNegativeTest-1789752098-project] 10.222.0.24 "POST /v2.0/ports HTTP/1.1" status: 201 len: 933 time: 2.1521165
Aug 25 18:24:00.956540 dv-cinder-790492-8-iscsi neutron-server[93791]: DEBUG neutron.pecan_wsgi.hooks.policy_enforcement [req-70be5069-bad5-403e-b763-7bdcc72b892a req-91a3936b-0999-4690-9120-862c7a69da41 tempest-VolumesActionsTest-147102442 tempest-VolumesActionsTest-147102442-project] Attributes excluded by policy engine: ['standard_attr_id', 'binding:profile', 'binding:host_id', 'binding:vif_type', 'binding:vif_details'] {{(pid=93791) _exclude_attributes_by_policy /opt/stack/neutron/neutron/pecan_wsgi/hooks/policy_enforcement.py:255}}
Aug 25 18:24:00.958103 dv-cinder-790492-8-iscsi neutron-server[93791]: INFO neutron.wsgi [req-70be5069-bad5-403e-b763-7bdcc72b892a req-91a3936b-0999-4690-9120-862c7a69da41 tempest-VolumesActionsTest-147102442 tempest-VolumesActionsTest-147102442-project] 10.222.0.37 "GET /v2.0/ports?device_id=0cc5bf04-e7cb-4a8a-9876-2407539a73b9 HTTP/1.1" status: 200 len: 931 time: 0.5135703
Aug 25 18:24:00.969574 dv-cinder-790492-8-iscsi neutron-server[93791]: DEBUG neutron.pecan_wsgi.hooks.policy_enforcement [req-1a384e2c-fbc0-4895-b16c-0d64210edb13 req-c905151e-9e44-411d-9c03-43eb535f3337 tempest-ServerRescueNegativeTestJSON-1784520531 tempest-ServerRescueNegativeTestJSON-1784520531-project] Attributes excluded by policy engine: ['standard_attr_id', 'binding:profile', 'binding:host_id', 'binding:vif_type', 'binding:vif_details'] {{(pid=93791) _exclude_attributes_by_policy /opt/stack/neutron/neutron/pecan_wsgi/hooks/policy_enforcement.py:255}}
Aug 25 18:24:00.971118 dv-cinder-790492-8-iscsi neutron-server[93791]: INFO neutron.wsgi [req-1a384e2c-fbc0-4895-b16c-0d64210edb13 req-c905151e-9e44-411d-9c03-43eb535f3337 tempest-ServerRescueNegativeTestJSON-1784520531 tempest-ServerRescueNegativeTestJSON-1784520531-project] 10.222.0.37 "GET /v2.0/ports?device_id=5f00ccbc-2eda-46a8-a76f-f4fae75fbdfc HTTP/1.1" status: 200 len: 946 time: 0.2076304
Aug 25 18:24:00.976295 dv-cinder-790492-8-iscsi neutron-server[93791]: DEBUG neutron.api.v2.base [req-1b6cf185-e44d-4b3d-a930-2f9287ec0e0c req-0419f183-edd8-4577-8c8f-7b631a197f2a service neutron] Request body: {'port': {'device_id': 'ab098503-6df4-46e9-8e5a-3b9b4e03bc6e', 'device_owner': 'compute:nova', 'binding:host_id': 'hv-cinder-79049'}} {{(pid=93791) prepare_request_body /opt/stack/neutron/neutron/api/v2/base.py:730}}
Aug 25 18:24:00.979837 dv-cinder-790492-8-iscsi neutron-server[93791]: DEBUG neutron.db.provisioning_blocks [req-11b961f7-67eb-4015-9d77-ae202b517192 req-fc89a2d8-6a17-48c5-9c70-d8ec64cf6548 service neutron] Transition to ACTIVE for port object 23589040-3469-4d0a-9c0b-77c2255d3037 will not be triggered until provisioned by entity L2. {{(pid=93791) add_provisioning_component /opt/stack/neutron/neutron/db/provisioning_blocks.py:73}}
Aug 25 18:24:01.012281 dv-cinder-790492-8-iscsi neutron-server[93791]: DEBUG neutron_lib.callbacks.manager [req-11b961f7-67eb-4015-9d77-ae202b517192 req-fc89a2d8-6a17-48c5-9c70-d8ec64cf6548 service neutron] Notify callbacks ['neutron.plugins.ml2.plugin.SecurityGroupServerNotifierRpcMixin._notify_sg_on_port_change-596249', 'neutron.plugins.ml2.ovo_rpc._ObjectChangeHandler.handle_event-47650', 'neutron.api.rpc.agentnotifiers.dhcp_rpc_agent_api.DhcpAgentNotifyAPI._native_event_send_dhcp_notification-1611146', 'neutron.db.l3_db.L3RpcNotifierMixin._notify_gateway_port_ip_changed-8748354477873', 'neutron.db.l3_dvrscheduler_db._notify_l3_agent_port_update-8748354017841', 'neutron.db.l3_hascheduler_db._notify_l3_agent_ha_port_update-8748354017859'] for port, after_update {{(pid=93791) _notify_loop /usr/local/lib/python3.8/dist-packages/neutron_lib/callbacks/manager.py:192}}
Aug 25 18:24:01.136194 dv-cinder-790492-8-iscsi neutron-server[93791]: INFO neutron.wsgi [req-70be5069-bad5-403e-b763-7bdcc72b892a req-4f343079-9ed3-4019-bf69-25f6f86b7976 tempest-VolumesActionsTest-147102442 tempest-VolumesActionsTest-147102442-project] 10.222.0.37 "GET /v2.0/security-groups?id=8fa8411f-f329-4f07-af96-a056509f895f&fields=id&fields=name HTTP/1.1" status: 200 len: 286 time: 0.1636503
