May 31 12:51:42.727296 dv-cinder-790492-5-iscsi neutron-server[91757]: DEBUG neutron.plugins.ml2.db [None req-909a84ba-bae9-4a74-ba43-c398b3dff85e None None] get_ports_and_sgs() called for port_ids ['f6546907-2c0a-4546-80db-ab3b63c22e3f'] {{(pid=91757) get_ports_and_sgs /opt/stack/neutron/neutron/plugins/ml2/db.py:164}}
May 31 12:51:43.095229 dv-cinder-790492-5-iscsi neutron-server[91755]: DEBUG neutron.pecan_wsgi.hooks.policy_enforcement [req-ef15fa2f-875f-4de9-a3ae-3945278c59b3 req-e9d8fe8a-307b-4000-94ca-f5a36986710a tempest-DeleteServersTestJSON-2138499329 tempest-DeleteServersTestJSON-2138499329-project] Attributes excluded by policy engine: ['standard_attr_id', 'binding:profile', 'binding:host_id', 'binding:vif_type', 'binding:vif_details'] {{(pid=91755) _exclude_attributes_by_policy /opt/stack/neutron/neutron/pecan_wsgi/hooks/policy_enforcement.py:255}}
May 31 12:51:43.096804 dv-cinder-790492-5-iscsi neutron-server[91755]: INFO neutron.wsgi [req-ef15fa2f-875f-4de9-a3ae-3945278c59b3 req-e9d8fe8a-307b-4000-94ca-f5a36986710a tempest-DeleteServersTestJSON-2138499329 tempest-DeleteServersTestJSON-2138499329-project] 10.222.0.68 "GET /v2.0/ports?device_id=9e501a22-889e-46d9-b76c-9c8ef3ce8c57 HTTP/1.1" status: 200 len: 944 time: 0.0857570
May 31 12:51:43.141398 dv-cinder-790492-5-iscsi neutron-server[91755]: INFO neutron.wsgi [req-ef15fa2f-875f-4de9-a3ae-3945278c59b3 req-4f0df91c-035d-4564-afcc-a32a133b5d15 tempest-DeleteServersTestJSON-2138499329 tempest-DeleteServersTestJSON-2138499329-project] 10.222.0.68 "GET /v2.0/security-groups?id=9fb9e646-4395-49ef-8aa2-e77abbdbd2bf&fields=id&fields=name HTTP/1.1" status: 200 len: 286 time: 0.0388148
May 31 12:51:43.527344 dv-cinder-790492-5-iscsi neutron-server[91755]: DEBUG neutron.pecan_wsgi.hooks.policy_enforcement [req-e6779466-8962-402c-be66-dfa95e581b4a req-00e8d832-1539-41b4-89ab-e34b20c5c7b4 tempest-AttachVolumeShelveTestJSON-1461612655 tempest-AttachVolumeShelveTestJSON-1461612655-project] Attributes excluded by policy engine: ['standard_attr_id', 'binding:profile', 'binding:host_id', 'binding:vif_type', 'binding:vif_details'] {{(pid=91755) _exclude_attributes_by_policy /opt/stack/neutron/neutron/pecan_wsgi/hooks/policy_enforcement.py:255}}
May 31 12:51:43.528802 dv-cinder-790492-5-iscsi neutron-server[91755]: INFO neutron.wsgi [req-e6779466-8962-402c-be66-dfa95e581b4a req-00e8d832-1539-41b4-89ab-e34b20c5c7b4 tempest-AttachVolumeShelveTestJSON-1461612655 tempest-AttachVolumeShelveTestJSON-1461612655-project] 10.222.0.68 "GET /v2.0/ports?device_id=684e2a9f-dee2-4c5c-9938-6c50632153e8 HTTP/1.1" status: 200 len: 943 time: 0.1673934
May 31 12:51:43.585012 dv-cinder-790492-5-iscsi neutron-server[91755]: INFO neutron.wsgi [req-e6779466-8962-402c-be66-dfa95e581b4a req-80cdc4e1-0d9c-49c1-87c6-c7e0ddb0b3f4 tempest-AttachVolumeShelveTestJSON-1461612655 tempest-AttachVolumeShelveTestJSON-1461612655-project] 10.222.0.68 "GET /v2.0/security-groups?id=757cca1d-a67a-40ac-8827-3896132eb1bf&fields=id&fields=name HTTP/1.1" status: 200 len: 313 time: 0.0490580
May 31 12:51:43.596853 dv-cinder-790492-5-iscsi neutron-server[91755]: DEBUG neutron.pecan_wsgi.hooks.policy_enforcement [req-7a706565-6710-4e3a-9531-b1035c14e95f req-064e4db1-8604-4f11-9e26-a32b63d9cf69 tempest-AttachVolumeTestJSON-1039447614 tempest-AttachVolumeTestJSON-1039447614-project] Attributes excluded by policy engine: ['standard_attr_id', 'binding:profile', 'binding:host_id', 'binding:vif_type', 'binding:vif_details'] {{(pid=91755) _exclude_attributes_by_policy /opt/stack/neutron/neutron/pecan_wsgi/hooks/policy_enforcement.py:255}}
May 31 12:51:43.598374 dv-cinder-790492-5-iscsi neutron-server[91755]: INFO neutron.wsgi [req-7a706565-6710-4e3a-9531-b1035c14e95f req-064e4db1-8604-4f11-9e26-a32b63d9cf69 tempest-AttachVolumeTestJSON-1039447614 tempest-AttachVolumeTestJSON-1039447614-project] 10.222.0.68 "GET /v2.0/ports?device_id=7d61a1a8-efef-4ea6-935f-58d4970e870d HTTP/1.1" status: 200 len: 932 time: 0.1294549
May 31 12:51:43.643671 dv-cinder-790492-5-iscsi neutron-server[91755]: INFO neutron.wsgi [req-7a706565-6710-4e3a-9531-b1035c14e95f req-eb40402f-692c-43c5-8c94-e6abc90f794b tempest-AttachVolumeTestJSON-1039447614 tempest-AttachVolumeTestJSON-1039447614-project] 10.222.0.68 "GET /v2.0/security-groups?id=7bd1dc58-ced1-41fd-bb98-88f82c8f0f3b&fields=id&fields=name HTTP/1.1" status: 200 len: 312 time: 0.0392690
May 31 12:51:44.333343 dv-cinder-790492-5-iscsi neutron-server[91755]: DEBUG neutron.pecan_wsgi.hooks.policy_enforcement [req-2f8d6016-6aaa-45bb-831a-05b1f4c8e53a req-34e27f61-15fb-45d9-88e1-f3df3b4b2605 tempest-DeleteServersTestJSON-2138499329 tempest-DeleteServersTestJSON-2138499329-project] Attributes excluded by policy engine: ['standard_attr_id', 'binding:profile', 'binding:host_id', 'binding:vif_type', 'binding:vif_details'] {{(pid=91755) _exclude_attributes_by_policy /opt/stack/neutron/neutron/pecan_wsgi/hooks/policy_enforcement.py:255}}
May 31 12:51:44.334824 dv-cinder-790492-5-iscsi neutron-server[91755]: INFO neutron.wsgi [req-2f8d6016-6aaa-45bb-831a-05b1f4c8e53a req-34e27f61-15fb-45d9-88e1-f3df3b4b2605 tempest-DeleteServersTestJSON-2138499329 tempest-DeleteServersTestJSON-2138499329-project] 10.222.0.68 "GET /v2.0/ports?device_id=9e501a22-889e-46d9-b76c-9c8ef3ce8c57 HTTP/1.1" status: 200 len: 944 time: 0.0838301
May 31 12:51:44.394130 dv-cinder-790492-5-iscsi neutron-server[91755]: INFO neutron.wsgi [req-2f8d6016-6aaa-45bb-831a-05b1f4c8e53a req-547e2b02-500f-4b21-b09f-86c9c3f380ad tempest-DeleteServersTestJSON-2138499329 tempest-DeleteServersTestJSON-2138499329-project] 10.222.0.68 "GET /v2.0/security-groups?id=9fb9e646-4395-49ef-8aa2-e77abbdbd2bf&fields=id&fields=name HTTP/1.1" status: 200 len: 286 time: 0.0524759
May 31 12:51:44.851427 dv-cinder-790492-5-iscsi neutron-server[91755]: DEBUG neutron.pecan_wsgi.hooks.policy_enforcement [req-b4a94262-c8e3-4708-b603-42e72dcde65d req-b44a5b47-08a2-4ddc-aaf5-de46d0ce4052 tempest-AttachVolumeShelveTestJSON-1461612655 tempest-AttachVolumeShelveTestJSON-1461612655-project] Attributes excluded by policy engine: ['standard_attr_id', 'binding:profile', 'binding:host_id', 'binding:vif_type', 'binding:vif_details'] {{(pid=91755) _exclude_attributes_by_policy /opt/stack/neutron/neutron/pecan_wsgi/hooks/policy_enforcement.py:255}}
May 31 12:51:44.852927 dv-cinder-790492-5-iscsi neutron-server[91755]: INFO neutron.wsgi [req-b4a94262-c8e3-4708-b603-42e72dcde65d req-b44a5b47-08a2-4ddc-aaf5-de46d0ce4052 tempest-AttachVolumeShelveTestJSON-1461612655 tempest-AttachVolumeShelveTestJSON-1461612655-project] 10.222.0.68 "GET /v2.0/ports?device_id=684e2a9f-dee2-4c5c-9938-6c50632153e8 HTTP/1.1" status: 200 len: 943 time: 0.1360724
May 31 12:51:44.885764 dv-cinder-790492-5-iscsi neutron-server[91755]: DEBUG neutron.pecan_wsgi.hooks.policy_enforcement [req-9992f73a-d172-46fc-86c8-cdb917950a45 req-0b1fc364-1bd3-4d48-823b-bf588640620b tempest-AttachVolumeTestJSON-1039447614 tempest-AttachVolumeTestJSON-1039447614-project] Attributes excluded by policy engine: ['standard_attr_id', 'binding:profile', 'binding:host_id', 'binding:vif_type', 'binding:vif_details'] {{(pid=91755) _exclude_attributes_by_policy /opt/stack/neutron/neutron/pecan_wsgi/hooks/policy_enforcement.py:255}}
May 31 12:51:44.889596 dv-cinder-790492-5-iscsi neutron-server[91755]: INFO neutron.wsgi [req-9992f73a-d172-46fc-86c8-cdb917950a45 req-0b1fc364-1bd3-4d48-823b-bf588640620b tempest-AttachVolumeTestJSON-1039447614 tempest-AttachVolumeTestJSON-1039447614-project] 10.222.0.68 "GET /v2.0/ports?device_id=7d61a1a8-efef-4ea6-935f-58d4970e870d HTTP/1.1" status: 200 len: 932 time: 0.1272478
May 31 12:51:44.942792 dv-cinder-790492-5-iscsi neutron-server[91755]: INFO neutron.wsgi [req-b4a94262-c8e3-4708-b603-42e72dcde65d req-6b262981-73fe-4584-8c2e-eaa4817799ca tempest-AttachVolumeShelveTestJSON-1461612655 tempest-AttachVolumeShelveTestJSON-1461612655-project] 10.222.0.68 "GET /v2.0/security-groups?id=757cca1d-a67a-40ac-8827-3896132eb1bf&fields=id&fields=name HTTP/1.1" status: 200 len: 313 time: 0.0815561
May 31 12:51:44.962217 dv-cinder-790492-5-iscsi neutron-server[91755]: INFO neutron.wsgi [req-9992f73a-d172-46fc-86c8-cdb917950a45 req-d7d14664-4420-4ed0-836a-8ad4dde0b556 tempest-AttachVolumeTestJSON-1039447614 tempest-AttachVolumeTestJSON-1039447614-project] 10.222.0.68 "GET /v2.0/security-groups?id=7bd1dc58-ced1-41fd-bb98-88f82c8f0f3b&fields=id&fields=name HTTP/1.1" status: 200 len: 312 time: 0.0673230
May 31 12:51:45.139987 dv-cinder-790492-5-iscsi neutron-server[91755]: DEBUG neutron.api.v2.base [req-dbf7b166-9456-47c0-94af-10e69e5e3086 req-a9dae07a-86de-426d-8995-4e578ad86fcf service neutron] Request body: {'port': {'device_id': '7d61a1a8-efef-4ea6-935f-58d4970e870d', 'device_owner': 'compute:nova', 'binding:host_id': 'hv-cinder-79049'}} {{(pid=91755) prepare_request_body /opt/stack/neutron/neutron/api/v2/base.py:729}}
May 31 12:51:45.209082 dv-cinder-790492-5-iscsi neutron-server[91756]: DEBUG neutron.pecan_wsgi.hooks.policy_enforcement [req-c7782bb3-8ea5-4fb2-a780-984fbc0203e3 req-284b9ed6-d832-45be-baa1-6e4cf54fe5f3 service neutron] Attributes excluded by policy engine: ['standard_attr_id'] {{(pid=91756) _exclude_attributes_by_policy /opt/stack/neutron/neutron/pecan_wsgi/hooks/policy_enforcement.py:255}}
May 31 12:51:45.210576 dv-cinder-790492-5-iscsi neutron-server[91756]: INFO neutron.wsgi [req-c7782bb3-8ea5-4fb2-a780-984fbc0203e3 req-284b9ed6-d832-45be-baa1-6e4cf54fe5f3 service neutron] 10.222.0.41 "GET /v2.0/ports?tenant_id=d740e7cd93f347c29b1678a27bcc2cad&device_id=684e2a9f-dee2-4c5c-9938-6c50632153e8 HTTP/1.1" status: 200 len: 1096 time: 0.0760036
May 31 12:51:45.236362 dv-cinder-790492-5-iscsi neutron-server[91756]: DEBUG neutron.wsgi [-] (91756) accepted ('10.222.0.68', 55518) {{(pid=91756) server /usr/local/lib/python3.8/dist-packages/eventlet/wsgi.py:992}}
May 31 12:51:45.258030 dv-cinder-790492-5-iscsi neutron-server[91755]: DEBUG neutron_lib.callbacks.manager [req-dbf7b166-9456-47c0-94af-10e69e5e3086 req-a9dae07a-86de-426d-8995-4e578ad86fcf service neutron] Notify callbacks ['neutron.plugins.ml2.plugin.SecurityGroupDbMixin._ensure_default_security_group_handler_port-639006'] for port, before_update {{(pid=91755) _notify_loop /usr/local/lib/python3.8/dist-packages/neutron_lib/callbacks/manager.py:192}}
May 31 12:51:45.390064 dv-cinder-790492-5-iscsi neutron-server[91756]: DEBUG neutron_lib.callbacks.manager [None req-0949ccb3-1128-45a5-8361-5325a50dceab admin admin] Notify callbacks [] for security_group, before_create {{(pid=91756) _notify_loop /usr/local/lib/python3.8/dist-packages/neutron_lib/callbacks/manager.py:192}}
May 31 12:51:45.411285 dv-cinder-790492-5-iscsi neutron-server[91756]: DEBUG neutron.pecan_wsgi.hooks.policy_enforcement [req-c7782bb3-8ea5-4fb2-a780-984fbc0203e3 req-30627f7e-048f-4566-b966-f2842590c3e5 service neutron] Attributes excluded by policy engine: ['standard_attr_id', 'vlan_transparent'] {{(pid=91756) _exclude_attributes_by_policy /opt/stack/neutron/neutron/pecan_wsgi/hooks/policy_enforcement.py:255}}
May 31 12:51:45.412697 dv-cinder-790492-5-iscsi neutron-server[91756]: INFO neutron.wsgi [req-c7782bb3-8ea5-4fb2-a780-984fbc0203e3 req-30627f7e-048f-4566-b966-f2842590c3e5 service neutron] 10.222.0.41 "GET /v2.0/networks?tenant_id=d740e7cd93f347c29b1678a27bcc2cad&shared=False HTTP/1.1" status: 200 len: 917 time: 0.1652913
May 31 12:51:45.415083 dv-cinder-790492-5-iscsi neutron-server[91756]: DEBUG neutron.db.quota.driver [None req-0949ccb3-1128-45a5-8361-5325a50dceab admin admin] Resources subnetpool have unlimited quota limit. It is not required to calculate headroom {{(pid=91756) make_reservation /opt/stack/neutron/neutron/db/quota/driver.py:219}}
May 31 12:51:45.419770 dv-cinder-790492-5-iscsi neutron-server[91756]: DEBUG neutron.quota.resource [None req-0949ccb3-1128-45a5-8361-5325a50dceab admin admin] Usage tracker for resource:security_group_rule and tenant:f6e56b74cddf420693815add4aec7424 is out of sync, need to count used quota {{(pid=91756) count_used /opt/stack/neutron/neutron/quota/resource.py:270}}
May 31 12:51:45.424340 dv-cinder-790492-5-iscsi neutron-server[91756]: DEBUG neutron.quota.resource [None req-0949ccb3-1128-45a5-8361-5325a50dceab admin admin] Quota usage for security_group_rule was recalculated. Used quota:0. {{(pid=91756) count_used /opt/stack/neutron/neutron/quota/resource.py:290}}
May 31 12:51:45.454819 dv-cinder-790492-5-iscsi neutron-server[91756]: DEBUG neutron.db.quota.driver [None req-0949ccb3-1128-45a5-8361-5325a50dceab admin admin] Attempting to reserve 4 items for resource security_group_rule. Total usage: 0; quota limit: 100; headroom:100 {{(pid=91756) make_reservation /opt/stack/neutron/neutron/db/quota/driver.py:246}}
May 31 12:51:45.600339 dv-cinder-790492-5-iscsi neutron-server[91756]: DEBUG neutron.pecan_wsgi.hooks.policy_enforcement [req-c7782bb3-8ea5-4fb2-a780-984fbc0203e3 req-311510d8-4382-44de-92e0-d31219f58546 service neutron] Attributes excluded by policy engine: ['standard_attr_id', 'vlan_transparent'] {{(pid=91756) _exclude_attributes_by_policy /opt/stack/neutron/neutron/pecan_wsgi/hooks/policy_enforcement.py:255}}
May 31 12:51:45.604181 dv-cinder-790492-5-iscsi neutron-server[91756]: INFO neutron.wsgi [req-c7782bb3-8ea5-4fb2-a780-984fbc0203e3 req-311510d8-4382-44de-92e0-d31219f58546 service neutron] 10.222.0.41 "GET /v2.0/networks?shared=True HTTP/1.1" status: 200 len: 870 time: 0.1789832
May 31 12:51:45.657836 dv-cinder-790492-5-iscsi neutron-server[91756]: DEBUG neutron_lib.callbacks.manager [None req-0949ccb3-1128-45a5-8361-5325a50dceab admin admin] Notify callbacks [] for security_group, precommit_create {{(pid=91756) _notify_loop /usr/local/lib/python3.8/dist-packages/neutron_lib/callbacks/manager.py:192}}
May 31 12:51:45.663739 dv-cinder-790492-5-iscsi neutron-server[91756]: DEBUG neutron_lib.callbacks.manager [None req-0949ccb3-1128-45a5-8361-5325a50dceab admin admin] Notify callbacks ['neutron.plugins.ml2.ovo_rpc._ObjectChangeHandler.handle_event-2017916'] for security_group, after_create {{(pid=91756) _notify_loop /usr/local/lib/python3.8/dist-packages/neutron_lib/callbacks/manager.py:192}}
May 31 12:51:45.691112 dv-cinder-790492-5-iscsi neutron-server[91756]: DEBUG oslo_concurrency.lockutils [-] Lock "event-dispatch" acquired by "neutron.plugins.ml2.ovo_rpc._ObjectChangeHandler.dispatch_events" :: waited 0.000s {{(pid=91756) inner /usr/local/lib/python3.8/dist-packages/oslo_concurrency/lockutils.py:355}}
May 31 12:51:45.728313 dv-cinder-790492-5-iscsi neutron-server[91755]: DEBUG neutron.pecan_wsgi.hooks.policy_enforcement [req-e876156b-5aab-4730-97a7-2d9bd2284837 req-96973dc5-d376-4638-91b9-28604481edd5 tempest-DeleteServersTestJSON-2138499329 tempest-DeleteServersTestJSON-2138499329-project] Attributes excluded by policy engine: ['standard_attr_id', 'binding:profile', 'binding:host_id', 'binding:vif_type', 'binding:vif_details'] {{(pid=91755) _exclude_attributes_by_policy /opt/stack/neutron/neutron/pecan_wsgi/hooks/policy_enforcement.py:255}}
May 31 12:51:45.729805 dv-cinder-790492-5-iscsi neutron-server[91755]: INFO neutron.wsgi [req-e876156b-5aab-4730-97a7-2d9bd2284837 req-96973dc5-d376-4638-91b9-28604481edd5 tempest-DeleteServersTestJSON-2138499329 tempest-DeleteServersTestJSON-2138499329-project] 10.222.0.68 "GET /v2.0/ports?device_id=9e501a22-889e-46d9-b76c-9c8ef3ce8c57 HTTP/1.1" status: 200 len: 944 time: 0.2215104
May 31 12:51:45.749748 dv-cinder-790492-5-iscsi neutron-server[91756]: INFO neutron.wsgi [None req-0949ccb3-1128-45a5-8361-5325a50dceab admin admin] 10.222.0.68 "GET /v2.0/security-groups?tenant_id=f6e56b74cddf420693815add4aec7424&name=default HTTP/1.1" status: 200 len: 2979 time: 0.5120847
May 31 12:51:45.757263 dv-cinder-790492-5-iscsi neutron-server[91756]: DEBUG neutron.wsgi [-] (91756) accepted ('10.222.0.68', 55534) {{(pid=91756) server /usr/local/lib/python3.8/dist-packages/eventlet/wsgi.py:992}}
May 31 12:51:45.785507 dv-cinder-790492-5-iscsi neutron-server[91756]: DEBUG neutron.api.rpc.handlers.resources_rpc [None req-0949ccb3-1128-45a5-8361-5325a50dceab admin admin] Pushing event updated for resources: {'SecurityGroup': ['ID=ac2bf72b-2265-4dc0-8dd2-0ea050b39425,revision_number=1']} {{(pid=91756) push /opt/stack/neutron/neutron/api/rpc/handlers/resources_rpc.py:237}}
May 31 12:51:45.791530 dv-cinder-790492-5-iscsi neutron-server[91756]: DEBUG oslo_concurrency.lockutils [None req-0949ccb3-1128-45a5-8361-5325a50dceab admin admin] Lock "event-dispatch" released by "neutron.plugins.ml2.ovo_rpc._ObjectChangeHandler.dispatch_events" :: held 0.100s {{(pid=91756) inner /usr/local/lib/python3.8/dist-packages/oslo_concurrency/lockutils.py:367}}
May 31 12:51:45.806930 dv-cinder-790492-5-iscsi neutron-server[91755]: DEBUG neutron.notifiers.nova [req-dbf7b166-9456-47c0-94af-10e69e5e3086 req-a9dae07a-86de-426d-8995-4e578ad86fcf service neutron] Ignoring state change previous_port_status: DOWN current_port_status: DOWN port_id e86bcef5-7257-4a40-8d6c-7e7cfe4bb79f {{(pid=91755) record_port_status_changed /opt/stack/neutron/neutron/notifiers/nova.py:224}}
May 31 12:51:45.818048 dv-cinder-790492-5-iscsi neutron-server[91755]: DEBUG neutron_lib.callbacks.manager [req-dbf7b166-9456-47c0-94af-10e69e5e3086 req-a9dae07a-86de-426d-8995-4e578ad86fcf service neutron] Notify callbacks [] for port, precommit_update {{(pid=91755) _notify_loop /usr/local/lib/python3.8/dist-packages/neutron_lib/callbacks/manager.py:192}}
May 31 12:51:45.830836 dv-cinder-790492-5-iscsi neutron-server[91755]: INFO neutron.wsgi [req-e876156b-5aab-4730-97a7-2d9bd2284837 req-aa9b3f3e-1713-4904-bbd7-04a91131f1dc tempest-DeleteServersTestJSON-2138499329 tempest-DeleteServersTestJSON-2138499329-project] 10.222.0.68 "GET /v2.0/security-groups?id=9fb9e646-4395-49ef-8aa2-e77abbdbd2bf&fields=id&fields=name HTTP/1.1" status: 200 len: 286 time: 0.0710740
May 31 12:51:45.839195 dv-cinder-790492-5-iscsi neutron-server[91755]: DEBUG neutron.db.provisioning_blocks [req-dbf7b166-9456-47c0-94af-10e69e5e3086 req-a9dae07a-86de-426d-8995-4e578ad86fcf service neutron] Transition to ACTIVE for port object e86bcef5-7257-4a40-8d6c-7e7cfe4bb79f will not be triggered until provisioned by entity L2. {{(pid=91755) add_provisioning_component /opt/stack/neutron/neutron/db/provisioning_blocks.py:73}}
May 31 12:51:45.846657 dv-cinder-790492-5-iscsi neutron-server[91756]: DEBUG neutron.pecan_wsgi.hooks.policy_enforcement [req-817e9b24-cb34-4b19-8edf-81a25140586e req-25c10057-bdff-460e-9e03-bb3da8851bef service neutron] Attributes excluded by policy engine: ['standard_attr_id'] {{(pid=91756) _exclude_attributes_by_policy /opt/stack/neutron/neutron/pecan_wsgi/hooks/policy_enforcement.py:255}}
May 31 12:51:45.846916 dv-cinder-790492-5-iscsi neutron-server[91755]: DEBUG neutron_lib.callbacks.manager [req-dbf7b166-9456-47c0-94af-10e69e5e3086 req-a9dae07a-86de-426d-8995-4e578ad86fcf service neutron] Notify callbacks ['neutron.plugins.ml2.plugin.SecurityGroupServerNotifierRpcMixin.notify_sg_on_port_change-639433', 'neutron.plugins.ml2.ovo_rpc._ObjectChangeHandler.handle_event-204611', 'neutron.api.rpc.agentnotifiers.dhcp_rpc_agent_api.DhcpAgentNotifyAPI._native_event_send_dhcp_notification-1636843', 'neutron.db.l3_db.L3RpcNotifierMixin._notify_gateway_port_ip_changed-8770001502100', 'neutron.db.l3_dvrscheduler_db._notify_l3_agent_port_update-8770001035996', 'neutron.db.l3_hascheduler_db._notify_l3_agent_ha_port_update-8770001036301', 'neutron.services.segments.plugin.NovaSegmentNotifier._notify_port_updated-6797062'] for port, after_update {{(pid=91755) _notify_loop /usr/local/lib/python3.8/dist-packages/neutron_lib/callbacks/manager.py:192}}
May 31 12:51:45.848132 dv-cinder-790492-5-iscsi neutron-server[91756]: INFO neutron.wsgi [req-817e9b24-cb34-4b19-8edf-81a25140586e req-25c10057-bdff-460e-9e03-bb3da8851bef service neutron] 10.222.0.41 "GET /v2.0/ports?tenant_id=d740e7cd93f347c29b1678a27bcc2cad&device_id=684e2a9f-dee2-4c5c-9938-6c50632153e8 HTTP/1.1" status: 200 len: 1096 time: 0.1582570
May 31 12:51:45.848778 dv-cinder-790492-5-iscsi neutron-server[91756]: DEBUG neutron_lib.callbacks.manager [None req-0ffa33da-b72d-4024-879e-330ed9f33bc5 admin admin] Notify callbacks [] for security_group, before_delete {{(pid=91756) _notify_loop /usr/local/lib/python3.8/dist-packages/neutron_lib/callbacks/manager.py:192}}
May 31 12:51:45.852036 dv-cinder-790492-5-iscsi neutron-server[91755]: DEBUG oslo_concurrency.lockutils [None req-a9c1e3f7-bd90-47f9-860c-b43a57ab680c admin admin] Lock "event-dispatch" acquired by "neutron.plugins.ml2.ovo_rpc._ObjectChangeHandler.dispatch_events" :: waited 0.000s {{(pid=91755) inner /usr/local/lib/python3.8/dist-packages/oslo_concurrency/lockutils.py:355}}
May 31 12:51:45.875670 dv-cinder-790492-5-iscsi neutron-server[91756]: DEBUG neutron_lib.callbacks.manager [None req-0ffa33da-b72d-4024-879e-330ed9f33bc5 admin admin] Notify callbacks [] for security_group, precommit_delete {{(pid=91756) _notify_loop /usr/local/lib/python3.8/dist-packages/neutron_lib/callbacks/manager.py:192}}
May 31 12:51:45.930045 dv-cinder-790492-5-iscsi neutron-server[91756]: DEBUG neutron_lib.callbacks.manager [None req-0ffa33da-b72d-4024-879e-330ed9f33bc5 admin admin] Notify callbacks ['neutron.plugins.ml2.ovo_rpc._ObjectChangeHandler.handle_event-2017916'] for security_group, after_delete {{(pid=91756) _notify_loop /usr/local/lib/python3.8/dist-packages/neutron_lib/callbacks/manager.py:192}}
May 31 12:51:45.933778 dv-cinder-790492-5-iscsi neutron-server[91756]: DEBUG oslo_concurrency.lockutils [-] Lock "event-dispatch" acquired by "neutron.plugins.ml2.ovo_rpc._ObjectChangeHandler.dispatch_events" :: waited 0.000s {{(pid=91756) inner /usr/local/lib/python3.8/dist-packages/oslo_concurrency/lockutils.py:355}}
May 31 12:51:45.945841 dv-cinder-790492-5-iscsi neutron-server[91756]: DEBUG neutron.api.rpc.handlers.resources_rpc [None req-0ffa33da-b72d-4024-879e-330ed9f33bc5 admin admin] Pushing event deleted for resources: {'SecurityGroup': ['ID=ac2bf72b-2265-4dc0-8dd2-0ea050b39425,revision_number=None']} {{(pid=91756) push /opt/stack/neutron/neutron/api/rpc/handlers/resources_rpc.py:237}}
May 31 12:51:45.949626 dv-cinder-790492-5-iscsi neutron-server[91756]: DEBUG oslo_concurrency.lockutils [None req-0ffa33da-b72d-4024-879e-330ed9f33bc5 admin admin] Lock "event-dispatch" released by "neutron.plugins.ml2.ovo_rpc._ObjectChangeHandler.dispatch_events" :: held 0.016s {{(pid=91756) inner /usr/local/lib/python3.8/dist-packages/oslo_concurrency/lockutils.py:367}}
May 31 12:51:45.953322 dv-cinder-790492-5-iscsi neutron-server[91756]: DEBUG neutron_lib.callbacks.manager [None req-0ffa33da-b72d-4024-879e-330ed9f33bc5 admin admin] Notify callbacks [] for security_group, before_response {{(pid=91756) _notify_loop /usr/local/lib/python3.8/dist-packages/neutron_lib/callbacks/manager.py:192}}
May 31 12:51:45.954255 dv-cinder-790492-5-iscsi neutron-server[91756]: INFO neutron.wsgi [None req-0ffa33da-b72d-4024-879e-330ed9f33bc5 admin admin] 10.222.0.68 "DELETE /v2.0/security-groups/ac2bf72b-2265-4dc0-8dd2-0ea050b39425 HTTP/1.1" status: 204 len: 168 time: 0.1915729
May 31 12:51:46.099947 dv-cinder-790492-5-iscsi neutron-server[91756]: INFO neutron.wsgi [req-817e9b24-cb34-4b19-8edf-81a25140586e req-5871e966-8eda-4022-b139-1bf5688aed8b service neutron] 10.222.0.41 "GET /v2.0/floatingips?fixed_ip_address=172.20.0.7&port_id=3bdb4dfa-1f1c-4b80-9c3a-c2c9c6a3b128 HTTP/1.1" status: 200 len: 217 time: 0.1015079
May 31 12:51:46.122487 dv-cinder-790492-5-iscsi neutron-server[91755]: DEBUG neutron.api.rpc.handlers.resources_rpc [None req-a9dae07a-86de-426d-8995-4e578ad86fcf service neutron] Pushing event updated for resources: {'Port': ['ID=e86bcef5-7257-4a40-8d6c-7e7cfe4bb79f,revision_number=2']} {{(pid=91755) push /opt/stack/neutron/neutron/api/rpc/handlers/resources_rpc.py:237}}
May 31 12:51:46.138306 dv-cinder-790492-5-iscsi neutron-server[91755]: DEBUG oslo_concurrency.lockutils [None req-a9dae07a-86de-426d-8995-4e578ad86fcf service neutron] Lock "event-dispatch" released by "neutron.plugins.ml2.ovo_rpc._ObjectChangeHandler.dispatch_events" :: held 0.286s {{(pid=91755) inner /usr/local/lib/python3.8/dist-packages/oslo_concurrency/lockutils.py:367}}
May 31 12:51:46.317134 dv-cinder-790492-5-iscsi neutron-server[91755]: DEBUG neutron.plugins.ml2.managers [req-dbf7b166-9456-47c0-94af-10e69e5e3086 req-a9dae07a-86de-426d-8995-4e578ad86fcf service neutron] Attempting to bind port e86bcef5-7257-4a40-8d6c-7e7cfe4bb79f on host hv-cinder-79049 for vnic_type normal with profile {{(pid=91755) bind_port /opt/stack/neutron/neutron/plugins/ml2/managers.py:790}}
May 31 12:51:46.317478 dv-cinder-790492-5-iscsi neutron-server[91755]: DEBUG neutron.plugins.ml2.managers [req-dbf7b166-9456-47c0-94af-10e69e5e3086 req-a9dae07a-86de-426d-8995-4e578ad86fcf service neutron] Attempting to bind port e86bcef5-7257-4a40-8d6c-7e7cfe4bb79f by drivers openvswitch,hyperv on host hv-cinder-79049 at level 0 using segments [{'id': 'bcdd624a-71e4-409b-8d99-fecdc5c79c7b', 'network_type': 'vlan', 'physical_network': 'physnet1', 'segmentation_id': 407, 'network_id': 'a4069987-de9c-407e-b06a-67311a56c3e3'}] {{(pid=91755) _bind_port_level /opt/stack/neutron/neutron/plugins/ml2/managers.py:815}}
May 31 12:51:46.318021 dv-cinder-790492-5-iscsi neutron-server[91755]: DEBUG neutron.plugins.ml2.drivers.mech_agent [req-dbf7b166-9456-47c0-94af-10e69e5e3086 req-a9dae07a-86de-426d-8995-4e578ad86fcf service neutron] Attempting to bind port e86bcef5-7257-4a40-8d6c-7e7cfe4bb79f on network a4069987-de9c-407e-b06a-67311a56c3e3 {{(pid=91755) bind_port /opt/stack/neutron/neutron/plugins/ml2/drivers/mech_agent.py:86}}
May 31 12:51:46.328717 dv-cinder-790492-5-iscsi neutron-server[91755]: DEBUG neutron.plugins.ml2.drivers.mech_agent [req-dbf7b166-9456-47c0-94af-10e69e5e3086 req-a9dae07a-86de-426d-8995-4e578ad86fcf service neutron] Port e86bcef5-7257-4a40-8d6c-7e7cfe4bb79f on network a4069987-de9c-407e-b06a-67311a56c3e3 not bound, no agent of type Open vSwitch agent registered on host hv-cinder-79049 {{(pid=91755) bind_port /opt/stack/neutron/neutron/plugins/ml2/drivers/mech_agent.py:98}}
May 31 12:51:46.329307 dv-cinder-790492-5-iscsi neutron-server[91755]: DEBUG neutron.plugins.ml2.drivers.mech_agent [req-dbf7b166-9456-47c0-94af-10e69e5e3086 req-a9dae07a-86de-426d-8995-4e578ad86fcf service neutron] Attempting to bind port e86bcef5-7257-4a40-8d6c-7e7cfe4bb79f on network a4069987-de9c-407e-b06a-67311a56c3e3 {{(pid=91755) bind_port /opt/stack/neutron/neutron/plugins/ml2/drivers/mech_agent.py:86}}
May 31 12:51:46.339272 dv-cinder-790492-5-iscsi neutron-server[91756]: DEBUG neutron.pecan_wsgi.hooks.policy_enforcement [req-817e9b24-cb34-4b19-8edf-81a25140586e req-212db29f-884c-47f5-9f50-772f3e42a7a0 service neutron] Attributes excluded by policy engine: ['standard_attr_id', 'shared', 'segment_id'] {{(pid=91756) _exclude_attributes_by_policy /opt/stack/neutron/neutron/pecan_wsgi/hooks/policy_enforcement.py:255}}
May 31 12:51:46.340221 dv-cinder-790492-5-iscsi neutron-server[91755]: DEBUG neutron.plugins.ml2.drivers.mech_agent [req-dbf7b166-9456-47c0-94af-10e69e5e3086 req-a9dae07a-86de-426d-8995-4e578ad86fcf service neutron] Checking agent: {'id': '8834f30a-9296-49c2-b066-e127eb36b731', 'agent_type': 'HyperV agent', 'binary': 'neutron-hyperv-agent', 'topic': 'N/A', 'host': 'hv-cinder-79049', 'admin_state_up': True, 'created_at': datetime.datetime(2021, 5, 31, 12, 49, 32), 'started_at': datetime.datetime(2021, 5, 31, 12, 49, 32), 'heartbeat_timestamp': datetime.datetime(2021, 5, 31, 12, 51, 32), 'description': None, 'resources_synced': None, 'availability_zone': None, 'alive': True, 'configurations': {'vswitch_mappings': {'physnet1$': 'br-data'}}, 'resource_versions': {}} {{(pid=91755) bind_port /opt/stack/neutron/neutron/plugins/ml2/drivers/mech_agent.py:105}}
May 31 12:51:46.340740 dv-cinder-790492-5-iscsi neutron-server[91755]: DEBUG neutron.plugins.ml2.drivers.mech_agent [req-dbf7b166-9456-47c0-94af-10e69e5e3086 req-a9dae07a-86de-426d-8995-4e578ad86fcf service neutron] Checking segment: {'id': 'bcdd624a-71e4-409b-8d99-fecdc5c79c7b', 'network_type': 'vlan', 'physical_network': 'physnet1', 'segmentation_id': 407, 'network_id': 'a4069987-de9c-407e-b06a-67311a56c3e3'} for mappings: {'physnet1$': 'br-data'} with network types: ['local', 'flat', 'vlan'] {{(pid=91755) check_segment_for_agent /opt/stack/neutron/neutron/plugins/ml2/drivers/mech_agent.py:341}}
May 31 12:51:46.340885 dv-cinder-790492-5-iscsi neutron-server[91756]: INFO neutron.wsgi [req-817e9b24-cb34-4b19-8edf-81a25140586e req-212db29f-884c-47f5-9f50-772f3e42a7a0 service neutron] 10.222.0.41 "GET /v2.0/subnets?id=103de075-79c4-4f9e-a85a-620b7ce77423 HTTP/1.1" status: 200 len: 855 time: 0.0669193
May 31 12:51:46.341598 dv-cinder-790492-5-iscsi neutron-server[91755]: DEBUG neutron.plugins.ml2.drivers.mech_agent [req-dbf7b166-9456-47c0-94af-10e69e5e3086 req-a9dae07a-86de-426d-8995-4e578ad86fcf service neutron] Bound using segment: {'id': 'bcdd624a-71e4-409b-8d99-fecdc5c79c7b', 'network_type': 'vlan', 'physical_network': 'physnet1', 'segmentation_id': 407, 'network_id': 'a4069987-de9c-407e-b06a-67311a56c3e3'} {{(pid=91755) bind_port /opt/stack/neutron/neutron/plugins/ml2/drivers/mech_agent.py:115}}
May 31 12:51:46.342154 dv-cinder-790492-5-iscsi neutron-server[91755]: DEBUG neutron.plugins.ml2.managers [req-dbf7b166-9456-47c0-94af-10e69e5e3086 req-a9dae07a-86de-426d-8995-4e578ad86fcf service neutron] Bound port: e86bcef5-7257-4a40-8d6c-7e7cfe4bb79f, host: hv-cinder-79049, vif_type: hyperv, vif_details: {"connectivity": "legacy", "port_filter": false}, binding_levels: [{'bound_driver': 'hyperv', 'bound_segment': {'id': 'bcdd624a-71e4-409b-8d99-fecdc5c79c7b', 'network_type': 'vlan', 'physical_network': 'physnet1', 'segmentation_id': 407, 'network_id': 'a4069987-de9c-407e-b06a-67311a56c3e3'}}] {{(pid=91755) _bind_port_level /opt/stack/neutron/neutron/plugins/ml2/managers.py:928}}
May 31 12:51:46.342530 dv-cinder-790492-5-iscsi neutron-server[91755]: DEBUG neutron_lib.callbacks.manager [req-dbf7b166-9456-47c0-94af-10e69e5e3086 req-a9dae07a-86de-426d-8995-4e578ad86fcf service neutron] Notify callbacks ['neutron.plugins.ml2.plugin.SecurityGroupDbMixin._ensure_default_security_group_handler_port-639006'] for port, before_update {{(pid=91755) _notify_loop /usr/local/lib/python3.8/dist-packages/neutron_lib/callbacks/manager.py:192}}
May 31 12:51:46.379855 dv-cinder-790492-5-iscsi neutron-server[91756]: DEBUG neutron.wsgi [-] (91756) accepted ('10.222.0.68', 55548) {{(pid=91756) server /usr/local/lib/python3.8/dist-packages/eventlet/wsgi.py:992}}
May 31 12:51:46.403025 dv-cinder-790492-5-iscsi neutron-server[91755]: DEBUG neutron.pecan_wsgi.hooks.policy_enforcement [req-630f3aba-78de-4549-8075-f1ef64d96256 req-6c1da3b8-b315-4be9-8348-3e67f1a9d682 tempest-AttachVolumeTestJSON-1039447614 tempest-AttachVolumeTestJSON-1039447614-project] Attributes excluded by policy engine: ['standard_attr_id', 'binding:profile', 'binding:host_id', 'binding:vif_type', 'binding:vif_details'] {{(pid=91755) _exclude_attributes_by_policy /opt/stack/neutron/neutron/pecan_wsgi/hooks/policy_enforcement.py:255}}
May 31 12:51:46.404576 dv-cinder-790492-5-iscsi neutron-server[91755]: INFO neutron.wsgi [req-630f3aba-78de-4549-8075-f1ef64d96256 req-6c1da3b8-b315-4be9-8348-3e67f1a9d682 tempest-AttachVolumeTestJSON-1039447614 tempest-AttachVolumeTestJSON-1039447614-project] 10.222.0.68 "GET /v2.0/ports?device_id=7d61a1a8-efef-4ea6-935f-58d4970e870d HTTP/1.1" status: 200 len: 944 time: 0.2371440
May 31 12:51:46.407052 dv-cinder-790492-5-iscsi neutron-server[91756]: DEBUG neutron_lib.callbacks.manager [None req-af672b1b-332a-4b52-8e22-aa1f229e0382 admin admin] Notify callbacks [] for security_group, before_create {{(pid=91756) _notify_loop /usr/local/lib/python3.8/dist-packages/neutron_lib/callbacks/manager.py:192}}
May 31 12:51:46.429800 dv-cinder-790492-5-iscsi neutron-server[91755]: DEBUG neutron.pecan_wsgi.hooks.policy_enforcement [req-8be15101-5fae-40ed-b4e9-a694c472c05f req-259c0dd6-5bed-4599-afa7-9908ac646d9c tempest-AttachVolumeShelveTestJSON-1461612655 tempest-AttachVolumeShelveTestJSON-1461612655-project] Attributes excluded by policy engine: ['standard_attr_id', 'binding:profile', 'binding:host_id', 'binding:vif_type', 'binding:vif_details'] {{(pid=91755) _exclude_attributes_by_policy /opt/stack/neutron/neutron/pecan_wsgi/hooks/policy_enforcement.py:255}}
May 31 12:51:46.430386 dv-cinder-790492-5-iscsi neutron-server[91755]: INFO neutron.wsgi [req-8be15101-5fae-40ed-b4e9-a694c472c05f req-259c0dd6-5bed-4599-afa7-9908ac646d9c tempest-AttachVolumeShelveTestJSON-1461612655 tempest-AttachVolumeShelveTestJSON-1461612655-project] 10.222.0.68 "GET /v2.0/ports?device_id=684e2a9f-dee2-4c5c-9938-6c50632153e8 HTTP/1.1" status: 200 len: 943 time: 0.2618504
May 31 12:51:46.435890 dv-cinder-790492-5-iscsi neutron-server[91756]: DEBUG neutron.db.quota.driver [None req-af672b1b-332a-4b52-8e22-aa1f229e0382 admin admin] Resources subnetpool have unlimited quota limit. It is not required to calculate headroom {{(pid=91756) make_reservation /opt/stack/neutron/neutron/db/quota/driver.py:219}}
May 31 12:51:46.441460 dv-cinder-790492-5-iscsi neutron-server[91756]: DEBUG neutron.quota.resource [None req-af672b1b-332a-4b52-8e22-aa1f229e0382 admin admin] Usage tracker for resource:security_group_rule and tenant:0db9c2a50ce64190929d9d8248d93c69 is out of sync, need to count used quota {{(pid=91756) count_used /opt/stack/neutron/neutron/quota/resource.py:270}}
May 31 12:51:46.444538 dv-cinder-790492-5-iscsi neutron-server[91756]: DEBUG neutron.quota.resource [None req-af672b1b-332a-4b52-8e22-aa1f229e0382 admin admin] Quota usage for security_group_rule was recalculated. Used quota:0. {{(pid=91756) count_used /opt/stack/neutron/neutron/quota/resource.py:290}}
May 31 12:51:46.452353 dv-cinder-790492-5-iscsi neutron-server[91756]: DEBUG neutron.db.quota.driver [None req-af672b1b-332a-4b52-8e22-aa1f229e0382 admin admin] Attempting to reserve 4 items for resource security_group_rule. Total usage: 0; quota limit: 100; headroom:100 {{(pid=91756) make_reservation /opt/stack/neutron/neutron/db/quota/driver.py:246}}
May 31 12:51:46.530565 dv-cinder-790492-5-iscsi neutron-server[91755]: INFO neutron.wsgi [req-630f3aba-78de-4549-8075-f1ef64d96256 req-45ac7207-34a3-43d4-9a12-a90c1c94df0e tempest-AttachVolumeTestJSON-1039447614 tempest-AttachVolumeTestJSON-1039447614-project] 10.222.0.68 "GET /v2.0/security-groups?id=7bd1dc58-ced1-41fd-bb98-88f82c8f0f3b&fields=id&fields=name HTTP/1.1" status: 200 len: 312 time: 0.1158760
May 31 12:51:46.536879 dv-cinder-790492-5-iscsi neutron-server[91755]: INFO neutron.wsgi [req-8be15101-5fae-40ed-b4e9-a694c472c05f req-6a109a6f-445f-4537-a8ee-10c802735a00 tempest-AttachVolumeShelveTestJSON-1461612655 tempest-AttachVolumeShelveTestJSON-1461612655-project] 10.222.0.68 "GET /v2.0/security-groups?id=757cca1d-a67a-40ac-8827-3896132eb1bf&fields=id&fields=name HTTP/1.1" status: 200 len: 313 time: 0.0892518
May 31 12:51:46.537903 dv-cinder-790492-5-iscsi neutron-server[91755]: DEBUG neutron.plugins.ml2.db [req-dbf7b166-9456-47c0-94af-10e69e5e3086 req-a9dae07a-86de-426d-8995-4e578ad86fcf service neutron] For port e86bcef5-7257-4a40-8d6c-7e7cfe4bb79f, host hv-cinder-79049, cleared binding levels {{(pid=91755) clear_binding_levels /opt/stack/neutron/neutron/plugins/ml2/db.py:88}}
May 31 12:51:46.539584 dv-cinder-790492-5-iscsi neutron-server[91756]: DEBUG neutron.pecan_wsgi.hooks.policy_enforcement [req-817e9b24-cb34-4b19-8edf-81a25140586e req-9bdcaafa-a4ef-40c4-abff-3392fa84e4a5 service neutron] Attributes excluded by policy engine: ['standard_attr_id'] {{(pid=91756) _exclude_attributes_by_policy /opt/stack/neutron/neutron/pecan_wsgi/hooks/policy_enforcement.py:255}}
May 31 12:51:46.541819 dv-cinder-790492-5-iscsi neutron-server[91756]: INFO neutron.wsgi [req-817e9b24-cb34-4b19-8edf-81a25140586e req-9bdcaafa-a4ef-40c4-abff-3392fa84e4a5 service neutron] 10.222.0.41 "GET /v2.0/ports?network_id=87c29cfd-a8a6-4f5a-9842-c28889a3b1d6&device_owner=network%3Adhcp HTTP/1.1" status: 200 len: 1175 time: 0.1937859
May 31 12:51:46.569344 dv-cinder-790492-5-iscsi neutron-server[91755]: DEBUG neutron.plugins.ml2.db [req-dbf7b166-9456-47c0-94af-10e69e5e3086 req-a9dae07a-86de-426d-8995-4e578ad86fcf service neutron] For port e86bcef5-7257-4a40-8d6c-7e7cfe4bb79f, host hv-cinder-79049, set binding levels [PortBindingLevel(driver='hyperv',host='hv-cinder-79049',level=0,port_id=e86bcef5-7257-4a40-8d6c-7e7cfe4bb79f,segment=NetworkSegment(bcdd624a-71e4-409b-8d99-fecdc5c79c7b),segment_id=bcdd624a-71e4-409b-8d99-fecdc5c79c7b)] {{(pid=91755) set_binding_levels /opt/stack/neutron/neutron/plugins/ml2/db.py:60}}
May 31 12:51:46.574138 dv-cinder-790492-5-iscsi neutron-server[91755]: DEBUG neutron_lib.callbacks.manager [req-dbf7b166-9456-47c0-94af-10e69e5e3086 req-a9dae07a-86de-426d-8995-4e578ad86fcf service neutron] Notify callbacks ['neutron.plugins.ml2.plugin.SecurityGroupServerNotifierRpcMixin.notify_sg_on_port_change-639433', 'neutron.plugins.ml2.ovo_rpc._ObjectChangeHandler.handle_event-204611', 'neutron.api.rpc.agentnotifiers.dhcp_rpc_agent_api.DhcpAgentNotifyAPI._native_event_send_dhcp_notification-1636843', 'neutron.db.l3_db.L3RpcNotifierMixin._notify_gateway_port_ip_changed-8770001502100', 'neutron.db.l3_dvrscheduler_db._notify_l3_agent_port_update-8770001035996', 'neutron.db.l3_hascheduler_db._notify_l3_agent_ha_port_update-8770001036301', 'neutron.services.segments.plugin.NovaSegmentNotifier._notify_port_updated-6797062'] for port, after_update {{(pid=91755) _notify_loop /usr/local/lib/python3.8/dist-packages/neutron_lib/callbacks/manager.py:192}}
May 31 12:51:46.579429 dv-cinder-790492-5-iscsi neutron-server[91755]: DEBUG oslo_concurrency.lockutils [-] Lock "event-dispatch" acquired by "neutron.plugins.ml2.ovo_rpc._ObjectChangeHandler.dispatch_events" :: waited 0.000s {{(pid=91755) inner /usr/local/lib/python3.8/dist-packages/oslo_concurrency/lockutils.py:355}}
May 31 12:51:46.623546 dv-cinder-790492-5-iscsi neutron-server[91756]: DEBUG neutron_lib.callbacks.manager [None req-af672b1b-332a-4b52-8e22-aa1f229e0382 admin admin] Notify callbacks [] for security_group, precommit_create {{(pid=91756) _notify_loop /usr/local/lib/python3.8/dist-packages/neutron_lib/callbacks/manager.py:192}}
May 31 12:51:46.631372 dv-cinder-790492-5-iscsi neutron-server[91756]: DEBUG neutron_lib.callbacks.manager [None req-af672b1b-332a-4b52-8e22-aa1f229e0382 admin admin] Notify callbacks ['neutron.plugins.ml2.ovo_rpc._ObjectChangeHandler.handle_event-2017916'] for security_group, after_create {{(pid=91756) _notify_loop /usr/local/lib/python3.8/dist-packages/neutron_lib/callbacks/manager.py:192}}
May 31 12:51:46.639288 dv-cinder-790492-5-iscsi neutron-server[91755]: DEBUG neutron.pecan_wsgi.hooks.policy_enforcement [req-dbf7b166-9456-47c0-94af-10e69e5e3086 req-a9dae07a-86de-426d-8995-4e578ad86fcf service neutron] Attributes excluded by policy engine: ['standard_attr_id'] {{(pid=91755) _exclude_attributes_by_policy /opt/stack/neutron/neutron/pecan_wsgi/hooks/policy_enforcement.py:255}}
May 31 12:51:46.640166 dv-cinder-790492-5-iscsi neutron-server[91755]: DEBUG neutron_lib.callbacks.manager [req-dbf7b166-9456-47c0-94af-10e69e5e3086 req-a9dae07a-86de-426d-8995-4e578ad86fcf service neutron] Notify callbacks ['neutron.notifiers.nova.Notifier._send_nova_notification-44215', 'neutron.api.rpc.agentnotifiers.dhcp_rpc_agent_api.DhcpAgentNotifyAPI._send_dhcp_notification-1636821'] for port, before_response {{(pid=91755) _notify_loop /usr/local/lib/python3.8/dist-packages/neutron_lib/callbacks/manager.py:192}}
May 31 12:51:46.641262 dv-cinder-790492-5-iscsi neutron-server[91756]: DEBUG oslo_concurrency.lockutils [None req-0caacff0-dd17-4506-8d58-af117ddfaf4d admin admin] Lock "event-dispatch" acquired by "neutron.plugins.ml2.ovo_rpc._ObjectChangeHandler.dispatch_events" :: waited 0.000s {{(pid=91756) inner /usr/local/lib/python3.8/dist-packages/oslo_concurrency/lockutils.py:355}}
May 31 12:51:46.641773 dv-cinder-790492-5-iscsi neutron-server[91755]: INFO neutron.wsgi [req-dbf7b166-9456-47c0-94af-10e69e5e3086 req-a9dae07a-86de-426d-8995-4e578ad86fcf service neutron] 10.222.0.41 "PUT /v2.0/ports/e86bcef5-7257-4a40-8d6c-7e7cfe4bb79f HTTP/1.1" status: 200 len: 1094 time: 1.5101581
May 31 12:51:46.642381 dv-cinder-790492-5-iscsi neutron-server[91755]: DEBUG neutron.notifiers.nova [-] Sending events: [{'name': 'network-changed', 'server_uuid': '7d61a1a8-efef-4ea6-935f-58d4970e870d', 'tag': 'e86bcef5-7257-4a40-8d6c-7e7cfe4bb79f'}] {{(pid=91755) send_events /opt/stack/neutron/neutron/notifiers/nova.py:262}}
May 31 12:51:46.676562 dv-cinder-790492-5-iscsi neutron-server[91755]: DEBUG neutron.api.rpc.handlers.resources_rpc [None req-a9dae07a-86de-426d-8995-4e578ad86fcf service neutron] Pushing event updated for resources: {'Port': ['ID=e86bcef5-7257-4a40-8d6c-7e7cfe4bb79f,revision_number=3']} {{(pid=91755) push /opt/stack/neutron/neutron/api/rpc/handlers/resources_rpc.py:237}}
May 31 12:51:46.680653 dv-cinder-790492-5-iscsi neutron-server[91755]: DEBUG oslo_concurrency.lockutils [None req-a9dae07a-86de-426d-8995-4e578ad86fcf service neutron] Lock "event-dispatch" released by "neutron.plugins.ml2.ovo_rpc._ObjectChangeHandler.dispatch_events" :: held 0.101s {{(pid=91755) inner /usr/local/lib/python3.8/dist-packages/oslo_concurrency/lockutils.py:367}}
May 31 12:51:46.690750 dv-cinder-790492-5-iscsi neutron-server[91756]: INFO neutron.wsgi [None req-af672b1b-332a-4b52-8e22-aa1f229e0382 admin admin] 10.222.0.68 "GET /v2.0/security-groups?tenant_id=0db9c2a50ce64190929d9d8248d93c69&name=default HTTP/1.1" status: 200 len: 2979 time: 0.3057823
May 31 12:51:46.692606 dv-cinder-790492-5-iscsi neutron-server[91756]: DEBUG neutron.api.rpc.handlers.resources_rpc [None req-af672b1b-332a-4b52-8e22-aa1f229e0382 admin admin] Pushing event updated for resources: {'SecurityGroup': ['ID=c901d5db-c7c1-4b1a-b946-880569b451ed,revision_number=1']} {{(pid=91756) push /opt/stack/neutron/neutron/api/rpc/handlers/resources_rpc.py:237}}
May 31 12:51:46.695161 dv-cinder-790492-5-iscsi neutron-server[91756]: DEBUG neutron.wsgi [-] (91756) accepted ('10.222.0.68', 55560) {{(pid=91756) server /usr/local/lib/python3.8/dist-packages/eventlet/wsgi.py:992}}
May 31 12:51:46.710497 dv-cinder-790492-5-iscsi neutron-server[91756]: DEBUG oslo_concurrency.lockutils [None req-af672b1b-332a-4b52-8e22-aa1f229e0382 admin admin] Lock "event-dispatch" released by "neutron.plugins.ml2.ovo_rpc._ObjectChangeHandler.dispatch_events" :: held 0.069s {{(pid=91756) inner /usr/local/lib/python3.8/dist-packages/oslo_concurrency/lockutils.py:367}}
May 31 12:51:46.776731 dv-cinder-790492-5-iscsi neutron-server[91756]: DEBUG neutron_lib.callbacks.manager [None req-f95ee152-c7fc-4fbf-b870-0bbc15b30223 admin admin] Notify callbacks [] for security_group, before_delete {{(pid=91756) _notify_loop /usr/local/lib/python3.8/dist-packages/neutron_lib/callbacks/manager.py:192}}
May 31 12:51:46.797838 dv-cinder-790492-5-iscsi neutron-server[91755]: DEBUG novaclient.v2.client [-] REQ: curl -g -i --cacert "/opt/stack/data/ca-bundle.pem" -X POST http://10.222.0.68/compute/v2.1/os-server-external-events -H "Accept: application/json" -H "Content-Type: application/json" -H "User-Agent: python-novaclient" -H "X-Auth-Token: {SHA256}a0fc794ce8961b33af258f66ba048d7a6ab4cb40e340df46c4dfe0f4115bbd22" -H "X-OpenStack-Nova-API-Version: 2.1" -H "X-OpenStack-Request-ID: req-04c4fd55-579b-45de-9fbd-1fe76bc75323" -d '{"events": [{"name": "network-changed", "server_uuid": "7d61a1a8-efef-4ea6-935f-58d4970e870d", "tag": "e86bcef5-7257-4a40-8d6c-7e7cfe4bb79f"}]}' {{(pid=91755) _http_log_request /usr/local/lib/python3.8/dist-packages/keystoneauth1/session.py:519}}
May 31 12:51:46.811977 dv-cinder-790492-5-iscsi neutron-server[91756]: DEBUG neutron_lib.callbacks.manager [None req-f95ee152-c7fc-4fbf-b870-0bbc15b30223 admin admin] Notify callbacks [] for security_group, precommit_delete {{(pid=91756) _notify_loop /usr/local/lib/python3.8/dist-packages/neutron_lib/callbacks/manager.py:192}}
May 31 12:51:46.874846 dv-cinder-790492-5-iscsi neutron-server[91756]: DEBUG neutron_lib.callbacks.manager [None req-f95ee152-c7fc-4fbf-b870-0bbc15b30223 admin admin] Notify callbacks ['neutron.plugins.ml2.ovo_rpc._ObjectChangeHandler.handle_event-2017916'] for security_group, after_delete {{(pid=91756) _notify_loop /usr/local/lib/python3.8/dist-packages/neutron_lib/callbacks/manager.py:192}}
May 31 12:51:46.878621 dv-cinder-790492-5-iscsi neutron-server[91756]: DEBUG oslo_concurrency.lockutils [None req-4d24c11e-937b-410f-83a7-306acd0c72df admin admin] Lock "event-dispatch" acquired by "neutron.plugins.ml2.ovo_rpc._ObjectChangeHandler.dispatch_events" :: waited 0.000s {{(pid=91756) inner /usr/local/lib/python3.8/dist-packages/oslo_concurrency/lockutils.py:355}}
May 31 12:51:46.895564 dv-cinder-790492-5-iscsi neutron-server[91756]: DEBUG neutron.api.rpc.handlers.resources_rpc [None req-f95ee152-c7fc-4fbf-b870-0bbc15b30223 admin admin] Pushing event deleted for resources: {'SecurityGroup': ['ID=c901d5db-c7c1-4b1a-b946-880569b451ed,revision_number=None']} {{(pid=91756) push /opt/stack/neutron/neutron/api/rpc/handlers/resources_rpc.py:237}}
May 31 12:51:46.897929 dv-cinder-790492-5-iscsi neutron-server[91756]: DEBUG oslo_concurrency.lockutils [None req-f95ee152-c7fc-4fbf-b870-0bbc15b30223 admin admin] Lock "event-dispatch" released by "neutron.plugins.ml2.ovo_rpc._ObjectChangeHandler.dispatch_events" :: held 0.019s {{(pid=91756) inner /usr/local/lib/python3.8/dist-packages/oslo_concurrency/lockutils.py:367}}
May 31 12:51:46.901738 dv-cinder-790492-5-iscsi neutron-server[91756]: DEBUG neutron_lib.callbacks.manager [None req-f95ee152-c7fc-4fbf-b870-0bbc15b30223 admin admin] Notify callbacks [] for security_group, before_response {{(pid=91756) _notify_loop /usr/local/lib/python3.8/dist-packages/neutron_lib/callbacks/manager.py:192}}
May 31 12:51:46.902900 dv-cinder-790492-5-iscsi neutron-server[91756]: INFO neutron.wsgi [None req-f95ee152-c7fc-4fbf-b870-0bbc15b30223 admin admin] 10.222.0.68 "DELETE /v2.0/security-groups/c901d5db-c7c1-4b1a-b946-880569b451ed HTTP/1.1" status: 204 len: 168 time: 0.1964471
May 31 12:51:46.923256 dv-cinder-790492-5-iscsi neutron-server[91755]: DEBUG novaclient.v2.client [-] RESP: [200] Connection: close Content-Length: 179 Content-Type: application/json Date: Mon, 31 May 2021 12:51:46 GMT OpenStack-API-Version: compute 2.1 Server: Apache/2.4.41 (Ubuntu) Vary: OpenStack-API-Version,X-OpenStack-Nova-API-Version X-OpenStack-Nova-API-Version: 2.1 x-compute-request-id: req-f926e0bc-a945-42ee-929d-4cf1f4caaac5 x-openstack-request-id: req-f926e0bc-a945-42ee-929d-4cf1f4caaac5 {{(pid=91755) _http_log_response /usr/local/lib/python3.8/dist-packages/keystoneauth1/session.py:550}}
May 31 12:51:46.923720 dv-cinder-790492-5-iscsi neutron-server[91755]: DEBUG novaclient.v2.client [-] RESP BODY: {"events": [{"name": "network-changed", "server_uuid": "7d61a1a8-efef-4ea6-935f-58d4970e870d", "tag": "e86bcef5-7257-4a40-8d6c-7e7cfe4bb79f", "status": "completed", "code": 200}]} {{(pid=91755) _http_log_response /usr/local/lib/python3.8/dist-packages/keystoneauth1/session.py:582}}
May 31 12:51:46.923943 dv-cinder-790492-5-iscsi neutron-server[91755]: DEBUG novaclient.v2.client [-] POST call to compute for http://10.222.0.68/compute/v2.1/os-server-external-events used request id req-f926e0bc-a945-42ee-929d-4cf1f4caaac5 {{(pid=91755) request /usr/local/lib/python3.8/dist-packages/keystoneauth1/session.py:954}}
May 31 12:51:46.924483 dv-cinder-790492-5-iscsi neutron-server[91755]: INFO neutron.notifiers.nova [-] Nova event response: {'name': 'network-changed', 'server_uuid': '7d61a1a8-efef-4ea6-935f-58d4970e870d', 'tag': 'e86bcef5-7257-4a40-8d6c-7e7cfe4bb79f', 'status': 'completed', 'code': 200}
May 31 12:51:47.043751 dv-cinder-790492-5-iscsi neutron-server[91755]: DEBUG neutron.pecan_wsgi.hooks.policy_enforcement [req-ed460eff-fe2c-4946-8b12-2cd5751a2595 req-3f04f676-96e2-45f5-a887-90e4a3c15555 tempest-DeleteServersTestJSON-2138499329 tempest-DeleteServersTestJSON-2138499329-project] Attributes excluded by policy engine: ['standard_attr_id', 'binding:profile', 'binding:host_id', 'binding:vif_type', 'binding:vif_details'] {{(pid=91755) _exclude_attributes_by_policy /opt/stack/neutron/neutron/pecan_wsgi/hooks/policy_enforcement.py:255}}
May 31 12:51:47.045343 dv-cinder-790492-5-iscsi neutron-server[91755]: INFO neutron.wsgi [req-ed460eff-fe2c-4946-8b12-2cd5751a2595 req-3f04f676-96e2-45f5-a887-90e4a3c15555 tempest-DeleteServersTestJSON-2138499329 tempest-DeleteServersTestJSON-2138499329-project] 10.222.0.68 "GET /v2.0/ports?device_id=9e501a22-889e-46d9-b76c-9c8ef3ce8c57 HTTP/1.1" status: 200 len: 944 time: 0.0831704
May 31 12:51:47.095465 dv-cinder-790492-5-iscsi neutron-server[91755]: INFO neutron.wsgi [req-ed460eff-fe2c-4946-8b12-2cd5751a2595 req-85056ffe-3d20-4cdf-881d-419fba83743e tempest-DeleteServersTestJSON-2138499329 tempest-DeleteServersTestJSON-2138499329-project] 10.222.0.68 "GET /v2.0/security-groups?id=9fb9e646-4395-49ef-8aa2-e77abbdbd2bf&fields=id&fields=name HTTP/1.1" status: 200 len: 286 time: 0.0435667
May 31 12:51:47.805989 dv-cinder-790492-5-iscsi neutron-server[91755]: DEBUG neutron.pecan_wsgi.hooks.policy_enforcement [req-ad5e50a9-ead1-4aee-a32d-90aaa679b55c req-6a125506-3f4d-4789-854d-842034d941ef tempest-AttachVolumeShelveTestJSON-1461612655 tempest-AttachVolumeShelveTestJSON-1461612655-project] Attributes excluded by policy engine: ['standard_attr_id', 'binding:profile', 'binding:host_id', 'binding:vif_type', 'binding:vif_details'] {{(pid=91755) _exclude_attributes_by_policy /opt/stack/neutron/neutron/pecan_wsgi/hooks/policy_enforcement.py:255}}
