May 25 17:13:04.752226 dv-cinder-790492-4-iscsi devstack@g-api.service[99791]: DEBUG glance.api.middleware.version_negotiation [None req-509e2acd-debd-4aff-ab85-2a2098e80725 tempest-VolumesActionsTest-484617325 tempest-VolumesActionsTest-484617325-project] Determining version of request: GET /v2/images/7f373174-909c-4b8b-a13f-9564e2812c7e Accept: application/json {{(pid=99791) process_request /opt/stack/glance/glance/api/middleware/version_negotiation.py:44}}
May 25 17:13:04.754117 dv-cinder-790492-4-iscsi devstack@g-api.service[99791]: DEBUG glance.api.middleware.version_negotiation [None req-509e2acd-debd-4aff-ab85-2a2098e80725 tempest-VolumesActionsTest-484617325 tempest-VolumesActionsTest-484617325-project] Using url versioning {{(pid=99791) process_request /opt/stack/glance/glance/api/middleware/version_negotiation.py:57}}
May 25 17:13:04.754117 dv-cinder-790492-4-iscsi devstack@g-api.service[99791]: DEBUG glance.api.middleware.version_negotiation [None req-509e2acd-debd-4aff-ab85-2a2098e80725 tempest-VolumesActionsTest-484617325 tempest-VolumesActionsTest-484617325-project] Matched version: v2 {{(pid=99791) process_request /opt/stack/glance/glance/api/middleware/version_negotiation.py:69}}
May 25 17:13:04.754117 dv-cinder-790492-4-iscsi devstack@g-api.service[99791]: DEBUG glance.api.middleware.version_negotiation [None req-509e2acd-debd-4aff-ab85-2a2098e80725 tempest-VolumesActionsTest-484617325 tempest-VolumesActionsTest-484617325-project] new path /v2/images/7f373174-909c-4b8b-a13f-9564e2812c7e {{(pid=99791) process_request /opt/stack/glance/glance/api/middleware/version_negotiation.py:70}}
May 25 17:13:04.774953 dv-cinder-790492-4-iscsi devstack@g-api.service[99791]: [pid: 99791|app: 0|req: 156/298] 127.0.0.1 () {38 vars in 787 bytes} [Tue May 25 17:13:04 2021] GET /v2/images/7f373174-909c-4b8b-a13f-9564e2812c7e => generated 648 bytes in 23 msecs (HTTP/1.1 200) 4 headers in 157 bytes (1 switches on core 0)
May 25 17:13:05.472041 dv-cinder-790492-4-iscsi devstack@g-api.service[99790]: DEBUG glance.api.middleware.version_negotiation [None req-7b3486f2-16c1-4df9-8697-0aaca4f39a80 tempest-VolumesActionsTest-484617325 tempest-VolumesActionsTest-484617325-project] Determining version of request: PUT /v2/images/7f373174-909c-4b8b-a13f-9564e2812c7e/file Accept: */* {{(pid=99790) process_request /opt/stack/glance/glance/api/middleware/version_negotiation.py:44}}
May 25 17:13:05.472637 dv-cinder-790492-4-iscsi devstack@g-api.service[99790]: DEBUG glance.api.middleware.version_negotiation [None req-7b3486f2-16c1-4df9-8697-0aaca4f39a80 tempest-VolumesActionsTest-484617325 tempest-VolumesActionsTest-484617325-project] Using url versioning {{(pid=99790) process_request /opt/stack/glance/glance/api/middleware/version_negotiation.py:57}}
May 25 17:13:05.472808 dv-cinder-790492-4-iscsi devstack@g-api.service[99790]: DEBUG glance.api.middleware.version_negotiation [None req-7b3486f2-16c1-4df9-8697-0aaca4f39a80 tempest-VolumesActionsTest-484617325 tempest-VolumesActionsTest-484617325-project] Matched version: v2 {{(pid=99790) process_request /opt/stack/glance/glance/api/middleware/version_negotiation.py:69}}
May 25 17:13:05.473095 dv-cinder-790492-4-iscsi devstack@g-api.service[99790]: DEBUG glance.api.middleware.version_negotiation [None req-7b3486f2-16c1-4df9-8697-0aaca4f39a80 tempest-VolumesActionsTest-484617325 tempest-VolumesActionsTest-484617325-project] new path /v2/images/7f373174-909c-4b8b-a13f-9564e2812c7e/file {{(pid=99790) process_request /opt/stack/glance/glance/api/middleware/version_negotiation.py:70}}
May 25 17:13:05.501286 dv-cinder-790492-4-iscsi devstack@g-api.service[99790]: INFO glance.api.v2.image_data [None req-209f9257-8fac-4164-adac-c55806a735a6 tempest-VolumesActionsTest-484617325 tempest-VolumesActionsTest-484617325-project] Unable to create trust: no such option collect_timing in group [keystone_authtoken] Use the existing user token.
May 25 17:13:05.543593 dv-cinder-790492-4-iscsi devstack@g-api.service[99790]: DEBUG glance.location [None req-209f9257-8fac-4164-adac-c55806a735a6 tempest-VolumesActionsTest-484617325 tempest-VolumesActionsTest-484617325-project] Enabling in-flight format inspection for raw {{(pid=99790) set_data /opt/stack/glance/glance/location.py:563}}
May 25 17:13:05.544115 dv-cinder-790492-4-iscsi devstack@g-api.service[99790]: DEBUG glance_store.backend [None req-209f9257-8fac-4164-adac-c55806a735a6 tempest-VolumesActionsTest-484617325 tempest-VolumesActionsTest-484617325-project] Attempting to import store swift {{(pid=99790) _load_store /usr/local/lib/python3.8/dist-packages/glance_store/backend.py:217}}
May 25 17:13:05.547044 dv-cinder-790492-4-iscsi devstack@g-api.service[99790]: DEBUG glance_store.capabilities [None req-209f9257-8fac-4164-adac-c55806a735a6 tempest-VolumesActionsTest-484617325 tempest-VolumesActionsTest-484617325-project] Store glance_store._drivers.swift.store.SingleTenantStore doesn't support updating dynamic storage capabilities. Please overwrite 'update_capabilities' method of the store to implement updating logics if needed. {{(pid=99790) update_capabilities /usr/local/lib/python3.8/dist-packages/glance_store/capabilities.py:91}}
May 25 17:13:05.547308 dv-cinder-790492-4-iscsi devstack@g-api.service[99790]: DEBUG glance_store.driver [None req-209f9257-8fac-4164-adac-c55806a735a6 tempest-VolumesActionsTest-484617325 tempest-VolumesActionsTest-484617325-project] Late loading location class glance_store._drivers.swift.store.StoreLocation {{(pid=99790) get_store_location_class /usr/local/lib/python3.8/dist-packages/glance_store/driver.py:117}}
May 25 17:13:05.547581 dv-cinder-790492-4-iscsi devstack@g-api.service[99790]: DEBUG glance_store.location [None req-209f9257-8fac-4164-adac-c55806a735a6 tempest-VolumesActionsTest-484617325 tempest-VolumesActionsTest-484617325-project] Registering scheme swift+https with {'store': , 'location_class': , 'store_entry': 'swift'} {{(pid=99790) register_scheme_map /usr/local/lib/python3.8/dist-packages/glance_store/location.py:146}}
May 25 17:13:05.547833 dv-cinder-790492-4-iscsi devstack@g-api.service[99790]: DEBUG glance_store.location [None req-209f9257-8fac-4164-adac-c55806a735a6 tempest-VolumesActionsTest-484617325 tempest-VolumesActionsTest-484617325-project] Registering scheme swift+https with {'store': , 'location_class': , 'store_entry': 'swift'} {{(pid=99790) register_scheme_map /usr/local/lib/python3.8/dist-packages/glance_store/location.py:146}}
May 25 17:13:05.548081 dv-cinder-790492-4-iscsi devstack@g-api.service[99790]: DEBUG glance_store.location [None req-209f9257-8fac-4164-adac-c55806a735a6 tempest-VolumesActionsTest-484617325 tempest-VolumesActionsTest-484617325-project] Registering scheme swift with {'store': , 'location_class': , 'store_entry': 'swift'} {{(pid=99790) register_scheme_map /usr/local/lib/python3.8/dist-packages/glance_store/location.py:146}}
May 25 17:13:05.548326 dv-cinder-790492-4-iscsi devstack@g-api.service[99790]: DEBUG glance_store.location [None req-209f9257-8fac-4164-adac-c55806a735a6 tempest-VolumesActionsTest-484617325 tempest-VolumesActionsTest-484617325-project] Registering scheme swift+https with {'store': , 'location_class': , 'store_entry': 'swift'} {{(pid=99790) register_scheme_map /usr/local/lib/python3.8/dist-packages/glance_store/location.py:146}}
May 25 17:13:05.548569 dv-cinder-790492-4-iscsi devstack@g-api.service[99790]: DEBUG glance_store.location [None req-209f9257-8fac-4164-adac-c55806a735a6 tempest-VolumesActionsTest-484617325 tempest-VolumesActionsTest-484617325-project] Registering scheme swift with {'store': , 'location_class': , 'store_entry': 'swift'} {{(pid=99790) register_scheme_map /usr/local/lib/python3.8/dist-packages/glance_store/location.py:146}}
May 25 17:13:05.548805 dv-cinder-790492-4-iscsi devstack@g-api.service[99790]: DEBUG glance_store.location [None req-209f9257-8fac-4164-adac-c55806a735a6 tempest-VolumesActionsTest-484617325 tempest-VolumesActionsTest-484617325-project] Registering scheme swift+http with {'store': , 'location_class': , 'store_entry': 'swift'} {{(pid=99790) register_scheme_map /usr/local/lib/python3.8/dist-packages/glance_store/location.py:146}}
May 25 17:13:05.549044 dv-cinder-790492-4-iscsi devstack@g-api.service[99790]: DEBUG glance_store.location [None req-209f9257-8fac-4164-adac-c55806a735a6 tempest-VolumesActionsTest-484617325 tempest-VolumesActionsTest-484617325-project] Registering scheme swift+https with {'store': , 'location_class': , 'store_entry': 'swift'} {{(pid=99790) register_scheme_map /usr/local/lib/python3.8/dist-packages/glance_store/location.py:146}}
May 25 17:13:05.549279 dv-cinder-790492-4-iscsi devstack@g-api.service[99790]: DEBUG glance_store.location [None req-209f9257-8fac-4164-adac-c55806a735a6 tempest-VolumesActionsTest-484617325 tempest-VolumesActionsTest-484617325-project] Registering scheme swift with {'store': , 'location_class': , 'store_entry': 'swift'} {{(pid=99790) register_scheme_map /usr/local/lib/python3.8/dist-packages/glance_store/location.py:146}}
May 25 17:13:05.549513 dv-cinder-790492-4-iscsi devstack@g-api.service[99790]: DEBUG glance_store.location [None req-209f9257-8fac-4164-adac-c55806a735a6 tempest-VolumesActionsTest-484617325 tempest-VolumesActionsTest-484617325-project] Registering scheme swift+http with {'store': , 'location_class': , 'store_entry': 'swift'} {{(pid=99790) register_scheme_map /usr/local/lib/python3.8/dist-packages/glance_store/location.py:146}}
May 25 17:13:05.549745 dv-cinder-790492-4-iscsi devstack@g-api.service[99790]: DEBUG glance_store.location [None req-209f9257-8fac-4164-adac-c55806a735a6 tempest-VolumesActionsTest-484617325 tempest-VolumesActionsTest-484617325-project] Registering scheme swift+config with {'store': , 'location_class': , 'store_entry': 'swift'} {{(pid=99790) register_scheme_map /usr/local/lib/python3.8/dist-packages/glance_store/location.py:146}}
May 25 17:13:05.780181 dv-cinder-790492-4-iscsi devstack@g-api.service[99790]: DEBUG swiftclient [None req-209f9257-8fac-4164-adac-c55806a735a6 tempest-VolumesActionsTest-484617325 tempest-VolumesActionsTest-484617325-project] REQ: curl -i http://10.222.0.62:8080/v1/AUTH_12246d52c80446878be3d905fa93ac95/glance -I -H "X-Auth-Token: gAAAAABgrTAhiuh7..." {{(pid=99790) http_log /usr/local/lib/python3.8/dist-packages/swiftclient/client.py:187}}
May 25 17:13:05.780409 dv-cinder-790492-4-iscsi devstack@g-api.service[99791]: DEBUG glance.api.middleware.version_negotiation [None req-9861fe5f-6517-47a7-b075-911c997079c1 tempest-VolumesActionsTest-484617325 tempest-VolumesActionsTest-484617325-project] Determining version of request: GET /v2/images/7f373174-909c-4b8b-a13f-9564e2812c7e Accept: application/json {{(pid=99791) process_request /opt/stack/glance/glance/api/middleware/version_negotiation.py:44}}
May 25 17:13:05.780823 dv-cinder-790492-4-iscsi devstack@g-api.service[99790]: DEBUG swiftclient [None req-209f9257-8fac-4164-adac-c55806a735a6 tempest-VolumesActionsTest-484617325 tempest-VolumesActionsTest-484617325-project] RESP STATUS: 204 No Content {{(pid=99790) http_log /usr/local/lib/python3.8/dist-packages/swiftclient/client.py:188}}
May 25 17:13:05.780931 dv-cinder-790492-4-iscsi devstack@g-api.service[99791]: DEBUG glance.api.middleware.version_negotiation [None req-9861fe5f-6517-47a7-b075-911c997079c1 tempest-VolumesActionsTest-484617325 tempest-VolumesActionsTest-484617325-project] Using url versioning {{(pid=99791) process_request /opt/stack/glance/glance/api/middleware/version_negotiation.py:57}}
May 25 17:13:05.781042 dv-cinder-790492-4-iscsi devstack@g-api.service[99790]: DEBUG swiftclient [None req-209f9257-8fac-4164-adac-c55806a735a6 tempest-VolumesActionsTest-484617325 tempest-VolumesActionsTest-484617325-project] RESP HEADERS: {'Content-Type': 'text/plain; charset=utf-8', 'X-Container-Object-Count': '2', 'X-Container-Bytes-Used': '645923840', 'X-Timestamp': '1621961511.72011', 'Last-Modified': 'Tue, 25 May 2021 16:51:52 GMT', 'Accept-Ranges': 'bytes', 'X-Storage-Policy': 'Policy-0', 'X-Container-Sharding': 'False', 'Vary': 'Accept', 'Content-Length': '0', 'X-Trans-Id': 'txa9e1d6670d5d47639e90e-0060ad3021', 'X-Openstack-Request-Id': 'txa9e1d6670d5d47639e90e-0060ad3021', 'Date': 'Tue, 25 May 2021 17:13:05 GMT'} {{(pid=99790) http_log /usr/local/lib/python3.8/dist-packages/swiftclient/client.py:189}}
May 25 17:13:05.781153 dv-cinder-790492-4-iscsi devstack@g-api.service[99791]: DEBUG glance.api.middleware.version_negotiation [None req-9861fe5f-6517-47a7-b075-911c997079c1 tempest-VolumesActionsTest-484617325 tempest-VolumesActionsTest-484617325-project] Matched version: v2 {{(pid=99791) process_request /opt/stack/glance/glance/api/middleware/version_negotiation.py:69}}
May 25 17:13:05.781254 dv-cinder-790492-4-iscsi devstack@g-api.service[99790]: DEBUG glance_store._drivers.swift.store [None req-209f9257-8fac-4164-adac-c55806a735a6 tempest-VolumesActionsTest-484617325 tempest-VolumesActionsTest-484617325-project] Adding image object '7f373174-909c-4b8b-a13f-9564e2812c7e' to Swift {{(pid=99790) add /usr/local/lib/python3.8/dist-packages/glance_store/_drivers/swift/store.py:945}}
May 25 17:13:05.781350 dv-cinder-790492-4-iscsi devstack@g-api.service[99791]: DEBUG glance.api.middleware.version_negotiation [None req-9861fe5f-6517-47a7-b075-911c997079c1 tempest-VolumesActionsTest-484617325 tempest-VolumesActionsTest-484617325-project] new path /v2/images/7f373174-909c-4b8b-a13f-9564e2812c7e {{(pid=99791) process_request /opt/stack/glance/glance/api/middleware/version_negotiation.py:70}}
May 25 17:13:05.781455 dv-cinder-790492-4-iscsi devstack@g-api.service[99790]: DEBUG glance_store._drivers.swift.store [None req-209f9257-8fac-4164-adac-c55806a735a6 tempest-VolumesActionsTest-484617325 tempest-VolumesActionsTest-484617325-project] Cannot determine image size because it is either not provided in the request or chunked-transfer encoding is used. Adding image as a segmented object to Swift. {{(pid=99790) add /usr/local/lib/python3.8/dist-packages/glance_store/_drivers/swift/store.py:969}}
May 25 17:13:05.806187 dv-cinder-790492-4-iscsi devstack@g-api.service[99791]: [pid: 99791|app: 0|req: 157/299] 127.0.0.1 () {38 vars in 787 bytes} [Tue May 25 17:13:05 2021] GET /v2/images/7f373174-909c-4b8b-a13f-9564e2812c7e => generated 648 bytes in 26 msecs (HTTP/1.1 200) 4 headers in 157 bytes (1 switches on core 0)
May 25 17:13:06.811228 dv-cinder-790492-4-iscsi devstack@g-api.service[99791]: DEBUG glance.api.middleware.version_negotiation [None req-1bd9e7c0-8542-4c77-8f7c-808e40f31ccc tempest-VolumesActionsTest-484617325 tempest-VolumesActionsTest-484617325-project] Determining version of request: GET /v2/images/7f373174-909c-4b8b-a13f-9564e2812c7e Accept: application/json {{(pid=99791) process_request /opt/stack/glance/glance/api/middleware/version_negotiation.py:44}}
May 25 17:13:06.811931 dv-cinder-790492-4-iscsi devstack@g-api.service[99791]: DEBUG glance.api.middleware.version_negotiation [None req-1bd9e7c0-8542-4c77-8f7c-808e40f31ccc tempest-VolumesActionsTest-484617325 tempest-VolumesActionsTest-484617325-project] Using url versioning {{(pid=99791) process_request /opt/stack/glance/glance/api/middleware/version_negotiation.py:57}}
May 25 17:13:06.812254 dv-cinder-790492-4-iscsi devstack@g-api.service[99791]: DEBUG glance.api.middleware.version_negotiation [None req-1bd9e7c0-8542-4c77-8f7c-808e40f31ccc tempest-VolumesActionsTest-484617325 tempest-VolumesActionsTest-484617325-project] Matched version: v2 {{(pid=99791) process_request /opt/stack/glance/glance/api/middleware/version_negotiation.py:69}}
May 25 17:13:06.812372 dv-cinder-790492-4-iscsi devstack@g-api.service[99791]: DEBUG glance.api.middleware.version_negotiation [None req-1bd9e7c0-8542-4c77-8f7c-808e40f31ccc tempest-VolumesActionsTest-484617325 tempest-VolumesActionsTest-484617325-project] new path /v2/images/7f373174-909c-4b8b-a13f-9564e2812c7e {{(pid=99791) process_request /opt/stack/glance/glance/api/middleware/version_negotiation.py:70}}
May 25 17:13:06.840330 dv-cinder-790492-4-iscsi devstack@g-api.service[99791]: [pid: 99791|app: 0|req: 158/300] 127.0.0.1 () {38 vars in 787 bytes} [Tue May 25 17:13:06 2021] GET /v2/images/7f373174-909c-4b8b-a13f-9564e2812c7e => generated 648 bytes in 30 msecs (HTTP/1.1 200) 4 headers in 157 bytes (1 switches on core 0)
May 25 17:13:07.845317 dv-cinder-790492-4-iscsi devstack@g-api.service[99791]: DEBUG glance.api.middleware.version_negotiation [None req-1efd9d97-a23d-4fb0-be70-936b20a9e588 tempest-VolumesActionsTest-484617325 tempest-VolumesActionsTest-484617325-project] Determining version of request: GET /v2/images/7f373174-909c-4b8b-a13f-9564e2812c7e Accept: application/json {{(pid=99791) process_request /opt/stack/glance/glance/api/middleware/version_negotiation.py:44}}
May 25 17:13:07.846050 dv-cinder-790492-4-iscsi devstack@g-api.service[99791]: DEBUG glance.api.middleware.version_negotiation [None req-1efd9d97-a23d-4fb0-be70-936b20a9e588 tempest-VolumesActionsTest-484617325 tempest-VolumesActionsTest-484617325-project] Using url versioning {{(pid=99791) process_request /opt/stack/glance/glance/api/middleware/version_negotiation.py:57}}
May 25 17:13:07.846230 dv-cinder-790492-4-iscsi devstack@g-api.service[99791]: DEBUG glance.api.middleware.version_negotiation [None req-1efd9d97-a23d-4fb0-be70-936b20a9e588 tempest-VolumesActionsTest-484617325 tempest-VolumesActionsTest-484617325-project] Matched version: v2 {{(pid=99791) process_request /opt/stack/glance/glance/api/middleware/version_negotiation.py:69}}
May 25 17:13:07.846984 dv-cinder-790492-4-iscsi devstack@g-api.service[99791]: DEBUG glance.api.middleware.version_negotiation [None req-1efd9d97-a23d-4fb0-be70-936b20a9e588 tempest-VolumesActionsTest-484617325 tempest-VolumesActionsTest-484617325-project] new path /v2/images/7f373174-909c-4b8b-a13f-9564e2812c7e {{(pid=99791) process_request /opt/stack/glance/glance/api/middleware/version_negotiation.py:70}}
May 25 17:13:07.879614 dv-cinder-790492-4-iscsi devstack@g-api.service[99791]: [pid: 99791|app: 0|req: 159/301] 127.0.0.1 () {38 vars in 787 bytes} [Tue May 25 17:13:07 2021] GET /v2/images/7f373174-909c-4b8b-a13f-9564e2812c7e => generated 648 bytes in 33 msecs (HTTP/1.1 200) 4 headers in 157 bytes (1 switches on core 0)
May 25 17:13:08.219106 dv-cinder-790492-4-iscsi devstack@g-api.service[99790]: DEBUG swiftclient [None req-209f9257-8fac-4164-adac-c55806a735a6 tempest-VolumesActionsTest-484617325 tempest-VolumesActionsTest-484617325-project] REQ: curl -i http://10.222.0.62:8080/v1/AUTH_12246d52c80446878be3d905fa93ac95/glance/7f373174-909c-4b8b-a13f-9564e2812c7e-00001 -X PUT -H "X-Auth-Token: gAAAAABgrTAhiuh7..." {{(pid=99790) http_log /usr/local/lib/python3.8/dist-packages/swiftclient/client.py:187}}
May 25 17:13:08.219515 dv-cinder-790492-4-iscsi devstack@g-api.service[99790]: DEBUG swiftclient [None req-209f9257-8fac-4164-adac-c55806a735a6 tempest-VolumesActionsTest-484617325 tempest-VolumesActionsTest-484617325-project] RESP STATUS: 201 Created {{(pid=99790) http_log /usr/local/lib/python3.8/dist-packages/swiftclient/client.py:188}}
May 25 17:13:08.219727 dv-cinder-790492-4-iscsi devstack@g-api.service[99790]: DEBUG swiftclient [None req-209f9257-8fac-4164-adac-c55806a735a6 tempest-VolumesActionsTest-484617325 tempest-VolumesActionsTest-484617325-project] RESP HEADERS: {'Content-Type': 'text/html; charset=UTF-8', 'Content-Length': '0', 'Etag': 'eda9a9889837ac4bc81d6387d92c1bec', 'Last-Modified': 'Tue, 25 May 2021 17:13:06 GMT', 'X-Trans-Id': 'tx8de108b15271413d8c86e-0060ad3021', 'X-Openstack-Request-Id': 'tx8de108b15271413d8c86e-0060ad3021', 'Date': 'Tue, 25 May 2021 17:13:08 GMT'} {{(pid=99790) http_log /usr/local/lib/python3.8/dist-packages/swiftclient/client.py:189}}
May 25 17:13:08.220011 dv-cinder-790492-4-iscsi devstack@g-api.service[99790]: DEBUG glance_store._drivers.swift.store [None req-209f9257-8fac-4164-adac-c55806a735a6 tempest-VolumesActionsTest-484617325 tempest-VolumesActionsTest-484617325-project] Wrote chunk 7f373174-909c-4b8b-a13f-9564e2812c7e-00001 (1/?) of length 204800000 to Swift returning MD5 of content: eda9a9889837ac4bc81d6387d92c1bec {{(pid=99790) add /usr/local/lib/python3.8/dist-packages/glance_store/_drivers/swift/store.py:1029}}
May 25 17:13:08.883279 dv-cinder-790492-4-iscsi devstack@g-api.service[99791]: DEBUG glance.api.middleware.version_negotiation [None req-235d581f-04a4-478e-bb57-e8e834163ac6 tempest-VolumesActionsTest-484617325 tempest-VolumesActionsTest-484617325-project] Determining version of request: GET /v2/images/7f373174-909c-4b8b-a13f-9564e2812c7e Accept: application/json {{(pid=99791) process_request /opt/stack/glance/glance/api/middleware/version_negotiation.py:44}}
May 25 17:13:08.883839 dv-cinder-790492-4-iscsi devstack@g-api.service[99791]: DEBUG glance.api.middleware.version_negotiation [None req-235d581f-04a4-478e-bb57-e8e834163ac6 tempest-VolumesActionsTest-484617325 tempest-VolumesActionsTest-484617325-project] Using url versioning {{(pid=99791) process_request /opt/stack/glance/glance/api/middleware/version_negotiation.py:57}}
May 25 17:13:08.883954 dv-cinder-790492-4-iscsi devstack@g-api.service[99791]: DEBUG glance.api.middleware.version_negotiation [None req-235d581f-04a4-478e-bb57-e8e834163ac6 tempest-VolumesActionsTest-484617325 tempest-VolumesActionsTest-484617325-project] Matched version: v2 {{(pid=99791) process_request /opt/stack/glance/glance/api/middleware/version_negotiation.py:69}}
May 25 17:13:08.884246 dv-cinder-790492-4-iscsi devstack@g-api.service[99791]: DEBUG glance.api.middleware.version_negotiation [None req-235d581f-04a4-478e-bb57-e8e834163ac6 tempest-VolumesActionsTest-484617325 tempest-VolumesActionsTest-484617325-project] new path /v2/images/7f373174-909c-4b8b-a13f-9564e2812c7e {{(pid=99791) process_request /opt/stack/glance/glance/api/middleware/version_negotiation.py:70}}
May 25 17:13:08.911619 dv-cinder-790492-4-iscsi devstack@g-api.service[99791]: [pid: 99791|app: 0|req: 160/302] 127.0.0.1 () {38 vars in 787 bytes} [Tue May 25 17:13:08 2021] GET /v2/images/7f373174-909c-4b8b-a13f-9564e2812c7e => generated 648 bytes in 29 msecs (HTTP/1.1 200) 4 headers in 157 bytes (1 switches on core 0)
May 25 17:13:09.915036 dv-cinder-790492-4-iscsi devstack@g-api.service[99791]: DEBUG glance.api.middleware.version_negotiation [None req-12506614-7737-42a7-90cf-565d14390d73 tempest-VolumesActionsTest-484617325 tempest-VolumesActionsTest-484617325-project] Determining version of request: GET /v2/images/7f373174-909c-4b8b-a13f-9564e2812c7e Accept: application/json {{(pid=99791) process_request /opt/stack/glance/glance/api/middleware/version_negotiation.py:44}}
May 25 17:13:09.916204 dv-cinder-790492-4-iscsi devstack@g-api.service[99791]: DEBUG glance.api.middleware.version_negotiation [None req-12506614-7737-42a7-90cf-565d14390d73 tempest-VolumesActionsTest-484617325 tempest-VolumesActionsTest-484617325-project] Using url versioning {{(pid=99791) process_request /opt/stack/glance/glance/api/middleware/version_negotiation.py:57}}
May 25 17:13:09.916760 dv-cinder-790492-4-iscsi devstack@g-api.service[99791]: DEBUG glance.api.middleware.version_negotiation [None req-12506614-7737-42a7-90cf-565d14390d73 tempest-VolumesActionsTest-484617325 tempest-VolumesActionsTest-484617325-project] Matched version: v2 {{(pid=99791) process_request /opt/stack/glance/glance/api/middleware/version_negotiation.py:69}}
May 25 17:13:09.917069 dv-cinder-790492-4-iscsi devstack@g-api.service[99791]: DEBUG glance.api.middleware.version_negotiation [None req-12506614-7737-42a7-90cf-565d14390d73 tempest-VolumesActionsTest-484617325 tempest-VolumesActionsTest-484617325-project] new path /v2/images/7f373174-909c-4b8b-a13f-9564e2812c7e {{(pid=99791) process_request /opt/stack/glance/glance/api/middleware/version_negotiation.py:70}}
May 25 17:13:09.941674 dv-cinder-790492-4-iscsi devstack@g-api.service[99791]: [pid: 99791|app: 0|req: 161/303] 127.0.0.1 () {38 vars in 787 bytes} [Tue May 25 17:13:09 2021] GET /v2/images/7f373174-909c-4b8b-a13f-9564e2812c7e => generated 648 bytes in 27 msecs (HTTP/1.1 200) 4 headers in 157 bytes (1 switches on core 0)
May 25 17:13:10.894804 dv-cinder-790492-4-iscsi devstack@g-api.service[99790]: DEBUG swiftclient [None req-209f9257-8fac-4164-adac-c55806a735a6 tempest-VolumesActionsTest-484617325 tempest-VolumesActionsTest-484617325-project] REQ: curl -i http://10.222.0.62:8080/v1/AUTH_12246d52c80446878be3d905fa93ac95/glance/7f373174-909c-4b8b-a13f-9564e2812c7e-00002 -X PUT -H "X-Auth-Token: gAAAAABgrTAhiuh7..." {{(pid=99790) http_log /usr/local/lib/python3.8/dist-packages/swiftclient/client.py:187}}
May 25 17:13:10.895205 dv-cinder-790492-4-iscsi devstack@g-api.service[99790]: DEBUG swiftclient [None req-209f9257-8fac-4164-adac-c55806a735a6 tempest-VolumesActionsTest-484617325 tempest-VolumesActionsTest-484617325-project] RESP STATUS: 201 Created {{(pid=99790) http_log /usr/local/lib/python3.8/dist-packages/swiftclient/client.py:188}}
May 25 17:13:10.895404 dv-cinder-790492-4-iscsi devstack@g-api.service[99790]: DEBUG swiftclient [None req-209f9257-8fac-4164-adac-c55806a735a6 tempest-VolumesActionsTest-484617325 tempest-VolumesActionsTest-484617325-project] RESP HEADERS: {'Content-Type': 'text/html; charset=UTF-8', 'Content-Length': '0', 'Etag': 'eda9a9889837ac4bc81d6387d92c1bec', 'Last-Modified': 'Tue, 25 May 2021 17:13:09 GMT', 'X-Trans-Id': 'txa8574fb74d3e4ecdbcd37-0060ad3024', 'X-Openstack-Request-Id': 'txa8574fb74d3e4ecdbcd37-0060ad3024', 'Date': 'Tue, 25 May 2021 17:13:10 GMT'} {{(pid=99790) http_log /usr/local/lib/python3.8/dist-packages/swiftclient/client.py:189}}
May 25 17:13:10.895689 dv-cinder-790492-4-iscsi devstack@g-api.service[99790]: DEBUG glance_store._drivers.swift.store [None req-209f9257-8fac-4164-adac-c55806a735a6 tempest-VolumesActionsTest-484617325 tempest-VolumesActionsTest-484617325-project] Wrote chunk 7f373174-909c-4b8b-a13f-9564e2812c7e-00002 (2/?) of length 204800000 to Swift returning MD5 of content: eda9a9889837ac4bc81d6387d92c1bec {{(pid=99790) add /usr/local/lib/python3.8/dist-packages/glance_store/_drivers/swift/store.py:1029}}
May 25 17:13:10.947205 dv-cinder-790492-4-iscsi devstack@g-api.service[99791]: DEBUG glance.api.middleware.version_negotiation [None req-c6a86d43-b83b-4790-bd8a-c102e5f3b6b1 tempest-VolumesActionsTest-484617325 tempest-VolumesActionsTest-484617325-project] Determining version of request: GET /v2/images/7f373174-909c-4b8b-a13f-9564e2812c7e Accept: application/json {{(pid=99791) process_request /opt/stack/glance/glance/api/middleware/version_negotiation.py:44}}
May 25 17:13:10.947772 dv-cinder-790492-4-iscsi devstack@g-api.service[99791]: DEBUG glance.api.middleware.version_negotiation [None req-c6a86d43-b83b-4790-bd8a-c102e5f3b6b1 tempest-VolumesActionsTest-484617325 tempest-VolumesActionsTest-484617325-project] Using url versioning {{(pid=99791) process_request /opt/stack/glance/glance/api/middleware/version_negotiation.py:57}}
May 25 17:13:10.947902 dv-cinder-790492-4-iscsi devstack@g-api.service[99791]: DEBUG glance.api.middleware.version_negotiation [None req-c6a86d43-b83b-4790-bd8a-c102e5f3b6b1 tempest-VolumesActionsTest-484617325 tempest-VolumesActionsTest-484617325-project] Matched version: v2 {{(pid=99791) process_request /opt/stack/glance/glance/api/middleware/version_negotiation.py:69}}
May 25 17:13:10.948287 dv-cinder-790492-4-iscsi devstack@g-api.service[99791]: DEBUG glance.api.middleware.version_negotiation [None req-c6a86d43-b83b-4790-bd8a-c102e5f3b6b1 tempest-VolumesActionsTest-484617325 tempest-VolumesActionsTest-484617325-project] new path /v2/images/7f373174-909c-4b8b-a13f-9564e2812c7e {{(pid=99791) process_request /opt/stack/glance/glance/api/middleware/version_negotiation.py:70}}
May 25 17:13:10.972991 dv-cinder-790492-4-iscsi devstack@g-api.service[99791]: [pid: 99791|app: 0|req: 162/304] 127.0.0.1 () {38 vars in 787 bytes} [Tue May 25 17:13:10 2021] GET /v2/images/7f373174-909c-4b8b-a13f-9564e2812c7e => generated 648 bytes in 26 msecs (HTTP/1.1 200) 4 headers in 157 bytes (1 switches on core 0)
May 25 17:13:11.978109 dv-cinder-790492-4-iscsi devstack@g-api.service[99791]: DEBUG glance.api.middleware.version_negotiation [None req-2a6a7ab7-ca53-498e-bf33-34c530bb4c5c tempest-VolumesActionsTest-484617325 tempest-VolumesActionsTest-484617325-project] Determining version of request: GET /v2/images/7f373174-909c-4b8b-a13f-9564e2812c7e Accept: application/json {{(pid=99791) process_request /opt/stack/glance/glance/api/middleware/version_negotiation.py:44}}
May 25 17:13:11.988200 dv-cinder-790492-4-iscsi devstack@g-api.service[99791]: DEBUG glance.api.middleware.version_negotiation [None req-2a6a7ab7-ca53-498e-bf33-34c530bb4c5c tempest-VolumesActionsTest-484617325 tempest-VolumesActionsTest-484617325-project] Using url versioning {{(pid=99791) process_request /opt/stack/glance/glance/api/middleware/version_negotiation.py:57}}
May 25 17:13:11.989141 dv-cinder-790492-4-iscsi devstack@g-api.service[99791]: DEBUG glance.api.middleware.version_negotiation [None req-2a6a7ab7-ca53-498e-bf33-34c530bb4c5c tempest-VolumesActionsTest-484617325 tempest-VolumesActionsTest-484617325-project] Matched version: v2 {{(pid=99791) process_request /opt/stack/glance/glance/api/middleware/version_negotiation.py:69}}
May 25 17:13:11.989681 dv-cinder-790492-4-iscsi devstack@g-api.service[99791]: DEBUG glance.api.middleware.version_negotiation [None req-2a6a7ab7-ca53-498e-bf33-34c530bb4c5c tempest-VolumesActionsTest-484617325 tempest-VolumesActionsTest-484617325-project] new path /v2/images/7f373174-909c-4b8b-a13f-9564e2812c7e {{(pid=99791) process_request /opt/stack/glance/glance/api/middleware/version_negotiation.py:70}}
May 25 17:13:12.021504 dv-cinder-790492-4-iscsi devstack@g-api.service[99791]: [pid: 99791|app: 0|req: 163/305] 127.0.0.1 () {38 vars in 787 bytes} [Tue May 25 17:13:11 2021] GET /v2/images/7f373174-909c-4b8b-a13f-9564e2812c7e => generated 648 bytes in 44 msecs (HTTP/1.1 200) 4 headers in 157 bytes (1 switches on core 0)
May 25 17:13:13.027951 dv-cinder-790492-4-iscsi devstack@g-api.service[99791]: DEBUG glance.api.middleware.version_negotiation [None req-077a9c7e-369e-4c4b-81c8-31c6e99af80d tempest-VolumesActionsTest-484617325 tempest-VolumesActionsTest-484617325-project] Determining version of request: GET /v2/images/7f373174-909c-4b8b-a13f-9564e2812c7e Accept: application/json {{(pid=99791) process_request /opt/stack/glance/glance/api/middleware/version_negotiation.py:44}}
May 25 17:13:13.029031 dv-cinder-790492-4-iscsi devstack@g-api.service[99791]: DEBUG glance.api.middleware.version_negotiation [None req-077a9c7e-369e-4c4b-81c8-31c6e99af80d tempest-VolumesActionsTest-484617325 tempest-VolumesActionsTest-484617325-project] Using url versioning {{(pid=99791) process_request /opt/stack/glance/glance/api/middleware/version_negotiation.py:57}}
May 25 17:13:13.029366 dv-cinder-790492-4-iscsi devstack@g-api.service[99791]: DEBUG glance.api.middleware.version_negotiation [None req-077a9c7e-369e-4c4b-81c8-31c6e99af80d tempest-VolumesActionsTest-484617325 tempest-VolumesActionsTest-484617325-project] Matched version: v2 {{(pid=99791) process_request /opt/stack/glance/glance/api/middleware/version_negotiation.py:69}}
May 25 17:13:13.029648 dv-cinder-790492-4-iscsi devstack@g-api.service[99791]: DEBUG glance.api.middleware.version_negotiation [None req-077a9c7e-369e-4c4b-81c8-31c6e99af80d tempest-VolumesActionsTest-484617325 tempest-VolumesActionsTest-484617325-project] new path /v2/images/7f373174-909c-4b8b-a13f-9564e2812c7e {{(pid=99791) process_request /opt/stack/glance/glance/api/middleware/version_negotiation.py:70}}
May 25 17:13:13.067505 dv-cinder-790492-4-iscsi devstack@g-api.service[99791]: [pid: 99791|app: 0|req: 164/306] 127.0.0.1 () {38 vars in 787 bytes} [Tue May 25 17:13:13 2021] GET /v2/images/7f373174-909c-4b8b-a13f-9564e2812c7e => generated 648 bytes in 41 msecs (HTTP/1.1 200) 4 headers in 157 bytes (1 switches on core 0)
May 25 17:13:13.408464 dv-cinder-790492-4-iscsi devstack@g-api.service[99790]: DEBUG swiftclient [None req-209f9257-8fac-4164-adac-c55806a735a6 tempest-VolumesActionsTest-484617325 tempest-VolumesActionsTest-484617325-project] REQ: curl -i http://10.222.0.62:8080/v1/AUTH_12246d52c80446878be3d905fa93ac95/glance/7f373174-909c-4b8b-a13f-9564e2812c7e-00003 -X PUT -H "X-Auth-Token: gAAAAABgrTAhiuh7..." {{(pid=99790) http_log /usr/local/lib/python3.8/dist-packages/swiftclient/client.py:187}}
May 25 17:13:13.408871 dv-cinder-790492-4-iscsi devstack@g-api.service[99790]: DEBUG swiftclient [None req-209f9257-8fac-4164-adac-c55806a735a6 tempest-VolumesActionsTest-484617325 tempest-VolumesActionsTest-484617325-project] RESP STATUS: 201 Created {{(pid=99790) http_log /usr/local/lib/python3.8/dist-packages/swiftclient/client.py:188}}
May 25 17:13:13.409075 dv-cinder-790492-4-iscsi devstack@g-api.service[99790]: DEBUG swiftclient [None req-209f9257-8fac-4164-adac-c55806a735a6 tempest-VolumesActionsTest-484617325 tempest-VolumesActionsTest-484617325-project] RESP HEADERS: {'Content-Type': 'text/html; charset=UTF-8', 'Content-Length': '0', 'Etag': 'eda9a9889837ac4bc81d6387d92c1bec', 'Last-Modified': 'Tue, 25 May 2021 17:13:11 GMT', 'X-Trans-Id': 'tx52014aca724f46d0b3597-0060ad3026', 'X-Openstack-Request-Id': 'tx52014aca724f46d0b3597-0060ad3026', 'Date': 'Tue, 25 May 2021 17:13:13 GMT'} {{(pid=99790) http_log /usr/local/lib/python3.8/dist-packages/swiftclient/client.py:189}}
May 25 17:13:13.409362 dv-cinder-790492-4-iscsi devstack@g-api.service[99790]: DEBUG glance_store._drivers.swift.store [None req-209f9257-8fac-4164-adac-c55806a735a6 tempest-VolumesActionsTest-484617325 tempest-VolumesActionsTest-484617325-project] Wrote chunk 7f373174-909c-4b8b-a13f-9564e2812c7e-00003 (3/?) of length 204800000 to Swift returning MD5 of content: eda9a9889837ac4bc81d6387d92c1bec {{(pid=99790) add /usr/local/lib/python3.8/dist-packages/glance_store/_drivers/swift/store.py:1029}}
May 25 17:13:14.074830 dv-cinder-790492-4-iscsi devstack@g-api.service[99791]: DEBUG glance.api.middleware.version_negotiation [None req-43d2d1ed-251e-45a2-ab02-b538da0c6529 tempest-VolumesActionsTest-484617325 tempest-VolumesActionsTest-484617325-project] Determining version of request: GET /v2/images/7f373174-909c-4b8b-a13f-9564e2812c7e Accept: application/json {{(pid=99791) process_request /opt/stack/glance/glance/api/middleware/version_negotiation.py:44}}
May 25 17:13:14.075886 dv-cinder-790492-4-iscsi devstack@g-api.service[99791]: DEBUG glance.api.middleware.version_negotiation [None req-43d2d1ed-251e-45a2-ab02-b538da0c6529 tempest-VolumesActionsTest-484617325 tempest-VolumesActionsTest-484617325-project] Using url versioning {{(pid=99791) process_request /opt/stack/glance/glance/api/middleware/version_negotiation.py:57}}
May 25 17:13:14.076216 dv-cinder-790492-4-iscsi devstack@g-api.service[99791]: DEBUG glance.api.middleware.version_negotiation [None req-43d2d1ed-251e-45a2-ab02-b538da0c6529 tempest-VolumesActionsTest-484617325 tempest-VolumesActionsTest-484617325-project] Matched version: v2 {{(pid=99791) process_request /opt/stack/glance/glance/api/middleware/version_negotiation.py:69}}
May 25 17:13:14.076505 dv-cinder-790492-4-iscsi devstack@g-api.service[99791]: DEBUG glance.api.middleware.version_negotiation [None req-43d2d1ed-251e-45a2-ab02-b538da0c6529 tempest-VolumesActionsTest-484617325 tempest-VolumesActionsTest-484617325-project] new path /v2/images/7f373174-909c-4b8b-a13f-9564e2812c7e {{(pid=99791) process_request /opt/stack/glance/glance/api/middleware/version_negotiation.py:70}}
May 25 17:13:14.099288 dv-cinder-790492-4-iscsi devstack@g-api.service[99791]: [pid: 99791|app: 0|req: 165/307] 127.0.0.1 () {38 vars in 787 bytes} [Tue May 25 17:13:14 2021] GET /v2/images/7f373174-909c-4b8b-a13f-9564e2812c7e => generated 648 bytes in 25 msecs (HTTP/1.1 200) 4 headers in 157 bytes (1 switches on core 0)
May 25 17:13:15.104620 dv-cinder-790492-4-iscsi devstack@g-api.service[99791]: DEBUG glance.api.middleware.version_negotiation [None req-0c38d890-9b30-4152-bad1-34dcf65d4fbb tempest-VolumesActionsTest-484617325 tempest-VolumesActionsTest-484617325-project] Determining version of request: GET /v2/images/7f373174-909c-4b8b-a13f-9564e2812c7e Accept: application/json {{(pid=99791) process_request /opt/stack/glance/glance/api/middleware/version_negotiation.py:44}}
May 25 17:13:15.105369 dv-cinder-790492-4-iscsi devstack@g-api.service[99791]: DEBUG glance.api.middleware.version_negotiation [None req-0c38d890-9b30-4152-bad1-34dcf65d4fbb tempest-VolumesActionsTest-484617325 tempest-VolumesActionsTest-484617325-project] Using url versioning {{(pid=99791) process_request /opt/stack/glance/glance/api/middleware/version_negotiation.py:57}}
May 25 17:13:15.105539 dv-cinder-790492-4-iscsi devstack@g-api.service[99791]: DEBUG glance.api.middleware.version_negotiation [None req-0c38d890-9b30-4152-bad1-34dcf65d4fbb tempest-VolumesActionsTest-484617325 tempest-VolumesActionsTest-484617325-project] Matched version: v2 {{(pid=99791) process_request /opt/stack/glance/glance/api/middleware/version_negotiation.py:69}}
May 25 17:13:15.106156 dv-cinder-790492-4-iscsi devstack@g-api.service[99791]: DEBUG glance.api.middleware.version_negotiation [None req-0c38d890-9b30-4152-bad1-34dcf65d4fbb tempest-VolumesActionsTest-484617325 tempest-VolumesActionsTest-484617325-project] new path /v2/images/7f373174-909c-4b8b-a13f-9564e2812c7e {{(pid=99791) process_request /opt/stack/glance/glance/api/middleware/version_negotiation.py:70}}
May 25 17:13:15.131120 dv-cinder-790492-4-iscsi devstack@g-api.service[99791]: [pid: 99791|app: 0|req: 166/308] 127.0.0.1 () {38 vars in 787 bytes} [Tue May 25 17:13:15 2021] GET /v2/images/7f373174-909c-4b8b-a13f-9564e2812c7e => generated 648 bytes in 27 msecs (HTTP/1.1 200) 4 headers in 157 bytes (1 switches on core 0)
May 25 17:13:16.022403 dv-cinder-790492-4-iscsi devstack@g-api.service[99790]: DEBUG swiftclient [None req-209f9257-8fac-4164-adac-c55806a735a6 tempest-VolumesActionsTest-484617325 tempest-VolumesActionsTest-484617325-project] REQ: curl -i http://10.222.0.62:8080/v1/AUTH_12246d52c80446878be3d905fa93ac95/glance/7f373174-909c-4b8b-a13f-9564e2812c7e-00004 -X PUT -H "X-Auth-Token: gAAAAABgrTAhiuh7..." {{(pid=99790) http_log /usr/local/lib/python3.8/dist-packages/swiftclient/client.py:187}}
May 25 17:13:16.022818 dv-cinder-790492-4-iscsi devstack@g-api.service[99790]: DEBUG swiftclient [None req-209f9257-8fac-4164-adac-c55806a735a6 tempest-VolumesActionsTest-484617325 tempest-VolumesActionsTest-484617325-project] RESP STATUS: 201 Created {{(pid=99790) http_log /usr/local/lib/python3.8/dist-packages/swiftclient/client.py:188}}
May 25 17:13:16.023009 dv-cinder-790492-4-iscsi devstack@g-api.service[99790]: DEBUG swiftclient [None req-209f9257-8fac-4164-adac-c55806a735a6 tempest-VolumesActionsTest-484617325 tempest-VolumesActionsTest-484617325-project] RESP HEADERS: {'Content-Type': 'text/html; charset=UTF-8', 'Content-Length': '0', 'Etag': 'eda9a9889837ac4bc81d6387d92c1bec', 'Last-Modified': 'Tue, 25 May 2021 17:13:14 GMT', 'X-Trans-Id': 'txcc41ff3eba6b46e9bb589-0060ad3029', 'X-Openstack-Request-Id': 'txcc41ff3eba6b46e9bb589-0060ad3029', 'Date': 'Tue, 25 May 2021 17:13:16 GMT'} {{(pid=99790) http_log /usr/local/lib/python3.8/dist-packages/swiftclient/client.py:189}}
May 25 17:13:16.023296 dv-cinder-790492-4-iscsi devstack@g-api.service[99790]: DEBUG glance_store._drivers.swift.store [None req-209f9257-8fac-4164-adac-c55806a735a6 tempest-VolumesActionsTest-484617325 tempest-VolumesActionsTest-484617325-project] Wrote chunk 7f373174-909c-4b8b-a13f-9564e2812c7e-00004 (4/?) of length 204800000 to Swift returning MD5 of content: eda9a9889837ac4bc81d6387d92c1bec {{(pid=99790) add /usr/local/lib/python3.8/dist-packages/glance_store/_drivers/swift/store.py:1029}}
May 25 17:13:16.136078 dv-cinder-790492-4-iscsi devstack@g-api.service[99791]: DEBUG glance.api.middleware.version_negotiation [None req-0513a9e1-86aa-4523-994e-610287ea2413 tempest-VolumesActionsTest-484617325 tempest-VolumesActionsTest-484617325-project] Determining version of request: GET /v2/images/7f373174-909c-4b8b-a13f-9564e2812c7e Accept: application/json {{(pid=99791) process_request /opt/stack/glance/glance/api/middleware/version_negotiation.py:44}}
May 25 17:13:16.137194 dv-cinder-790492-4-iscsi devstack@g-api.service[99791]: DEBUG glance.api.middleware.version_negotiation [None req-0513a9e1-86aa-4523-994e-610287ea2413 tempest-VolumesActionsTest-484617325 tempest-VolumesActionsTest-484617325-project] Using url versioning {{(pid=99791) process_request /opt/stack/glance/glance/api/middleware/version_negotiation.py:57}}
May 25 17:13:16.137737 dv-cinder-790492-4-iscsi devstack@g-api.service[99791]: DEBUG glance.api.middleware.version_negotiation [None req-0513a9e1-86aa-4523-994e-610287ea2413 tempest-VolumesActionsTest-484617325 tempest-VolumesActionsTest-484617325-project] Matched version: v2 {{(pid=99791) process_request /opt/stack/glance/glance/api/middleware/version_negotiation.py:69}}
May 25 17:13:16.138371 dv-cinder-790492-4-iscsi devstack@g-api.service[99791]: DEBUG glance.api.middleware.version_negotiation [None req-0513a9e1-86aa-4523-994e-610287ea2413 tempest-VolumesActionsTest-484617325 tempest-VolumesActionsTest-484617325-project] new path /v2/images/7f373174-909c-4b8b-a13f-9564e2812c7e {{(pid=99791) process_request /opt/stack/glance/glance/api/middleware/version_negotiation.py:70}}
May 25 17:13:16.161708 dv-cinder-790492-4-iscsi devstack@g-api.service[99791]: [pid: 99791|app: 0|req: 167/309] 127.0.0.1 () {38 vars in 787 bytes} [Tue May 25 17:13:16 2021] GET /v2/images/7f373174-909c-4b8b-a13f-9564e2812c7e => generated 648 bytes in 26 msecs (HTTP/1.1 200) 4 headers in 157 bytes (1 switches on core 0)
May 25 17:13:17.167099 dv-cinder-790492-4-iscsi devstack@g-api.service[99791]: DEBUG glance.api.middleware.version_negotiation [None req-ed07456c-c010-4341-b1d7-27f0c98d7ac6 tempest-VolumesActionsTest-484617325 tempest-VolumesActionsTest-484617325-project] Determining version of request: GET /v2/images/7f373174-909c-4b8b-a13f-9564e2812c7e Accept: application/json {{(pid=99791) process_request /opt/stack/glance/glance/api/middleware/version_negotiation.py:44}}
May 25 17:13:17.167778 dv-cinder-790492-4-iscsi devstack@g-api.service[99791]: DEBUG glance.api.middleware.version_negotiation [None req-ed07456c-c010-4341-b1d7-27f0c98d7ac6 tempest-VolumesActionsTest-484617325 tempest-VolumesActionsTest-484617325-project] Using url versioning {{(pid=99791) process_request /opt/stack/glance/glance/api/middleware/version_negotiation.py:57}}
May 25 17:13:17.167778 dv-cinder-790492-4-iscsi devstack@g-api.service[99791]: DEBUG glance.api.middleware.version_negotiation [None req-ed07456c-c010-4341-b1d7-27f0c98d7ac6 tempest-VolumesActionsTest-484617325 tempest-VolumesActionsTest-484617325-project] Matched version: v2 {{(pid=99791) process_request /opt/stack/glance/glance/api/middleware/version_negotiation.py:69}}
May 25 17:13:17.168577 dv-cinder-790492-4-iscsi devstack@g-api.service[99791]: DEBUG glance.api.middleware.version_negotiation [None req-ed07456c-c010-4341-b1d7-27f0c98d7ac6 tempest-VolumesActionsTest-484617325 tempest-VolumesActionsTest-484617325-project] new path /v2/images/7f373174-909c-4b8b-a13f-9564e2812c7e {{(pid=99791) process_request /opt/stack/glance/glance/api/middleware/version_negotiation.py:70}}
May 25 17:13:17.193874 dv-cinder-790492-4-iscsi devstack@g-api.service[99791]: [pid: 99791|app: 0|req: 168/310] 127.0.0.1 () {38 vars in 787 bytes} [Tue May 25 17:13:17 2021] GET /v2/images/7f373174-909c-4b8b-a13f-9564e2812c7e => generated 648 bytes in 25 msecs (HTTP/1.1 200) 4 headers in 157 bytes (1 switches on core 0)
May 25 17:13:18.196391 dv-cinder-790492-4-iscsi devstack@g-api.service[99791]: DEBUG glance.api.middleware.version_negotiation [None req-17fc65af-378d-4c7e-8f86-59f60ecc09f3 tempest-VolumesActionsTest-484617325 tempest-VolumesActionsTest-484617325-project] Determining version of request: GET /v2/images/7f373174-909c-4b8b-a13f-9564e2812c7e Accept: application/json {{(pid=99791) process_request /opt/stack/glance/glance/api/middleware/version_negotiation.py:44}}
May 25 17:13:18.197228 dv-cinder-790492-4-iscsi devstack@g-api.service[99791]: DEBUG glance.api.middleware.version_negotiation [None req-17fc65af-378d-4c7e-8f86-59f60ecc09f3 tempest-VolumesActionsTest-484617325 tempest-VolumesActionsTest-484617325-project] Using url versioning {{(pid=99791) process_request /opt/stack/glance/glance/api/middleware/version_negotiation.py:57}}
May 25 17:13:18.197228 dv-cinder-790492-4-iscsi devstack@g-api.service[99791]: DEBUG glance.api.middleware.version_negotiation [None req-17fc65af-378d-4c7e-8f86-59f60ecc09f3 tempest-VolumesActionsTest-484617325 tempest-VolumesActionsTest-484617325-project] Matched version: v2 {{(pid=99791) process_request /opt/stack/glance/glance/api/middleware/version_negotiation.py:69}}
May 25 17:13:18.197438 dv-cinder-790492-4-iscsi devstack@g-api.service[99791]: DEBUG glance.api.middleware.version_negotiation [None req-17fc65af-378d-4c7e-8f86-59f60ecc09f3 tempest-VolumesActionsTest-484617325 tempest-VolumesActionsTest-484617325-project] new path /v2/images/7f373174-909c-4b8b-a13f-9564e2812c7e {{(pid=99791) process_request /opt/stack/glance/glance/api/middleware/version_negotiation.py:70}}
May 25 17:13:18.222606 dv-cinder-790492-4-iscsi devstack@g-api.service[99791]: [pid: 99791|app: 0|req: 169/311] 127.0.0.1 () {38 vars in 787 bytes} [Tue May 25 17:13:18 2021] GET /v2/images/7f373174-909c-4b8b-a13f-9564e2812c7e => generated 648 bytes in 26 msecs (HTTP/1.1 200) 4 headers in 157 bytes (1 switches on core 0)
May 25 17:13:18.513843 dv-cinder-790492-4-iscsi devstack@g-api.service[99790]: DEBUG swiftclient [None req-209f9257-8fac-4164-adac-c55806a735a6 tempest-VolumesActionsTest-484617325 tempest-VolumesActionsTest-484617325-project] REQ: curl -i http://10.222.0.62:8080/v1/AUTH_12246d52c80446878be3d905fa93ac95/glance/7f373174-909c-4b8b-a13f-9564e2812c7e-00005 -X PUT -H "X-Auth-Token: gAAAAABgrTAhiuh7..." {{(pid=99790) http_log /usr/local/lib/python3.8/dist-packages/swiftclient/client.py:187}}
May 25 17:13:18.514337 dv-cinder-790492-4-iscsi devstack@g-api.service[99790]: DEBUG swiftclient [None req-209f9257-8fac-4164-adac-c55806a735a6 tempest-VolumesActionsTest-484617325 tempest-VolumesActionsTest-484617325-project] RESP STATUS: 201 Created {{(pid=99790) http_log /usr/local/lib/python3.8/dist-packages/swiftclient/client.py:188}}
May 25 17:13:18.514441 dv-cinder-790492-4-iscsi devstack@g-api.service[99790]: DEBUG swiftclient [None req-209f9257-8fac-4164-adac-c55806a735a6 tempest-VolumesActionsTest-484617325 tempest-VolumesActionsTest-484617325-project] RESP HEADERS: {'Content-Type': 'text/html; charset=UTF-8', 'Content-Length': '0', 'Etag': 'eda9a9889837ac4bc81d6387d92c1bec', 'Last-Modified': 'Tue, 25 May 2021 17:13:17 GMT', 'X-Trans-Id': 'tx62d946d762c441b8a000d-0060ad302c', 'X-Openstack-Request-Id': 'tx62d946d762c441b8a000d-0060ad302c', 'Date': 'Tue, 25 May 2021 17:13:18 GMT'} {{(pid=99790) http_log /usr/local/lib/python3.8/dist-packages/swiftclient/client.py:189}}
May 25 17:13:18.514728 dv-cinder-790492-4-iscsi devstack@g-api.service[99790]: DEBUG glance_store._drivers.swift.store [None req-209f9257-8fac-4164-adac-c55806a735a6 tempest-VolumesActionsTest-484617325 tempest-VolumesActionsTest-484617325-project] Wrote chunk 7f373174-909c-4b8b-a13f-9564e2812c7e-00005 (5/?) of length 204800000 to Swift returning MD5 of content: eda9a9889837ac4bc81d6387d92c1bec {{(pid=99790) add /usr/local/lib/python3.8/dist-packages/glance_store/_drivers/swift/store.py:1029}}
May 25 17:13:19.114815 dv-cinder-790492-4-iscsi devstack@g-api.service[99790]: DEBUG swiftclient [None req-209f9257-8fac-4164-adac-c55806a735a6 tempest-VolumesActionsTest-484617325 tempest-VolumesActionsTest-484617325-project] REQ: curl -i http://10.222.0.62:8080/v1/AUTH_12246d52c80446878be3d905fa93ac95/glance/7f373174-909c-4b8b-a13f-9564e2812c7e-00006 -X PUT -H "X-Auth-Token: gAAAAABgrTAhiuh7..." {{(pid=99790) http_log /usr/local/lib/python3.8/dist-packages/swiftclient/client.py:187}}
May 25 17:13:19.115066 dv-cinder-790492-4-iscsi devstack@g-api.service[99790]: DEBUG swiftclient [None req-209f9257-8fac-4164-adac-c55806a735a6 tempest-VolumesActionsTest-484617325 tempest-VolumesActionsTest-484617325-project] RESP STATUS: 201 Created {{(pid=99790) http_log /usr/local/lib/python3.8/dist-packages/swiftclient/client.py:188}}
May 25 17:13:19.115414 dv-cinder-790492-4-iscsi devstack@g-api.service[99790]: DEBUG swiftclient [None req-209f9257-8fac-4164-adac-c55806a735a6 tempest-VolumesActionsTest-484617325 tempest-VolumesActionsTest-484617325-project] RESP HEADERS: {'Content-Type': 'text/html; charset=UTF-8', 'Content-Length': '0', 'Etag': '708761f3b8777ec77058e63da08eeeb6', 'Last-Modified': 'Tue, 25 May 2021 17:13:19 GMT', 'X-Trans-Id': 'tx45100c66c030412bb672e-0060ad302e', 'X-Openstack-Request-Id': 'tx45100c66c030412bb672e-0060ad302e', 'Date': 'Tue, 25 May 2021 17:13:19 GMT'} {{(pid=99790) http_log /usr/local/lib/python3.8/dist-packages/swiftclient/client.py:189}}
May 25 17:13:19.115692 dv-cinder-790492-4-iscsi devstack@g-api.service[99790]: DEBUG glance_store._drivers.swift.store [None req-209f9257-8fac-4164-adac-c55806a735a6 tempest-VolumesActionsTest-484617325 tempest-VolumesActionsTest-484617325-project] Wrote chunk 7f373174-909c-4b8b-a13f-9564e2812c7e-00006 (6/?) of length 49741824 to Swift returning MD5 of content: 708761f3b8777ec77058e63da08eeeb6 {{(pid=99790) add /usr/local/lib/python3.8/dist-packages/glance_store/_drivers/swift/store.py:1029}}
