May 25 16:58:27.695309 dv-cinder-790492-4-iscsi devstack@c-api.service[98630]: [pid: 98630|app: 0|req: 51/93] 10.222.0.62 () {60 vars in 1579 bytes} [Tue May 25 16:58:27 2021] GET /volume/v3/6acaeeff8e52470e80c9d8366ba9728d/volumes/1a57a4d9-a5f8-40ec-b31f-fe77ccd885b1 => generated 922 bytes in 134 msecs (HTTP/1.1 200) 7 headers in 285 bytes (1 switches on core 0)
May 25 16:58:27.696570 dv-cinder-790492-4-iscsi devstack@c-api.service[98631]: INFO cinder.api.openstack.wsgi [None req-15d4c017-9a0a-4b74-a8ef-fe23cfdadadd tempest-GroupSnapshotsTest-1915480039 tempest-GroupSnapshotsTest-1915480039-project] GET http://10.222.0.62/volume/v3/2ce61476a6c14d309256c1a8380b0764/snapshots/4760cf15-6a2d-48d5-afe7-542c5c7ddc4c
May 25 16:58:27.697189 dv-cinder-790492-4-iscsi devstack@c-api.service[98631]: DEBUG cinder.api.openstack.wsgi [None req-15d4c017-9a0a-4b74-a8ef-fe23cfdadadd tempest-GroupSnapshotsTest-1915480039 tempest-GroupSnapshotsTest-1915480039-project] Empty body provided in request {{(pid=98631) get_body /opt/stack/cinder/cinder/api/openstack/wsgi.py:713}}
May 25 16:58:27.697375 dv-cinder-790492-4-iscsi devstack@c-api.service[98631]: /usr/local/lib/python3.8/dist-packages/webob/acceptparse.py:1047: DeprecationWarning: The behavior of AcceptValidHeader.best_match is currently being maintained for backward compatibility, but it will be deprecated in the future, as it does not conform to the RFC.
May 25 16:58:27.697375 dv-cinder-790492-4-iscsi devstack@c-api.service[98631]: warnings.warn(
May 25 16:58:27.697809 dv-cinder-790492-4-iscsi devstack@c-api.service[98631]: DEBUG cinder.api.openstack.wsgi [None req-15d4c017-9a0a-4b74-a8ef-fe23cfdadadd tempest-GroupSnapshotsTest-1915480039 tempest-GroupSnapshotsTest-1915480039-project] Calling method 'show' {{(pid=98631) _process_stack /opt/stack/cinder/cinder/api/openstack/wsgi.py:866}}
May 25 16:58:27.734713 dv-cinder-790492-4-iscsi devstack@c-api.service[98630]: INFO cinder.api.openstack.wsgi [None req-54f03cd1-d8c8-47aa-8601-ab07544d806d tempest-VolumesTestJSON-348317231 tempest-VolumesTestJSON-348317231-project] POST http://10.222.0.62/volume/v3/6acaeeff8e52470e80c9d8366ba9728d/volumes
May 25 16:58:27.735362 dv-cinder-790492-4-iscsi devstack@c-api.service[98630]: /usr/local/lib/python3.8/dist-packages/webob/acceptparse.py:1047: DeprecationWarning: The behavior of AcceptValidHeader.best_match is currently being maintained for backward compatibility, but it will be deprecated in the future, as it does not conform to the RFC.
May 25 16:58:27.735362 dv-cinder-790492-4-iscsi devstack@c-api.service[98630]: warnings.warn(
May 25 16:58:27.735826 dv-cinder-790492-4-iscsi devstack@c-api.service[98630]: DEBUG cinder.api.openstack.wsgi [None req-54f03cd1-d8c8-47aa-8601-ab07544d806d tempest-VolumesTestJSON-348317231 tempest-VolumesTestJSON-348317231-project] Action: 'create', calling method: create, body: {"volume": {"metadata": {"Type": "work"}, "size": 1, "display_name": "tempest-VolumesTestJSON-volume-1292217682"}} {{(pid=98630) _process_stack /opt/stack/cinder/cinder/api/openstack/wsgi.py:864}}
May 25 16:58:27.737020 dv-cinder-790492-4-iscsi devstack@c-api.service[98630]: DEBUG cinder.api.v3.volumes [None req-54f03cd1-d8c8-47aa-8601-ab07544d806d tempest-VolumesTestJSON-348317231 tempest-VolumesTestJSON-348317231-project] Create volume request body: {'volume': {'metadata': {'Type': 'work'}, 'size': 1, 'display_name': 'tempest-VolumesTestJSON-volume-1292217682'}} {{(pid=98630) create /opt/stack/cinder/cinder/api/v3/volumes.py:289}}
May 25 16:58:27.737958 dv-cinder-790492-4-iscsi devstack@c-api.service[98630]: INFO cinder.api.v3.volumes [None req-54f03cd1-d8c8-47aa-8601-ab07544d806d tempest-VolumesTestJSON-348317231 tempest-VolumesTestJSON-348317231-project] Create volume of 1 GB
May 25 16:58:27.740874 dv-cinder-790492-4-iscsi devstack@c-api.service[98631]: /usr/local/lib/python3.8/dist-packages/oslo_context/context.py:105: DeprecationWarning: Policy enforcement is depending on the value of is_admin. This key is deprecated. Please update your policy file to use the standard policy values.
May 25 16:58:27.740874 dv-cinder-790492-4-iscsi devstack@c-api.service[98631]: warnings.warn('Policy enforcement is depending on the value of '
May 25 16:58:27.742128 dv-cinder-790492-4-iscsi devstack@c-api.service[98631]: INFO cinder.volume.api [None req-15d4c017-9a0a-4b74-a8ef-fe23cfdadadd tempest-GroupSnapshotsTest-1915480039 tempest-GroupSnapshotsTest-1915480039-project] Snapshot retrieved successfully.
May 25 16:58:27.744232 dv-cinder-790492-4-iscsi devstack@c-api.service[98631]: INFO cinder.api.openstack.wsgi [None req-15d4c017-9a0a-4b74-a8ef-fe23cfdadadd tempest-GroupSnapshotsTest-1915480039 tempest-GroupSnapshotsTest-1915480039-project] http://10.222.0.62/volume/v3/2ce61476a6c14d309256c1a8380b0764/snapshots/4760cf15-6a2d-48d5-afe7-542c5c7ddc4c returned with HTTP 200
May 25 16:58:27.745130 dv-cinder-790492-4-iscsi devstack@c-api.service[98631]: [pid: 98631|app: 0|req: 43/94] 10.222.0.62 () {58 vars in 1331 bytes} [Tue May 25 16:58:27 2021] GET /volume/v3/2ce61476a6c14d309256c1a8380b0764/snapshots/4760cf15-6a2d-48d5-afe7-542c5c7ddc4c => generated 450 bytes in 54 msecs (HTTP/1.1 200) 7 headers in 285 bytes (1 switches on core 0)
May 25 16:58:27.749150 dv-cinder-790492-4-iscsi devstack@c-api.service[98631]: INFO cinder.api.openstack.wsgi [req-bb8208e4-049f-4b20-986e-2caf5fac1593 req-1eb143fa-93ed-431d-8f4b-a6d7f670fcf8 tempest-VolumesSnapshotsTestJSON-1497329335 tempest-VolumesSnapshotsTestJSON-1497329335-project] DELETE http://10.222.0.62/volume/v3/9392e98b899f47b5b906d2709cdd94fa/volumes/67f5ec31-e037-41ef-a20e-83864e9c98d9
May 25 16:58:27.749562 dv-cinder-790492-4-iscsi devstack@c-api.service[98631]: DEBUG cinder.api.openstack.wsgi [req-bb8208e4-049f-4b20-986e-2caf5fac1593 req-1eb143fa-93ed-431d-8f4b-a6d7f670fcf8 tempest-VolumesSnapshotsTestJSON-1497329335 tempest-VolumesSnapshotsTestJSON-1497329335-project] Empty body provided in request {{(pid=98631) get_body /opt/stack/cinder/cinder/api/openstack/wsgi.py:713}}
May 25 16:58:27.749725 dv-cinder-790492-4-iscsi devstack@c-api.service[98631]: /usr/local/lib/python3.8/dist-packages/webob/acceptparse.py:1047: DeprecationWarning: The behavior of AcceptValidHeader.best_match is currently being maintained for backward compatibility, but it will be deprecated in the future, as it does not conform to the RFC.
May 25 16:58:27.749725 dv-cinder-790492-4-iscsi devstack@c-api.service[98631]: warnings.warn(
May 25 16:58:27.750104 dv-cinder-790492-4-iscsi devstack@c-api.service[98631]: DEBUG cinder.api.openstack.wsgi [req-bb8208e4-049f-4b20-986e-2caf5fac1593 req-1eb143fa-93ed-431d-8f4b-a6d7f670fcf8 tempest-VolumesSnapshotsTestJSON-1497329335 tempest-VolumesSnapshotsTestJSON-1497329335-project] Calling method 'delete' {{(pid=98631) _process_stack /opt/stack/cinder/cinder/api/openstack/wsgi.py:866}}
May 25 16:58:27.750601 dv-cinder-790492-4-iscsi devstack@c-api.service[98631]: INFO cinder.api.v3.volumes [req-bb8208e4-049f-4b20-986e-2caf5fac1593 req-1eb143fa-93ed-431d-8f4b-a6d7f670fcf8 tempest-VolumesSnapshotsTestJSON-1497329335 tempest-VolumesSnapshotsTestJSON-1497329335-project] Delete volume with id: 67f5ec31-e037-41ef-a20e-83864e9c98d9
May 25 16:58:27.763596 dv-cinder-790492-4-iscsi devstack@c-api.service[98630]: INFO cinder.volume.api [None req-54f03cd1-d8c8-47aa-8601-ab07544d806d tempest-VolumesTestJSON-348317231 tempest-VolumesTestJSON-348317231-project] Availability Zones retrieved successfully.
May 25 16:58:27.779149 dv-cinder-790492-4-iscsi devstack@c-api.service[98630]: DEBUG cinder.volume.api [None req-54f03cd1-d8c8-47aa-8601-ab07544d806d tempest-VolumesTestJSON-348317231 tempest-VolumesTestJSON-348317231-project] Flow 'volume_create_api' (6eae962f-02fa-41cb-afee-3b2779eda924) transitioned into state 'RUNNING' from state 'PENDING' {{(pid=98630) _flow_receiver /usr/local/lib/python3.8/dist-packages/taskflow/listeners/logging.py:141}}
May 25 16:58:27.781808 dv-cinder-790492-4-iscsi devstack@c-api.service[98630]: DEBUG cinder.volume.api [None req-54f03cd1-d8c8-47aa-8601-ab07544d806d tempest-VolumesTestJSON-348317231 tempest-VolumesTestJSON-348317231-project] Task 'cinder.volume.flows.api.create_volume.ExtractVolumeRequestTask;volume:create' (ec58cc9a-ab91-4ca1-b591-a5eac3013d27) transitioned into state 'RUNNING' from state 'PENDING' {{(pid=98630) _task_receiver /usr/local/lib/python3.8/dist-packages/taskflow/listeners/logging.py:190}}
May 25 16:58:27.783905 dv-cinder-790492-4-iscsi devstack@c-api.service[98630]: DEBUG cinder.volume.flows.api.create_volume [None req-54f03cd1-d8c8-47aa-8601-ab07544d806d tempest-VolumesTestJSON-348317231 tempest-VolumesTestJSON-348317231-project] Validating volume size '1' using validate_int {{(pid=98630) _extract_size /opt/stack/cinder/cinder/volume/flows/api/create_volume.py:201}}
May 25 16:58:27.798700 dv-cinder-790492-4-iscsi devstack@c-api.service[98631]: INFO cinder.api.openstack.wsgi [req-bb8208e4-049f-4b20-986e-2caf5fac1593 req-1eb143fa-93ed-431d-8f4b-a6d7f670fcf8 tempest-VolumesSnapshotsTestJSON-1497329335 tempest-VolumesSnapshotsTestJSON-1497329335-project] http://10.222.0.62/volume/v3/9392e98b899f47b5b906d2709cdd94fa/volumes/67f5ec31-e037-41ef-a20e-83864e9c98d9 returned with HTTP 404
May 25 16:58:27.800254 dv-cinder-790492-4-iscsi devstack@c-api.service[98631]: [pid: 98631|app: 0|req: 44/95] 10.222.0.62 () {62 vars in 1601 bytes} [Tue May 25 16:58:27 2021] DELETE /volume/v3/9392e98b899f47b5b906d2709cdd94fa/volumes/67f5ec31-e037-41ef-a20e-83864e9c98d9 => generated 109 bytes in 55 msecs (HTTP/1.1 404) 7 headers in 292 bytes (1 switches on core 0)
May 25 16:58:27.805126 dv-cinder-790492-4-iscsi devstack@c-api.service[98631]: INFO cinder.api.openstack.wsgi [None req-d13d5d04-87ac-4849-96d0-8172e78c66fb tempest-GroupSnapshotsTest-1915480039 tempest-GroupSnapshotsTest-1915480039-project] POST http://10.222.0.62/volume/v3/2ce61476a6c14d309256c1a8380b0764/groups/action
May 25 16:58:27.806518 dv-cinder-790492-4-iscsi devstack@c-api.service[98631]: DEBUG cinder.api.openstack.wsgi [None req-d13d5d04-87ac-4849-96d0-8172e78c66fb tempest-GroupSnapshotsTest-1915480039 tempest-GroupSnapshotsTest-1915480039-project] Action body: b'{"create-from-src": {"group_snapshot_id": "99b30ac3-3be2-4f45-bf0e-7aca63a812ea", "name": "tempest-Group_from_snap-1732926201"}}' {{(pid=98631) get_method /opt/stack/cinder/cinder/api/openstack/wsgi.py:981}}
May 25 16:58:27.806913 dv-cinder-790492-4-iscsi devstack@c-api.service[98631]: DEBUG cinder.api.openstack.wsgi [None req-d13d5d04-87ac-4849-96d0-8172e78c66fb tempest-GroupSnapshotsTest-1915480039 tempest-GroupSnapshotsTest-1915480039-project] Action: 'action', calling method: version_select, body: {"create-from-src": {"group_snapshot_id": "99b30ac3-3be2-4f45-bf0e-7aca63a812ea", "name": "tempest-Group_from_snap-1732926201"}} {{(pid=98631) _process_stack /opt/stack/cinder/cinder/api/openstack/wsgi.py:864}}
May 25 16:58:27.807971 dv-cinder-790492-4-iscsi devstack@c-api.service[98631]: DEBUG cinder.api.v3.groups [None req-d13d5d04-87ac-4849-96d0-8172e78c66fb tempest-GroupSnapshotsTest-1915480039 tempest-GroupSnapshotsTest-1915480039-project] Creating new group {'create-from-src': {'group_snapshot_id': '99b30ac3-3be2-4f45-bf0e-7aca63a812ea', 'name': 'tempest-Group_from_snap-1732926201'}}. {{(pid=98631) create_from_src /opt/stack/cinder/cinder/api/v3/groups.py:236}}
May 25 16:58:27.808299 dv-cinder-790492-4-iscsi devstack@c-api.service[98631]: INFO cinder.api.v3.groups [None req-d13d5d04-87ac-4849-96d0-8172e78c66fb tempest-GroupSnapshotsTest-1915480039 tempest-GroupSnapshotsTest-1915480039-project] Creating group tempest-Group_from_snap-1732926201 from group_snapshot 99b30ac3-3be2-4f45-bf0e-7aca63a812ea.
May 25 16:58:27.816017 dv-cinder-790492-4-iscsi devstack@c-api.service[98631]: /usr/local/lib/python3.8/dist-packages/oslo_context/context.py:105: DeprecationWarning: Policy enforcement is depending on the value of is_admin. This key is deprecated. Please update your policy file to use the standard policy values.
May 25 16:58:27.816017 dv-cinder-790492-4-iscsi devstack@c-api.service[98631]: warnings.warn('Policy enforcement is depending on the value of '
May 25 16:58:27.836428 dv-cinder-790492-4-iscsi devstack@c-api.service[98631]: /usr/local/lib/python3.8/dist-packages/oslo_context/context.py:105: DeprecationWarning: Policy enforcement is depending on the value of is_admin. This key is deprecated. Please update your policy file to use the standard policy values.
May 25 16:58:27.836428 dv-cinder-790492-4-iscsi devstack@c-api.service[98631]: warnings.warn('Policy enforcement is depending on the value of '
May 25 16:58:27.843402 dv-cinder-790492-4-iscsi devstack@c-api.service[98631]: /usr/local/lib/python3.8/dist-packages/oslo_context/context.py:105: DeprecationWarning: Policy enforcement is depending on the value of is_admin. This key is deprecated. Please update your policy file to use the standard policy values.
May 25 16:58:27.843402 dv-cinder-790492-4-iscsi devstack@c-api.service[98631]: warnings.warn('Policy enforcement is depending on the value of '
May 25 16:58:27.876396 dv-cinder-790492-4-iscsi devstack@c-api.service[98630]: DEBUG cinder.volume.api [None req-54f03cd1-d8c8-47aa-8601-ab07544d806d tempest-VolumesTestJSON-348317231 tempest-VolumesTestJSON-348317231-project] Task 'cinder.volume.flows.api.create_volume.ExtractVolumeRequestTask;volume:create' (ec58cc9a-ab91-4ca1-b591-a5eac3013d27) transitioned into state 'SUCCESS' from state 'RUNNING' with result '{'size': 1, 'snapshot_id': None, 'source_volid': None, 'volume_type': VolumeType(created_at=2021-05-25T16:49:00Z,deleted=False,deleted_at=None,description='Default Volume Type',extra_specs={},id=ef14d534-2cf0-4936-bac1-aa4b4f767425,is_public=True,name='__DEFAULT__',projects=[],qos_specs=,qos_specs_id=None,updated_at=2021-05-25T16:49:00Z), 'volume_type_id': 'ef14d534-2cf0-4936-bac1-aa4b4f767425', 'encryption_key_id': None, 'qos_specs': None, 'consistencygroup_id': None, 'cgsnapshot_id': None, 'group_id': None, 'replication_status': 'disabled', 'refresh_az': False, 'backup_id': None, 'multiattach': False, 'availability_zones': ['nova']}' {{(pid=98630) _task_receiver /usr/local/lib/python3.8/dist-packages/taskflow/listeners/logging.py:178}}
May 25 16:58:27.878683 dv-cinder-790492-4-iscsi devstack@c-api.service[98630]: DEBUG cinder.volume.api [None req-54f03cd1-d8c8-47aa-8601-ab07544d806d tempest-VolumesTestJSON-348317231 tempest-VolumesTestJSON-348317231-project] Task 'cinder.volume.flows.api.create_volume.QuotaReserveTask;volume:create' (53abc98f-b34a-477c-ae58-ebfda4a5c6cc) transitioned into state 'RUNNING' from state 'PENDING' {{(pid=98630) _task_receiver /usr/local/lib/python3.8/dist-packages/taskflow/listeners/logging.py:190}}
May 25 16:58:27.938539 dv-cinder-790492-4-iscsi devstack@c-api.service[98631]: DEBUG cinder.quota [None req-d13d5d04-87ac-4849-96d0-8172e78c66fb tempest-GroupSnapshotsTest-1915480039 tempest-GroupSnapshotsTest-1915480039-project] Created reservations ['6cfd1999-5226-4825-8d45-7dda3671af2f'] {{(pid=98631) reserve /opt/stack/cinder/cinder/quota.py:755}}
May 25 16:58:27.943238 dv-cinder-790492-4-iscsi devstack@c-api.service[98630]: DEBUG cinder.quota [None req-54f03cd1-d8c8-47aa-8601-ab07544d806d tempest-VolumesTestJSON-348317231 tempest-VolumesTestJSON-348317231-project] Created reservations ['8e91e2bc-8aae-4515-97cf-53ee2143ae84', 'aa8ba9fc-ea2c-4da1-af41-c29d3f6927cc', '20ccae57-dd66-4bb2-b9d5-469b1f71a2ab', '0e5e8e45-5441-41ea-9bb6-d0cb8ba31e81'] {{(pid=98630) reserve /opt/stack/cinder/cinder/quota.py:755}}
May 25 16:58:27.945185 dv-cinder-790492-4-iscsi devstack@c-api.service[98630]: DEBUG cinder.volume.api [None req-54f03cd1-d8c8-47aa-8601-ab07544d806d tempest-VolumesTestJSON-348317231 tempest-VolumesTestJSON-348317231-project] Task 'cinder.volume.flows.api.create_volume.QuotaReserveTask;volume:create' (53abc98f-b34a-477c-ae58-ebfda4a5c6cc) transitioned into state 'SUCCESS' from state 'RUNNING' with result '{'reservations': ['8e91e2bc-8aae-4515-97cf-53ee2143ae84', 'aa8ba9fc-ea2c-4da1-af41-c29d3f6927cc', '20ccae57-dd66-4bb2-b9d5-469b1f71a2ab', '0e5e8e45-5441-41ea-9bb6-d0cb8ba31e81']}' {{(pid=98630) _task_receiver /usr/local/lib/python3.8/dist-packages/taskflow/listeners/logging.py:178}}
May 25 16:58:27.947254 dv-cinder-790492-4-iscsi devstack@c-api.service[98630]: DEBUG cinder.volume.api [None req-54f03cd1-d8c8-47aa-8601-ab07544d806d tempest-VolumesTestJSON-348317231 tempest-VolumesTestJSON-348317231-project] Task 'cinder.volume.flows.api.create_volume.EntryCreateTask;volume:create' (04bf017d-4916-4c08-b3a1-c3d956c78b7f) transitioned into state 'RUNNING' from state 'PENDING' {{(pid=98630) _task_receiver /usr/local/lib/python3.8/dist-packages/taskflow/listeners/logging.py:190}}
May 25 16:58:28.014749 dv-cinder-790492-4-iscsi devstack@c-api.service[98630]: DEBUG cinder.volume.api [None req-54f03cd1-d8c8-47aa-8601-ab07544d806d tempest-VolumesTestJSON-348317231 tempest-VolumesTestJSON-348317231-project] Task 'cinder.volume.flows.api.create_volume.EntryCreateTask;volume:create' (04bf017d-4916-4c08-b3a1-c3d956c78b7f) transitioned into state 'SUCCESS' from state 'RUNNING' with result '{'volume_id': 'cdafc43a-1c47-4e20-a576-b81bb36ab02c', 'volume_properties': VolumeProperties(attach_status='detached',availability_zone='nova',cgsnapshot_id=None,consistencygroup_id=None,display_description=None,display_name='tempest-VolumesTestJSON-volume-1292217682',encryption_key_id=None,group_id=None,group_type_id=,metadata={Type='work'},multiattach=False,project_id='6acaeeff8e52470e80c9d8366ba9728d',qos_specs=None,replication_status=,reservations=['8e91e2bc-8aae-4515-97cf-53ee2143ae84','aa8ba9fc-ea2c-4da1-af41-c29d3f6927cc','20ccae57-dd66-4bb2-b9d5-469b1f71a2ab','0e5e8e45-5441-41ea-9bb6-d0cb8ba31e81'],size=1,snapshot_id=None,source_replicaid=,source_volid=None,status='creating',user_id='840bd959842e476999a4c68654c8ce46',volume_type_id=ef14d534-2cf0-4936-bac1-aa4b4f767425), 'volume': Volume(_name_id=None,admin_metadata=,attach_status='detached',availability_zone='nova',bootable=False,cluster=,cluster_name=None,consistencygroup=,consistencygroup_id=None,created_at=2021-05-25T16:58:27Z,deleted=False,deleted_at=None,display_description=None,display_name='tempest-VolumesTestJSON-volume-1292217682',ec2_id=None,encryption_key_id=None,glance_metadata=,group=,group_id=None,host=None,id=cdafc43a-1c47-4e20-a576-b81bb36ab02c,launched_at=None,metadata={Type='work'},migration_status=None,multiattach=False,previous_status=None,project_id='6acaeeff8e52470e80c9d8366ba9728d',provider_auth=None,provider_geometry=None,provider_id=None,provider_location=None,replication_driver_data=None,replication_extended_status=None,replication_status=None,scheduled_at=None,service_uuid=None,shared_targets=True,size=1,snapshot_id=None,snapshots=,source_volid=None,status='creating',terminated_at=None,updated_at=None,user_id='840bd959842e476999a4c68654c8ce46',volume_attachment=,volume_type=VolumeType(ef14d534-2cf0-4936-bac1-aa4b4f767425),volume_type_id=ef14d534-2cf0-4936-bac1-aa4b4f767425)}' {{(pid=98630) _task_receiver /usr/local/lib/python3.8/dist-packages/taskflow/listeners/logging.py:178}}
May 25 16:58:28.018826 dv-cinder-790492-4-iscsi devstack@c-api.service[98630]: DEBUG cinder.volume.api [None req-54f03cd1-d8c8-47aa-8601-ab07544d806d tempest-VolumesTestJSON-348317231 tempest-VolumesTestJSON-348317231-project] Task 'cinder.volume.flows.api.create_volume.QuotaCommitTask;volume:create' (490fa845-9a36-4301-b82f-2f58f13d67a1) transitioned into state 'RUNNING' from state 'PENDING' {{(pid=98630) _task_receiver /usr/local/lib/python3.8/dist-packages/taskflow/listeners/logging.py:190}}
May 25 16:58:28.055846 dv-cinder-790492-4-iscsi devstack@c-api.service[98630]: DEBUG cinder.volume.api [None req-54f03cd1-d8c8-47aa-8601-ab07544d806d tempest-VolumesTestJSON-348317231 tempest-VolumesTestJSON-348317231-project] Task 'cinder.volume.flows.api.create_volume.QuotaCommitTask;volume:create' (490fa845-9a36-4301-b82f-2f58f13d67a1) transitioned into state 'SUCCESS' from state 'RUNNING' with result '{'volume_properties': VolumeProperties(attach_status='detached',availability_zone='nova',cgsnapshot_id=None,consistencygroup_id=None,display_description=None,display_name='tempest-VolumesTestJSON-volume-1292217682',encryption_key_id=None,group_id=None,group_type_id=,metadata={Type='work'},multiattach=False,project_id='6acaeeff8e52470e80c9d8366ba9728d',qos_specs=None,replication_status=,reservations=['8e91e2bc-8aae-4515-97cf-53ee2143ae84','aa8ba9fc-ea2c-4da1-af41-c29d3f6927cc','20ccae57-dd66-4bb2-b9d5-469b1f71a2ab','0e5e8e45-5441-41ea-9bb6-d0cb8ba31e81'],size=1,snapshot_id=None,source_replicaid=,source_volid=None,status='creating',user_id='840bd959842e476999a4c68654c8ce46',volume_type_id=ef14d534-2cf0-4936-bac1-aa4b4f767425)}' {{(pid=98630) _task_receiver /usr/local/lib/python3.8/dist-packages/taskflow/listeners/logging.py:178}}
May 25 16:58:28.058187 dv-cinder-790492-4-iscsi devstack@c-api.service[98630]: DEBUG cinder.volume.api [None req-54f03cd1-d8c8-47aa-8601-ab07544d806d tempest-VolumesTestJSON-348317231 tempest-VolumesTestJSON-348317231-project] Task 'cinder.volume.flows.api.create_volume.VolumeCastTask;volume:create' (6e9c2be7-0394-4bb7-b2b1-da14600856bc) transitioned into state 'RUNNING' from state 'PENDING' {{(pid=98630) _task_receiver /usr/local/lib/python3.8/dist-packages/taskflow/listeners/logging.py:190}}
May 25 16:58:28.075372 dv-cinder-790492-4-iscsi devstack@c-api.service[98630]: DEBUG cinder.volume.api [None req-54f03cd1-d8c8-47aa-8601-ab07544d806d tempest-VolumesTestJSON-348317231 tempest-VolumesTestJSON-348317231-project] Task 'cinder.volume.flows.api.create_volume.VolumeCastTask;volume:create' (6e9c2be7-0394-4bb7-b2b1-da14600856bc) transitioned into state 'SUCCESS' from state 'RUNNING' with result 'None' {{(pid=98630) _task_receiver /usr/local/lib/python3.8/dist-packages/taskflow/listeners/logging.py:178}}
May 25 16:58:28.077770 dv-cinder-790492-4-iscsi devstack@c-api.service[98630]: DEBUG cinder.volume.api [None req-54f03cd1-d8c8-47aa-8601-ab07544d806d tempest-VolumesTestJSON-348317231 tempest-VolumesTestJSON-348317231-project] Flow 'volume_create_api' (6eae962f-02fa-41cb-afee-3b2779eda924) transitioned into state 'SUCCESS' from state 'RUNNING' {{(pid=98630) _flow_receiver /usr/local/lib/python3.8/dist-packages/taskflow/listeners/logging.py:141}}
May 25 16:58:28.079253 dv-cinder-790492-4-iscsi devstack@c-api.service[98630]: INFO cinder.volume.api [None req-54f03cd1-d8c8-47aa-8601-ab07544d806d tempest-VolumesTestJSON-348317231 tempest-VolumesTestJSON-348317231-project] Create volume request issued successfully.
May 25 16:58:28.092926 dv-cinder-790492-4-iscsi devstack@c-api.service[98630]: INFO cinder.api.openstack.wsgi [None req-54f03cd1-d8c8-47aa-8601-ab07544d806d tempest-VolumesTestJSON-348317231 tempest-VolumesTestJSON-348317231-project] http://10.222.0.62/volume/v3/6acaeeff8e52470e80c9d8366ba9728d/volumes returned with HTTP 202
May 25 16:58:28.093747 dv-cinder-790492-4-iscsi devstack@c-api.service[98630]: [pid: 98630|app: 0|req: 52/96] 10.222.0.62 () {60 vars in 1236 bytes} [Tue May 25 16:58:27 2021] POST /volume/v3/6acaeeff8e52470e80c9d8366ba9728d/volumes => generated 829 bytes in 376 msecs (HTTP/1.1 202) 7 headers in 291 bytes (1 switches on core 0)
May 25 16:58:28.106087 dv-cinder-790492-4-iscsi devstack@c-api.service[98630]: INFO cinder.api.openstack.wsgi [req-b249170e-89fd-41b8-8fb5-39066679bbc3 req-d38fb034-98d1-4604-8e8c-b681a80b42a1 tempest-VolumesSnapshotsTestJSON-1497329335 tempest-VolumesSnapshotsTestJSON-1497329335-project] GET http://10.222.0.62/volume/v3/9392e98b899f47b5b906d2709cdd94fa/volumes/67f5ec31-e037-41ef-a20e-83864e9c98d9
May 25 16:58:28.106590 dv-cinder-790492-4-iscsi devstack@c-api.service[98630]: DEBUG cinder.api.openstack.wsgi [req-b249170e-89fd-41b8-8fb5-39066679bbc3 req-d38fb034-98d1-4604-8e8c-b681a80b42a1 tempest-VolumesSnapshotsTestJSON-1497329335 tempest-VolumesSnapshotsTestJSON-1497329335-project] Empty body provided in request {{(pid=98630) get_body /opt/stack/cinder/cinder/api/openstack/wsgi.py:713}}
May 25 16:58:28.106769 dv-cinder-790492-4-iscsi devstack@c-api.service[98630]: /usr/local/lib/python3.8/dist-packages/webob/acceptparse.py:1047: DeprecationWarning: The behavior of AcceptValidHeader.best_match is currently being maintained for backward compatibility, but it will be deprecated in the future, as it does not conform to the RFC.
May 25 16:58:28.106769 dv-cinder-790492-4-iscsi devstack@c-api.service[98630]: warnings.warn(
May 25 16:58:28.108693 dv-cinder-790492-4-iscsi devstack@c-api.service[98631]: INFO cinder.group.api [None req-d13d5d04-87ac-4849-96d0-8172e78c66fb tempest-GroupSnapshotsTest-1915480039 tempest-GroupSnapshotsTest-1915480039-project] A mapping entry already exists for group 0c59d9d4-332a-4e76-96b5-718ef02cad97 and volume type 115d44d3-778f-419e-a5c0-a4344b831d93. Do not need to create again.
May 25 16:58:28.109440 dv-cinder-790492-4-iscsi devstack@c-api.service[98631]: /usr/local/lib/python3.8/dist-packages/oslo_context/context.py:105: DeprecationWarning: Policy enforcement is depending on the value of is_admin. This key is deprecated. Please update your policy file to use the standard policy values.
May 25 16:58:28.109440 dv-cinder-790492-4-iscsi devstack@c-api.service[98631]: warnings.warn('Policy enforcement is depending on the value of '
May 25 16:58:28.110062 dv-cinder-790492-4-iscsi devstack@c-api.service[98631]: INFO cinder.volume.api [None req-d13d5d04-87ac-4849-96d0-8172e78c66fb tempest-GroupSnapshotsTest-1915480039 tempest-GroupSnapshotsTest-1915480039-project] Availability Zones retrieved successfully.
May 25 16:58:28.110356 dv-cinder-790492-4-iscsi devstack@c-api.service[98630]: DEBUG cinder.api.openstack.wsgi [req-b249170e-89fd-41b8-8fb5-39066679bbc3 req-d38fb034-98d1-4604-8e8c-b681a80b42a1 tempest-VolumesSnapshotsTestJSON-1497329335 tempest-VolumesSnapshotsTestJSON-1497329335-project] Calling method 'show' {{(pid=98630) _process_stack /opt/stack/cinder/cinder/api/openstack/wsgi.py:866}}
May 25 16:58:28.124161 dv-cinder-790492-4-iscsi devstack@c-api.service[98631]: DEBUG cinder.volume.api [None req-d13d5d04-87ac-4849-96d0-8172e78c66fb tempest-GroupSnapshotsTest-1915480039 tempest-GroupSnapshotsTest-1915480039-project] Flow 'volume_create_api' (bf046cb8-c96c-43be-b450-f06930cf8739) transitioned into state 'RUNNING' from state 'PENDING' {{(pid=98631) _flow_receiver /usr/local/lib/python3.8/dist-packages/taskflow/listeners/logging.py:141}}
May 25 16:58:28.126935 dv-cinder-790492-4-iscsi devstack@c-api.service[98631]: DEBUG cinder.volume.api [None req-d13d5d04-87ac-4849-96d0-8172e78c66fb tempest-GroupSnapshotsTest-1915480039 tempest-GroupSnapshotsTest-1915480039-project] Task 'cinder.volume.flows.api.create_volume.ExtractVolumeRequestTask;volume:create' (a49506b3-f895-4ab6-ba60-6cff3308619a) transitioned into state 'RUNNING' from state 'PENDING' {{(pid=98631) _task_receiver /usr/local/lib/python3.8/dist-packages/taskflow/listeners/logging.py:190}}
May 25 16:58:28.129730 dv-cinder-790492-4-iscsi devstack@c-api.service[98631]: DEBUG cinder.volume.flows.api.create_volume [None req-d13d5d04-87ac-4849-96d0-8172e78c66fb tempest-GroupSnapshotsTest-1915480039 tempest-GroupSnapshotsTest-1915480039-project] Validating volume size '1' using validate_int, validate_snap_size {{(pid=98631) _extract_size /opt/stack/cinder/cinder/volume/flows/api/create_volume.py:201}}
May 25 16:58:28.171277 dv-cinder-790492-4-iscsi devstack@c-api.service[98630]: INFO cinder.api.openstack.wsgi [req-b249170e-89fd-41b8-8fb5-39066679bbc3 req-d38fb034-98d1-4604-8e8c-b681a80b42a1 tempest-VolumesSnapshotsTestJSON-1497329335 tempest-VolumesSnapshotsTestJSON-1497329335-project] http://10.222.0.62/volume/v3/9392e98b899f47b5b906d2709cdd94fa/volumes/67f5ec31-e037-41ef-a20e-83864e9c98d9 returned with HTTP 404
May 25 16:58:28.172703 dv-cinder-790492-4-iscsi devstack@c-api.service[98630]: [pid: 98630|app: 0|req: 53/97] 10.222.0.62 () {60 vars in 1579 bytes} [Tue May 25 16:58:28 2021] GET /volume/v3/9392e98b899f47b5b906d2709cdd94fa/volumes/67f5ec31-e037-41ef-a20e-83864e9c98d9 => generated 109 bytes in 78 msecs (HTTP/1.1 404) 7 headers in 292 bytes (1 switches on core 0)
May 25 16:58:28.177891 dv-cinder-790492-4-iscsi devstack@c-api.service[98630]: INFO cinder.api.openstack.wsgi [None req-377f9426-52ac-42fa-8850-2408eb849622 tempest-GroupsTest-646330958 tempest-GroupsTest-646330958-project] GET http://10.222.0.62/volume/v3/defc4212f68b40db921bb82d9e756dc1/volumes/d7758517-24e5-4dc2-8683-2c3bf344f2e2
May 25 16:58:28.178663 dv-cinder-790492-4-iscsi devstack@c-api.service[98630]: DEBUG cinder.api.openstack.wsgi [None req-377f9426-52ac-42fa-8850-2408eb849622 tempest-GroupsTest-646330958 tempest-GroupsTest-646330958-project] Empty body provided in request {{(pid=98630) get_body /opt/stack/cinder/cinder/api/openstack/wsgi.py:713}}
May 25 16:58:28.179606 dv-cinder-790492-4-iscsi devstack@c-api.service[98630]: DEBUG cinder.api.openstack.wsgi [None req-377f9426-52ac-42fa-8850-2408eb849622 tempest-GroupsTest-646330958 tempest-GroupsTest-646330958-project] Calling method 'show' {{(pid=98630) _process_stack /opt/stack/cinder/cinder/api/openstack/wsgi.py:866}}
May 25 16:58:28.233529 dv-cinder-790492-4-iscsi devstack@c-api.service[98630]: /usr/local/lib/python3.8/dist-packages/oslo_context/context.py:105: DeprecationWarning: Policy enforcement is depending on the value of is_admin. This key is deprecated. Please update your policy file to use the standard policy values.
May 25 16:58:28.233529 dv-cinder-790492-4-iscsi devstack@c-api.service[98630]: warnings.warn('Policy enforcement is depending on the value of '
May 25 16:58:28.243844 dv-cinder-790492-4-iscsi devstack@c-api.service[98630]: INFO cinder.volume.api [None req-377f9426-52ac-42fa-8850-2408eb849622 tempest-GroupsTest-646330958 tempest-GroupsTest-646330958-project] Volume info retrieved successfully.
May 25 16:58:28.256022 dv-cinder-790492-4-iscsi devstack@c-api.service[98631]: DEBUG cinder.volume.api [None req-d13d5d04-87ac-4849-96d0-8172e78c66fb tempest-GroupSnapshotsTest-1915480039 tempest-GroupSnapshotsTest-1915480039-project] Task 'cinder.volume.flows.api.create_volume.ExtractVolumeRequestTask;volume:create' (a49506b3-f895-4ab6-ba60-6cff3308619a) transitioned into state 'SUCCESS' from state 'RUNNING' with result '{'size': 1, 'snapshot_id': '4760cf15-6a2d-48d5-afe7-542c5c7ddc4c', 'source_volid': None, 'volume_type': VolumeType(created_at=2021-05-25T16:58:11Z,deleted=False,deleted_at=None,description=None,extra_specs={},id=115d44d3-778f-419e-a5c0-a4344b831d93,is_public=True,name='tempest-GroupSnapshotsTest-volume-type-296255960',projects=[],qos_specs=,qos_specs_id=None,updated_at=None), 'volume_type_id': '115d44d3-778f-419e-a5c0-a4344b831d93', 'encryption_key_id': None, 'qos_specs': None, 'consistencygroup_id': None, 'cgsnapshot_id': None, 'group_id': '0c59d9d4-332a-4e76-96b5-718ef02cad97', 'replication_status': 'disabled', 'refresh_az': False, 'backup_id': None, 'multiattach': False, 'availability_zones': ['nova']}' {{(pid=98631) _task_receiver /usr/local/lib/python3.8/dist-packages/taskflow/listeners/logging.py:178}}
May 25 16:58:28.257996 dv-cinder-790492-4-iscsi devstack@c-api.service[98631]: DEBUG cinder.volume.api [None req-d13d5d04-87ac-4849-96d0-8172e78c66fb tempest-GroupSnapshotsTest-1915480039 tempest-GroupSnapshotsTest-1915480039-project] Task 'cinder.volume.flows.api.create_volume.QuotaReserveTask;volume:create' (4fd5cccb-c4fd-4004-be7c-ea78a5b70a87) transitioned into state 'RUNNING' from state 'PENDING' {{(pid=98631) _task_receiver /usr/local/lib/python3.8/dist-packages/taskflow/listeners/logging.py:190}}
May 25 16:58:28.258100 dv-cinder-790492-4-iscsi devstack@c-api.service[98630]: WARNING stevedore.named [None req-377f9426-52ac-42fa-8850-2408eb849622 tempest-GroupsTest-646330958 tempest-GroupsTest-646330958-project] Could not load cinder.keymgr.conf_key_mgr.ConfKeyManager
May 25 16:58:28.259272 dv-cinder-790492-4-iscsi devstack@c-api.service[98630]: WARNING castellan.key_manager [None req-377f9426-52ac-42fa-8850-2408eb849622 tempest-GroupsTest-646330958 tempest-GroupsTest-646330958-project] Deprecation Warning : cinder.keymgr.conf_key_mgr.ConfKeyManager is not a stevedore based driver, trying to load it as a class: stevedore.exception.NoMatches: No 'castellan.drivers' driver found, looking for 'cinder.keymgr.conf_key_mgr.ConfKeyManager'
May 25 16:58:28.266986 dv-cinder-790492-4-iscsi devstack@c-api.service[98630]: DEBUG oslo_db.sqlalchemy.engines [None req-377f9426-52ac-42fa-8850-2408eb849622 tempest-GroupsTest-646330958 tempest-GroupsTest-646330958-project] MySQL server mode set to STRICT_TRANS_TABLES,STRICT_ALL_TABLES,NO_ZERO_IN_DATE,NO_ZERO_DATE,ERROR_FOR_DIVISION_BY_ZERO,TRADITIONAL,NO_ENGINE_SUBSTITUTION {{(pid=98630) _check_effective_sql_mode /usr/local/lib/python3.8/dist-packages/oslo_db/sqlalchemy/engines.py:314}}
May 25 16:58:28.273608 dv-cinder-790492-4-iscsi devstack@c-api.service[98630]: /usr/local/lib/python3.8/dist-packages/oslo_context/context.py:105: DeprecationWarning: Policy enforcement is depending on the value of is_admin. This key is deprecated. Please update your policy file to use the standard policy values.
May 25 16:58:28.273608 dv-cinder-790492-4-iscsi devstack@c-api.service[98630]: warnings.warn('Policy enforcement is depending on the value of '
May 25 16:58:28.296825 dv-cinder-790492-4-iscsi devstack@c-api.service[98630]: INFO cinder.api.openstack.wsgi [None req-377f9426-52ac-42fa-8850-2408eb849622 tempest-GroupsTest-646330958 tempest-GroupsTest-646330958-project] http://10.222.0.62/volume/v3/defc4212f68b40db921bb82d9e756dc1/volumes/d7758517-24e5-4dc2-8683-2c3bf344f2e2 returned with HTTP 200
May 25 16:58:28.297610 dv-cinder-790492-4-iscsi devstack@c-api.service[98630]: [pid: 98630|app: 0|req: 54/98] 10.222.0.62 () {60 vars in 1366 bytes} [Tue May 25 16:58:28 2021] GET /volume/v3/defc4212f68b40db921bb82d9e756dc1/volumes/d7758517-24e5-4dc2-8683-2c3bf344f2e2 => generated 973 bytes in 125 msecs (HTTP/1.1 200) 7 headers in 286 bytes (1 switches on core 0)
May 25 16:58:28.303855 dv-cinder-790492-4-iscsi devstack@c-api.service[98630]: INFO cinder.api.openstack.wsgi [None req-84268c98-9996-4826-a793-c78f8ae9beaf tempest-VolumesTestJSON-348317231 tempest-VolumesTestJSON-348317231-project] GET http://10.222.0.62/volume/v3/6acaeeff8e52470e80c9d8366ba9728d/volumes/cdafc43a-1c47-4e20-a576-b81bb36ab02c
May 25 16:58:28.304319 dv-cinder-790492-4-iscsi devstack@c-api.service[98630]: DEBUG cinder.api.openstack.wsgi [None req-84268c98-9996-4826-a793-c78f8ae9beaf tempest-VolumesTestJSON-348317231 tempest-VolumesTestJSON-348317231-project] Empty body provided in request {{(pid=98630) get_body /opt/stack/cinder/cinder/api/openstack/wsgi.py:713}}
May 25 16:58:28.304495 dv-cinder-790492-4-iscsi devstack@c-api.service[98630]: /usr/local/lib/python3.8/dist-packages/webob/acceptparse.py:1047: DeprecationWarning: The behavior of AcceptValidHeader.best_match is currently being maintained for backward compatibility, but it will be deprecated in the future, as it does not conform to the RFC.
May 25 16:58:28.304495 dv-cinder-790492-4-iscsi devstack@c-api.service[98630]: warnings.warn(
May 25 16:58:28.304825 dv-cinder-790492-4-iscsi devstack@c-api.service[98630]: DEBUG cinder.api.openstack.wsgi [None req-84268c98-9996-4826-a793-c78f8ae9beaf tempest-VolumesTestJSON-348317231 tempest-VolumesTestJSON-348317231-project] Calling method 'show' {{(pid=98630) _process_stack /opt/stack/cinder/cinder/api/openstack/wsgi.py:866}}
May 25 16:58:28.338711 dv-cinder-790492-4-iscsi devstack@c-api.service[98631]: DEBUG cinder.quota [None req-d13d5d04-87ac-4849-96d0-8172e78c66fb tempest-GroupSnapshotsTest-1915480039 tempest-GroupSnapshotsTest-1915480039-project] Created reservations ['4e657c75-6da4-47d8-bd8e-4edc9b9e07a2', '5810ccb2-a543-4ebb-a5d8-070bc2546e2c'] {{(pid=98631) reserve /opt/stack/cinder/cinder/quota.py:755}}
May 25 16:58:28.340682 dv-cinder-790492-4-iscsi devstack@c-api.service[98631]: DEBUG cinder.volume.api [None req-d13d5d04-87ac-4849-96d0-8172e78c66fb tempest-GroupSnapshotsTest-1915480039 tempest-GroupSnapshotsTest-1915480039-project] Task 'cinder.volume.flows.api.create_volume.QuotaReserveTask;volume:create' (4fd5cccb-c4fd-4004-be7c-ea78a5b70a87) transitioned into state 'SUCCESS' from state 'RUNNING' with result '{'reservations': ['4e657c75-6da4-47d8-bd8e-4edc9b9e07a2', '5810ccb2-a543-4ebb-a5d8-070bc2546e2c']}' {{(pid=98631) _task_receiver /usr/local/lib/python3.8/dist-packages/taskflow/listeners/logging.py:178}}
May 25 16:58:28.343265 dv-cinder-790492-4-iscsi devstack@c-api.service[98631]: DEBUG cinder.volume.api [None req-d13d5d04-87ac-4849-96d0-8172e78c66fb tempest-GroupSnapshotsTest-1915480039 tempest-GroupSnapshotsTest-1915480039-project] Task 'cinder.volume.flows.api.create_volume.EntryCreateTask;volume:create' (7db8abf0-1b96-4d28-aa05-1fc008630014) transitioned into state 'RUNNING' from state 'PENDING' {{(pid=98631) _task_receiver /usr/local/lib/python3.8/dist-packages/taskflow/listeners/logging.py:190}}
May 25 16:58:28.379308 dv-cinder-790492-4-iscsi devstack@c-api.service[98630]: /usr/local/lib/python3.8/dist-packages/oslo_context/context.py:105: DeprecationWarning: Policy enforcement is depending on the value of is_admin. This key is deprecated. Please update your policy file to use the standard policy values.
May 25 16:58:28.379308 dv-cinder-790492-4-iscsi devstack@c-api.service[98630]: warnings.warn('Policy enforcement is depending on the value of '
May 25 16:58:28.388005 dv-cinder-790492-4-iscsi devstack@c-api.service[98630]: INFO cinder.volume.api [None req-84268c98-9996-4826-a793-c78f8ae9beaf tempest-VolumesTestJSON-348317231 tempest-VolumesTestJSON-348317231-project] Volume info retrieved successfully.
May 25 16:58:28.410881 dv-cinder-790492-4-iscsi devstack@c-api.service[98630]: INFO cinder.api.openstack.wsgi [None req-84268c98-9996-4826-a793-c78f8ae9beaf tempest-VolumesTestJSON-348317231 tempest-VolumesTestJSON-348317231-project] http://10.222.0.62/volume/v3/6acaeeff8e52470e80c9d8366ba9728d/volumes/cdafc43a-1c47-4e20-a576-b81bb36ab02c returned with HTTP 200
May 25 16:58:28.420588 dv-cinder-790492-4-iscsi devstack@c-api.service[98630]: [pid: 98630|app: 0|req: 55/99] 10.222.0.62 () {58 vars in 1325 bytes} [Tue May 25 16:58:28 2021] GET /volume/v3/6acaeeff8e52470e80c9d8366ba9728d/volumes/cdafc43a-1c47-4e20-a576-b81bb36ab02c => generated 921 bytes in 114 msecs (HTTP/1.1 200) 7 headers in 285 bytes (1 switches on core 0)
May 25 16:58:28.420588 dv-cinder-790492-4-iscsi devstack@c-api.service[98630]: INFO cinder.api.openstack.wsgi [None req-2ea703c6-f5e8-4341-8990-f6e59c086e1f tempest-GroupsTest-646330958 tempest-GroupsTest-646330958-project] GET http://10.222.0.62/volume/v3/defc4212f68b40db921bb82d9e756dc1/groups/000e710e-17ff-4d18-98d7-eef20df9c765
May 25 16:58:28.420588 dv-cinder-790492-4-iscsi devstack@c-api.service[98630]: DEBUG cinder.api.openstack.wsgi [None req-2ea703c6-f5e8-4341-8990-f6e59c086e1f tempest-GroupsTest-646330958 tempest-GroupsTest-646330958-project] Empty body provided in request {{(pid=98630) get_body /opt/stack/cinder/cinder/api/openstack/wsgi.py:713}}
May 25 16:58:28.420588 dv-cinder-790492-4-iscsi devstack@c-api.service[98630]: /usr/local/lib/python3.8/dist-packages/webob/acceptparse.py:1047: DeprecationWarning: The behavior of AcceptValidHeader.best_match is currently being maintained for backward compatibility, but it will be deprecated in the future, as it does not conform to the RFC.
May 25 16:58:28.420588 dv-cinder-790492-4-iscsi devstack@c-api.service[98630]: warnings.warn(
May 25 16:58:28.420588 dv-cinder-790492-4-iscsi devstack@c-api.service[98630]: DEBUG cinder.api.openstack.wsgi [None req-2ea703c6-f5e8-4341-8990-f6e59c086e1f tempest-GroupsTest-646330958 tempest-GroupsTest-646330958-project] Calling method 'version_select' {{(pid=98630) _process_stack /opt/stack/cinder/cinder/api/openstack/wsgi.py:866}}
May 25 16:58:28.420588 dv-cinder-790492-4-iscsi devstack@c-api.service[98630]: DEBUG cinder.api.v3.groups [None req-2ea703c6-f5e8-4341-8990-f6e59c086e1f tempest-GroupsTest-646330958 tempest-GroupsTest-646330958-project] show called for member 000e710e-17ff-4d18-98d7-eef20df9c765 {{(pid=98630) show /opt/stack/cinder/cinder/api/v3/groups.py:58}}
May 25 16:58:28.425344 dv-cinder-790492-4-iscsi devstack@c-api.service[98630]: /usr/local/lib/python3.8/dist-packages/oslo_context/context.py:105: DeprecationWarning: Policy enforcement is depending on the value of is_admin. This key is deprecated. Please update your policy file to use the standard policy values.
May 25 16:58:28.425344 dv-cinder-790492-4-iscsi devstack@c-api.service[98630]: warnings.warn('Policy enforcement is depending on the value of '
May 25 16:58:28.475649 dv-cinder-790492-4-iscsi devstack@c-api.service[98630]: INFO cinder.api.openstack.wsgi [None req-2ea703c6-f5e8-4341-8990-f6e59c086e1f tempest-GroupsTest-646330958 tempest-GroupsTest-646330958-project] http://10.222.0.62/volume/v3/defc4212f68b40db921bb82d9e756dc1/groups/000e710e-17ff-4d18-98d7-eef20df9c765 returned with HTTP 200
May 25 16:58:28.484368 dv-cinder-790492-4-iscsi devstack@c-api.service[98630]: [pid: 98630|app: 0|req: 56/100] 10.222.0.62 () {60 vars in 1363 bytes} [Tue May 25 16:58:28 2021] GET /volume/v3/defc4212f68b40db921bb82d9e756dc1/groups/000e710e-17ff-4d18-98d7-eef20df9c765 => generated 321 bytes in 71 msecs (HTTP/1.1 200) 7 headers in 286 bytes (1 switches on core 0)
May 25 16:58:28.488633 dv-cinder-790492-4-iscsi devstack@c-api.service[98630]: INFO cinder.api.openstack.wsgi [None req-728765ac-a86c-4414-9e0d-a55495f08eec tempest-VolumeQuotasNegativeTestJSON-1394636452 tempest-VolumeQuotasNegativeTestJSON-1394636452-project] GET http://10.222.0.62/volume/v3/f1ff55c7502542eaae97f3e01dd52f47/volumes/4b9e7137-2626-4c6b-80c3-6dbf2f36ecfa
May 25 16:58:28.489109 dv-cinder-790492-4-iscsi devstack@c-api.service[98630]: DEBUG cinder.api.openstack.wsgi [None req-728765ac-a86c-4414-9e0d-a55495f08eec tempest-VolumeQuotasNegativeTestJSON-1394636452 tempest-VolumeQuotasNegativeTestJSON-1394636452-project] Empty body provided in request {{(pid=98630) get_body /opt/stack/cinder/cinder/api/openstack/wsgi.py:713}}
May 25 16:58:28.489284 dv-cinder-790492-4-iscsi devstack@c-api.service[98630]: /usr/local/lib/python3.8/dist-packages/webob/acceptparse.py:1047: DeprecationWarning: The behavior of AcceptValidHeader.best_match is currently being maintained for backward compatibility, but it will be deprecated in the future, as it does not conform to the RFC.
May 25 16:58:28.489284 dv-cinder-790492-4-iscsi devstack@c-api.service[98630]: warnings.warn(
May 25 16:58:28.489614 dv-cinder-790492-4-iscsi devstack@c-api.service[98630]: DEBUG cinder.api.openstack.wsgi [None req-728765ac-a86c-4414-9e0d-a55495f08eec tempest-VolumeQuotasNegativeTestJSON-1394636452 tempest-VolumeQuotasNegativeTestJSON-1394636452-project] Calling method 'show' {{(pid=98630) _process_stack /opt/stack/cinder/cinder/api/openstack/wsgi.py:866}}
May 25 16:58:28.505687 dv-cinder-790492-4-iscsi devstack@c-api.service[98631]: DEBUG cinder.volume.api [None req-d13d5d04-87ac-4849-96d0-8172e78c66fb tempest-GroupSnapshotsTest-1915480039 tempest-GroupSnapshotsTest-1915480039-project] Task 'cinder.volume.flows.api.create_volume.EntryCreateTask;volume:create' (7db8abf0-1b96-4d28-aa05-1fc008630014) transitioned into state 'SUCCESS' from state 'RUNNING' with result '{'volume_id': '85602cab-75f3-48dc-9bd9-efdc02762ca9', 'volume_properties': VolumeProperties(attach_status='detached',availability_zone='nova',cgsnapshot_id=None,consistencygroup_id=None,display_description=None,display_name=None,encryption_key_id=None,group_id=0c59d9d4-332a-4e76-96b5-718ef02cad97,group_type_id=,metadata={},multiattach=False,project_id='2ce61476a6c14d309256c1a8380b0764',qos_specs=None,replication_status=,reservations=['4e657c75-6da4-47d8-bd8e-4edc9b9e07a2','5810ccb2-a543-4ebb-a5d8-070bc2546e2c'],size=1,snapshot_id=4760cf15-6a2d-48d5-afe7-542c5c7ddc4c,source_replicaid=,source_volid=None,status='creating',user_id='d4f51fbe492f4d96adffd6cd7bbee2e1',volume_type_id=115d44d3-778f-419e-a5c0-a4344b831d93), 'volume': Volume(_name_id=None,admin_metadata=,attach_status='detached',availability_zone='nova',bootable=False,cluster=,cluster_name=None,consistencygroup=,consistencygroup_id=None,created_at=2021-05-25T16:58:28Z,deleted=False,deleted_at=None,display_description=None,display_name=None,ec2_id=None,encryption_key_id=None,glance_metadata=,group=,group_id=0c59d9d4-332a-4e76-96b5-718ef02cad97,host=None,id=85602cab-75f3-48dc-9bd9-efdc02762ca9,launched_at=None,metadata={},migration_status=None,multiattach=False,previous_status=None,project_id='2ce61476a6c14d309256c1a8380b0764',provider_auth=None,provider_geometry=None,provider_id=None,provider_location=None,replication_driver_data=None,replication_extended_status=None,replication_status=None,scheduled_at=None,service_uuid=None,shared_targets=True,size=1,snapshot_id=4760cf15-6a2d-48d5-afe7-542c5c7ddc4c,snapshots=,source_volid=None,status='creating',terminated_at=None,updated_at=None,user_id='d4f51fbe492f4d96adffd6cd7bbee2e1',volume_attachment=,volume_type=VolumeType(115d44d3-778f-419e-a5c0-a4344b831d93),volume_type_id=115d44d3-778f-419e-a5c0-a4344b831d93)}' {{(pid=98631) _task_receiver /usr/local/lib/python3.8/dist-packages/taskflow/listeners/logging.py:178}}
May 25 16:58:28.507549 dv-cinder-790492-4-iscsi devstack@c-api.service[98631]: DEBUG cinder.volume.api [None req-d13d5d04-87ac-4849-96d0-8172e78c66fb tempest-GroupSnapshotsTest-1915480039 tempest-GroupSnapshotsTest-1915480039-project] Task 'cinder.volume.flows.api.create_volume.QuotaCommitTask;volume:create' (23a94bdc-07b2-4445-aa50-cc9788773183) transitioned into state 'RUNNING' from state 'PENDING' {{(pid=98631) _task_receiver /usr/local/lib/python3.8/dist-packages/taskflow/listeners/logging.py:190}}
May 25 16:58:28.543077 dv-cinder-790492-4-iscsi devstack@c-api.service[98630]: /usr/local/lib/python3.8/dist-packages/oslo_context/context.py:105: DeprecationWarning: Policy enforcement is depending on the value of is_admin. This key is deprecated. Please update your policy file to use the standard policy values.
May 25 16:58:28.543077 dv-cinder-790492-4-iscsi devstack@c-api.service[98630]: warnings.warn('Policy enforcement is depending on the value of '
May 25 16:58:28.547815 dv-cinder-790492-4-iscsi devstack@c-api.service[98631]: DEBUG cinder.volume.api [None req-d13d5d04-87ac-4849-96d0-8172e78c66fb tempest-GroupSnapshotsTest-1915480039 tempest-GroupSnapshotsTest-1915480039-project] Task 'cinder.volume.flows.api.create_volume.QuotaCommitTask;volume:create' (23a94bdc-07b2-4445-aa50-cc9788773183) transitioned into state 'SUCCESS' from state 'RUNNING' with result '{'volume_properties': VolumeProperties(attach_status='detached',availability_zone='nova',cgsnapshot_id=None,consistencygroup_id=None,display_description=None,display_name=None,encryption_key_id=None,group_id=0c59d9d4-332a-4e76-96b5-718ef02cad97,group_type_id=,metadata={},multiattach=False,project_id='2ce61476a6c14d309256c1a8380b0764',qos_specs=None,replication_status=,reservations=['4e657c75-6da4-47d8-bd8e-4edc9b9e07a2','5810ccb2-a543-4ebb-a5d8-070bc2546e2c'],size=1,snapshot_id=4760cf15-6a2d-48d5-afe7-542c5c7ddc4c,source_replicaid=,source_volid=None,status='creating',user_id='d4f51fbe492f4d96adffd6cd7bbee2e1',volume_type_id=115d44d3-778f-419e-a5c0-a4344b831d93)}' {{(pid=98631) _task_receiver /usr/local/lib/python3.8/dist-packages/taskflow/listeners/logging.py:178}}
May 25 16:58:28.552327 dv-cinder-790492-4-iscsi devstack@c-api.service[98631]: DEBUG cinder.volume.api [None req-d13d5d04-87ac-4849-96d0-8172e78c66fb tempest-GroupSnapshotsTest-1915480039 tempest-GroupSnapshotsTest-1915480039-project] Flow 'volume_create_api' (bf046cb8-c96c-43be-b450-f06930cf8739) transitioned into state 'SUCCESS' from state 'RUNNING' {{(pid=98631) _flow_receiver /usr/local/lib/python3.8/dist-packages/taskflow/listeners/logging.py:141}}
May 25 16:58:28.553058 dv-cinder-790492-4-iscsi devstack@c-api.service[98631]: INFO cinder.volume.api [None req-d13d5d04-87ac-4849-96d0-8172e78c66fb tempest-GroupSnapshotsTest-1915480039 tempest-GroupSnapshotsTest-1915480039-project] Create volume request issued successfully.
May 25 16:58:28.553302 dv-cinder-790492-4-iscsi devstack@c-api.service[98630]: INFO cinder.volume.api [None req-728765ac-a86c-4414-9e0d-a55495f08eec tempest-VolumeQuotasNegativeTestJSON-1394636452 tempest-VolumeQuotasNegativeTestJSON-1394636452-project] Volume info retrieved successfully.
May 25 16:58:28.578082 dv-cinder-790492-4-iscsi devstack@c-api.service[98630]: INFO cinder.api.openstack.wsgi [None req-728765ac-a86c-4414-9e0d-a55495f08eec tempest-VolumeQuotasNegativeTestJSON-1394636452 tempest-VolumeQuotasNegativeTestJSON-1394636452-project] http://10.222.0.62/volume/v3/f1ff55c7502542eaae97f3e01dd52f47/volumes/4b9e7137-2626-4c6b-80c3-6dbf2f36ecfa returned with HTTP 200
May 25 16:58:28.578845 dv-cinder-790492-4-iscsi devstack@c-api.service[98630]: [pid: 98630|app: 0|req: 57/101] 10.222.0.62 () {58 vars in 1325 bytes} [Tue May 25 16:58:28 2021] GET /volume/v3/f1ff55c7502542eaae97f3e01dd52f47/volumes/4b9e7137-2626-4c6b-80c3-6dbf2f36ecfa => generated 920 bytes in 94 msecs (HTTP/1.1 200) 7 headers in 285 bytes (1 switches on core 0)
May 25 16:58:28.591811 dv-cinder-790492-4-iscsi devstack@c-api.service[98630]: INFO cinder.api.openstack.wsgi [None req-426941f7-c295-43b3-a104-5c039b89ed54 tempest-GroupsTest-646330958 tempest-GroupsTest-646330958-project] GET http://10.222.0.62/volume/v3/defc4212f68b40db921bb82d9e756dc1/groups/7f4fc7d9-90b0-4480-b40b-32bfa9d04bf1
