Aug 26 16:16:13.429382 dv-cinder-790492-10-iscsi neutron-server[94029]: DEBUG neutron.scheduler.base_scheduler [None req-7c056492-941e-4e51-a93b-2b7802e3dcb8 admin admin] Resources bound (agent type, host, resource id): {{(pid=94029) schedule /opt/stack/neutron/neutron/scheduler/base_scheduler.py:57}}
Aug 26 16:16:13.463701 dv-cinder-790492-10-iscsi neutron-server[94029]: DEBUG neutron.db.l3_dvrscheduler_db [None req-7c056492-941e-4e51-a93b-2b7802e3dcb8 admin admin] Received port after_create {{(pid=94029) _notify_l3_agent_new_port /opt/stack/neutron/neutron/db/l3_dvrscheduler_db.py:535}}
Aug 26 16:16:13.525386 dv-cinder-790492-10-iscsi neutron-server[94030]: DEBUG neutron.wsgi [-] (94030) accepted ('10.222.0.69', 50952) {{(pid=94030) server /usr/local/lib/python3.8/dist-packages/eventlet/wsgi.py:982}}
Aug 26 16:16:13.534224 dv-cinder-790492-10-iscsi neutron-server[94030]: WARNING keystonemiddleware.auth_token [-] A valid token was submitted as a service token, but it was not a valid service token. This is incorrect but backwards compatible behaviour. This will be removed in future releases.
Aug 26 16:16:13.578443 dv-cinder-790492-10-iscsi neutron-server[94031]: DEBUG neutron.api.rpc.handlers.resources_rpc [None req-1f8fa506-15e0-407b-809d-c9fd45152aaa None None] Pushing event updated for resources: {'Port': ['ID=33d0233c-e2ed-4676-9b92-6752ce271b36,revision_number=2']} {{(pid=94031) push /opt/stack/neutron/neutron/api/rpc/handlers/resources_rpc.py:237}}
Aug 26 16:16:13.796924 dv-cinder-790492-10-iscsi neutron-server[94029]: DEBUG neutron.wsgi [-] (94029) accepted ('10.222.0.69', 50968) {{(pid=94029) server /usr/local/lib/python3.8/dist-packages/eventlet/wsgi.py:982}}
Aug 26 16:16:13.797810 dv-cinder-790492-10-iscsi neutron-server[94029]: DEBUG neutron.wsgi [-] (94029) accepted ('10.222.0.69', 50970) {{(pid=94029) server /usr/local/lib/python3.8/dist-packages/eventlet/wsgi.py:982}}
Aug 26 16:16:13.802432 dv-cinder-790492-10-iscsi neutron-server[94029]: WARNING keystonemiddleware.auth_token [-] A valid token was submitted as a service token, but it was not a valid service token. This is incorrect but backwards compatible behaviour. This will be removed in future releases.
Aug 26 16:16:13.941577 dv-cinder-790492-10-iscsi neutron-server[94030]: DEBUG neutron.pecan_wsgi.hooks.policy_enforcement [req-ad1d7679-58f1-451d-b249-9b4c90c19c2c req-849d608e-6476-412a-9cf1-70fd2738b853 tempest-DeleteServersTestJSON-890234649 tempest-DeleteServersTestJSON-890234649-project] Attributes excluded by policy engine: ['standard_attr_id', 'vlan_transparent', 'provider:network_type', 'provider:physical_network', 'provider:segmentation_id'] {{(pid=94030) _exclude_attributes_by_policy /opt/stack/neutron/neutron/pecan_wsgi/hooks/policy_enforcement.py:255}}
Aug 26 16:16:13.944532 dv-cinder-790492-10-iscsi neutron-server[94030]: INFO neutron.wsgi [req-ad1d7679-58f1-451d-b249-9b4c90c19c2c req-849d608e-6476-412a-9cf1-70fd2738b853 tempest-DeleteServersTestJSON-890234649 tempest-DeleteServersTestJSON-890234649-project] 10.222.0.69 "GET /v2.0/networks?id=700e7029-9831-4f16-b2a8-51c1709ca13f HTTP/1.1" status: 200 len: 812 time: 0.4131675
Aug 26 16:16:14.007640 dv-cinder-790492-10-iscsi neutron-server[94030]: INFO neutron.wsgi [req-ad1d7679-58f1-451d-b249-9b4c90c19c2c req-9677b18e-2cbc-40a1-a79f-05d7c969d02a tempest-DeleteServersTestJSON-890234649 tempest-DeleteServersTestJSON-890234649-project] 10.222.0.69 "GET /v2.0/quotas/2001bcde798f447c8c3a3eed0bbdcbc8 HTTP/1.1" status: 200 len: 375 time: 0.0515120
Aug 26 16:16:14.153179 dv-cinder-790492-10-iscsi neutron-server[94030]: INFO neutron.wsgi [req-ad1d7679-58f1-451d-b249-9b4c90c19c2c req-906923c8-5339-4e9c-a867-a7bfc0e9cfad tempest-DeleteServersTestJSON-890234649 tempest-DeleteServersTestJSON-890234649-project] 10.222.0.69 "GET /v2.0/ports?tenant_id=2001bcde798f447c8c3a3eed0bbdcbc8&fields=id HTTP/1.1" status: 200 len: 210 time: 0.1329172
Aug 26 16:16:14.154945 dv-cinder-790492-10-iscsi neutron-server[94030]: DEBUG neutron_lib.callbacks.manager [None req-ac101b57-a4ef-44ea-bcea-b533497a578b admin admin] Notify callbacks [] for security_group, precommit_create {{(pid=94030) _notify_loop /usr/local/lib/python3.8/dist-packages/neutron_lib/callbacks/manager.py:192}}
Aug 26 16:16:14.160237 dv-cinder-790492-10-iscsi neutron-server[94030]: DEBUG neutron_lib.callbacks.manager [None req-ac101b57-a4ef-44ea-bcea-b533497a578b admin admin] Notify callbacks ['neutron.plugins.ml2.ovo_rpc._ObjectChangeHandler.handle_event-3845394'] for security_group, after_create {{(pid=94030) _notify_loop /usr/local/lib/python3.8/dist-packages/neutron_lib/callbacks/manager.py:192}}
Aug 26 16:16:14.173017 dv-cinder-790492-10-iscsi neutron-server[94029]: DEBUG neutron_lib.callbacks.manager [None req-ec89d5c1-60a3-4f89-be0c-42dd20f10cbb admin admin] Notify callbacks [] for security_group, before_create {{(pid=94029) _notify_loop /usr/local/lib/python3.8/dist-packages/neutron_lib/callbacks/manager.py:192}}
Aug 26 16:16:14.220811 dv-cinder-790492-10-iscsi neutron-server[94030]: INFO neutron.wsgi [None req-ac101b57-a4ef-44ea-bcea-b533497a578b admin admin] 10.222.0.69 "GET /v2.0/security-groups?tenant_id=dde50672489047e2b6c5f3dd08e270a6&name=default HTTP/1.1" status: 200 len: 2975 time: 1.1664963
Aug 26 16:16:14.221880 dv-cinder-790492-10-iscsi neutron-server[94030]: DEBUG neutron.api.rpc.handlers.resources_rpc [None req-ac101b57-a4ef-44ea-bcea-b533497a578b admin admin] Pushing event updated for resources: {'SecurityGroup': ['ID=1cf346c7-4717-4086-9e49-7e952c8ae46e,revision_number=1']} {{(pid=94030) push /opt/stack/neutron/neutron/api/rpc/handlers/resources_rpc.py:237}}
Aug 26 16:16:14.225505 dv-cinder-790492-10-iscsi neutron-server[94030]: DEBUG neutron.wsgi [-] (94030) accepted ('10.222.0.69', 50990) {{(pid=94030) server /usr/local/lib/python3.8/dist-packages/eventlet/wsgi.py:982}}
Aug 26 16:16:14.264287 dv-cinder-790492-10-iscsi neutron-server[94029]: DEBUG neutron.pecan_wsgi.hooks.policy_enforcement [req-24836e84-bb98-44d8-ba14-9dd2649b4a8b req-64b192fc-5618-4631-bb0f-b39f9e45192d tempest-AttachVolumeNegativeTest-899257416 tempest-AttachVolumeNegativeTest-899257416-project] Attributes excluded by policy engine: ['standard_attr_id', 'vlan_transparent', 'provider:network_type', 'provider:physical_network', 'provider:segmentation_id'] {{(pid=94029) _exclude_attributes_by_policy /opt/stack/neutron/neutron/pecan_wsgi/hooks/policy_enforcement.py:255}}
Aug 26 16:16:14.265838 dv-cinder-790492-10-iscsi neutron-server[94029]: INFO neutron.wsgi [req-24836e84-bb98-44d8-ba14-9dd2649b4a8b req-64b192fc-5618-4631-bb0f-b39f9e45192d tempest-AttachVolumeNegativeTest-899257416 tempest-AttachVolumeNegativeTest-899257416-project] 10.222.0.69 "GET /v2.0/networks?id=e79d0e16-c52d-491c-80ae-1331c059b5a6 HTTP/1.1" status: 200 len: 815 time: 0.4656911
Aug 26 16:16:14.268732 dv-cinder-790492-10-iscsi neutron-server[94029]: DEBUG neutron_lib.callbacks.manager [None req-7c056492-941e-4e51-a93b-2b7802e3dcb8 admin admin] Notify callbacks [] for router_gateway, after_create {{(pid=94029) _notify_loop /usr/local/lib/python3.8/dist-packages/neutron_lib/callbacks/manager.py:192}}
Aug 26 16:16:14.300546 dv-cinder-790492-10-iscsi neutron-server[94031]: DEBUG neutron_lib.callbacks.manager [None req-6ecb7f58-1b28-4481-a9c5-e2b6e302fdc2 None None] Notify callbacks ['neutron.services.segments.db._update_segment_host_mapping_for_agent-8779888787164', 'neutron.plugins.ml2.plugin.Ml2Plugin._retry_binding_revived_agents-1535350'] for agent, after_update {{(pid=94031) _notify_loop /usr/local/lib/python3.8/dist-packages/neutron_lib/callbacks/manager.py:192}}
Aug 26 16:16:14.312047 dv-cinder-790492-10-iscsi neutron-server[94030]: DEBUG neutron.wsgi [req-ad1d7679-58f1-451d-b249-9b4c90c19c2c req-67814fb2-0d22-463d-9c14-a4c830816859 service neutron] http://10.222.0.69:9696/v2.0/extensions returned with HTTP 200 {{(pid=94030) __call__ /opt/stack/neutron/neutron/wsgi.py:729}}
Aug 26 16:16:14.313032 dv-cinder-790492-10-iscsi neutron-server[94030]: INFO neutron.wsgi [req-ad1d7679-58f1-451d-b249-9b4c90c19c2c req-67814fb2-0d22-463d-9c14-a4c830816859 service neutron] 10.222.0.69 "GET /v2.0/extensions HTTP/1.1" status: 200 len: 13640 time: 0.0596502
Aug 26 16:16:14.314105 dv-cinder-790492-10-iscsi neutron-server[94030]: DEBUG neutron_lib.callbacks.manager [None req-2864051f-e167-4bfe-b1a1-22819dfbb84f admin admin] Notify callbacks [] for security_group, before_delete {{(pid=94030) _notify_loop /usr/local/lib/python3.8/dist-packages/neutron_lib/callbacks/manager.py:192}}
Aug 26 16:16:14.325750 dv-cinder-790492-10-iscsi neutron-server[94029]: INFO neutron.wsgi [req-24836e84-bb98-44d8-ba14-9dd2649b4a8b req-492dc11e-f489-4656-9733-1ddb259996af tempest-AttachVolumeNegativeTest-899257416 tempest-AttachVolumeNegativeTest-899257416-project] 10.222.0.69 "GET /v2.0/quotas/9f00ad99038b49d58f1d48ce27ee359c HTTP/1.1" status: 200 len: 375 time: 0.0511119
Aug 26 16:16:14.380640 dv-cinder-790492-10-iscsi neutron-server[94030]: DEBUG neutron_lib.callbacks.manager [None req-2864051f-e167-4bfe-b1a1-22819dfbb84f admin admin] Notify callbacks [] for security_group, precommit_delete {{(pid=94030) _notify_loop /usr/local/lib/python3.8/dist-packages/neutron_lib/callbacks/manager.py:192}}
Aug 26 16:16:14.423179 dv-cinder-790492-10-iscsi neutron-server[94029]: INFO neutron.wsgi [req-24836e84-bb98-44d8-ba14-9dd2649b4a8b req-6531e77d-9f2d-4d67-8f37-01c853e42faa tempest-AttachVolumeNegativeTest-899257416 tempest-AttachVolumeNegativeTest-899257416-project] 10.222.0.69 "GET /v2.0/ports?tenant_id=9f00ad99038b49d58f1d48ce27ee359c&fields=id HTTP/1.1" status: 200 len: 210 time: 0.0884137
Aug 26 16:16:14.461799 dv-cinder-790492-10-iscsi neutron-server[94030]: INFO neutron.wsgi [req-ad1d7679-58f1-451d-b249-9b4c90c19c2c req-02b17997-4016-4da3-90cf-b828570b2abb service neutron] 10.222.0.69 "GET /v2.0/networks/700e7029-9831-4f16-b2a8-51c1709ca13f?fields=segments HTTP/1.1" status: 200 len: 212 time: 0.1372945
Aug 26 16:16:14.517382 dv-cinder-790492-10-iscsi neutron-server[94030]: DEBUG neutron_lib.callbacks.manager [None req-2864051f-e167-4bfe-b1a1-22819dfbb84f admin admin] Notify callbacks ['neutron.plugins.ml2.ovo_rpc._ObjectChangeHandler.handle_event-3845394'] for security_group, after_delete {{(pid=94030) _notify_loop /usr/local/lib/python3.8/dist-packages/neutron_lib/callbacks/manager.py:192}}
Aug 26 16:16:14.520051 dv-cinder-790492-10-iscsi neutron-server[94030]: DEBUG neutron_lib.callbacks.manager [None req-2864051f-e167-4bfe-b1a1-22819dfbb84f admin admin] Notify callbacks [] for security_group, before_response {{(pid=94030) _notify_loop /usr/local/lib/python3.8/dist-packages/neutron_lib/callbacks/manager.py:192}}
Aug 26 16:16:14.524052 dv-cinder-790492-10-iscsi neutron-server[94030]: INFO neutron.wsgi [None req-2864051f-e167-4bfe-b1a1-22819dfbb84f admin admin] 10.222.0.69 "DELETE /v2.0/security-groups/1cf346c7-4717-4086-9e49-7e952c8ae46e HTTP/1.1" status: 204 len: 168 time: 0.2928743
Aug 26 16:16:14.536510 dv-cinder-790492-10-iscsi neutron-server[94030]: DEBUG neutron.api.rpc.handlers.resources_rpc [None req-2864051f-e167-4bfe-b1a1-22819dfbb84f admin admin] Pushing event deleted for resources: {'SecurityGroup': ['ID=1cf346c7-4717-4086-9e49-7e952c8ae46e,revision_number=None']} {{(pid=94030) push /opt/stack/neutron/neutron/api/rpc/handlers/resources_rpc.py:237}}
Aug 26 16:16:14.577465 dv-cinder-790492-10-iscsi neutron-server[94030]: INFO neutron.wsgi [req-ad1d7679-58f1-451d-b249-9b4c90c19c2c req-45f01ec8-c3a5-4f0e-9980-0bc6e7e0cc5c service neutron] 10.222.0.69 "GET /v2.0/networks/700e7029-9831-4f16-b2a8-51c1709ca13f?fields=provider%3Aphysical_network&fields=provider%3Anetwork_type HTTP/1.1" status: 200 len: 281 time: 0.1069899
Aug 26 16:16:14.590942 dv-cinder-790492-10-iscsi neutron-server[94029]: DEBUG neutron_lib.callbacks.manager [None req-ec89d5c1-60a3-4f89-be0c-42dd20f10cbb admin admin] Notify callbacks [] for security_group, precommit_create {{(pid=94029) _notify_loop /usr/local/lib/python3.8/dist-packages/neutron_lib/callbacks/manager.py:192}}
Aug 26 16:16:14.629261 dv-cinder-790492-10-iscsi neutron-server[94029]: DEBUG neutron_lib.callbacks.manager [None req-ec89d5c1-60a3-4f89-be0c-42dd20f10cbb admin admin] Notify callbacks ['neutron.plugins.ml2.ovo_rpc._ObjectChangeHandler.handle_event-3845394'] for security_group, after_create {{(pid=94029) _notify_loop /usr/local/lib/python3.8/dist-packages/neutron_lib/callbacks/manager.py:192}}
Aug 26 16:16:14.655651 dv-cinder-790492-10-iscsi neutron-server[94029]: DEBUG neutron.wsgi [req-24836e84-bb98-44d8-ba14-9dd2649b4a8b req-a06a5906-1c11-4530-8323-e2a950c17dc1 service neutron] http://10.222.0.69:9696/v2.0/extensions returned with HTTP 200 {{(pid=94029) __call__ /opt/stack/neutron/neutron/wsgi.py:729}}
Aug 26 16:16:14.656910 dv-cinder-790492-10-iscsi neutron-server[94029]: INFO neutron.wsgi [req-24836e84-bb98-44d8-ba14-9dd2649b4a8b req-a06a5906-1c11-4530-8323-e2a950c17dc1 service neutron] 10.222.0.69 "GET /v2.0/extensions HTTP/1.1" status: 200 len: 13640 time: 0.1111209
Aug 26 16:16:14.675560 dv-cinder-790492-10-iscsi neutron-server[94030]: DEBUG neutron.wsgi [-] (94030) accepted ('10.222.0.69', 51002) {{(pid=94030) server /usr/local/lib/python3.8/dist-packages/eventlet/wsgi.py:982}}
Aug 26 16:16:14.676018 dv-cinder-790492-10-iscsi neutron-server[94029]: INFO neutron.wsgi [None req-ec89d5c1-60a3-4f89-be0c-42dd20f10cbb admin admin] 10.222.0.69 "GET /v2.0/security-groups?tenant_id=26c9c33990dd4863abf60e2171f76403&name=default HTTP/1.1" status: 200 len: 2975 time: 0.8768048
Aug 26 16:16:14.756490 dv-cinder-790492-10-iscsi neutron-server[94029]: DEBUG neutron.api.rpc.handlers.resources_rpc [None req-ec89d5c1-60a3-4f89-be0c-42dd20f10cbb admin admin] Pushing event updated for resources: {'SecurityGroup': ['ID=c17f1085-98d5-41c7-826c-e34cc3e53525,revision_number=1']} {{(pid=94029) push /opt/stack/neutron/neutron/api/rpc/handlers/resources_rpc.py:237}}
Aug 26 16:16:14.759817 dv-cinder-790492-10-iscsi neutron-server[94030]: DEBUG neutron_lib.callbacks.manager [None req-c34aef4a-f20f-446d-90b1-fcf1b33b7fc3 admin admin] Notify callbacks [] for security_group, before_delete {{(pid=94030) _notify_loop /usr/local/lib/python3.8/dist-packages/neutron_lib/callbacks/manager.py:192}}
Aug 26 16:16:14.772418 dv-cinder-790492-10-iscsi neutron-server[94029]: DEBUG neutron_lib.callbacks.manager [None req-7c056492-941e-4e51-a93b-2b7802e3dcb8 admin admin] Notify callbacks ['neutron.services.l3_router.l3_router_plugin.L3_HA_NAT_db_mixin._after_router_create-3770485', 'neutron.services.l3_router.l3_router_plugin.DVRResourceOperationHandler._create_snat_interfaces_after_change-3780859'] for router, after_create {{(pid=94029) _notify_loop /usr/local/lib/python3.8/dist-packages/neutron_lib/callbacks/manager.py:192}}
Aug 26 16:16:14.797926 dv-cinder-790492-10-iscsi neutron-server[94030]: DEBUG neutron_lib.callbacks.manager [None req-c34aef4a-f20f-446d-90b1-fcf1b33b7fc3 admin admin] Notify callbacks [] for security_group, precommit_delete {{(pid=94030) _notify_loop /usr/local/lib/python3.8/dist-packages/neutron_lib/callbacks/manager.py:192}}
Aug 26 16:16:14.863514 dv-cinder-790492-10-iscsi neutron-server[94031]: DEBUG neutron.api.rpc.handlers.dhcp_rpc [None req-da0dc9e0-80c7-406f-a2fc-6131226acaac None None] Network 77b7512c-2225-4070-bd7a-d80f1d423f57 requested from dv-cinder-790492-10-iscsi {{(pid=94031) get_network_info /opt/stack/neutron/neutron/api/rpc/handlers/dhcp_rpc.py:218}}
Aug 26 16:16:14.911983 dv-cinder-790492-10-iscsi neutron-server[94030]: INFO neutron.wsgi [req-692f1790-371d-44d4-b15c-2cb2a25f9781 req-4c992045-fb56-4a45-a9e7-37152dd68d04 tempest-DeleteServersTestJSON-890234649 tempest-DeleteServersTestJSON-890234649-project] 10.222.0.69 "GET /v2.0/ports?device_id=bd93330a-3118-4c73-bbe2-2b8068f6832a HTTP/1.1" status: 200 len: 210 time: 0.0617220
Aug 26 16:16:14.924537 dv-cinder-790492-10-iscsi neutron-server[94030]: DEBUG neutron_lib.callbacks.manager [None req-c34aef4a-f20f-446d-90b1-fcf1b33b7fc3 admin admin] Notify callbacks ['neutron.plugins.ml2.ovo_rpc._ObjectChangeHandler.handle_event-3845394'] for security_group, after_delete {{(pid=94030) _notify_loop /usr/local/lib/python3.8/dist-packages/neutron_lib/callbacks/manager.py:192}}
Aug 26 16:16:14.930117 dv-cinder-790492-10-iscsi neutron-server[94030]: DEBUG neutron_lib.callbacks.manager [None req-c34aef4a-f20f-446d-90b1-fcf1b33b7fc3 admin admin] Notify callbacks [] for security_group, before_response {{(pid=94030) _notify_loop /usr/local/lib/python3.8/dist-packages/neutron_lib/callbacks/manager.py:192}}
Aug 26 16:16:14.930660 dv-cinder-790492-10-iscsi neutron-server[94030]: INFO neutron.wsgi [None req-c34aef4a-f20f-446d-90b1-fcf1b33b7fc3 admin admin] 10.222.0.69 "DELETE /v2.0/security-groups/c17f1085-98d5-41c7-826c-e34cc3e53525 HTTP/1.1" status: 204 len: 168 time: 0.2541142
Aug 26 16:16:14.943322 dv-cinder-790492-10-iscsi neutron-server[94030]: DEBUG neutron.api.rpc.handlers.resources_rpc [None req-c34aef4a-f20f-446d-90b1-fcf1b33b7fc3 admin admin] Pushing event deleted for resources: {'SecurityGroup': ['ID=c17f1085-98d5-41c7-826c-e34cc3e53525,revision_number=None']} {{(pid=94030) push /opt/stack/neutron/neutron/api/rpc/handlers/resources_rpc.py:237}}
Aug 26 16:16:14.964989 dv-cinder-790492-10-iscsi neutron-server[94029]: INFO neutron.wsgi [req-24836e84-bb98-44d8-ba14-9dd2649b4a8b req-b9cfd3df-14df-4228-8b00-c1ec0be7a1ac service neutron] 10.222.0.69 "GET /v2.0/networks/e79d0e16-c52d-491c-80ae-1331c059b5a6?fields=segments HTTP/1.1" status: 200 len: 212 time: 0.2918830
Aug 26 16:16:14.995435 dv-cinder-790492-10-iscsi neutron-server[94031]: DEBUG neutron.db.provisioning_blocks [None req-1da42a47-2f52-4b38-b868-361b06c47218 None None] Provisioning for port 33d0233c-e2ed-4676-9b92-6752ce271b36 completed by entity DHCP. {{(pid=94031) provisioning_complete /opt/stack/neutron/neutron/db/provisioning_blocks.py:133}}
Aug 26 16:16:15.038071 dv-cinder-790492-10-iscsi neutron-server[94030]: DEBUG neutron.wsgi [-] (94030) accepted ('10.222.0.69', 51026) {{(pid=94030) server /usr/local/lib/python3.8/dist-packages/eventlet/wsgi.py:982}}
Aug 26 16:16:15.054893 dv-cinder-790492-10-iscsi neutron-server[94030]: DEBUG neutron_lib.callbacks.manager [None req-964d7864-504f-4cf4-bc75-f8820eebb24c admin admin] Notify callbacks [] for security_group, before_create {{(pid=94030) _notify_loop /usr/local/lib/python3.8/dist-packages/neutron_lib/callbacks/manager.py:192}}
Aug 26 16:16:15.124944 dv-cinder-790492-10-iscsi neutron-server[94029]: INFO neutron.wsgi [req-24836e84-bb98-44d8-ba14-9dd2649b4a8b req-42b86ad7-8d8a-41fb-ab61-f18f53143f7c service neutron] 10.222.0.69 "GET /v2.0/networks/e79d0e16-c52d-491c-80ae-1331c059b5a6?fields=provider%3Aphysical_network&fields=provider%3Anetwork_type HTTP/1.1" status: 200 len: 281 time: 0.1418540
Aug 26 16:16:15.194632 dv-cinder-790492-10-iscsi neutron-server[94029]: DEBUG neutron.scheduler.l3_agent_scheduler [None req-7c056492-941e-4e51-a93b-2b7802e3dcb8 admin admin] Router b1968038-a9ad-448a-b7b9-e43be0da0663 is scheduled to L3 agent 77c41828-0038-4613-b14f-68a3edb6d345 with binding_index 1 {{(pid=94029) bind_router /opt/stack/neutron/neutron/scheduler/l3_agent_scheduler.py:209}}
Aug 26 16:16:15.308829 dv-cinder-790492-10-iscsi neutron-server[94030]: DEBUG neutron_lib.callbacks.manager [None req-964d7864-504f-4cf4-bc75-f8820eebb24c admin admin] Notify callbacks [] for security_group, precommit_create {{(pid=94030) _notify_loop /usr/local/lib/python3.8/dist-packages/neutron_lib/callbacks/manager.py:192}}
Aug 26 16:16:15.318680 dv-cinder-790492-10-iscsi neutron-server[94030]: DEBUG neutron_lib.callbacks.manager [None req-964d7864-504f-4cf4-bc75-f8820eebb24c admin admin] Notify callbacks ['neutron.plugins.ml2.ovo_rpc._ObjectChangeHandler.handle_event-3845394'] for security_group, after_create {{(pid=94030) _notify_loop /usr/local/lib/python3.8/dist-packages/neutron_lib/callbacks/manager.py:192}}
Aug 26 16:16:15.436520 dv-cinder-790492-10-iscsi neutron-server[94030]: DEBUG neutron.api.rpc.handlers.resources_rpc [None req-964d7864-504f-4cf4-bc75-f8820eebb24c admin admin] Pushing event updated for resources: {'SecurityGroup': ['ID=3b1fc275-b90b-4ca7-864d-48cc9a472ee4,revision_number=1']} {{(pid=94030) push /opt/stack/neutron/neutron/api/rpc/handlers/resources_rpc.py:237}}
Aug 26 16:16:15.459629 dv-cinder-790492-10-iscsi neutron-server[94030]: INFO neutron.wsgi [None req-964d7864-504f-4cf4-bc75-f8820eebb24c admin admin] 10.222.0.69 "GET /v2.0/security-groups?tenant_id=0e996ee63670414990846ad94c9d1d62&name=default HTTP/1.1" status: 200 len: 2975 time: 0.4204330
Aug 26 16:16:15.462451 dv-cinder-790492-10-iscsi neutron-server[94029]: DEBUG neutron.wsgi [-] (94029) accepted ('10.222.0.69', 51048) {{(pid=94029) server /usr/local/lib/python3.8/dist-packages/eventlet/wsgi.py:982}}
Aug 26 16:16:15.550635 dv-cinder-790492-10-iscsi neutron-server[94030]: INFO neutron.wsgi [req-c0785685-0782-4055-8af6-6d7b2dba4911 req-bc461782-2689-4111-ae3a-e23b4b1a073a tempest-AttachVolumeNegativeTest-899257416 tempest-AttachVolumeNegativeTest-899257416-project] 10.222.0.69 "GET /v2.0/ports?device_id=1fe369cf-9c54-4493-967e-423ec1a45406 HTTP/1.1" status: 200 len: 210 time: 0.0734932
Aug 26 16:16:15.600737 dv-cinder-790492-10-iscsi neutron-server[94031]: DEBUG neutron.plugins.ml2.rpc [None req-b256037e-746b-4a4c-a1f0-805074ca1abd None None] Device 33d0233c-e2ed-4676-9b92-6752ce271b36 up at agent ovs-agent-dv-cinder-790492-10-iscsi {{(pid=94031) update_device_up /opt/stack/neutron/neutron/plugins/ml2/rpc.py:296}}
Aug 26 16:16:15.625631 dv-cinder-790492-10-iscsi neutron-server[94029]: DEBUG neutron_lib.callbacks.manager [None req-d97b6ae2-6c4a-4552-934f-8318f0ac0295 admin admin] Notify callbacks [] for security_group, before_delete {{(pid=94029) _notify_loop /usr/local/lib/python3.8/dist-packages/neutron_lib/callbacks/manager.py:192}}
Aug 26 16:16:15.650293 dv-cinder-790492-10-iscsi neutron-server[94029]: DEBUG neutron_lib.callbacks.manager [None req-d97b6ae2-6c4a-4552-934f-8318f0ac0295 admin admin] Notify callbacks [] for security_group, precommit_delete {{(pid=94029) _notify_loop /usr/local/lib/python3.8/dist-packages/neutron_lib/callbacks/manager.py:192}}
Aug 26 16:16:15.715236 dv-cinder-790492-10-iscsi neutron-server[94031]: DEBUG neutron_lib.callbacks.manager [None req-2b7f83bc-9b4d-4a17-b434-db3703f9b783 None None] Notify callbacks ['neutron.services.segments.db._update_segment_host_mapping_for_agent-8779888787164', 'neutron.plugins.ml2.plugin.Ml2Plugin._retry_binding_revived_agents-1535350'] for agent, after_update {{(pid=94031) _notify_loop /usr/local/lib/python3.8/dist-packages/neutron_lib/callbacks/manager.py:192}}
Aug 26 16:16:15.727277 dv-cinder-790492-10-iscsi neutron-server[94031]: DEBUG neutron.db.provisioning_blocks [None req-b256037e-746b-4a4c-a1f0-805074ca1abd None None] Provisioning for port 33d0233c-e2ed-4676-9b92-6752ce271b36 completed by entity L2. {{(pid=94031) provisioning_complete /opt/stack/neutron/neutron/db/provisioning_blocks.py:133}}
Aug 26 16:16:15.733105 dv-cinder-790492-10-iscsi neutron-server[94029]: DEBUG neutron.api.rpc.agentnotifiers.l3_rpc_agent_api [None req-7c056492-941e-4e51-a93b-2b7802e3dcb8 admin admin] Notify agent at l3_agent.dv-cinder-790492-10-iscsi the message routers_updated {{(pid=94029) _agent_notification /opt/stack/neutron/neutron/api/rpc/agentnotifiers/l3_rpc_agent_api.py:65}}
Aug 26 16:16:15.739825 dv-cinder-790492-10-iscsi neutron-server[94031]: DEBUG neutron.db.provisioning_blocks [None req-b256037e-746b-4a4c-a1f0-805074ca1abd None None] Provisioning complete for port 33d0233c-e2ed-4676-9b92-6752ce271b36 triggered by entity L2. {{(pid=94031) provisioning_complete /opt/stack/neutron/neutron/db/provisioning_blocks.py:139}}
Aug 26 16:16:15.740831 dv-cinder-790492-10-iscsi neutron-server[94031]: DEBUG neutron_lib.callbacks.manager [None req-b256037e-746b-4a4c-a1f0-805074ca1abd None None] Notify callbacks ['neutron.plugins.ml2.plugin.Ml2Plugin._port_provisioned-1535429'] for port, provisioning_complete {{(pid=94031) _notify_loop /usr/local/lib/python3.8/dist-packages/neutron_lib/callbacks/manager.py:192}}
Aug 26 16:16:15.746757 dv-cinder-790492-10-iscsi neutron-server[94032]: DEBUG neutron.api.rpc.handlers.l3_rpc [None req-f5f51381-5295-46c6-83fb-01980f7c9bab None None] Sync routers for ids ['b1968038-a9ad-448a-b7b9-e43be0da0663'] in dv-cinder-790492-10-iscsi {{(pid=94032) sync_routers /opt/stack/neutron/neutron/api/rpc/handlers/l3_rpc.py:125}}
Aug 26 16:16:15.772626 dv-cinder-790492-10-iscsi neutron-server[94032]: DEBUG neutron.db.l3_dvrscheduler_db [None req-f5f51381-5295-46c6-83fb-01980f7c9bab None None] Routers {'b1968038-a9ad-448a-b7b9-e43be0da0663'} bound to L3 agent in host dv-cinder-790492-10-iscsi {{(pid=94032) _get_router_ids_for_agent /opt/stack/neutron/neutron/db/l3_dvrscheduler_db.py:420}}
Aug 26 16:16:15.773682 dv-cinder-790492-10-iscsi neutron-server[94032]: DEBUG neutron.db.l3_hamode_db [None req-f5f51381-5295-46c6-83fb-01980f7c9bab None None] neutron.services.l3_router.l3_router_plugin.L3RouterPlugin method get_ha_sync_data_for_host called with arguments (, 'dv-cinder-790492-10-iscsi', Agent(admin_state_up=True,agent_type='L3 agent',availability_zone='nova',binary='neutron-l3-agent',configurations={"agent_mode": "legacy", "ex_gw_ports": 1, "extensions": [], "floating_ips": 0, "handle_internal_only_routers": true, "interface_driver": "openvswitch", "interfaces": 1, "log_agent_heartbeats": false, "routers": 1},created_at=2021-08-26T16:08:13Z,description=,heartbeat_timestamp=2021-08-26T16:16:13Z,host='dv-cinder-790492-10-iscsi',id=77c41828-0038-4613-b14f-68a3edb6d345,load=0,resource_versions=,resources_synced=,started_at=2021-08-26T16:08:13Z,topic='l3_agent')) {'router_ids': ['b1968038-a9ad-448a-b7b9-e43be0da0663'], 'active': True} {{(pid=94032) wrapper /usr/local/lib/python3.8/dist-packages/oslo_log/helpers.py:65}}
Aug 26 16:16:15.822556 dv-cinder-790492-10-iscsi neutron-server[94029]: DEBUG neutron_lib.callbacks.manager [None req-7c056492-941e-4e51-a93b-2b7802e3dcb8 admin admin] Notify callbacks [] for router, before_response {{(pid=94029) _notify_loop /usr/local/lib/python3.8/dist-packages/neutron_lib/callbacks/manager.py:192}}
Aug 26 16:16:15.831083 dv-cinder-790492-10-iscsi neutron-server[94030]: DEBUG neutron.wsgi [-] (94030) accepted ('10.222.0.69', 51068) {{(pid=94030) server /usr/local/lib/python3.8/dist-packages/eventlet/wsgi.py:982}}
Aug 26 16:16:15.831879 dv-cinder-790492-10-iscsi neutron-server[94029]: INFO neutron.wsgi [None req-7c056492-941e-4e51-a93b-2b7802e3dcb8 admin admin] 10.222.0.69 "POST /v2.0/routers HTTP/1.1" status: 201 len: 929 time: 3.8694906
Aug 26 16:16:15.851600 dv-cinder-790492-10-iscsi neutron-server[94029]: DEBUG neutron_lib.callbacks.manager [None req-d97b6ae2-6c4a-4552-934f-8318f0ac0295 admin admin] Notify callbacks ['neutron.plugins.ml2.ovo_rpc._ObjectChangeHandler.handle_event-3845394'] for security_group, after_delete {{(pid=94029) _notify_loop /usr/local/lib/python3.8/dist-packages/neutron_lib/callbacks/manager.py:192}}
Aug 26 16:16:15.866611 dv-cinder-790492-10-iscsi neutron-server[94029]: DEBUG neutron_lib.callbacks.manager [None req-d97b6ae2-6c4a-4552-934f-8318f0ac0295 admin admin] Notify callbacks [] for security_group, before_response {{(pid=94029) _notify_loop /usr/local/lib/python3.8/dist-packages/neutron_lib/callbacks/manager.py:192}}
Aug 26 16:16:15.870037 dv-cinder-790492-10-iscsi neutron-server[94029]: INFO neutron.wsgi [None req-d97b6ae2-6c4a-4552-934f-8318f0ac0295 admin admin] 10.222.0.69 "DELETE /v2.0/security-groups/3b1fc275-b90b-4ca7-864d-48cc9a472ee4 HTTP/1.1" status: 204 len: 168 time: 0.4043801
Aug 26 16:16:15.917565 dv-cinder-790492-10-iscsi neutron-server[94029]: DEBUG neutron.api.rpc.handlers.resources_rpc [None req-d97b6ae2-6c4a-4552-934f-8318f0ac0295 admin admin] Pushing event deleted for resources: {'SecurityGroup': ['ID=3b1fc275-b90b-4ca7-864d-48cc9a472ee4,revision_number=None']} {{(pid=94029) push /opt/stack/neutron/neutron/api/rpc/handlers/resources_rpc.py:237}}
Aug 26 16:16:16.122647 dv-cinder-790492-10-iscsi neutron-server[94031]: DEBUG neutron_lib.callbacks.manager [None req-b256037e-746b-4a4c-a1f0-805074ca1abd None None] Notify callbacks ['neutron.plugins.ml2.plugin.SecurityGroupDbMixin._ensure_default_security_group_handler-1509964'] for port, before_update {{(pid=94031) _notify_loop /usr/local/lib/python3.8/dist-packages/neutron_lib/callbacks/manager.py:192}}
Aug 26 16:16:16.207216 dv-cinder-790492-10-iscsi neutron-server[94031]: DEBUG neutron.plugins.ml2.db [None req-b256037e-746b-4a4c-a1f0-805074ca1abd None None] For port 33d0233c-e2ed-4676-9b92-6752ce271b36, host dv-cinder-790492-10-iscsi, got binding levels [PortBindingLevel(driver='openvswitch',host='dv-cinder-790492-10-iscsi',level=0,port_id=33d0233c-e2ed-4676-9b92-6752ce271b36,segment=NetworkSegment(a5ac3883-07f8-4c19-8a98-5c555450d3d9),segment_id=a5ac3883-07f8-4c19-8a98-5c555450d3d9)] {{(pid=94031) get_binding_level_objs /opt/stack/neutron/neutron/plugins/ml2/db.py:74}}
Aug 26 16:16:16.215210 dv-cinder-790492-10-iscsi neutron-server[94032]: DEBUG neutron.db.l3_dvr_db [None req-f5f51381-5295-46c6-83fb-01980f7c9bab None None] Set router b1968038-a9ad-448a-b7b9-e43be0da0663 gateway port host: dv-cinder-790492-10-iscsi {{(pid=94032) _build_routers_list /opt/stack/neutron/neutron/db/l3_dvr_db.py:906}}
Aug 26 16:16:16.216220 dv-cinder-790492-10-iscsi neutron-server[94031]: DEBUG neutron_lib.callbacks.manager [None req-b256037e-746b-4a4c-a1f0-805074ca1abd None None] Notify callbacks ['neutron.plugins.ml2.plugin.SecurityGroupServerNotifierRpcMixin._notify_sg_on_port_change-1509891', 'neutron.plugins.ml2.ovo_rpc._ObjectChangeHandler.handle_event-38652', 'neutron.api.rpc.agentnotifiers.dhcp_rpc_agent_api.DhcpAgentNotifyAPI._native_event_send_dhcp_notification-3642244', 'neutron.db.l3_db.L3RpcNotifierMixin._notify_gateway_port_ip_changed-8779888746033', 'neutron.db.l3_dvrscheduler_db._notify_l3_agent_port_update-8779888289046', 'neutron.db.l3_hascheduler_db._notify_l3_agent_ha_port_update-8779888289064'] for port, after_update {{(pid=94031) _notify_loop /usr/local/lib/python3.8/dist-packages/neutron_lib/callbacks/manager.py:192}}
Aug 26 16:16:16.282698 dv-cinder-790492-10-iscsi neutron-server[94029]: INFO neutron.wsgi [req-63c9353f-c153-43b2-9e16-918fec8dd4f6 req-b0f06372-b06e-4c06-aaf5-a8ad79b1670c tempest-DeleteServersTestJSON-890234649 tempest-DeleteServersTestJSON-890234649-project] 10.222.0.69 "GET /v2.0/ports?device_id=bd93330a-3118-4c73-bbe2-2b8068f6832a HTTP/1.1" status: 200 len: 210 time: 0.1595335
Aug 26 16:16:16.428847 dv-cinder-790492-10-iscsi neutron-server[94031]: DEBUG neutron.api.rpc.handlers.resources_rpc [None req-b256037e-746b-4a4c-a1f0-805074ca1abd None None] Pushing event updated for resources: {'Port': ['ID=33d0233c-e2ed-4676-9b92-6752ce271b36,revision_number=3']} {{(pid=94031) push /opt/stack/neutron/neutron/api/rpc/handlers/resources_rpc.py:237}}
Aug 26 16:16:16.591536 dv-cinder-790492-10-iscsi neutron-server[94032]: DEBUG neutron.db.l3_hamode_db [None req-f5f51381-5295-46c6-83fb-01980f7c9bab None None] neutron.services.l3_router.l3_router_plugin.L3RouterPlugin method _process_sync_ha_data called with arguments (, [{'id': 'b1968038-a9ad-448a-b7b9-e43be0da0663', 'name': 'tempest-AttachVolumeShelveTestJSON-1541384719-router', 'tenant_id': '13bcb4222eb44c1b90b700b145023b83', 'admin_state_up': True, 'status': 'ACTIVE', 'external_gateway_info': {'network_id': '2fea4e77-9081-4714-89b1-20461cc1a040', 'external_fixed_ips': [{'subnet_id': 'd66c89d5-bede-4faf-9a30-b8b5c69898cf', 'ip_address': '172.27.3.127'}], 'enable_snat': True}, 'gw_port_id': 'f794c15a-903a-458c-b970-4f4f2fe2cee0', 'description': '', 'availability_zones': ['nova'], 'distributed': False, 'ha': False, 'ha_vr_id': 0, 'availability_zone_hints': [], 'routes': [], 'flavor_id': None, 'tags': [], 'created_at': '2021-08-26T16:16:12Z', 'updated_at': '2021-08-26T16:16:13Z', 'revision_number': 3, 'project_id': '13bcb4222eb44c1b90b700b145023b83', 'gw_port': {'id': 'f794c15a-903a-458c-b970-4f4f2fe2cee0', 'name': '', 'network_id': '2fea4e77-9081-4714-89b1-20461cc1a040', 'tenant_id': '', 'mac_address': 'fa:16:3e:76:a1:f1', 'admin_state_up': True, 'status': 'DOWN', 'device_id': 'b1968038-a9ad-448a-b7b9-e43be0da0663', 'device_owner': 'network:router_gateway', 'standard_attr_id': 57, 'fixed_ips': [{'subnet_id': 'd66c89d5-bede-4faf-9a30-b8b5c69898cf', 'ip_address': '172.27.3.127', 'prefixlen': 24}], 'allowed_address_pairs': [], 'extra_dhcp_opts': [], 'security_groups': [], 'description': '', 'binding:vnic_type': 'normal', 'binding:profile': {}, 'binding:host_id': '', 'binding:vif_type': 'unbound', 'binding:vif_details': {}, 'port_security_enabled': False, 'tags': [], 'created_at': '2021-08-26T16:16:12Z', 'updated_at': '2021-08-26T16:16:13Z', 'revision_number': 1, 'project_id': '', 'subnets': [{'id': 'd66c89d5-bede-4faf-9a30-b8b5c69898cf', 'cidr': '172.27.3.0/24', 'gateway_ip': '172.27.3.1', 'dns_nameservers': [], 'ipv6_ra_mode': None, 'subnetpool_id': None}], 'extra_subnets': [], 'address_scopes': {4: None, 6: None}, 'mtu': 1500}, 'enable_snat': True, 'gw_port_host': 'dv-cinder-790492-10-iscsi'}], 'dv-cinder-790492-10-iscsi', False) {} {{(pid=94032) wrapper /usr/local/lib/python3.8/dist-packages/oslo_log/helpers.py:65}}
Aug 26 16:16:16.667087 dv-cinder-790492-10-iscsi neutron-server[94032]: DEBUG neutron.api.rpc.handlers.l3_rpc [None req-f5f51381-5295-46c6-83fb-01980f7c9bab None None] Checking router: b1968038-a9ad-448a-b7b9-e43be0da0663 for host: dv-cinder-790492-10-iscsi {{(pid=94032) _ensure_host_set_on_ports /opt/stack/neutron/neutron/api/rpc/handlers/l3_rpc.py:155}}
Aug 26 16:16:16.669228 dv-cinder-790492-10-iscsi neutron-server[94032]: DEBUG neutron.api.rpc.handlers.l3_rpc [None req-f5f51381-5295-46c6-83fb-01980f7c9bab None None] Updating router b1968038-a9ad-448a-b7b9-e43be0da0663 port f794c15a-903a-458c-b970-4f4f2fe2cee0 binding host dv-cinder-790492-10-iscsi {{(pid=94032) _ensure_host_set_on_port /opt/stack/neutron/neutron/api/rpc/handlers/l3_rpc.py:205}}
Aug 26 16:16:16.745509 dv-cinder-790492-10-iscsi neutron-server[94032]: DEBUG neutron_lib.callbacks.manager [None req-f5f51381-5295-46c6-83fb-01980f7c9bab None None] Notify callbacks ['neutron.plugins.ml2.plugin.SecurityGroupDbMixin._ensure_default_security_group_handler-1509964'] for port, before_update {{(pid=94032) _notify_loop /usr/local/lib/python3.8/dist-packages/neutron_lib/callbacks/manager.py:192}}
Aug 26 16:16:16.934054 dv-cinder-790492-10-iscsi neutron-server[94030]: INFO neutron.wsgi [req-a717774d-4a18-4db6-b27f-bd8a1fe6ab3d req-05746de8-58db-40c6-9a6d-78e4759b1d7f tempest-AttachVolumeNegativeTest-899257416 tempest-AttachVolumeNegativeTest-899257416-project] 10.222.0.69 "GET /v2.0/ports?device_id=1fe369cf-9c54-4493-967e-423ec1a45406 HTTP/1.1" status: 200 len: 210 time: 0.2383420
Aug 26 16:16:16.949584 dv-cinder-790492-10-iscsi neutron-server[94030]: DEBUG neutron_lib.callbacks.manager [None req-5a83a925-1c2a-4afd-83ab-911e2eb91e98 admin admin] Notify callbacks ['neutron.plugins.ml2.plugin.SecurityGroupDbMixin._ensure_default_security_group_handler-1509964'] for port, before_create {{(pid=94030) _notify_loop /usr/local/lib/python3.8/dist-packages/neutron_lib/callbacks/manager.py:192}}
Aug 26 16:16:17.247906 dv-cinder-790492-10-iscsi neutron-server[94032]: DEBUG neutron_lib.callbacks.manager [None req-f5f51381-5295-46c6-83fb-01980f7c9bab None None] Notify callbacks [] for port, precommit_update {{(pid=94032) _notify_loop /usr/local/lib/python3.8/dist-packages/neutron_lib/callbacks/manager.py:192}}
Aug 26 16:16:17.261599 dv-cinder-790492-10-iscsi neutron-server[94032]: DEBUG neutron.db.provisioning_blocks [None req-f5f51381-5295-46c6-83fb-01980f7c9bab None None] Transition to ACTIVE for port object f794c15a-903a-458c-b970-4f4f2fe2cee0 will not be triggered until provisioned by entity L2. {{(pid=94032) add_provisioning_component /opt/stack/neutron/neutron/db/provisioning_blocks.py:73}}
Aug 26 16:16:17.270442 dv-cinder-790492-10-iscsi neutron-server[94032]: DEBUG neutron_lib.callbacks.manager [None req-f5f51381-5295-46c6-83fb-01980f7c9bab None None] Notify callbacks ['neutron.plugins.ml2.plugin.SecurityGroupServerNotifierRpcMixin._notify_sg_on_port_change-1509891', 'neutron.plugins.ml2.ovo_rpc._ObjectChangeHandler.handle_event-38652', 'neutron.api.rpc.agentnotifiers.dhcp_rpc_agent_api.DhcpAgentNotifyAPI._native_event_send_dhcp_notification-3642244', 'neutron.db.l3_db.L3RpcNotifierMixin._notify_gateway_port_ip_changed-8779888746033', 'neutron.db.l3_dvrscheduler_db._notify_l3_agent_port_update-8779888289046', 'neutron.db.l3_hascheduler_db._notify_l3_agent_ha_port_update-8779888289064'] for port, after_update {{(pid=94032) _notify_loop /usr/local/lib/python3.8/dist-packages/neutron_lib/callbacks/manager.py:192}}
Aug 26 16:16:17.368197 dv-cinder-790492-10-iscsi neutron-server[94032]: DEBUG neutron.api.rpc.handlers.resources_rpc [None req-e71b5edf-684e-4ac0-a8ae-c123bf537589 None None] Pushing event updated for resources: {'Port': ['ID=f794c15a-903a-458c-b970-4f4f2fe2cee0,revision_number=2']} {{(pid=94032) push /opt/stack/neutron/neutron/api/rpc/handlers/resources_rpc.py:237}}
Aug 26 16:16:17.390039 dv-cinder-790492-10-iscsi neutron-server[94032]: DEBUG neutron.api.rpc.callbacks.version_manager [None req-e71b5edf-684e-4ac0-a8ae-c123bf537589 None None] Version for resource type AddressGroup changed None to 1.2 on consumer Open vSwitch agent@dv-cinder-790492-10-iscsi {{(pid=94032) _set_version /opt/stack/neutron/neutron/api/rpc/callbacks/version_manager.py:113}}
Aug 26 16:16:17.392873 dv-cinder-790492-10-iscsi neutron-server[94032]: DEBUG neutron.api.rpc.callbacks.version_manager [None req-e71b5edf-684e-4ac0-a8ae-c123bf537589 None None] Version for resource type ConntrackHelper changed None to 1.0 on consumer Open vSwitch agent@dv-cinder-790492-10-iscsi {{(pid=94032) _set_version /opt/stack/neutron/neutron/api/rpc/callbacks/version_manager.py:113}}
Aug 26 16:16:17.393252 dv-cinder-790492-10-iscsi neutron-server[94032]: DEBUG neutron.api.rpc.callbacks.version_manager [None req-e71b5edf-684e-4ac0-a8ae-c123bf537589 None None] Version for resource type Log changed None to 1.0 on consumer Open vSwitch agent@dv-cinder-790492-10-iscsi {{(pid=94032) _set_version /opt/stack/neutron/neutron/api/rpc/callbacks/version_manager.py:113}}
Aug 26 16:16:17.393601 dv-cinder-790492-10-iscsi neutron-server[94032]: DEBUG neutron.api.rpc.callbacks.version_manager [None req-e71b5edf-684e-4ac0-a8ae-c123bf537589 None None] Version for resource type Network changed None to 1.1 on consumer Open vSwitch agent@dv-cinder-790492-10-iscsi {{(pid=94032) _set_version /opt/stack/neutron/neutron/api/rpc/callbacks/version_manager.py:113}}
Aug 26 16:16:17.393940 dv-cinder-790492-10-iscsi neutron-server[94032]: DEBUG neutron.api.rpc.callbacks.version_manager [None req-e71b5edf-684e-4ac0-a8ae-c123bf537589 None None] Version for resource type Port changed None to 1.7 on consumer Open vSwitch agent@dv-cinder-790492-10-iscsi {{(pid=94032) _set_version /opt/stack/neutron/neutron/api/rpc/callbacks/version_manager.py:113}}
Aug 26 16:16:17.395120 dv-cinder-790492-10-iscsi neutron-server[94032]: DEBUG neutron.api.rpc.callbacks.version_manager [None req-e71b5edf-684e-4ac0-a8ae-c123bf537589 None None] Version for resource type PortForwarding changed None to 1.2 on consumer Open vSwitch agent@dv-cinder-790492-10-iscsi {{(pid=94032) _set_version /opt/stack/neutron/neutron/api/rpc/callbacks/version_manager.py:113}}
Aug 26 16:16:17.395497 dv-cinder-790492-10-iscsi neutron-server[94032]: DEBUG neutron.api.rpc.callbacks.version_manager [None req-e71b5edf-684e-4ac0-a8ae-c123bf537589 None None] Version for resource type QosPolicy changed None to 1.9 on consumer Open vSwitch agent@dv-cinder-790492-10-iscsi {{(pid=94032) _set_version /opt/stack/neutron/neutron/api/rpc/callbacks/version_manager.py:113}}
Aug 26 16:16:17.397502 dv-cinder-790492-10-iscsi neutron-server[94032]: DEBUG neutron.api.rpc.callbacks.version_manager [None req-e71b5edf-684e-4ac0-a8ae-c123bf537589 None None] Version for resource type SecurityGroup changed None to 1.4 on consumer Open vSwitch agent@dv-cinder-790492-10-iscsi {{(pid=94032) _set_version /opt/stack/neutron/neutron/api/rpc/callbacks/version_manager.py:113}}
Aug 26 16:16:17.397786 dv-cinder-790492-10-iscsi neutron-server[94032]: DEBUG neutron.api.rpc.callbacks.version_manager [None req-e71b5edf-684e-4ac0-a8ae-c123bf537589 None None] Version for resource type SecurityGroupRule changed None to 1.2 on consumer Open vSwitch agent@dv-cinder-790492-10-iscsi {{(pid=94032) _set_version /opt/stack/neutron/neutron/api/rpc/callbacks/version_manager.py:113}}
Aug 26 16:16:17.398131 dv-cinder-790492-10-iscsi neutron-server[94032]: DEBUG neutron.api.rpc.callbacks.version_manager [None req-e71b5edf-684e-4ac0-a8ae-c123bf537589 None None] Version for resource type SubPort changed None to 1.0 on consumer Open vSwitch agent@dv-cinder-790492-10-iscsi {{(pid=94032) _set_version /opt/stack/neutron/neutron/api/rpc/callbacks/version_manager.py:113}}
Aug 26 16:16:17.399742 dv-cinder-790492-10-iscsi neutron-server[94032]: DEBUG neutron.api.rpc.callbacks.version_manager [None req-e71b5edf-684e-4ac0-a8ae-c123bf537589 None None] Version for resource type Subnet changed None to 1.1 on consumer Open vSwitch agent@dv-cinder-790492-10-iscsi {{(pid=94032) _set_version /opt/stack/neutron/neutron/api/rpc/callbacks/version_manager.py:113}}
Aug 26 16:16:17.400392 dv-cinder-790492-10-iscsi neutron-server[94032]: DEBUG neutron.api.rpc.callbacks.version_manager [None req-e71b5edf-684e-4ac0-a8ae-c123bf537589 None None] Version for resource type Trunk changed None to 1.1 on consumer Open vSwitch agent@dv-cinder-790492-10-iscsi {{(pid=94032) _set_version /opt/stack/neutron/neutron/api/rpc/callbacks/version_manager.py:113}}
Aug 26 16:16:17.403717 dv-cinder-790492-10-iscsi neutron-server[94032]: DEBUG neutron.api.rpc.callbacks.version_manager [None req-e71b5edf-684e-4ac0-a8ae-c123bf537589 None None] Tracked resource versions report:
Aug 26 16:16:17.403717 dv-cinder-790492-10-iscsi neutron-server[94032]: pushed versions:
Aug 26 16:16:17.403717 dv-cinder-790492-10-iscsi neutron-server[94032]: { 'AddressGroup': {'1.2'},
Aug 26 16:16:17.403717 dv-cinder-790492-10-iscsi neutron-server[94032]: 'ConntrackHelper': {'1.0'},
Aug 26 16:16:17.403717 dv-cinder-790492-10-iscsi neutron-server[94032]: 'Log': {'1.0'},
Aug 26 16:16:17.403717 dv-cinder-790492-10-iscsi neutron-server[94032]: 'Network': {'1.1'},
Aug 26 16:16:17.403717 dv-cinder-790492-10-iscsi neutron-server[94032]: 'Port': {'1.7'},
Aug 26 16:16:17.403717 dv-cinder-790492-10-iscsi neutron-server[94032]: 'PortForwarding': {'1.2'},
Aug 26 16:16:17.403717 dv-cinder-790492-10-iscsi neutron-server[94032]: 'QosPolicy': {'1.9'},
Aug 26 16:16:17.403717 dv-cinder-790492-10-iscsi neutron-server[94032]: 'SecurityGroup': {'1.4'},
Aug 26 16:16:17.403717 dv-cinder-790492-10-iscsi neutron-server[94032]: 'SecurityGroupRule': {'1.2'},
Aug 26 16:16:17.403717 dv-cinder-790492-10-iscsi neutron-server[94032]: 'SubPort': {'1.0'},
Aug 26 16:16:17.403717 dv-cinder-790492-10-iscsi neutron-server[94032]: 'Subnet': {'1.1'},
Aug 26 16:16:17.403717 dv-cinder-790492-10-iscsi neutron-server[94032]: 'Trunk': {'1.1'}}
Aug 26 16:16:17.403717 dv-cinder-790492-10-iscsi neutron-server[94032]: consumer versions:
Aug 26 16:16:17.403717 dv-cinder-790492-10-iscsi neutron-server[94032]: { DHCP agent@dv-cinder-790492-10-iscsi: {},
Aug 26 16:16:17.403717 dv-cinder-790492-10-iscsi neutron-server[94032]: HyperV agent@hv-cinder-79049: {},
Aug 26 16:16:17.403717 dv-cinder-790492-10-iscsi neutron-server[94032]: L3 agent@dv-cinder-790492-10-iscsi: {},
Aug 26 16:16:17.403717 dv-cinder-790492-10-iscsi neutron-server[94032]: Metadata agent@dv-cinder-790492-10-iscsi: {},
Aug 26 16:16:17.403717 dv-cinder-790492-10-iscsi neutron-server[94032]: Metering agent@dv-cinder-790492-10-iscsi: {},
Aug 26 16:16:17.403717 dv-cinder-790492-10-iscsi neutron-server[94032]: Open vSwitch agent@dv-cinder-790492-10-iscsi: { 'AddressGroup': '1.2',
Aug 26 16:16:17.403717 dv-cinder-790492-10-iscsi neutron-server[94032]: 'ConntrackHelper': '1.0',
Aug 26 16:16:17.403717 dv-cinder-790492-10-iscsi neutron-server[94032]: 'Log': '1.0',
Aug 26 16:16:17.403717 dv-cinder-790492-10-iscsi neutron-server[94032]: 'Network': '1.1',
Aug 26 16:16:17.403717 dv-cinder-790492-10-iscsi neutron-server[94032]: 'Port': '1.7',
Aug 26 16:16:17.403717 dv-cinder-790492-10-iscsi neutron-server[94032]: 'PortForwarding': '1.2',
Aug 26 16:16:17.403717 dv-cinder-790492-10-iscsi neutron-server[94032]: 'QosPolicy': '1.9',
Aug 26 16:16:17.403717 dv-cinder-790492-10-iscsi neutron-server[94032]: 'SecurityGroup': '1.4',
Aug 26 16:16:17.403717 dv-cinder-790492-10-iscsi neutron-server[94032]: 'SecurityGroupRule': '1.2',
Aug 26 16:16:17.403717 dv-cinder-790492-10-iscsi neutron-server[94032]: 'SubPort': '1.0',
Aug 26 16:16:17.403717 dv-cinder-790492-10-iscsi neutron-server[94032]: 'Subnet': '1.1',
Aug 26 16:16:17.403717 dv-cinder-790492-10-iscsi neutron-server[94032]: 'Trunk': '1.1'}}
Aug 26 16:16:17.403717 dv-cinder-790492-10-iscsi neutron-server[94032]: {{(pid=94032) report /opt/stack/neutron/neutron/api/rpc/callbacks/version_manager.py:175}}
Aug 26 16:16:17.493294 dv-cinder-790492-10-iscsi neutron-server[94032]: DEBUG neutron.plugins.ml2.managers [None req-f5f51381-5295-46c6-83fb-01980f7c9bab None None] Attempting to bind port f794c15a-903a-458c-b970-4f4f2fe2cee0 on host dv-cinder-790492-10-iscsi for vnic_type normal with profile {{(pid=94032) bind_port /opt/stack/neutron/neutron/plugins/ml2/managers.py:790}}
Aug 26 16:16:17.493691 dv-cinder-790492-10-iscsi neutron-server[94031]: DEBUG neutron.plugins.ml2.rpc [None req-b256037e-746b-4a4c-a1f0-805074ca1abd None None] Device 33d0233c-e2ed-4676-9b92-6752ce271b36 up at agent ovs-agent-dv-cinder-790492-10-iscsi {{(pid=94031) update_device_up /opt/stack/neutron/neutron/plugins/ml2/rpc.py:296}}
Aug 26 16:16:17.494541 dv-cinder-790492-10-iscsi neutron-server[94032]: DEBUG neutron.plugins.ml2.managers [None req-f5f51381-5295-46c6-83fb-01980f7c9bab None None] Attempting to bind port f794c15a-903a-458c-b970-4f4f2fe2cee0 by drivers openvswitch,hyperv on host dv-cinder-790492-10-iscsi at level 0 using segments [{'id': 'b39d4903-0bd6-44e8-9ed8-5eb82a501cec', 'network_type': 'flat', 'physical_network': 'physnet1', 'segmentation_id': None, 'network_id': '2fea4e77-9081-4714-89b1-20461cc1a040'}] {{(pid=94032) _bind_port_level /opt/stack/neutron/neutron/plugins/ml2/managers.py:815}}
Aug 26 16:16:17.495798 dv-cinder-790492-10-iscsi neutron-server[94032]: DEBUG neutron.plugins.ml2.drivers.mech_agent [None req-f5f51381-5295-46c6-83fb-01980f7c9bab None None] Attempting to bind port f794c15a-903a-458c-b970-4f4f2fe2cee0 on network 2fea4e77-9081-4714-89b1-20461cc1a040 {{(pid=94032) bind_port /opt/stack/neutron/neutron/plugins/ml2/drivers/mech_agent.py:85}}
Aug 26 16:16:17.509026 dv-cinder-790492-10-iscsi neutron-server[94032]: DEBUG neutron.plugins.ml2.drivers.mech_agent [None req-f5f51381-5295-46c6-83fb-01980f7c9bab None None] Checking agent: {'id': 'dd648df7-47a7-4312-800b-b1467affee5d', 'agent_type': 'Open vSwitch agent', 'binary': 'neutron-openvswitch-agent', 'topic': 'N/A', 'host': 'dv-cinder-790492-10-iscsi', 'admin_state_up': True, 'created_at': datetime.datetime(2021, 8, 26, 16, 8, 13), 'started_at': datetime.datetime(2021, 8, 26, 16, 8, 43), 'heartbeat_timestamp': datetime.datetime(2021, 8, 26, 16, 16, 13), 'description': None, 'resources_synced': None, 'availability_zone': None, 'alive': True, 'configurations': {'arp_responder_enabled': False, 'baremetal_smartnic': False, 'bridge_mappings': {'physnet1': 'br-data'}, 'datapath_type': 'system', 'devices': 0, 'enable_distributed_routing': False, 'extensions': [], 'in_distributed_mode': False, 'integration_bridge': 'br-int', 'l2_population': False, 'log_agent_heartbeats': False, 'ovs_capabilities': {'datapath_types': ['netdev', 'system'], 'iface_types': ['erspan', 'geneve', 'gre', 'internal', 'ip6erspan', 'ip6gre', 'lisp', 'patch', 'stt', 'system', 'tap', 'vxlan']}, 'ovs_hybrid_plug': False, 'resource_provider_bandwidths': {}, 'resource_provider_hypervisors': {'br-data': 'dv-cinder-790492-10-iscsi'}, 'resource_provider_inventory_defaults': {'allocation_ratio': 1.0, 'min_unit': 1, 'step_size': 1, 'reserved': 0}, 'tunnel_types': [], 'tunneling_ip': None, 'vhostuser_socket_dir': '/var/run/openvswitch'}, 'resource_versions': {'AddressGroup': '1.2', 'ConntrackHelper': '1.0', 'Log': '1.0', 'Network': '1.1', 'Port': '1.7', 'PortForwarding': '1.2', 'QosPolicy': '1.9', 'SecurityGroup': '1.4', 'SecurityGroupRule': '1.2', 'SubPort': '1.0', 'Subnet': '1.1', 'Trunk': '1.1'}} {{(pid=94032) bind_port /opt/stack/neutron/neutron/plugins/ml2/drivers/mech_agent.py:104}}
Aug 26 16:16:17.511135 dv-cinder-790492-10-iscsi neutron-server[94032]: DEBUG neutron.plugins.ml2.drivers.mech_agent [None req-f5f51381-5295-46c6-83fb-01980f7c9bab None None] Checking segment: {'id': 'b39d4903-0bd6-44e8-9ed8-5eb82a501cec', 'network_type': 'flat', 'physical_network': 'physnet1', 'segmentation_id': None, 'network_id': '2fea4e77-9081-4714-89b1-20461cc1a040'} for mappings: {'physnet1': 'br-data'} with network types: ['local', 'flat', 'vlan'] {{(pid=94032) check_segment_for_agent /opt/stack/neutron/neutron/plugins/ml2/drivers/mech_agent.py:352}}
Aug 26 16:16:17.511640 dv-cinder-790492-10-iscsi neutron-server[94032]: DEBUG neutron_lib.callbacks.manager [None req-f5f51381-5295-46c6-83fb-01980f7c9bab None None] Notify callbacks [] for ovs_bridge_name, before_read {{(pid=94032) _notify_loop /usr/local/lib/python3.8/dist-packages/neutron_lib/callbacks/manager.py:192}}
