May 10 18:02:37.656611 dv-cinder-790492-1-smb devstack@placement-api.service[79187]: DEBUG placement.requestlog [req-e40114d6-bdec-4013-8e71-cae3eadb9977 req-3cfb75ef-83bb-45c6-aa27-1552f17a780d None None] Starting request: 10.222.0.46 "PUT /placement/allocations/8be1cf82-02db-4cc2-bb0f-d49012722d6a" {{(pid=79187) __call__ /opt/stack/placement/placement/requestlog.py:55}}
May 10 18:02:37.782403 dv-cinder-790492-1-smb devstack@placement-api.service[79187]: DEBUG placement.handlers.allocation [req-e40114d6-bdec-4013-8e71-cae3eadb9977 req-3cfb75ef-83bb-45c6-aa27-1552f17a780d service placement] Successfully wrote allocations [, , ] {{(pid=79187) _create_allocations /opt/stack/placement/placement/handlers/allocation.py:435}}
May 10 18:02:37.783260 dv-cinder-790492-1-smb devstack@placement-api.service[79187]: INFO placement.requestlog [req-e40114d6-bdec-4013-8e71-cae3eadb9977 req-3cfb75ef-83bb-45c6-aa27-1552f17a780d service placement] 10.222.0.46 "PUT /placement/allocations/8be1cf82-02db-4cc2-bb0f-d49012722d6a" status: 204 len: 0 microversion: 1.35
May 10 18:02:37.784703 dv-cinder-790492-1-smb devstack@placement-api.service[79187]: [pid: 79187|app: 0|req: 24/48] 10.222.0.46 () {64 vars in 1433 bytes} [Mon May 10 18:02:37 2021] PUT /placement/allocations/8be1cf82-02db-4cc2-bb0f-d49012722d6a => generated 0 bytes in 128 msecs (HTTP/1.1 204) 5 headers in 199 bytes (1 switches on core 0)
May 10 18:02:38.333651 dv-cinder-790492-1-smb devstack@placement-api.service[79188]: DEBUG placement.requestlog [req-e40114d6-bdec-4013-8e71-cae3eadb9977 req-240f5c72-b77d-4f24-9113-8e4b50ffb559 None None] Starting request: 10.222.0.64 "GET /placement/allocations/8be1cf82-02db-4cc2-bb0f-d49012722d6a" {{(pid=79188) __call__ /opt/stack/placement/placement/requestlog.py:55}}
May 10 18:02:38.349265 dv-cinder-790492-1-smb devstack@placement-api.service[79188]: INFO placement.requestlog [req-e40114d6-bdec-4013-8e71-cae3eadb9977 req-240f5c72-b77d-4f24-9113-8e4b50ffb559 service placement] 10.222.0.64 "GET /placement/allocations/8be1cf82-02db-4cc2-bb0f-d49012722d6a" status: 200 len: 259 microversion: 1.28
May 10 18:02:38.349487 dv-cinder-790492-1-smb devstack@placement-api.service[79188]: [pid: 79188|app: 0|req: 25/49] 10.222.0.64 () {60 vars in 1378 bytes} [Mon May 10 18:02:38 2021] GET /placement/allocations/8be1cf82-02db-4cc2-bb0f-d49012722d6a => generated 259 bytes in 16 msecs (HTTP/1.1 200) 8 headers in 296 bytes (1 switches on core 0)
May 10 18:02:44.996874 dv-cinder-790492-1-smb devstack@placement-api.service[79187]: DEBUG placement.requestlog [req-e510f824-a76d-47f2-9069-eaf8d650901e req-ee78c7b2-0920-44fa-8f70-060b09e6acb2 None None] Starting request: 10.222.0.46 "GET /placement/allocation_candidates?limit=1000&resources=DISK_GB%3A1%2CMEMORY_MB%3A1024%2CVCPU%3A1&root_required=%21COMPUTE_STATUS_DISABLED" {{(pid=79187) __call__ /opt/stack/placement/placement/requestlog.py:55}}
May 10 18:02:45.042568 dv-cinder-790492-1-smb devstack@placement-api.service[79188]: DEBUG placement.requestlog [req-9f4dcb85-50dd-4d72-a217-b75e76dc9f3a req-8cc616d3-f5dd-4042-8f4e-ba79400319b4 None None] Starting request: 10.222.0.46 "GET /placement/allocation_candidates?limit=1000&resources=DISK_GB%3A1%2CMEMORY_MB%3A1024%2CVCPU%3A1&root_required=%21COMPUTE_STATUS_DISABLED" {{(pid=79188) __call__ /opt/stack/placement/placement/requestlog.py:55}}
May 10 18:02:45.057865 dv-cinder-790492-1-smb devstack@placement-api.service[79187]: DEBUG placement.objects.research_context [req-e510f824-a76d-47f2-9069-eaf8d650901e req-ee78c7b2-0920-44fa-8f70-060b09e6acb2 service placement] getting providers with 1 DISK_GB {{(pid=79187) __init__ /opt/stack/placement/placement/objects/research_context.py:126}}
May 10 18:02:45.068365 dv-cinder-790492-1-smb devstack@placement-api.service[79187]: DEBUG placement.objects.research_context [req-e510f824-a76d-47f2-9069-eaf8d650901e req-ee78c7b2-0920-44fa-8f70-060b09e6acb2 service placement] getting providers with 1024 MEMORY_MB {{(pid=79187) __init__ /opt/stack/placement/placement/objects/research_context.py:126}}
May 10 18:02:45.080500 dv-cinder-790492-1-smb devstack@placement-api.service[79187]: DEBUG placement.objects.research_context [req-e510f824-a76d-47f2-9069-eaf8d650901e req-ee78c7b2-0920-44fa-8f70-060b09e6acb2 service placement] getting providers with 1 VCPU {{(pid=79187) __init__ /opt/stack/placement/placement/objects/research_context.py:126}}
May 10 18:02:45.082732 dv-cinder-790492-1-smb devstack@placement-api.service[79188]: DEBUG placement.objects.research_context [req-9f4dcb85-50dd-4d72-a217-b75e76dc9f3a req-8cc616d3-f5dd-4042-8f4e-ba79400319b4 service placement] getting providers with 1 DISK_GB {{(pid=79188) __init__ /opt/stack/placement/placement/objects/research_context.py:126}}
May 10 18:02:45.087984 dv-cinder-790492-1-smb devstack@placement-api.service[79187]: DEBUG placement.objects.research_context [req-e510f824-a76d-47f2-9069-eaf8d650901e req-ee78c7b2-0920-44fa-8f70-060b09e6acb2 service placement] found 1 providers with available 1 DISK_GB {{(pid=79187) get_provider_ids_matching /opt/stack/placement/placement/objects/research_context.py:549}}
May 10 18:02:45.088285 dv-cinder-790492-1-smb devstack@placement-api.service[79187]: DEBUG placement.objects.research_context [req-e510f824-a76d-47f2-9069-eaf8d650901e req-ee78c7b2-0920-44fa-8f70-060b09e6acb2 service placement] found 1 providers with available 1024 MEMORY_MB {{(pid=79187) get_provider_ids_matching /opt/stack/placement/placement/objects/research_context.py:549}}
May 10 18:02:45.088575 dv-cinder-790492-1-smb devstack@placement-api.service[79187]: DEBUG placement.objects.research_context [req-e510f824-a76d-47f2-9069-eaf8d650901e req-ee78c7b2-0920-44fa-8f70-060b09e6acb2 service placement] found 1 providers after filtering by previous result {{(pid=79187) get_provider_ids_matching /opt/stack/placement/placement/objects/research_context.py:580}}
May 10 18:02:45.088846 dv-cinder-790492-1-smb devstack@placement-api.service[79187]: DEBUG placement.objects.research_context [req-e510f824-a76d-47f2-9069-eaf8d650901e req-ee78c7b2-0920-44fa-8f70-060b09e6acb2 service placement] found 1 providers with available 1 VCPU {{(pid=79187) get_provider_ids_matching /opt/stack/placement/placement/objects/research_context.py:549}}
May 10 18:02:45.089126 dv-cinder-790492-1-smb devstack@placement-api.service[79187]: DEBUG placement.objects.research_context [req-e510f824-a76d-47f2-9069-eaf8d650901e req-ee78c7b2-0920-44fa-8f70-060b09e6acb2 service placement] found 1 providers after filtering by previous result {{(pid=79187) get_provider_ids_matching /opt/stack/placement/placement/objects/research_context.py:580}}
May 10 18:02:45.093420 dv-cinder-790492-1-smb devstack@placement-api.service[79188]: DEBUG placement.objects.research_context [req-9f4dcb85-50dd-4d72-a217-b75e76dc9f3a req-8cc616d3-f5dd-4042-8f4e-ba79400319b4 service placement] getting providers with 1024 MEMORY_MB {{(pid=79188) __init__ /opt/stack/placement/placement/objects/research_context.py:126}}
May 10 18:02:45.099377 dv-cinder-790492-1-smb devstack@placement-api.service[79188]: DEBUG placement.objects.research_context [req-9f4dcb85-50dd-4d72-a217-b75e76dc9f3a req-8cc616d3-f5dd-4042-8f4e-ba79400319b4 service placement] getting providers with 1 VCPU {{(pid=79188) __init__ /opt/stack/placement/placement/objects/research_context.py:126}}
May 10 18:02:45.100176 dv-cinder-790492-1-smb devstack@placement-api.service[79187]: DEBUG placement.objects.allocation_candidate [req-e510f824-a76d-47f2-9069-eaf8d650901e req-ee78c7b2-0920-44fa-8f70-060b09e6acb2 service placement] RequestGroup(use_same_provider=False, resources={DISK_GB:1, MEMORY_MB:1024, VCPU:1}, traits=[], aggregates=[]) (suffix '') returned 1 matches {{(pid=79187) _get_by_requests /opt/stack/placement/placement/objects/allocation_candidate.py:145}}
May 10 18:02:45.100523 dv-cinder-790492-1-smb devstack@placement-api.service[79187]: DEBUG placement.objects.allocation_candidate [req-e510f824-a76d-47f2-9069-eaf8d650901e req-ee78c7b2-0920-44fa-8f70-060b09e6acb2 service placement] Merging candidates yields 1 allocation requests and 1 provider summaries {{(pid=79187) _merge_candidates /opt/stack/placement/placement/objects/allocation_candidate.py:783}}
May 10 18:02:45.102425 dv-cinder-790492-1-smb devstack@placement-api.service[79187]: INFO placement.requestlog [req-e510f824-a76d-47f2-9069-eaf8d650901e req-ee78c7b2-0920-44fa-8f70-060b09e6acb2 service placement] 10.222.0.46 "GET /placement/allocation_candidates?limit=1000&resources=DISK_GB%3A1%2CMEMORY_MB%3A1024%2CVCPU%3A1&root_required=%21COMPUTE_STATUS_DISABLED" status: 200 len: 767 microversion: 1.35
May 10 18:02:45.103138 dv-cinder-790492-1-smb devstack@placement-api.service[79187]: [pid: 79187|app: 0|req: 25/50] 10.222.0.46 () {60 vars in 1506 bytes} [Mon May 10 18:02:44 2021] GET /placement/allocation_candidates?limit=1000&resources=DISK_GB%3A1%2CMEMORY_MB%3A1024%2CVCPU%3A1&root_required=%21COMPUTE_STATUS_DISABLED => generated 767 bytes in 106 msecs (HTTP/1.1 200) 8 headers in 296 bytes (1 switches on core 0)
May 10 18:02:45.109213 dv-cinder-790492-1-smb devstack@placement-api.service[79188]: DEBUG placement.objects.research_context [req-9f4dcb85-50dd-4d72-a217-b75e76dc9f3a req-8cc616d3-f5dd-4042-8f4e-ba79400319b4 service placement] found 1 providers with available 1 DISK_GB {{(pid=79188) get_provider_ids_matching /opt/stack/placement/placement/objects/research_context.py:549}}
May 10 18:02:45.109508 dv-cinder-790492-1-smb devstack@placement-api.service[79188]: DEBUG placement.objects.research_context [req-9f4dcb85-50dd-4d72-a217-b75e76dc9f3a req-8cc616d3-f5dd-4042-8f4e-ba79400319b4 service placement] found 1 providers with available 1024 MEMORY_MB {{(pid=79188) get_provider_ids_matching /opt/stack/placement/placement/objects/research_context.py:549}}
May 10 18:02:45.109829 dv-cinder-790492-1-smb devstack@placement-api.service[79188]: DEBUG placement.objects.research_context [req-9f4dcb85-50dd-4d72-a217-b75e76dc9f3a req-8cc616d3-f5dd-4042-8f4e-ba79400319b4 service placement] found 1 providers after filtering by previous result {{(pid=79188) get_provider_ids_matching /opt/stack/placement/placement/objects/research_context.py:580}}
May 10 18:02:45.110064 dv-cinder-790492-1-smb devstack@placement-api.service[79188]: DEBUG placement.objects.research_context [req-9f4dcb85-50dd-4d72-a217-b75e76dc9f3a req-8cc616d3-f5dd-4042-8f4e-ba79400319b4 service placement] found 1 providers with available 1 VCPU {{(pid=79188) get_provider_ids_matching /opt/stack/placement/placement/objects/research_context.py:549}}
May 10 18:02:45.110341 dv-cinder-790492-1-smb devstack@placement-api.service[79188]: DEBUG placement.objects.research_context [req-9f4dcb85-50dd-4d72-a217-b75e76dc9f3a req-8cc616d3-f5dd-4042-8f4e-ba79400319b4 service placement] found 1 providers after filtering by previous result {{(pid=79188) get_provider_ids_matching /opt/stack/placement/placement/objects/research_context.py:580}}
May 10 18:02:45.122949 dv-cinder-790492-1-smb devstack@placement-api.service[79188]: DEBUG placement.objects.allocation_candidate [req-9f4dcb85-50dd-4d72-a217-b75e76dc9f3a req-8cc616d3-f5dd-4042-8f4e-ba79400319b4 service placement] RequestGroup(use_same_provider=False, resources={DISK_GB:1, MEMORY_MB:1024, VCPU:1}, traits=[], aggregates=[]) (suffix '') returned 1 matches {{(pid=79188) _get_by_requests /opt/stack/placement/placement/objects/allocation_candidate.py:145}}
May 10 18:02:45.123328 dv-cinder-790492-1-smb devstack@placement-api.service[79188]: DEBUG placement.objects.allocation_candidate [req-9f4dcb85-50dd-4d72-a217-b75e76dc9f3a req-8cc616d3-f5dd-4042-8f4e-ba79400319b4 service placement] Merging candidates yields 1 allocation requests and 1 provider summaries {{(pid=79188) _merge_candidates /opt/stack/placement/placement/objects/allocation_candidate.py:783}}
May 10 18:02:45.124631 dv-cinder-790492-1-smb devstack@placement-api.service[79188]: INFO placement.requestlog [req-9f4dcb85-50dd-4d72-a217-b75e76dc9f3a req-8cc616d3-f5dd-4042-8f4e-ba79400319b4 service placement] 10.222.0.46 "GET /placement/allocation_candidates?limit=1000&resources=DISK_GB%3A1%2CMEMORY_MB%3A1024%2CVCPU%3A1&root_required=%21COMPUTE_STATUS_DISABLED" status: 200 len: 767 microversion: 1.35
May 10 18:02:45.124870 dv-cinder-790492-1-smb devstack@placement-api.service[79188]: [pid: 79188|app: 0|req: 26/51] 10.222.0.46 () {60 vars in 1506 bytes} [Mon May 10 18:02:45 2021] GET /placement/allocation_candidates?limit=1000&resources=DISK_GB%3A1%2CMEMORY_MB%3A1024%2CVCPU%3A1&root_required=%21COMPUTE_STATUS_DISABLED => generated 767 bytes in 83 msecs (HTTP/1.1 200) 8 headers in 296 bytes (2 switches on core 0)
May 10 18:02:45.151515 dv-cinder-790492-1-smb devstack@placement-api.service[79187]: DEBUG placement.requestlog [req-e510f824-a76d-47f2-9069-eaf8d650901e req-62812531-a8bf-4cb1-ba80-cf8d6c52df1f None None] Starting request: 10.222.0.46 "GET /placement/allocations/5e13ae70-447d-4ec0-8dc1-1b49a4f84186" {{(pid=79187) __call__ /opt/stack/placement/placement/requestlog.py:55}}
May 10 18:02:45.162184 dv-cinder-790492-1-smb devstack@placement-api.service[79188]: DEBUG placement.requestlog [req-9f4dcb85-50dd-4d72-a217-b75e76dc9f3a req-a04fdbe2-aa15-437e-9357-c7b79df795e1 None None] Starting request: 10.222.0.46 "GET /placement/allocations/3437d9c4-d711-46ba-b429-3e535e48deea" {{(pid=79188) __call__ /opt/stack/placement/placement/requestlog.py:55}}
May 10 18:02:45.164188 dv-cinder-790492-1-smb devstack@placement-api.service[79187]: INFO placement.requestlog [req-e510f824-a76d-47f2-9069-eaf8d650901e req-62812531-a8bf-4cb1-ba80-cf8d6c52df1f service placement] 10.222.0.46 "GET /placement/allocations/5e13ae70-447d-4ec0-8dc1-1b49a4f84186" status: 200 len: 19 microversion: 1.28
May 10 18:02:45.164399 dv-cinder-790492-1-smb devstack@placement-api.service[79187]: [pid: 79187|app: 0|req: 26/52] 10.222.0.46 () {60 vars in 1380 bytes} [Mon May 10 18:02:45 2021] GET /placement/allocations/5e13ae70-447d-4ec0-8dc1-1b49a4f84186 => generated 19 bytes in 13 msecs (HTTP/1.1 200) 8 headers in 295 bytes (1 switches on core 0)
May 10 18:02:45.170143 dv-cinder-790492-1-smb devstack@placement-api.service[79187]: DEBUG placement.requestlog [req-e510f824-a76d-47f2-9069-eaf8d650901e req-21624eb8-67f4-41a2-b9a5-666f2c455eef None None] Starting request: 10.222.0.46 "PUT /placement/allocations/5e13ae70-447d-4ec0-8dc1-1b49a4f84186" {{(pid=79187) __call__ /opt/stack/placement/placement/requestlog.py:55}}
May 10 18:02:45.177765 dv-cinder-790492-1-smb devstack@placement-api.service[79188]: INFO placement.requestlog [req-9f4dcb85-50dd-4d72-a217-b75e76dc9f3a req-a04fdbe2-aa15-437e-9357-c7b79df795e1 service placement] 10.222.0.46 "GET /placement/allocations/3437d9c4-d711-46ba-b429-3e535e48deea" status: 200 len: 19 microversion: 1.28
May 10 18:02:45.177765 dv-cinder-790492-1-smb devstack@placement-api.service[79188]: [pid: 79188|app: 0|req: 27/53] 10.222.0.46 () {60 vars in 1380 bytes} [Mon May 10 18:02:45 2021] GET /placement/allocations/3437d9c4-d711-46ba-b429-3e535e48deea => generated 19 bytes in 16 msecs (HTTP/1.1 200) 8 headers in 295 bytes (2 switches on core 0)
May 10 18:02:45.184382 dv-cinder-790492-1-smb devstack@placement-api.service[79188]: DEBUG placement.requestlog [req-9f4dcb85-50dd-4d72-a217-b75e76dc9f3a req-e7442434-2596-44b0-a9de-49ecbe045042 None None] Starting request: 10.222.0.46 "PUT /placement/allocations/3437d9c4-d711-46ba-b429-3e535e48deea" {{(pid=79188) __call__ /opt/stack/placement/placement/requestlog.py:55}}
May 10 18:02:45.244350 dv-cinder-790492-1-smb devstack@placement-api.service[79188]: DEBUG placement.handlers.allocation [req-9f4dcb85-50dd-4d72-a217-b75e76dc9f3a req-e7442434-2596-44b0-a9de-49ecbe045042 service placement] Successfully wrote allocations [, , ] {{(pid=79188) _create_allocations /opt/stack/placement/placement/handlers/allocation.py:435}}
May 10 18:02:45.245283 dv-cinder-790492-1-smb devstack@placement-api.service[79188]: INFO placement.requestlog [req-9f4dcb85-50dd-4d72-a217-b75e76dc9f3a req-e7442434-2596-44b0-a9de-49ecbe045042 service placement] 10.222.0.46 "PUT /placement/allocations/3437d9c4-d711-46ba-b429-3e535e48deea" status: 204 len: 0 microversion: 1.35
May 10 18:02:45.252714 dv-cinder-790492-1-smb devstack@placement-api.service[79188]: [pid: 79188|app: 0|req: 28/54] 10.222.0.46 () {64 vars in 1433 bytes} [Mon May 10 18:02:45 2021] PUT /placement/allocations/3437d9c4-d711-46ba-b429-3e535e48deea => generated 0 bytes in 62 msecs (HTTP/1.1 204) 5 headers in 199 bytes (1 switches on core 0)
May 10 18:02:45.256713 dv-cinder-790492-1-smb devstack@placement-api.service[79187]: DEBUG placement.objects.allocation [req-e510f824-a76d-47f2-9069-eaf8d650901e req-21624eb8-67f4-41a2-b9a5-666f2c455eef service placement] Retrying allocations write on resource provider generation conflict {{(pid=79187) replace_all /opt/stack/placement/placement/objects/allocation.py:505}}
May 10 18:02:45.287117 dv-cinder-790492-1-smb devstack@placement-api.service[79187]: DEBUG placement.handlers.allocation [req-e510f824-a76d-47f2-9069-eaf8d650901e req-21624eb8-67f4-41a2-b9a5-666f2c455eef service placement] Successfully wrote allocations [, , ] {{(pid=79187) _create_allocations /opt/stack/placement/placement/handlers/allocation.py:435}}
May 10 18:02:45.288840 dv-cinder-790492-1-smb devstack@placement-api.service[79187]: INFO placement.requestlog [req-e510f824-a76d-47f2-9069-eaf8d650901e req-21624eb8-67f4-41a2-b9a5-666f2c455eef service placement] 10.222.0.46 "PUT /placement/allocations/5e13ae70-447d-4ec0-8dc1-1b49a4f84186" status: 204 len: 0 microversion: 1.35
May 10 18:02:45.289429 dv-cinder-790492-1-smb devstack@placement-api.service[79187]: [pid: 79187|app: 0|req: 27/55] 10.222.0.46 () {64 vars in 1433 bytes} [Mon May 10 18:02:45 2021] PUT /placement/allocations/5e13ae70-447d-4ec0-8dc1-1b49a4f84186 => generated 0 bytes in 119 msecs (HTTP/1.1 204) 5 headers in 199 bytes (2 switches on core 0)
May 10 18:02:45.689206 dv-cinder-790492-1-smb devstack@placement-api.service[79188]: DEBUG placement.requestlog [req-9f4dcb85-50dd-4d72-a217-b75e76dc9f3a req-e8b2ab02-390f-4e5e-969d-d94e897eb413 None None] Starting request: 10.222.0.64 "GET /placement/allocations/3437d9c4-d711-46ba-b429-3e535e48deea" {{(pid=79188) __call__ /opt/stack/placement/placement/requestlog.py:55}}
May 10 18:02:45.690124 dv-cinder-790492-1-smb devstack@placement-api.service[79187]: DEBUG placement.requestlog [req-e510f824-a76d-47f2-9069-eaf8d650901e req-cd91dd00-21de-4989-b3bf-aed948a21b5e None None] Starting request: 10.222.0.64 "GET /placement/allocations/5e13ae70-447d-4ec0-8dc1-1b49a4f84186" {{(pid=79187) __call__ /opt/stack/placement/placement/requestlog.py:55}}
May 10 18:02:45.706660 dv-cinder-790492-1-smb devstack@placement-api.service[79187]: INFO placement.requestlog [req-e510f824-a76d-47f2-9069-eaf8d650901e req-cd91dd00-21de-4989-b3bf-aed948a21b5e service placement] 10.222.0.64 "GET /placement/allocations/5e13ae70-447d-4ec0-8dc1-1b49a4f84186" status: 200 len: 259 microversion: 1.28
May 10 18:02:45.706866 dv-cinder-790492-1-smb devstack@placement-api.service[79188]: INFO placement.requestlog [req-9f4dcb85-50dd-4d72-a217-b75e76dc9f3a req-e8b2ab02-390f-4e5e-969d-d94e897eb413 service placement] 10.222.0.64 "GET /placement/allocations/3437d9c4-d711-46ba-b429-3e535e48deea" status: 200 len: 259 microversion: 1.28
May 10 18:02:45.707393 dv-cinder-790492-1-smb devstack@placement-api.service[79188]: [pid: 79188|app: 0|req: 29/56] 10.222.0.64 () {60 vars in 1378 bytes} [Mon May 10 18:02:45 2021] GET /placement/allocations/3437d9c4-d711-46ba-b429-3e535e48deea => generated 259 bytes in 18 msecs (HTTP/1.1 200) 8 headers in 296 bytes (1 switches on core 0)
May 10 18:02:45.707787 dv-cinder-790492-1-smb devstack@placement-api.service[79187]: [pid: 79187|app: 0|req: 28/57] 10.222.0.64 () {60 vars in 1378 bytes} [Mon May 10 18:02:45 2021] GET /placement/allocations/5e13ae70-447d-4ec0-8dc1-1b49a4f84186 => generated 259 bytes in 18 msecs (HTTP/1.1 200) 8 headers in 296 bytes (2 switches on core 0)
May 10 18:02:56.611971 dv-cinder-790492-1-smb devstack@placement-api.service[79188]: DEBUG placement.requestlog [req-2f30624a-d32c-4a41-b19b-87760441f567 req-b01c4d5c-9b78-4647-a149-09e175eed65f None None] Starting request: 10.222.0.64 "GET /placement/allocations/8be1cf82-02db-4cc2-bb0f-d49012722d6a" {{(pid=79188) __call__ /opt/stack/placement/placement/requestlog.py:55}}
May 10 18:02:56.628582 dv-cinder-790492-1-smb devstack@placement-api.service[79188]: INFO placement.requestlog [req-2f30624a-d32c-4a41-b19b-87760441f567 req-b01c4d5c-9b78-4647-a149-09e175eed65f service placement] 10.222.0.64 "GET /placement/allocations/8be1cf82-02db-4cc2-bb0f-d49012722d6a" status: 200 len: 259 microversion: 1.28
May 10 18:02:56.628828 dv-cinder-790492-1-smb devstack@placement-api.service[79188]: [pid: 79188|app: 0|req: 30/58] 10.222.0.64 () {60 vars in 1378 bytes} [Mon May 10 18:02:56 2021] GET /placement/allocations/8be1cf82-02db-4cc2-bb0f-d49012722d6a => generated 259 bytes in 17 msecs (HTTP/1.1 200) 8 headers in 296 bytes (1 switches on core 0)
May 10 18:02:56.644136 dv-cinder-790492-1-smb devstack@placement-api.service[79187]: DEBUG placement.requestlog [req-2f30624a-d32c-4a41-b19b-87760441f567 req-3b664342-0d12-4eff-a1fd-55d935bc5c1a None None] Starting request: 10.222.0.64 "PUT /placement/allocations/8be1cf82-02db-4cc2-bb0f-d49012722d6a" {{(pid=79187) __call__ /opt/stack/placement/placement/requestlog.py:55}}
May 10 18:02:56.688699 dv-cinder-790492-1-smb devstack@placement-api.service[79187]: DEBUG placement.handlers.allocation [req-2f30624a-d32c-4a41-b19b-87760441f567 req-3b664342-0d12-4eff-a1fd-55d935bc5c1a service placement] Successfully wrote allocations [, , ] {{(pid=79187) _create_allocations /opt/stack/placement/placement/handlers/allocation.py:435}}
May 10 18:02:56.689423 dv-cinder-790492-1-smb devstack@placement-api.service[79187]: INFO placement.requestlog [req-2f30624a-d32c-4a41-b19b-87760441f567 req-3b664342-0d12-4eff-a1fd-55d935bc5c1a service placement] 10.222.0.64 "PUT /placement/allocations/8be1cf82-02db-4cc2-bb0f-d49012722d6a" status: 204 len: 0 microversion: 1.28
May 10 18:02:56.689816 dv-cinder-790492-1-smb devstack@placement-api.service[79187]: [pid: 79187|app: 0|req: 29/59] 10.222.0.64 () {64 vars in 1431 bytes} [Mon May 10 18:02:56 2021] PUT /placement/allocations/8be1cf82-02db-4cc2-bb0f-d49012722d6a => generated 0 bytes in 46 msecs (HTTP/1.1 204) 5 headers in 199 bytes (2 switches on core 0)
May 10 18:03:12.420633 dv-cinder-790492-1-smb devstack@placement-api.service[79188]: DEBUG placement.requestlog [req-acd387d5-1d44-4081-9d4e-1d103029d4ce req-6fcf8aec-cb7b-49e8-80a5-3e943233ca6c None None] Starting request: 10.222.0.64 "GET /placement/allocations/3437d9c4-d711-46ba-b429-3e535e48deea" {{(pid=79188) __call__ /opt/stack/placement/placement/requestlog.py:55}}
May 10 18:03:12.436613 dv-cinder-790492-1-smb devstack@placement-api.service[79188]: INFO placement.requestlog [req-acd387d5-1d44-4081-9d4e-1d103029d4ce req-6fcf8aec-cb7b-49e8-80a5-3e943233ca6c service placement] 10.222.0.64 "GET /placement/allocations/3437d9c4-d711-46ba-b429-3e535e48deea" status: 200 len: 259 microversion: 1.28
May 10 18:03:12.437701 dv-cinder-790492-1-smb devstack@placement-api.service[79188]: [pid: 79188|app: 0|req: 31/60] 10.222.0.64 () {60 vars in 1378 bytes} [Mon May 10 18:03:12 2021] GET /placement/allocations/3437d9c4-d711-46ba-b429-3e535e48deea => generated 259 bytes in 17 msecs (HTTP/1.1 200) 8 headers in 296 bytes (1 switches on core 0)
May 10 18:03:12.447802 dv-cinder-790492-1-smb devstack@placement-api.service[79187]: DEBUG placement.requestlog [req-acd387d5-1d44-4081-9d4e-1d103029d4ce req-6259320b-9c66-43fd-92d2-56d000244588 None None] Starting request: 10.222.0.64 "PUT /placement/allocations/3437d9c4-d711-46ba-b429-3e535e48deea" {{(pid=79187) __call__ /opt/stack/placement/placement/requestlog.py:55}}
May 10 18:03:12.502733 dv-cinder-790492-1-smb devstack@placement-api.service[79187]: DEBUG placement.handlers.allocation [req-acd387d5-1d44-4081-9d4e-1d103029d4ce req-6259320b-9c66-43fd-92d2-56d000244588 service placement] Successfully wrote allocations [, , ] {{(pid=79187) _create_allocations /opt/stack/placement/placement/handlers/allocation.py:435}}
May 10 18:03:12.503570 dv-cinder-790492-1-smb devstack@placement-api.service[79187]: INFO placement.requestlog [req-acd387d5-1d44-4081-9d4e-1d103029d4ce req-6259320b-9c66-43fd-92d2-56d000244588 service placement] 10.222.0.64 "PUT /placement/allocations/3437d9c4-d711-46ba-b429-3e535e48deea" status: 204 len: 0 microversion: 1.28
May 10 18:03:12.504591 dv-cinder-790492-1-smb devstack@placement-api.service[79187]: [pid: 79187|app: 0|req: 30/61] 10.222.0.64 () {64 vars in 1431 bytes} [Mon May 10 18:03:12 2021] PUT /placement/allocations/3437d9c4-d711-46ba-b429-3e535e48deea => generated 0 bytes in 58 msecs (HTTP/1.1 204) 5 headers in 199 bytes (1 switches on core 0)
May 10 18:03:19.320143 dv-cinder-790492-1-smb devstack@placement-api.service[79188]: DEBUG placement.requestlog [req-03f5f20d-6ad6-49b0-a977-e8ce4ee139a8 req-90206554-6e67-4f59-99d3-b30935ead97f None None] Starting request: 10.222.0.64 "GET /placement/allocations/b0dce3c9-472a-443e-b6c9-d57862d1e7fd" {{(pid=79188) __call__ /opt/stack/placement/placement/requestlog.py:55}}
May 10 18:03:19.335554 dv-cinder-790492-1-smb devstack@placement-api.service[79188]: INFO placement.requestlog [req-03f5f20d-6ad6-49b0-a977-e8ce4ee139a8 req-90206554-6e67-4f59-99d3-b30935ead97f service placement] 10.222.0.64 "GET /placement/allocations/b0dce3c9-472a-443e-b6c9-d57862d1e7fd" status: 200 len: 259 microversion: 1.28
May 10 18:03:19.335876 dv-cinder-790492-1-smb devstack@placement-api.service[79188]: [pid: 79188|app: 0|req: 32/62] 10.222.0.64 () {60 vars in 1378 bytes} [Mon May 10 18:03:19 2021] GET /placement/allocations/b0dce3c9-472a-443e-b6c9-d57862d1e7fd => generated 259 bytes in 16 msecs (HTTP/1.1 200) 8 headers in 296 bytes (1 switches on core 0)
May 10 18:03:19.348124 dv-cinder-790492-1-smb devstack@placement-api.service[79187]: DEBUG placement.requestlog [req-03f5f20d-6ad6-49b0-a977-e8ce4ee139a8 req-d0e4c502-88d2-4acd-9e3c-66ac8f6d7d3e None None] Starting request: 10.222.0.64 "PUT /placement/allocations/b0dce3c9-472a-443e-b6c9-d57862d1e7fd" {{(pid=79187) __call__ /opt/stack/placement/placement/requestlog.py:55}}
May 10 18:03:19.393815 dv-cinder-790492-1-smb devstack@placement-api.service[79187]: DEBUG placement.handlers.allocation [req-03f5f20d-6ad6-49b0-a977-e8ce4ee139a8 req-d0e4c502-88d2-4acd-9e3c-66ac8f6d7d3e service placement] Successfully wrote allocations [, , ] {{(pid=79187) _create_allocations /opt/stack/placement/placement/handlers/allocation.py:435}}
May 10 18:03:19.394328 dv-cinder-790492-1-smb devstack@placement-api.service[79187]: INFO placement.requestlog [req-03f5f20d-6ad6-49b0-a977-e8ce4ee139a8 req-d0e4c502-88d2-4acd-9e3c-66ac8f6d7d3e service placement] 10.222.0.64 "PUT /placement/allocations/b0dce3c9-472a-443e-b6c9-d57862d1e7fd" status: 204 len: 0 microversion: 1.28
May 10 18:03:19.394568 dv-cinder-790492-1-smb devstack@placement-api.service[79187]: [pid: 79187|app: 0|req: 31/63] 10.222.0.64 () {64 vars in 1431 bytes} [Mon May 10 18:03:19 2021] PUT /placement/allocations/b0dce3c9-472a-443e-b6c9-d57862d1e7fd => generated 0 bytes in 47 msecs (HTTP/1.1 204) 5 headers in 199 bytes (1 switches on core 0)
May 10 18:03:24.612103 dv-cinder-790492-1-smb devstack@placement-api.service[79188]: DEBUG placement.requestlog [req-99d6ced3-2987-40a3-89ff-928d48da6ba7 req-106cb947-becf-469a-a725-57a13dcaf783 None None] Starting request: 10.222.0.64 "GET /placement/allocations/8d8e800b-9fea-47ce-84f4-fd121b804a2e" {{(pid=79188) __call__ /opt/stack/placement/placement/requestlog.py:55}}
May 10 18:03:24.628738 dv-cinder-790492-1-smb devstack@placement-api.service[79188]: INFO placement.requestlog [req-99d6ced3-2987-40a3-89ff-928d48da6ba7 req-106cb947-becf-469a-a725-57a13dcaf783 service placement] 10.222.0.64 "GET /placement/allocations/8d8e800b-9fea-47ce-84f4-fd121b804a2e" status: 200 len: 259 microversion: 1.28
May 10 18:03:24.628896 dv-cinder-790492-1-smb devstack@placement-api.service[79188]: [pid: 79188|app: 0|req: 33/64] 10.222.0.64 () {60 vars in 1378 bytes} [Mon May 10 18:03:24 2021] GET /placement/allocations/8d8e800b-9fea-47ce-84f4-fd121b804a2e => generated 259 bytes in 17 msecs (HTTP/1.1 200) 8 headers in 296 bytes (1 switches on core 0)
May 10 18:03:24.646892 dv-cinder-790492-1-smb devstack@placement-api.service[79187]: DEBUG placement.requestlog [req-99d6ced3-2987-40a3-89ff-928d48da6ba7 req-f0c0c35b-b0d7-41fb-8994-dbf5fca086ab None None] Starting request: 10.222.0.64 "PUT /placement/allocations/8d8e800b-9fea-47ce-84f4-fd121b804a2e" {{(pid=79187) __call__ /opt/stack/placement/placement/requestlog.py:55}}
May 10 18:03:24.701495 dv-cinder-790492-1-smb devstack@placement-api.service[79187]: DEBUG placement.handlers.allocation [req-99d6ced3-2987-40a3-89ff-928d48da6ba7 req-f0c0c35b-b0d7-41fb-8994-dbf5fca086ab service placement] Successfully wrote allocations [, , ] {{(pid=79187) _create_allocations /opt/stack/placement/placement/handlers/allocation.py:435}}
May 10 18:03:24.702004 dv-cinder-790492-1-smb devstack@placement-api.service[79187]: INFO placement.requestlog [req-99d6ced3-2987-40a3-89ff-928d48da6ba7 req-f0c0c35b-b0d7-41fb-8994-dbf5fca086ab service placement] 10.222.0.64 "PUT /placement/allocations/8d8e800b-9fea-47ce-84f4-fd121b804a2e" status: 204 len: 0 microversion: 1.28
May 10 18:03:24.702636 dv-cinder-790492-1-smb devstack@placement-api.service[79187]: [pid: 79187|app: 0|req: 32/65] 10.222.0.64 () {64 vars in 1431 bytes} [Mon May 10 18:03:24 2021] PUT /placement/allocations/8d8e800b-9fea-47ce-84f4-fd121b804a2e => generated 0 bytes in 56 msecs (HTTP/1.1 204) 5 headers in 199 bytes (2 switches on core 0)
May 10 18:03:29.519346 dv-cinder-790492-1-smb devstack@placement-api.service[79188]: DEBUG placement.requestlog [req-486704bd-9ec5-40eb-bc07-d6ebe224b9cf req-dcd7fac7-79a7-438c-a864-7398b7f52bb6 None None] Starting request: 10.222.0.64 "GET /placement/resource_providers/0b08ea1e-92c3-488a-80b8-b461e0a023e5/allocations" {{(pid=79188) __call__ /opt/stack/placement/placement/requestlog.py:55}}
May 10 18:03:29.549152 dv-cinder-790492-1-smb devstack@placement-api.service[79188]: INFO placement.requestlog [req-486704bd-9ec5-40eb-bc07-d6ebe224b9cf req-dcd7fac7-79a7-438c-a864-7398b7f52bb6 service placement] 10.222.0.64 "GET /placement/resource_providers/0b08ea1e-92c3-488a-80b8-b461e0a023e5/allocations" status: 200 len: 558 microversion: 1.0
May 10 18:03:29.550131 dv-cinder-790492-1-smb devstack@placement-api.service[79188]: [pid: 79188|app: 0|req: 34/66] 10.222.0.64 () {58 vars in 1391 bytes} [Mon May 10 18:03:29 2021] GET /placement/resource_providers/0b08ea1e-92c3-488a-80b8-b461e0a023e5/allocations => generated 558 bytes in 31 msecs (HTTP/1.1 200) 6 headers in 224 bytes (1 switches on core 0)
May 10 18:03:31.685606 dv-cinder-790492-1-smb devstack@placement-api.service[79187]: DEBUG placement.requestlog [req-89ec1489-9c04-4856-be97-209b10eca6f4 req-0377cc51-7a39-4fd4-ae9a-01256764093f None None] Starting request: 10.222.0.64 "GET /placement/allocations/3045d279-631e-4803-b1a9-027721c5aec5" {{(pid=79187) __call__ /opt/stack/placement/placement/requestlog.py:55}}
May 10 18:03:31.701666 dv-cinder-790492-1-smb devstack@placement-api.service[79187]: INFO placement.requestlog [req-89ec1489-9c04-4856-be97-209b10eca6f4 req-0377cc51-7a39-4fd4-ae9a-01256764093f service placement] 10.222.0.64 "GET /placement/allocations/3045d279-631e-4803-b1a9-027721c5aec5" status: 200 len: 259 microversion: 1.28
May 10 18:03:31.702152 dv-cinder-790492-1-smb devstack@placement-api.service[79187]: [pid: 79187|app: 0|req: 33/67] 10.222.0.64 () {60 vars in 1378 bytes} [Mon May 10 18:03:31 2021] GET /placement/allocations/3045d279-631e-4803-b1a9-027721c5aec5 => generated 259 bytes in 17 msecs (HTTP/1.1 200) 8 headers in 296 bytes (1 switches on core 0)
May 10 18:03:31.710056 dv-cinder-790492-1-smb devstack@placement-api.service[79188]: DEBUG placement.requestlog [req-89ec1489-9c04-4856-be97-209b10eca6f4 req-366633fe-1852-4502-9202-11ad62f4524f None None] Starting request: 10.222.0.64 "PUT /placement/allocations/3045d279-631e-4803-b1a9-027721c5aec5" {{(pid=79188) __call__ /opt/stack/placement/placement/requestlog.py:55}}
May 10 18:03:31.756234 dv-cinder-790492-1-smb devstack@placement-api.service[79188]: DEBUG placement.handlers.allocation [req-89ec1489-9c04-4856-be97-209b10eca6f4 req-366633fe-1852-4502-9202-11ad62f4524f service placement] Successfully wrote allocations [, , ] {{(pid=79188) _create_allocations /opt/stack/placement/placement/handlers/allocation.py:435}}
May 10 18:03:31.757058 dv-cinder-790492-1-smb devstack@placement-api.service[79188]: INFO placement.requestlog [req-89ec1489-9c04-4856-be97-209b10eca6f4 req-366633fe-1852-4502-9202-11ad62f4524f service placement] 10.222.0.64 "PUT /placement/allocations/3045d279-631e-4803-b1a9-027721c5aec5" status: 204 len: 0 microversion: 1.28
May 10 18:03:31.757815 dv-cinder-790492-1-smb devstack@placement-api.service[79188]: [pid: 79188|app: 0|req: 35/68] 10.222.0.64 () {64 vars in 1431 bytes} [Mon May 10 18:03:31 2021] PUT /placement/allocations/3045d279-631e-4803-b1a9-027721c5aec5 => generated 0 bytes in 48 msecs (HTTP/1.1 204) 5 headers in 199 bytes (2 switches on core 0)
May 10 18:03:59.526833 dv-cinder-790492-1-smb devstack@placement-api.service[79187]: DEBUG placement.requestlog [req-ff573c89-e6c0-41de-9234-d442c8afdf0b req-9dfbf437-7dcf-4500-bdd8-620bfe608dcf None None] Starting request: 10.222.0.46 "GET /placement/allocation_candidates?limit=1000&resources=DISK_GB%3A1%2CMEMORY_MB%3A1024%2CVCPU%3A1&root_required=%21COMPUTE_STATUS_DISABLED" {{(pid=79187) __call__ /opt/stack/placement/placement/requestlog.py:55}}
May 10 18:03:59.558089 dv-cinder-790492-1-smb devstack@placement-api.service[79187]: DEBUG placement.objects.research_context [req-ff573c89-e6c0-41de-9234-d442c8afdf0b req-9dfbf437-7dcf-4500-bdd8-620bfe608dcf service placement] getting providers with 1 DISK_GB {{(pid=79187) __init__ /opt/stack/placement/placement/objects/research_context.py:126}}
May 10 18:03:59.564357 dv-cinder-790492-1-smb devstack@placement-api.service[79187]: DEBUG placement.objects.research_context [req-ff573c89-e6c0-41de-9234-d442c8afdf0b req-9dfbf437-7dcf-4500-bdd8-620bfe608dcf service placement] getting providers with 1024 MEMORY_MB {{(pid=79187) __init__ /opt/stack/placement/placement/objects/research_context.py:126}}
May 10 18:03:59.571245 dv-cinder-790492-1-smb devstack@placement-api.service[79187]: DEBUG placement.objects.research_context [req-ff573c89-e6c0-41de-9234-d442c8afdf0b req-9dfbf437-7dcf-4500-bdd8-620bfe608dcf service placement] getting providers with 1 VCPU {{(pid=79187) __init__ /opt/stack/placement/placement/objects/research_context.py:126}}
May 10 18:03:59.580679 dv-cinder-790492-1-smb devstack@placement-api.service[79187]: DEBUG placement.objects.research_context [req-ff573c89-e6c0-41de-9234-d442c8afdf0b req-9dfbf437-7dcf-4500-bdd8-620bfe608dcf service placement] found 1 providers with available 1 DISK_GB {{(pid=79187) get_provider_ids_matching /opt/stack/placement/placement/objects/research_context.py:549}}
May 10 18:03:59.581578 dv-cinder-790492-1-smb devstack@placement-api.service[79187]: DEBUG placement.objects.research_context [req-ff573c89-e6c0-41de-9234-d442c8afdf0b req-9dfbf437-7dcf-4500-bdd8-620bfe608dcf service placement] found 1 providers with available 1024 MEMORY_MB {{(pid=79187) get_provider_ids_matching /opt/stack/placement/placement/objects/research_context.py:549}}
May 10 18:03:59.582076 dv-cinder-790492-1-smb devstack@placement-api.service[79187]: DEBUG placement.objects.research_context [req-ff573c89-e6c0-41de-9234-d442c8afdf0b req-9dfbf437-7dcf-4500-bdd8-620bfe608dcf service placement] found 1 providers after filtering by previous result {{(pid=79187) get_provider_ids_matching /opt/stack/placement/placement/objects/research_context.py:580}}
May 10 18:03:59.582676 dv-cinder-790492-1-smb devstack@placement-api.service[79187]: DEBUG placement.objects.research_context [req-ff573c89-e6c0-41de-9234-d442c8afdf0b req-9dfbf437-7dcf-4500-bdd8-620bfe608dcf service placement] found 1 providers with available 1 VCPU {{(pid=79187) get_provider_ids_matching /opt/stack/placement/placement/objects/research_context.py:549}}
May 10 18:03:59.582960 dv-cinder-790492-1-smb devstack@placement-api.service[79187]: DEBUG placement.objects.research_context [req-ff573c89-e6c0-41de-9234-d442c8afdf0b req-9dfbf437-7dcf-4500-bdd8-620bfe608dcf service placement] found 1 providers after filtering by previous result {{(pid=79187) get_provider_ids_matching /opt/stack/placement/placement/objects/research_context.py:580}}
May 10 18:03:59.605877 dv-cinder-790492-1-smb devstack@placement-api.service[79187]: DEBUG placement.objects.allocation_candidate [req-ff573c89-e6c0-41de-9234-d442c8afdf0b req-9dfbf437-7dcf-4500-bdd8-620bfe608dcf service placement] RequestGroup(use_same_provider=False, resources={DISK_GB:1, MEMORY_MB:1024, VCPU:1}, traits=[], aggregates=[]) (suffix '') returned 1 matches {{(pid=79187) _get_by_requests /opt/stack/placement/placement/objects/allocation_candidate.py:145}}
May 10 18:03:59.606479 dv-cinder-790492-1-smb devstack@placement-api.service[79187]: DEBUG placement.objects.allocation_candidate [req-ff573c89-e6c0-41de-9234-d442c8afdf0b req-9dfbf437-7dcf-4500-bdd8-620bfe608dcf service placement] Merging candidates yields 1 allocation requests and 1 provider summaries {{(pid=79187) _merge_candidates /opt/stack/placement/placement/objects/allocation_candidate.py:783}}
May 10 18:03:59.608138 dv-cinder-790492-1-smb devstack@placement-api.service[79187]: INFO placement.requestlog [req-ff573c89-e6c0-41de-9234-d442c8afdf0b req-9dfbf437-7dcf-4500-bdd8-620bfe608dcf service placement] 10.222.0.46 "GET /placement/allocation_candidates?limit=1000&resources=DISK_GB%3A1%2CMEMORY_MB%3A1024%2CVCPU%3A1&root_required=%21COMPUTE_STATUS_DISABLED" status: 200 len: 767 microversion: 1.35
May 10 18:03:59.608696 dv-cinder-790492-1-smb devstack@placement-api.service[79187]: [pid: 79187|app: 0|req: 34/69] 10.222.0.46 () {60 vars in 1506 bytes} [Mon May 10 18:03:59 2021] GET /placement/allocation_candidates?limit=1000&resources=DISK_GB%3A1%2CMEMORY_MB%3A1024%2CVCPU%3A1&root_required=%21COMPUTE_STATUS_DISABLED => generated 767 bytes in 83 msecs (HTTP/1.1 200) 8 headers in 296 bytes (1 switches on core 0)
May 10 18:03:59.646175 dv-cinder-790492-1-smb devstack@placement-api.service[79188]: DEBUG placement.requestlog [req-ff573c89-e6c0-41de-9234-d442c8afdf0b req-ce8210a2-a8f9-4d57-b6e8-26645dac2d9c None None] Starting request: 10.222.0.46 "GET /placement/allocations/e4d0147f-8c55-44da-a72b-668ef07256ce" {{(pid=79188) __call__ /opt/stack/placement/placement/requestlog.py:55}}
May 10 18:03:59.657690 dv-cinder-790492-1-smb devstack@placement-api.service[79188]: INFO placement.requestlog [req-ff573c89-e6c0-41de-9234-d442c8afdf0b req-ce8210a2-a8f9-4d57-b6e8-26645dac2d9c service placement] 10.222.0.46 "GET /placement/allocations/e4d0147f-8c55-44da-a72b-668ef07256ce" status: 200 len: 19 microversion: 1.28
May 10 18:03:59.658081 dv-cinder-790492-1-smb devstack@placement-api.service[79188]: [pid: 79188|app: 0|req: 36/70] 10.222.0.46 () {60 vars in 1380 bytes} [Mon May 10 18:03:59 2021] GET /placement/allocations/e4d0147f-8c55-44da-a72b-668ef07256ce => generated 19 bytes in 12 msecs (HTTP/1.1 200) 8 headers in 295 bytes (1 switches on core 0)
May 10 18:03:59.663502 dv-cinder-790492-1-smb devstack@placement-api.service[79187]: DEBUG placement.requestlog [req-ff573c89-e6c0-41de-9234-d442c8afdf0b req-37ea4ab3-3480-436f-b46f-cdc36a215bdf None None] Starting request: 10.222.0.46 "PUT /placement/allocations/e4d0147f-8c55-44da-a72b-668ef07256ce" {{(pid=79187) __call__ /opt/stack/placement/placement/requestlog.py:55}}
May 10 18:03:59.730290 dv-cinder-790492-1-smb devstack@placement-api.service[79187]: DEBUG placement.handlers.allocation [req-ff573c89-e6c0-41de-9234-d442c8afdf0b req-37ea4ab3-3480-436f-b46f-cdc36a215bdf service placement] Successfully wrote allocations [, , ] {{(pid=79187) _create_allocations /opt/stack/placement/placement/handlers/allocation.py:435}}
May 10 18:03:59.731440 dv-cinder-790492-1-smb devstack@placement-api.service[79187]: INFO placement.requestlog [req-ff573c89-e6c0-41de-9234-d442c8afdf0b req-37ea4ab3-3480-436f-b46f-cdc36a215bdf service placement] 10.222.0.46 "PUT /placement/allocations/e4d0147f-8c55-44da-a72b-668ef07256ce" status: 204 len: 0 microversion: 1.35
May 10 18:03:59.732230 dv-cinder-790492-1-smb devstack@placement-api.service[79187]: [pid: 79187|app: 0|req: 35/71] 10.222.0.46 () {64 vars in 1433 bytes} [Mon May 10 18:03:59 2021] PUT /placement/allocations/e4d0147f-8c55-44da-a72b-668ef07256ce => generated 0 bytes in 69 msecs (HTTP/1.1 204) 5 headers in 199 bytes (2 switches on core 0)
May 10 18:04:00.040805 dv-cinder-790492-1-smb devstack@placement-api.service[79188]: DEBUG placement.requestlog [req-ff573c89-e6c0-41de-9234-d442c8afdf0b req-cca9cc76-e405-45ac-aae1-57e51f4055bb None None] Starting request: 10.222.0.64 "GET /placement/allocations/e4d0147f-8c55-44da-a72b-668ef07256ce" {{(pid=79188) __call__ /opt/stack/placement/placement/requestlog.py:55}}
May 10 18:04:00.055312 dv-cinder-790492-1-smb devstack@placement-api.service[79188]: INFO placement.requestlog [req-ff573c89-e6c0-41de-9234-d442c8afdf0b req-cca9cc76-e405-45ac-aae1-57e51f4055bb service placement] 10.222.0.64 "GET /placement/allocations/e4d0147f-8c55-44da-a72b-668ef07256ce" status: 200 len: 259 microversion: 1.28
May 10 18:04:00.055516 dv-cinder-790492-1-smb devstack@placement-api.service[79188]: [pid: 79188|app: 0|req: 37/72] 10.222.0.64 () {60 vars in 1378 bytes} [Mon May 10 18:04:00 2021] GET /placement/allocations/e4d0147f-8c55-44da-a72b-668ef07256ce => generated 259 bytes in 15 msecs (HTTP/1.1 200) 8 headers in 296 bytes (1 switches on core 0)
May 10 18:04:21.171375 dv-cinder-790492-1-smb devstack@placement-api.service[79187]: DEBUG placement.requestlog [req-d6983fbd-4b4b-41e2-8a88-7b886ee313a0 req-0bddbb60-1fd8-4769-a737-000b4cb580cc None None] Starting request: 10.222.0.64 "GET /placement/allocations/5e13ae70-447d-4ec0-8dc1-1b49a4f84186" {{(pid=79187) __call__ /opt/stack/placement/placement/requestlog.py:55}}
May 10 18:04:21.186083 dv-cinder-790492-1-smb devstack@placement-api.service[79187]: INFO placement.requestlog [req-d6983fbd-4b4b-41e2-8a88-7b886ee313a0 req-0bddbb60-1fd8-4769-a737-000b4cb580cc service placement] 10.222.0.64 "GET /placement/allocations/5e13ae70-447d-4ec0-8dc1-1b49a4f84186" status: 200 len: 259 microversion: 1.28
May 10 18:04:21.186289 dv-cinder-790492-1-smb devstack@placement-api.service[79187]: [pid: 79187|app: 0|req: 36/73] 10.222.0.64 () {60 vars in 1378 bytes} [Mon May 10 18:04:21 2021] GET /placement/allocations/5e13ae70-447d-4ec0-8dc1-1b49a4f84186 => generated 259 bytes in 15 msecs (HTTP/1.1 200) 8 headers in 296 bytes (1 switches on core 0)
May 10 18:04:21.193637 dv-cinder-790492-1-smb devstack@placement-api.service[79188]: DEBUG placement.requestlog [req-d6983fbd-4b4b-41e2-8a88-7b886ee313a0 req-42cabec3-3511-4357-9035-ed652bdccc4e None None] Starting request: 10.222.0.64 "PUT /placement/allocations/5e13ae70-447d-4ec0-8dc1-1b49a4f84186" {{(pid=79188) __call__ /opt/stack/placement/placement/requestlog.py:55}}
May 10 18:04:21.236440 dv-cinder-790492-1-smb devstack@placement-api.service[79188]: DEBUG placement.handlers.allocation [req-d6983fbd-4b4b-41e2-8a88-7b886ee313a0 req-42cabec3-3511-4357-9035-ed652bdccc4e service placement] Successfully wrote allocations [, , ] {{(pid=79188) _create_allocations /opt/stack/placement/placement/handlers/allocation.py:435}}
May 10 18:04:21.236907 dv-cinder-790492-1-smb devstack@placement-api.service[79188]: INFO placement.requestlog [req-d6983fbd-4b4b-41e2-8a88-7b886ee313a0 req-42cabec3-3511-4357-9035-ed652bdccc4e service placement] 10.222.0.64 "PUT /placement/allocations/5e13ae70-447d-4ec0-8dc1-1b49a4f84186" status: 204 len: 0 microversion: 1.28
May 10 18:04:21.237259 dv-cinder-790492-1-smb devstack@placement-api.service[79188]: [pid: 79188|app: 0|req: 38/74] 10.222.0.64 () {64 vars in 1431 bytes} [Mon May 10 18:04:21 2021] PUT /placement/allocations/5e13ae70-447d-4ec0-8dc1-1b49a4f84186 => generated 0 bytes in 44 msecs (HTTP/1.1 204) 5 headers in 199 bytes (2 switches on core 0)
May 10 18:04:25.426150 dv-cinder-790492-1-smb devstack@placement-api.service[79187]: DEBUG placement.requestlog [req-6c4931f2-5f23-492b-a799-3af217bc43af req-ade6850f-dacb-47a5-9e29-689c24244e08 None None] Starting request: 10.222.0.64 "GET /placement/allocations/b333fb2d-53b9-4536-9f1b-9a6cc2aa2ac0" {{(pid=79187) __call__ /opt/stack/placement/placement/requestlog.py:55}}
May 10 18:04:25.446506 dv-cinder-790492-1-smb devstack@placement-api.service[79187]: INFO placement.requestlog [req-6c4931f2-5f23-492b-a799-3af217bc43af req-ade6850f-dacb-47a5-9e29-689c24244e08 service placement] 10.222.0.64 "GET /placement/allocations/b333fb2d-53b9-4536-9f1b-9a6cc2aa2ac0" status: 200 len: 259 microversion: 1.28
May 10 18:04:25.447350 dv-cinder-790492-1-smb devstack@placement-api.service[79187]: [pid: 79187|app: 0|req: 37/75] 10.222.0.64 () {60 vars in 1378 bytes} [Mon May 10 18:04:25 2021] GET /placement/allocations/b333fb2d-53b9-4536-9f1b-9a6cc2aa2ac0 => generated 259 bytes in 21 msecs (HTTP/1.1 200) 8 headers in 296 bytes (2 switches on core 0)
May 10 18:04:25.462005 dv-cinder-790492-1-smb devstack@placement-api.service[79188]: DEBUG placement.requestlog [req-6c4931f2-5f23-492b-a799-3af217bc43af req-4d5e6d93-2731-4aae-b21f-5a3f45a1c0ab None None] Starting request: 10.222.0.64 "PUT /placement/allocations/b333fb2d-53b9-4536-9f1b-9a6cc2aa2ac0" {{(pid=79188) __call__ /opt/stack/placement/placement/requestlog.py:55}}
May 10 18:04:25.516832 dv-cinder-790492-1-smb devstack@placement-api.service[79188]: DEBUG placement.handlers.allocation [req-6c4931f2-5f23-492b-a799-3af217bc43af req-4d5e6d93-2731-4aae-b21f-5a3f45a1c0ab service placement] Successfully wrote allocations [, , ] {{(pid=79188) _create_allocations /opt/stack/placement/placement/handlers/allocation.py:435}}
May 10 18:04:25.517353 dv-cinder-790492-1-smb devstack@placement-api.service[79188]: INFO placement.requestlog [req-6c4931f2-5f23-492b-a799-3af217bc43af req-4d5e6d93-2731-4aae-b21f-5a3f45a1c0ab service placement] 10.222.0.64 "PUT /placement/allocations/b333fb2d-53b9-4536-9f1b-9a6cc2aa2ac0" status: 204 len: 0 microversion: 1.28
May 10 18:04:25.517865 dv-cinder-790492-1-smb devstack@placement-api.service[79188]: [pid: 79188|app: 0|req: 39/76] 10.222.0.64 () {64 vars in 1431 bytes} [Mon May 10 18:04:25 2021] PUT /placement/allocations/b333fb2d-53b9-4536-9f1b-9a6cc2aa2ac0 => generated 0 bytes in 56 msecs (HTTP/1.1 204) 5 headers in 199 bytes (2 switches on core 0)
May 10 18:04:27.365754 dv-cinder-790492-1-smb devstack@placement-api.service[79187]: DEBUG placement.requestlog [req-d2f57e47-6e34-4c45-80c6-a93994ab1b28 req-65e3ad8f-7822-455c-a234-39773591953b None None] Starting request: 10.222.0.46 "GET /placement/allocation_candidates?limit=1000&resources=DISK_GB%3A1%2CMEMORY_MB%3A1024%2CVCPU%3A1&root_required=%21COMPUTE_STATUS_DISABLED" {{(pid=79187) __call__ /opt/stack/placement/placement/requestlog.py:55}}
May 10 18:04:27.395763 dv-cinder-790492-1-smb devstack@placement-api.service[79187]: DEBUG placement.objects.research_context [req-d2f57e47-6e34-4c45-80c6-a93994ab1b28 req-65e3ad8f-7822-455c-a234-39773591953b service placement] getting providers with 1 DISK_GB {{(pid=79187) __init__ /opt/stack/placement/placement/objects/research_context.py:126}}
May 10 18:04:27.402618 dv-cinder-790492-1-smb devstack@placement-api.service[79187]: DEBUG placement.objects.research_context [req-d2f57e47-6e34-4c45-80c6-a93994ab1b28 req-65e3ad8f-7822-455c-a234-39773591953b service placement] getting providers with 1024 MEMORY_MB {{(pid=79187) __init__ /opt/stack/placement/placement/objects/research_context.py:126}}
May 10 18:04:27.408389 dv-cinder-790492-1-smb devstack@placement-api.service[79187]: DEBUG placement.objects.research_context [req-d2f57e47-6e34-4c45-80c6-a93994ab1b28 req-65e3ad8f-7822-455c-a234-39773591953b service placement] getting providers with 1 VCPU {{(pid=79187) __init__ /opt/stack/placement/placement/objects/research_context.py:126}}
May 10 18:04:27.414166 dv-cinder-790492-1-smb devstack@placement-api.service[79187]: DEBUG placement.objects.research_context [req-d2f57e47-6e34-4c45-80c6-a93994ab1b28 req-65e3ad8f-7822-455c-a234-39773591953b service placement] found 1 providers with available 1 DISK_GB {{(pid=79187) get_provider_ids_matching /opt/stack/placement/placement/objects/research_context.py:549}}
May 10 18:04:27.414656 dv-cinder-790492-1-smb devstack@placement-api.service[79187]: DEBUG placement.objects.research_context [req-d2f57e47-6e34-4c45-80c6-a93994ab1b28 req-65e3ad8f-7822-455c-a234-39773591953b service placement] found 1 providers with available 1024 MEMORY_MB {{(pid=79187) get_provider_ids_matching /opt/stack/placement/placement/objects/research_context.py:549}}
May 10 18:04:27.414941 dv-cinder-790492-1-smb devstack@placement-api.service[79187]: DEBUG placement.objects.research_context [req-d2f57e47-6e34-4c45-80c6-a93994ab1b28 req-65e3ad8f-7822-455c-a234-39773591953b service placement] found 1 providers after filtering by previous result {{(pid=79187) get_provider_ids_matching /opt/stack/placement/placement/objects/research_context.py:580}}
May 10 18:04:27.415208 dv-cinder-790492-1-smb devstack@placement-api.service[79187]: DEBUG placement.objects.research_context [req-d2f57e47-6e34-4c45-80c6-a93994ab1b28 req-65e3ad8f-7822-455c-a234-39773591953b service placement] found 1 providers with available 1 VCPU {{(pid=79187) get_provider_ids_matching /opt/stack/placement/placement/objects/research_context.py:549}}
