May 10 18:01:56.968458 dv-cinder-790492-1-smb devstack@c-api.service[85496]: DEBUG cinder.volume.api [None req-442666f9-79bb-4951-ac76-298d02c2894d tempest-VolumeTypesTest-1189554677 tempest-VolumeTypesTest-1189554677-project] Task 'cinder.volume.flows.api.create_volume.QuotaCommitTask;volume:create' (1d9a3b89-4e27-43f7-8d86-13da86202820) transitioned into state 'SUCCESS' from state 'RUNNING' with result '{'volume_properties': VolumeProperties(attach_status='detached',availability_zone='nova',cgsnapshot_id=None,consistencygroup_id=None,display_description=None,display_name='tempest-VolumeTypesTest-volume-1784333863',encryption_key_id=None,group_id=None,group_type_id=,metadata={},multiattach=False,project_id='744195ed78974da2ac59d0fcc9ef843d',qos_specs=None,replication_status=,reservations=['2fbb2b84-0910-4b05-be45-67f2b337174c','0ea20157-353c-45fc-8e81-5a7971b89e74','1dd57ccf-394e-4a4b-9df3-615d95e24b4f','b161d2fc-051c-4760-a528-400f4a99df8d'],size=1,snapshot_id=None,source_replicaid=,source_volid=None,status='creating',user_id='f459024893b54ddcb63277d017289a42',volume_type_id=b873c546-6049-4b74-b1fb-3eb043fc9dea)}' {{(pid=85496) _task_receiver /usr/local/lib/python3.8/dist-packages/taskflow/listeners/logging.py:178}}
May 10 18:01:56.970596 dv-cinder-790492-1-smb devstack@c-api.service[85496]: DEBUG cinder.volume.api [None req-442666f9-79bb-4951-ac76-298d02c2894d tempest-VolumeTypesTest-1189554677 tempest-VolumeTypesTest-1189554677-project] Task 'cinder.volume.flows.api.create_volume.VolumeCastTask;volume:create' (bef965f7-6b28-4198-8f23-d3f8ad3a55ef) transitioned into state 'RUNNING' from state 'PENDING' {{(pid=85496) _task_receiver /usr/local/lib/python3.8/dist-packages/taskflow/listeners/logging.py:190}}
May 10 18:01:56.978650 dv-cinder-790492-1-smb devstack@c-api.service[85495]: INFO cinder.volume.api [None req-5547e6b8-a389-4272-af4e-d67532479835 tempest-VolumeSnapshotQuotasNegativeTestJSON-38346012 tempest-VolumeSnapshotQuotasNegativeTestJSON-38346012-project] Availability Zones retrieved successfully.
May 10 18:01:56.996965 dv-cinder-790492-1-smb devstack@c-api.service[85496]: DEBUG cinder.volume.api [None req-442666f9-79bb-4951-ac76-298d02c2894d tempest-VolumeTypesTest-1189554677 tempest-VolumeTypesTest-1189554677-project] Task 'cinder.volume.flows.api.create_volume.VolumeCastTask;volume:create' (bef965f7-6b28-4198-8f23-d3f8ad3a55ef) transitioned into state 'SUCCESS' from state 'RUNNING' with result 'None' {{(pid=85496) _task_receiver /usr/local/lib/python3.8/dist-packages/taskflow/listeners/logging.py:178}}
May 10 18:01:57.000147 dv-cinder-790492-1-smb devstack@c-api.service[85496]: DEBUG cinder.volume.api [None req-442666f9-79bb-4951-ac76-298d02c2894d tempest-VolumeTypesTest-1189554677 tempest-VolumeTypesTest-1189554677-project] Flow 'volume_create_api' (61e4fb61-b745-49e1-8753-e97163dea450) transitioned into state 'SUCCESS' from state 'RUNNING' {{(pid=85496) _flow_receiver /usr/local/lib/python3.8/dist-packages/taskflow/listeners/logging.py:141}}
May 10 18:01:57.001033 dv-cinder-790492-1-smb devstack@c-api.service[85496]: INFO cinder.volume.api [None req-442666f9-79bb-4951-ac76-298d02c2894d tempest-VolumeTypesTest-1189554677 tempest-VolumeTypesTest-1189554677-project] Create volume request issued successfully.
May 10 18:01:57.009843 dv-cinder-790492-1-smb devstack@c-api.service[85495]: DEBUG cinder.volume.api [None req-5547e6b8-a389-4272-af4e-d67532479835 tempest-VolumeSnapshotQuotasNegativeTestJSON-38346012 tempest-VolumeSnapshotQuotasNegativeTestJSON-38346012-project] Flow 'volume_create_api' (da07bb65-65e5-44b3-b22b-f55eb8e5ba6a) transitioned into state 'RUNNING' from state 'PENDING' {{(pid=85495) _flow_receiver /usr/local/lib/python3.8/dist-packages/taskflow/listeners/logging.py:141}}
May 10 18:01:57.015938 dv-cinder-790492-1-smb devstack@c-api.service[85495]: DEBUG cinder.volume.api [None req-5547e6b8-a389-4272-af4e-d67532479835 tempest-VolumeSnapshotQuotasNegativeTestJSON-38346012 tempest-VolumeSnapshotQuotasNegativeTestJSON-38346012-project] Task 'cinder.volume.flows.api.create_volume.ExtractVolumeRequestTask;volume:create' (84aa8ed8-ac37-47e4-8632-e747b6a1259d) transitioned into state 'RUNNING' from state 'PENDING' {{(pid=85495) _task_receiver /usr/local/lib/python3.8/dist-packages/taskflow/listeners/logging.py:190}}
May 10 18:01:57.018212 dv-cinder-790492-1-smb devstack@c-api.service[85495]: DEBUG cinder.volume.flows.api.create_volume [None req-5547e6b8-a389-4272-af4e-d67532479835 tempest-VolumeSnapshotQuotasNegativeTestJSON-38346012 tempest-VolumeSnapshotQuotasNegativeTestJSON-38346012-project] Validating volume size '1' using validate_int {{(pid=85495) _extract_size /opt/stack/cinder/cinder/volume/flows/api/create_volume.py:201}}
May 10 18:01:57.019143 dv-cinder-790492-1-smb devstack@c-api.service[85496]: INFO cinder.api.openstack.wsgi [None req-442666f9-79bb-4951-ac76-298d02c2894d tempest-VolumeTypesTest-1189554677 tempest-VolumeTypesTest-1189554677-project] http://10.222.0.46/volume/v3/744195ed78974da2ac59d0fcc9ef843d/volumes returned with HTTP 202
May 10 18:01:57.020691 dv-cinder-790492-1-smb devstack@c-api.service[85496]: [pid: 85496|app: 0|req: 118/265] 10.222.0.46 () {60 vars in 1236 bytes} [Mon May 10 18:01:56 2021] POST /volume/v3/744195ed78974da2ac59d0fcc9ef843d/volumes => generated 850 bytes in 776 msecs (HTTP/1.1 202) 7 headers in 291 bytes (1 switches on core 0)
May 10 18:01:57.027326 dv-cinder-790492-1-smb devstack@c-api.service[85496]: INFO cinder.api.openstack.wsgi [req-7a8c98f3-e121-41ab-99fb-b0daeeec42ee req-5b68d765-90e9-41ce-b6a3-3f05744d6541 tempest-AttachVolumeNegativeTest-1829536494 tempest-AttachVolumeNegativeTest-1829536494-project] POST http://10.222.0.46/volume/v3/ab9de790efef48ea819eac5ee3108c03/attachments/b8ed53af-c589-420b-a7f4-8b6783a002c6/action
May 10 18:01:57.027863 dv-cinder-790492-1-smb devstack@c-api.service[85496]: /usr/local/lib/python3.8/dist-packages/webob/acceptparse.py:1047: DeprecationWarning: The behavior of AcceptValidHeader.best_match is currently being maintained for backward compatibility, but it will be deprecated in the future, as it does not conform to the RFC.
May 10 18:01:57.027863 dv-cinder-790492-1-smb devstack@c-api.service[85496]: warnings.warn(
May 10 18:01:57.028293 dv-cinder-790492-1-smb devstack@c-api.service[85496]: DEBUG cinder.api.openstack.wsgi [req-7a8c98f3-e121-41ab-99fb-b0daeeec42ee req-5b68d765-90e9-41ce-b6a3-3f05744d6541 tempest-AttachVolumeNegativeTest-1829536494 tempest-AttachVolumeNegativeTest-1829536494-project] Action body: b'{"os-complete": null}' {{(pid=85496) get_method /opt/stack/cinder/cinder/api/openstack/wsgi.py:981}}
May 10 18:01:57.028631 dv-cinder-790492-1-smb devstack@c-api.service[85496]: DEBUG cinder.api.openstack.wsgi [req-7a8c98f3-e121-41ab-99fb-b0daeeec42ee req-5b68d765-90e9-41ce-b6a3-3f05744d6541 tempest-AttachVolumeNegativeTest-1829536494 tempest-AttachVolumeNegativeTest-1829536494-project] Action: 'action', calling method: complete, body: {"os-complete": null} {{(pid=85496) _process_stack /opt/stack/cinder/cinder/api/openstack/wsgi.py:864}}
May 10 18:01:57.140744 dv-cinder-790492-1-smb devstack@c-api.service[85496]: /usr/local/lib/python3.8/dist-packages/oslo_context/context.py:105: DeprecationWarning: Policy enforcement is depending on the value of is_admin. This key is deprecated. Please update your policy file to use the standard policy values.
May 10 18:01:57.140744 dv-cinder-790492-1-smb devstack@c-api.service[85496]: warnings.warn('Policy enforcement is depending on the value of '
May 10 18:01:57.161967 dv-cinder-790492-1-smb devstack@c-api.service[85496]: INFO cinder.api.openstack.wsgi [req-7a8c98f3-e121-41ab-99fb-b0daeeec42ee req-5b68d765-90e9-41ce-b6a3-3f05744d6541 tempest-AttachVolumeNegativeTest-1829536494 tempest-AttachVolumeNegativeTest-1829536494-project] http://10.222.0.46/volume/v3/ab9de790efef48ea819eac5ee3108c03/attachments/b8ed53af-c589-420b-a7f4-8b6783a002c6/action returned with HTTP 204
May 10 18:01:57.162841 dv-cinder-790492-1-smb devstack@c-api.service[85496]: [pid: 85496|app: 0|req: 119/266] 10.222.0.64 () {64 vars in 1499 bytes} [Mon May 10 18:01:57 2021] POST /volume/v3/ab9de790efef48ea819eac5ee3108c03/attachments/b8ed53af-c589-420b-a7f4-8b6783a002c6/action => generated 0 bytes in 142 msecs (HTTP/1.1 204) 7 headers in 292 bytes (1 switches on core 0)
May 10 18:01:57.169916 dv-cinder-790492-1-smb devstack@c-api.service[85496]: INFO cinder.api.openstack.wsgi [None req-5bd113f2-b24c-46da-bdcf-349305a9e93a tempest-VolumesListAdminTestJSON-1821407258 tempest-VolumesListAdminTestJSON-1821407258-project-admin] GET http://10.222.0.46/volume/v3/d7b195eca503407b8b00406d0d0e4947/volumes/3c3eab8c-087a-4f0b-9976-d3b2265b4882
May 10 18:01:57.170072 dv-cinder-790492-1-smb devstack@c-api.service[85496]: DEBUG cinder.api.openstack.wsgi [None req-5bd113f2-b24c-46da-bdcf-349305a9e93a tempest-VolumesListAdminTestJSON-1821407258 tempest-VolumesListAdminTestJSON-1821407258-project-admin] Empty body provided in request {{(pid=85496) get_body /opt/stack/cinder/cinder/api/openstack/wsgi.py:713}}
May 10 18:01:57.170256 dv-cinder-790492-1-smb devstack@c-api.service[85496]: /usr/local/lib/python3.8/dist-packages/webob/acceptparse.py:1047: DeprecationWarning: The behavior of AcceptValidHeader.best_match is currently being maintained for backward compatibility, but it will be deprecated in the future, as it does not conform to the RFC.
May 10 18:01:57.170256 dv-cinder-790492-1-smb devstack@c-api.service[85496]: warnings.warn(
May 10 18:01:57.170588 dv-cinder-790492-1-smb devstack@c-api.service[85496]: DEBUG cinder.api.openstack.wsgi [None req-5bd113f2-b24c-46da-bdcf-349305a9e93a tempest-VolumesListAdminTestJSON-1821407258 tempest-VolumesListAdminTestJSON-1821407258-project-admin] Calling method 'show' {{(pid=85496) _process_stack /opt/stack/cinder/cinder/api/openstack/wsgi.py:866}}
May 10 18:01:57.180385 dv-cinder-790492-1-smb devstack@c-api.service[85495]: DEBUG cinder.volume.api [None req-5547e6b8-a389-4272-af4e-d67532479835 tempest-VolumeSnapshotQuotasNegativeTestJSON-38346012 tempest-VolumeSnapshotQuotasNegativeTestJSON-38346012-project] Task 'cinder.volume.flows.api.create_volume.ExtractVolumeRequestTask;volume:create' (84aa8ed8-ac37-47e4-8632-e747b6a1259d) transitioned into state 'SUCCESS' from state 'RUNNING' with result '{'size': 1, 'snapshot_id': None, 'source_volid': None, 'volume_type': VolumeType(created_at=2021-05-10T17:52:15Z,deleted=False,deleted_at=None,description='Default Volume Type',extra_specs={},id=aeb1ac2f-4f9b-42a5-bf44-ea250082be47,is_public=True,name='__DEFAULT__',projects=[],qos_specs=,qos_specs_id=None,updated_at=2021-05-10T17:52:15Z), 'volume_type_id': 'aeb1ac2f-4f9b-42a5-bf44-ea250082be47', 'encryption_key_id': None, 'qos_specs': None, 'consistencygroup_id': None, 'cgsnapshot_id': None, 'group_id': None, 'replication_status': 'disabled', 'refresh_az': False, 'backup_id': None, 'multiattach': False, 'availability_zones': ['nova']}' {{(pid=85495) _task_receiver /usr/local/lib/python3.8/dist-packages/taskflow/listeners/logging.py:178}}
May 10 18:01:57.189117 dv-cinder-790492-1-smb devstack@c-api.service[85495]: DEBUG cinder.volume.api [None req-5547e6b8-a389-4272-af4e-d67532479835 tempest-VolumeSnapshotQuotasNegativeTestJSON-38346012 tempest-VolumeSnapshotQuotasNegativeTestJSON-38346012-project] Task 'cinder.volume.flows.api.create_volume.QuotaReserveTask;volume:create' (828f12f6-7bb7-49b8-a0dd-ecd482dd15da) transitioned into state 'RUNNING' from state 'PENDING' {{(pid=85495) _task_receiver /usr/local/lib/python3.8/dist-packages/taskflow/listeners/logging.py:190}}
May 10 18:01:57.286219 dv-cinder-790492-1-smb devstack@c-api.service[85496]: /usr/local/lib/python3.8/dist-packages/oslo_context/context.py:105: DeprecationWarning: Policy enforcement is depending on the value of is_admin. This key is deprecated. Please update your policy file to use the standard policy values.
May 10 18:01:57.286219 dv-cinder-790492-1-smb devstack@c-api.service[85496]: warnings.warn('Policy enforcement is depending on the value of '
May 10 18:01:57.296074 dv-cinder-790492-1-smb devstack@c-api.service[85496]: INFO cinder.volume.api [None req-5bd113f2-b24c-46da-bdcf-349305a9e93a tempest-VolumesListAdminTestJSON-1821407258 tempest-VolumesListAdminTestJSON-1821407258-project-admin] Volume info retrieved successfully.
May 10 18:01:57.320574 dv-cinder-790492-1-smb devstack@c-api.service[85496]: INFO cinder.api.openstack.wsgi [None req-5bd113f2-b24c-46da-bdcf-349305a9e93a tempest-VolumesListAdminTestJSON-1821407258 tempest-VolumesListAdminTestJSON-1821407258-project-admin] http://10.222.0.46/volume/v3/d7b195eca503407b8b00406d0d0e4947/volumes/3c3eab8c-087a-4f0b-9976-d3b2265b4882 returned with HTTP 200
May 10 18:01:57.332063 dv-cinder-790492-1-smb devstack@c-api.service[85496]: [pid: 85496|app: 0|req: 120/267] 10.222.0.46 () {58 vars in 1325 bytes} [Mon May 10 18:01:57 2021] GET /volume/v3/d7b195eca503407b8b00406d0d0e4947/volumes/3c3eab8c-087a-4f0b-9976-d3b2265b4882 => generated 1035 bytes in 168 msecs (HTTP/1.1 200) 7 headers in 286 bytes (1 switches on core 0)
May 10 18:01:57.336826 dv-cinder-790492-1-smb devstack@c-api.service[85496]: INFO cinder.api.openstack.wsgi [None req-cd37aae0-a81a-4beb-a8a2-bc9bb4b94da1 tempest-VolumeTypesTest-1189554677 tempest-VolumeTypesTest-1189554677-project] GET http://10.222.0.46/volume/v3/744195ed78974da2ac59d0fcc9ef843d/volumes/c60fbacb-93e0-4624-8b9c-b478bf9706fd
May 10 18:01:57.337692 dv-cinder-790492-1-smb devstack@c-api.service[85496]: DEBUG cinder.api.openstack.wsgi [None req-cd37aae0-a81a-4beb-a8a2-bc9bb4b94da1 tempest-VolumeTypesTest-1189554677 tempest-VolumeTypesTest-1189554677-project] Empty body provided in request {{(pid=85496) get_body /opt/stack/cinder/cinder/api/openstack/wsgi.py:713}}
May 10 18:01:57.338092 dv-cinder-790492-1-smb devstack@c-api.service[85496]: /usr/local/lib/python3.8/dist-packages/webob/acceptparse.py:1047: DeprecationWarning: The behavior of AcceptValidHeader.best_match is currently being maintained for backward compatibility, but it will be deprecated in the future, as it does not conform to the RFC.
May 10 18:01:57.338092 dv-cinder-790492-1-smb devstack@c-api.service[85496]: warnings.warn(
May 10 18:01:57.338627 dv-cinder-790492-1-smb devstack@c-api.service[85496]: DEBUG cinder.api.openstack.wsgi [None req-cd37aae0-a81a-4beb-a8a2-bc9bb4b94da1 tempest-VolumeTypesTest-1189554677 tempest-VolumeTypesTest-1189554677-project] Calling method 'show' {{(pid=85496) _process_stack /opt/stack/cinder/cinder/api/openstack/wsgi.py:866}}
May 10 18:01:57.353562 dv-cinder-790492-1-smb devstack@c-api.service[85495]: DEBUG cinder.quota [None req-5547e6b8-a389-4272-af4e-d67532479835 tempest-VolumeSnapshotQuotasNegativeTestJSON-38346012 tempest-VolumeSnapshotQuotasNegativeTestJSON-38346012-project] Created reservations ['5b14fc20-c808-4403-8553-aafe0dfdbf64', '189b41ca-7040-466a-9323-d8a667d06033', '321733c9-7a62-4a97-8932-66e794971f81', 'bca01ed4-8e8f-4add-9a1e-f3b7b27d5a22'] {{(pid=85495) reserve /opt/stack/cinder/cinder/quota.py:755}}
May 10 18:01:57.356102 dv-cinder-790492-1-smb devstack@c-api.service[85495]: DEBUG cinder.volume.api [None req-5547e6b8-a389-4272-af4e-d67532479835 tempest-VolumeSnapshotQuotasNegativeTestJSON-38346012 tempest-VolumeSnapshotQuotasNegativeTestJSON-38346012-project] Task 'cinder.volume.flows.api.create_volume.QuotaReserveTask;volume:create' (828f12f6-7bb7-49b8-a0dd-ecd482dd15da) transitioned into state 'SUCCESS' from state 'RUNNING' with result '{'reservations': ['5b14fc20-c808-4403-8553-aafe0dfdbf64', '189b41ca-7040-466a-9323-d8a667d06033', '321733c9-7a62-4a97-8932-66e794971f81', 'bca01ed4-8e8f-4add-9a1e-f3b7b27d5a22']}' {{(pid=85495) _task_receiver /usr/local/lib/python3.8/dist-packages/taskflow/listeners/logging.py:178}}
May 10 18:01:57.358608 dv-cinder-790492-1-smb devstack@c-api.service[85495]: DEBUG cinder.volume.api [None req-5547e6b8-a389-4272-af4e-d67532479835 tempest-VolumeSnapshotQuotasNegativeTestJSON-38346012 tempest-VolumeSnapshotQuotasNegativeTestJSON-38346012-project] Task 'cinder.volume.flows.api.create_volume.EntryCreateTask;volume:create' (9c987e88-d40d-4b15-b2e1-0d07981af379) transitioned into state 'RUNNING' from state 'PENDING' {{(pid=85495) _task_receiver /usr/local/lib/python3.8/dist-packages/taskflow/listeners/logging.py:190}}
May 10 18:01:57.438247 dv-cinder-790492-1-smb devstack@c-api.service[85496]: /usr/local/lib/python3.8/dist-packages/oslo_context/context.py:105: DeprecationWarning: Policy enforcement is depending on the value of is_admin. This key is deprecated. Please update your policy file to use the standard policy values.
May 10 18:01:57.438247 dv-cinder-790492-1-smb devstack@c-api.service[85496]: warnings.warn('Policy enforcement is depending on the value of '
May 10 18:01:57.445153 dv-cinder-790492-1-smb devstack@c-api.service[85495]: DEBUG cinder.volume.api [None req-5547e6b8-a389-4272-af4e-d67532479835 tempest-VolumeSnapshotQuotasNegativeTestJSON-38346012 tempest-VolumeSnapshotQuotasNegativeTestJSON-38346012-project] Task 'cinder.volume.flows.api.create_volume.EntryCreateTask;volume:create' (9c987e88-d40d-4b15-b2e1-0d07981af379) transitioned into state 'SUCCESS' from state 'RUNNING' with result '{'volume_id': '30ec6317-2389-43d9-9140-dfcb186876ba', 'volume_properties': VolumeProperties(attach_status='detached',availability_zone='nova',cgsnapshot_id=None,consistencygroup_id=None,display_description=None,display_name='tempest-VolumeSnapshotQuotasNegativeTestJSON-Volume-1169805419',encryption_key_id=None,group_id=None,group_type_id=,metadata={},multiattach=False,project_id='8a05c0c98168445ebd1f024f8f16e277',qos_specs=None,replication_status=,reservations=['5b14fc20-c808-4403-8553-aafe0dfdbf64','189b41ca-7040-466a-9323-d8a667d06033','321733c9-7a62-4a97-8932-66e794971f81','bca01ed4-8e8f-4add-9a1e-f3b7b27d5a22'],size=1,snapshot_id=None,source_replicaid=,source_volid=None,status='creating',user_id='eb8e0e3be84547c7970ad6c1d1548df2',volume_type_id=aeb1ac2f-4f9b-42a5-bf44-ea250082be47), 'volume': Volume(_name_id=None,admin_metadata=,attach_status='detached',availability_zone='nova',bootable=False,cluster=,cluster_name=None,consistencygroup=,consistencygroup_id=None,created_at=2021-05-10T18:01:57Z,deleted=False,deleted_at=None,display_description=None,display_name='tempest-VolumeSnapshotQuotasNegativeTestJSON-Volume-1169805419',ec2_id=None,encryption_key_id=None,glance_metadata=,group=,group_id=None,host=None,id=30ec6317-2389-43d9-9140-dfcb186876ba,launched_at=None,metadata={},migration_status=None,multiattach=False,previous_status=None,project_id='8a05c0c98168445ebd1f024f8f16e277',provider_auth=None,provider_geometry=None,provider_id=None,provider_location=None,replication_driver_data=None,replication_extended_status=None,replication_status=None,scheduled_at=None,service_uuid=None,shared_targets=True,size=1,snapshot_id=None,snapshots=,source_volid=None,status='creating',terminated_at=None,updated_at=None,user_id='eb8e0e3be84547c7970ad6c1d1548df2',volume_attachment=,volume_type=VolumeType(aeb1ac2f-4f9b-42a5-bf44-ea250082be47),volume_type_id=aeb1ac2f-4f9b-42a5-bf44-ea250082be47)}' {{(pid=85495) _task_receiver /usr/local/lib/python3.8/dist-packages/taskflow/listeners/logging.py:178}}
May 10 18:01:57.447937 dv-cinder-790492-1-smb devstack@c-api.service[85495]: DEBUG cinder.volume.api [None req-5547e6b8-a389-4272-af4e-d67532479835 tempest-VolumeSnapshotQuotasNegativeTestJSON-38346012 tempest-VolumeSnapshotQuotasNegativeTestJSON-38346012-project] Task 'cinder.volume.flows.api.create_volume.QuotaCommitTask;volume:create' (0eeccead-15b9-41cd-ad77-3ea83f446c61) transitioned into state 'RUNNING' from state 'PENDING' {{(pid=85495) _task_receiver /usr/local/lib/python3.8/dist-packages/taskflow/listeners/logging.py:190}}
May 10 18:01:57.460225 dv-cinder-790492-1-smb devstack@c-api.service[85496]: INFO cinder.volume.api [None req-cd37aae0-a81a-4beb-a8a2-bc9bb4b94da1 tempest-VolumeTypesTest-1189554677 tempest-VolumeTypesTest-1189554677-project] Volume info retrieved successfully.
May 10 18:01:57.482150 dv-cinder-790492-1-smb devstack@c-api.service[85495]: DEBUG cinder.volume.api [None req-5547e6b8-a389-4272-af4e-d67532479835 tempest-VolumeSnapshotQuotasNegativeTestJSON-38346012 tempest-VolumeSnapshotQuotasNegativeTestJSON-38346012-project] Task 'cinder.volume.flows.api.create_volume.QuotaCommitTask;volume:create' (0eeccead-15b9-41cd-ad77-3ea83f446c61) transitioned into state 'SUCCESS' from state 'RUNNING' with result '{'volume_properties': VolumeProperties(attach_status='detached',availability_zone='nova',cgsnapshot_id=None,consistencygroup_id=None,display_description=None,display_name='tempest-VolumeSnapshotQuotasNegativeTestJSON-Volume-1169805419',encryption_key_id=None,group_id=None,group_type_id=,metadata={},multiattach=False,project_id='8a05c0c98168445ebd1f024f8f16e277',qos_specs=None,replication_status=,reservations=['5b14fc20-c808-4403-8553-aafe0dfdbf64','189b41ca-7040-466a-9323-d8a667d06033','321733c9-7a62-4a97-8932-66e794971f81','bca01ed4-8e8f-4add-9a1e-f3b7b27d5a22'],size=1,snapshot_id=None,source_replicaid=,source_volid=None,status='creating',user_id='eb8e0e3be84547c7970ad6c1d1548df2',volume_type_id=aeb1ac2f-4f9b-42a5-bf44-ea250082be47)}' {{(pid=85495) _task_receiver /usr/local/lib/python3.8/dist-packages/taskflow/listeners/logging.py:178}}
May 10 18:01:57.485326 dv-cinder-790492-1-smb devstack@c-api.service[85495]: DEBUG cinder.volume.api [None req-5547e6b8-a389-4272-af4e-d67532479835 tempest-VolumeSnapshotQuotasNegativeTestJSON-38346012 tempest-VolumeSnapshotQuotasNegativeTestJSON-38346012-project] Task 'cinder.volume.flows.api.create_volume.VolumeCastTask;volume:create' (7ade34a2-4d07-48bf-b8bd-e712c55f057c) transitioned into state 'RUNNING' from state 'PENDING' {{(pid=85495) _task_receiver /usr/local/lib/python3.8/dist-packages/taskflow/listeners/logging.py:190}}
May 10 18:01:57.499701 dv-cinder-790492-1-smb devstack@c-api.service[85496]: INFO cinder.api.openstack.wsgi [None req-cd37aae0-a81a-4beb-a8a2-bc9bb4b94da1 tempest-VolumeTypesTest-1189554677 tempest-VolumeTypesTest-1189554677-project] http://10.222.0.46/volume/v3/744195ed78974da2ac59d0fcc9ef843d/volumes/c60fbacb-93e0-4624-8b9c-b478bf9706fd returned with HTTP 200
May 10 18:01:57.510147 dv-cinder-790492-1-smb devstack@c-api.service[85496]: [pid: 85496|app: 0|req: 121/268] 10.222.0.46 () {58 vars in 1325 bytes} [Mon May 10 18:01:57 2021] GET /volume/v3/744195ed78974da2ac59d0fcc9ef843d/volumes/c60fbacb-93e0-4624-8b9c-b478bf9706fd => generated 942 bytes in 177 msecs (HTTP/1.1 200) 7 headers in 285 bytes (1 switches on core 0)
May 10 18:01:57.514005 dv-cinder-790492-1-smb devstack@c-api.service[85495]: DEBUG cinder.volume.api [None req-5547e6b8-a389-4272-af4e-d67532479835 tempest-VolumeSnapshotQuotasNegativeTestJSON-38346012 tempest-VolumeSnapshotQuotasNegativeTestJSON-38346012-project] Task 'cinder.volume.flows.api.create_volume.VolumeCastTask;volume:create' (7ade34a2-4d07-48bf-b8bd-e712c55f057c) transitioned into state 'SUCCESS' from state 'RUNNING' with result 'None' {{(pid=85495) _task_receiver /usr/local/lib/python3.8/dist-packages/taskflow/listeners/logging.py:178}}
May 10 18:01:57.514221 dv-cinder-790492-1-smb devstack@c-api.service[85496]: INFO cinder.api.openstack.wsgi [None req-8457337e-8554-4e61-b20c-cbae5d0861dd tempest-VolumesListAdminTestJSON-1821407258 tempest-VolumesListAdminTestJSON-1821407258-project-admin] GET http://10.222.0.46/volume/v3/d7b195eca503407b8b00406d0d0e4947/volumes/detail?all_tenants=1&project_id=93542cd1ae2d4221bdf7621bb243d2e9
May 10 18:01:57.514894 dv-cinder-790492-1-smb devstack@c-api.service[85496]: DEBUG cinder.api.openstack.wsgi [None req-8457337e-8554-4e61-b20c-cbae5d0861dd tempest-VolumesListAdminTestJSON-1821407258 tempest-VolumesListAdminTestJSON-1821407258-project-admin] Empty body provided in request {{(pid=85496) get_body /opt/stack/cinder/cinder/api/openstack/wsgi.py:713}}
May 10 18:01:57.515059 dv-cinder-790492-1-smb devstack@c-api.service[85496]: /usr/local/lib/python3.8/dist-packages/webob/acceptparse.py:1047: DeprecationWarning: The behavior of AcceptValidHeader.best_match is currently being maintained for backward compatibility, but it will be deprecated in the future, as it does not conform to the RFC.
May 10 18:01:57.515059 dv-cinder-790492-1-smb devstack@c-api.service[85496]: warnings.warn(
May 10 18:01:57.515391 dv-cinder-790492-1-smb devstack@c-api.service[85496]: DEBUG cinder.api.openstack.wsgi [None req-8457337e-8554-4e61-b20c-cbae5d0861dd tempest-VolumesListAdminTestJSON-1821407258 tempest-VolumesListAdminTestJSON-1821407258-project-admin] Calling method 'detail' {{(pid=85496) _process_stack /opt/stack/cinder/cinder/api/openstack/wsgi.py:866}}
May 10 18:01:57.516447 dv-cinder-790492-1-smb devstack@c-api.service[85495]: DEBUG cinder.volume.api [None req-5547e6b8-a389-4272-af4e-d67532479835 tempest-VolumeSnapshotQuotasNegativeTestJSON-38346012 tempest-VolumeSnapshotQuotasNegativeTestJSON-38346012-project] Flow 'volume_create_api' (da07bb65-65e5-44b3-b22b-f55eb8e5ba6a) transitioned into state 'SUCCESS' from state 'RUNNING' {{(pid=85495) _flow_receiver /usr/local/lib/python3.8/dist-packages/taskflow/listeners/logging.py:141}}
May 10 18:01:57.516835 dv-cinder-790492-1-smb devstack@c-api.service[85496]: DEBUG cinder.volume.api [None req-8457337e-8554-4e61-b20c-cbae5d0861dd tempest-VolumesListAdminTestJSON-1821407258 tempest-VolumesListAdminTestJSON-1821407258-project-admin] Could not evaluate value 93542cd1ae2d4221bdf7621bb243d2e9, assuming string {{(pid=85496) check_volume_filters /opt/stack/cinder/cinder/volume/api.py:2049}}
May 10 18:01:57.518095 dv-cinder-790492-1-smb devstack@c-api.service[85496]: DEBUG cinder.volume.api [None req-8457337e-8554-4e61-b20c-cbae5d0861dd tempest-VolumesListAdminTestJSON-1821407258 tempest-VolumesListAdminTestJSON-1821407258-project-admin] Searching by: MultiDict([('project_id', '93542cd1ae2d4221bdf7621bb243d2e9'), ('all_tenants', 1)]). {{(pid=85496) get_all /opt/stack/cinder/cinder/volume/api.py:617}}
May 10 18:01:57.519017 dv-cinder-790492-1-smb devstack@c-api.service[85495]: INFO cinder.volume.api [None req-5547e6b8-a389-4272-af4e-d67532479835 tempest-VolumeSnapshotQuotasNegativeTestJSON-38346012 tempest-VolumeSnapshotQuotasNegativeTestJSON-38346012-project] Create volume request issued successfully.
May 10 18:01:57.547069 dv-cinder-790492-1-smb devstack@c-api.service[85495]: INFO cinder.api.openstack.wsgi [None req-5547e6b8-a389-4272-af4e-d67532479835 tempest-VolumeSnapshotQuotasNegativeTestJSON-38346012 tempest-VolumeSnapshotQuotasNegativeTestJSON-38346012-project] http://10.222.0.46/volume/v3/8a05c0c98168445ebd1f024f8f16e277/volumes returned with HTTP 202
May 10 18:01:57.548596 dv-cinder-790492-1-smb devstack@c-api.service[85495]: [pid: 85495|app: 0|req: 148/269] 10.222.0.46 () {60 vars in 1235 bytes} [Mon May 10 18:01:56 2021] POST /volume/v3/8a05c0c98168445ebd1f024f8f16e277/volumes => generated 836 bytes in 754 msecs (HTTP/1.1 202) 7 headers in 291 bytes (2 switches on core 0)
May 10 18:01:57.553080 dv-cinder-790492-1-smb devstack@c-api.service[85495]: INFO cinder.api.openstack.wsgi [None req-1f5d5507-f692-448c-84eb-97cf35b362d1 tempest-AttachVolumeNegativeTest-1829536494 tempest-AttachVolumeNegativeTest-1829536494-project] GET http://10.222.0.46/volume/v3/ab9de790efef48ea819eac5ee3108c03/volumes/8db9c3b9-a8eb-49dc-a4a8-5cd55b38c073
May 10 18:01:57.553530 dv-cinder-790492-1-smb devstack@c-api.service[85495]: DEBUG cinder.api.openstack.wsgi [None req-1f5d5507-f692-448c-84eb-97cf35b362d1 tempest-AttachVolumeNegativeTest-1829536494 tempest-AttachVolumeNegativeTest-1829536494-project] Empty body provided in request {{(pid=85495) get_body /opt/stack/cinder/cinder/api/openstack/wsgi.py:713}}
May 10 18:01:57.553718 dv-cinder-790492-1-smb devstack@c-api.service[85495]: /usr/local/lib/python3.8/dist-packages/webob/acceptparse.py:1047: DeprecationWarning: The behavior of AcceptValidHeader.best_match is currently being maintained for backward compatibility, but it will be deprecated in the future, as it does not conform to the RFC.
May 10 18:01:57.553718 dv-cinder-790492-1-smb devstack@c-api.service[85495]: warnings.warn(
May 10 18:01:57.554114 dv-cinder-790492-1-smb devstack@c-api.service[85495]: DEBUG cinder.api.openstack.wsgi [None req-1f5d5507-f692-448c-84eb-97cf35b362d1 tempest-AttachVolumeNegativeTest-1829536494 tempest-AttachVolumeNegativeTest-1829536494-project] Calling method 'show' {{(pid=85495) _process_stack /opt/stack/cinder/cinder/api/openstack/wsgi.py:866}}
May 10 18:01:57.583716 dv-cinder-790492-1-smb devstack@c-api.service[85496]: INFO cinder.volume.api [None req-8457337e-8554-4e61-b20c-cbae5d0861dd tempest-VolumesListAdminTestJSON-1821407258 tempest-VolumesListAdminTestJSON-1821407258-project-admin] Get all volumes completed successfully.
May 10 18:01:57.586195 dv-cinder-790492-1-smb devstack@c-api.service[85496]: /usr/local/lib/python3.8/dist-packages/oslo_context/context.py:105: DeprecationWarning: Policy enforcement is depending on the value of is_admin. This key is deprecated. Please update your policy file to use the standard policy values.
May 10 18:01:57.586195 dv-cinder-790492-1-smb devstack@c-api.service[85496]: warnings.warn('Policy enforcement is depending on the value of '
May 10 18:01:57.597505 dv-cinder-790492-1-smb devstack@c-api.service[85496]: INFO cinder.api.openstack.wsgi [None req-8457337e-8554-4e61-b20c-cbae5d0861dd tempest-VolumesListAdminTestJSON-1821407258 tempest-VolumesListAdminTestJSON-1821407258-project-admin] http://10.222.0.46/volume/v3/d7b195eca503407b8b00406d0d0e4947/volumes/detail?all_tenants=1&project_id=93542cd1ae2d4221bdf7621bb243d2e9 returned with HTTP 200
May 10 18:01:57.598835 dv-cinder-790492-1-smb devstack@c-api.service[85496]: [pid: 85496|app: 0|req: 122/270] 10.222.0.46 () {58 vars in 1350 bytes} [Mon May 10 18:01:57 2021] GET /volume/v3/d7b195eca503407b8b00406d0d0e4947/volumes/detail?all_tenants=1&project_id=93542cd1ae2d4221bdf7621bb243d2e9 => generated 3228 bytes in 88 msecs (HTTP/1.1 200) 7 headers in 286 bytes (1 switches on core 0)
May 10 18:01:57.614292 dv-cinder-790492-1-smb devstack@c-api.service[85496]: INFO cinder.api.openstack.wsgi [None req-eeeb5cf3-ec55-45f6-bc2b-c081683155cf tempest-VolumeSnapshotQuotasNegativeTestJSON-38346012 tempest-VolumeSnapshotQuotasNegativeTestJSON-38346012-project] GET http://10.222.0.46/volume/v3/8a05c0c98168445ebd1f024f8f16e277/volumes/30ec6317-2389-43d9-9140-dfcb186876ba
May 10 18:01:57.615025 dv-cinder-790492-1-smb devstack@c-api.service[85496]: DEBUG cinder.api.openstack.wsgi [None req-eeeb5cf3-ec55-45f6-bc2b-c081683155cf tempest-VolumeSnapshotQuotasNegativeTestJSON-38346012 tempest-VolumeSnapshotQuotasNegativeTestJSON-38346012-project] Empty body provided in request {{(pid=85496) get_body /opt/stack/cinder/cinder/api/openstack/wsgi.py:713}}
May 10 18:01:57.615335 dv-cinder-790492-1-smb devstack@c-api.service[85496]: /usr/local/lib/python3.8/dist-packages/webob/acceptparse.py:1047: DeprecationWarning: The behavior of AcceptValidHeader.best_match is currently being maintained for backward compatibility, but it will be deprecated in the future, as it does not conform to the RFC.
May 10 18:01:57.615335 dv-cinder-790492-1-smb devstack@c-api.service[85496]: warnings.warn(
May 10 18:01:57.615890 dv-cinder-790492-1-smb devstack@c-api.service[85496]: DEBUG cinder.api.openstack.wsgi [None req-eeeb5cf3-ec55-45f6-bc2b-c081683155cf tempest-VolumeSnapshotQuotasNegativeTestJSON-38346012 tempest-VolumeSnapshotQuotasNegativeTestJSON-38346012-project] Calling method 'show' {{(pid=85496) _process_stack /opt/stack/cinder/cinder/api/openstack/wsgi.py:866}}
May 10 18:01:57.619820 dv-cinder-790492-1-smb devstack@c-api.service[85495]: /usr/local/lib/python3.8/dist-packages/oslo_context/context.py:105: DeprecationWarning: Policy enforcement is depending on the value of is_admin. This key is deprecated. Please update your policy file to use the standard policy values.
May 10 18:01:57.619820 dv-cinder-790492-1-smb devstack@c-api.service[85495]: warnings.warn('Policy enforcement is depending on the value of '
May 10 18:01:57.630877 dv-cinder-790492-1-smb devstack@c-api.service[85495]: INFO cinder.volume.api [None req-1f5d5507-f692-448c-84eb-97cf35b362d1 tempest-AttachVolumeNegativeTest-1829536494 tempest-AttachVolumeNegativeTest-1829536494-project] Volume info retrieved successfully.
May 10 18:01:57.667282 dv-cinder-790492-1-smb devstack@c-api.service[85495]: /usr/local/lib/python3.8/dist-packages/oslo_context/context.py:105: DeprecationWarning: Policy enforcement is depending on the value of is_admin. This key is deprecated. Please update your policy file to use the standard policy values.
May 10 18:01:57.667282 dv-cinder-790492-1-smb devstack@c-api.service[85495]: warnings.warn('Policy enforcement is depending on the value of '
May 10 18:01:57.676795 dv-cinder-790492-1-smb devstack@c-api.service[85495]: INFO cinder.api.openstack.wsgi [None req-1f5d5507-f692-448c-84eb-97cf35b362d1 tempest-AttachVolumeNegativeTest-1829536494 tempest-AttachVolumeNegativeTest-1829536494-project] http://10.222.0.46/volume/v3/ab9de790efef48ea819eac5ee3108c03/volumes/8db9c3b9-a8eb-49dc-a4a8-5cd55b38c073 returned with HTTP 200
May 10 18:01:57.692536 dv-cinder-790492-1-smb devstack@c-api.service[85495]: [pid: 85495|app: 0|req: 149/271] 10.222.0.46 () {58 vars in 1325 bytes} [Mon May 10 18:01:57 2021] GET /volume/v3/ab9de790efef48ea819eac5ee3108c03/volumes/8db9c3b9-a8eb-49dc-a4a8-5cd55b38c073 => generated 1208 bytes in 129 msecs (HTTP/1.1 200) 7 headers in 286 bytes (1 switches on core 0)
May 10 18:01:57.692536 dv-cinder-790492-1-smb devstack@c-api.service[85495]: INFO cinder.api.openstack.wsgi [None req-e6c46af2-168e-49a3-8d58-7856fe823c31 tempest-VolumesListAdminTestJSON-1821407258 tempest-VolumesListAdminTestJSON-1821407258-project-admin] DELETE http://10.222.0.46/volume/v3/d7b195eca503407b8b00406d0d0e4947/volumes/3c3eab8c-087a-4f0b-9976-d3b2265b4882
May 10 18:01:57.692536 dv-cinder-790492-1-smb devstack@c-api.service[85495]: DEBUG cinder.api.openstack.wsgi [None req-e6c46af2-168e-49a3-8d58-7856fe823c31 tempest-VolumesListAdminTestJSON-1821407258 tempest-VolumesListAdminTestJSON-1821407258-project-admin] Empty body provided in request {{(pid=85495) get_body /opt/stack/cinder/cinder/api/openstack/wsgi.py:713}}
May 10 18:01:57.692536 dv-cinder-790492-1-smb devstack@c-api.service[85495]: /usr/local/lib/python3.8/dist-packages/webob/acceptparse.py:1047: DeprecationWarning: The behavior of AcceptValidHeader.best_match is currently being maintained for backward compatibility, but it will be deprecated in the future, as it does not conform to the RFC.
May 10 18:01:57.692536 dv-cinder-790492-1-smb devstack@c-api.service[85495]: warnings.warn(
May 10 18:01:57.692536 dv-cinder-790492-1-smb devstack@c-api.service[85495]: DEBUG cinder.api.openstack.wsgi [None req-e6c46af2-168e-49a3-8d58-7856fe823c31 tempest-VolumesListAdminTestJSON-1821407258 tempest-VolumesListAdminTestJSON-1821407258-project-admin] Calling method 'delete' {{(pid=85495) _process_stack /opt/stack/cinder/cinder/api/openstack/wsgi.py:866}}
May 10 18:01:57.692536 dv-cinder-790492-1-smb devstack@c-api.service[85495]: INFO cinder.api.v3.volumes [None req-e6c46af2-168e-49a3-8d58-7856fe823c31 tempest-VolumesListAdminTestJSON-1821407258 tempest-VolumesListAdminTestJSON-1821407258-project-admin] Delete volume with id: 3c3eab8c-087a-4f0b-9976-d3b2265b4882
May 10 18:01:57.697463 dv-cinder-790492-1-smb devstack@c-api.service[85496]: /usr/local/lib/python3.8/dist-packages/oslo_context/context.py:105: DeprecationWarning: Policy enforcement is depending on the value of is_admin. This key is deprecated. Please update your policy file to use the standard policy values.
May 10 18:01:57.697463 dv-cinder-790492-1-smb devstack@c-api.service[85496]: warnings.warn('Policy enforcement is depending on the value of '
May 10 18:01:57.712528 dv-cinder-790492-1-smb devstack@c-api.service[85496]: INFO cinder.volume.api [None req-eeeb5cf3-ec55-45f6-bc2b-c081683155cf tempest-VolumeSnapshotQuotasNegativeTestJSON-38346012 tempest-VolumeSnapshotQuotasNegativeTestJSON-38346012-project] Volume info retrieved successfully.
May 10 18:01:57.757083 dv-cinder-790492-1-smb devstack@c-api.service[85496]: INFO cinder.api.openstack.wsgi [None req-eeeb5cf3-ec55-45f6-bc2b-c081683155cf tempest-VolumeSnapshotQuotasNegativeTestJSON-38346012 tempest-VolumeSnapshotQuotasNegativeTestJSON-38346012-project] http://10.222.0.46/volume/v3/8a05c0c98168445ebd1f024f8f16e277/volumes/30ec6317-2389-43d9-9140-dfcb186876ba returned with HTTP 200
May 10 18:01:57.766254 dv-cinder-790492-1-smb devstack@c-api.service[85496]: [pid: 85496|app: 0|req: 123/272] 10.222.0.46 () {58 vars in 1325 bytes} [Mon May 10 18:01:57 2021] GET /volume/v3/8a05c0c98168445ebd1f024f8f16e277/volumes/30ec6317-2389-43d9-9140-dfcb186876ba => generated 904 bytes in 159 msecs (HTTP/1.1 200) 7 headers in 285 bytes (1 switches on core 0)
May 10 18:01:57.823312 dv-cinder-790492-1-smb devstack@c-api.service[85495]: /usr/local/lib/python3.8/dist-packages/oslo_context/context.py:105: DeprecationWarning: Policy enforcement is depending on the value of is_admin. This key is deprecated. Please update your policy file to use the standard policy values.
May 10 18:01:57.823312 dv-cinder-790492-1-smb devstack@c-api.service[85495]: warnings.warn('Policy enforcement is depending on the value of '
May 10 18:01:57.824151 dv-cinder-790492-1-smb devstack@c-api.service[85495]: INFO cinder.volume.api [None req-e6c46af2-168e-49a3-8d58-7856fe823c31 tempest-VolumesListAdminTestJSON-1821407258 tempest-VolumesListAdminTestJSON-1821407258-project-admin] Volume info retrieved successfully.
May 10 18:01:57.890097 dv-cinder-790492-1-smb devstack@c-api.service[85495]: INFO cinder.volume.api [None req-e6c46af2-168e-49a3-8d58-7856fe823c31 tempest-VolumesListAdminTestJSON-1821407258 tempest-VolumesListAdminTestJSON-1821407258-project-admin] Delete volume request issued successfully.
May 10 18:01:57.890576 dv-cinder-790492-1-smb devstack@c-api.service[85495]: INFO cinder.api.openstack.wsgi [None req-e6c46af2-168e-49a3-8d58-7856fe823c31 tempest-VolumesListAdminTestJSON-1821407258 tempest-VolumesListAdminTestJSON-1821407258-project-admin] http://10.222.0.46/volume/v3/d7b195eca503407b8b00406d0d0e4947/volumes/3c3eab8c-087a-4f0b-9976-d3b2265b4882 returned with HTTP 202
May 10 18:01:57.891411 dv-cinder-790492-1-smb devstack@c-api.service[85495]: [pid: 85495|app: 0|req: 150/273] 10.222.0.46 () {58 vars in 1328 bytes} [Mon May 10 18:01:57 2021] DELETE /volume/v3/d7b195eca503407b8b00406d0d0e4947/volumes/3c3eab8c-087a-4f0b-9976-d3b2265b4882 => generated 0 bytes in 213 msecs (HTTP/1.1 202) 6 headers in 233 bytes (1 switches on core 0)
May 10 18:01:57.901076 dv-cinder-790492-1-smb devstack@c-api.service[85496]: INFO cinder.api.openstack.wsgi [None req-543e298d-202f-4aca-a7e5-63ab4755608a tempest-VolumesListAdminTestJSON-1798967069 tempest-VolumesListAdminTestJSON-1798967069-project] DELETE http://10.222.0.46/volume/v3/93542cd1ae2d4221bdf7621bb243d2e9/volumes/498d7e55-0928-4cd8-8728-c886ef9fc04b
May 10 18:01:57.901076 dv-cinder-790492-1-smb devstack@c-api.service[85496]: DEBUG cinder.api.openstack.wsgi [None req-543e298d-202f-4aca-a7e5-63ab4755608a tempest-VolumesListAdminTestJSON-1798967069 tempest-VolumesListAdminTestJSON-1798967069-project] Empty body provided in request {{(pid=85496) get_body /opt/stack/cinder/cinder/api/openstack/wsgi.py:713}}
May 10 18:01:57.901322 dv-cinder-790492-1-smb devstack@c-api.service[85496]: /usr/local/lib/python3.8/dist-packages/webob/acceptparse.py:1047: DeprecationWarning: The behavior of AcceptValidHeader.best_match is currently being maintained for backward compatibility, but it will be deprecated in the future, as it does not conform to the RFC.
May 10 18:01:57.901322 dv-cinder-790492-1-smb devstack@c-api.service[85496]: warnings.warn(
May 10 18:01:57.901679 dv-cinder-790492-1-smb devstack@c-api.service[85496]: DEBUG cinder.api.openstack.wsgi [None req-543e298d-202f-4aca-a7e5-63ab4755608a tempest-VolumesListAdminTestJSON-1798967069 tempest-VolumesListAdminTestJSON-1798967069-project] Calling method 'delete' {{(pid=85496) _process_stack /opt/stack/cinder/cinder/api/openstack/wsgi.py:866}}
May 10 18:01:57.901956 dv-cinder-790492-1-smb devstack@c-api.service[85496]: INFO cinder.api.v3.volumes [None req-543e298d-202f-4aca-a7e5-63ab4755608a tempest-VolumesListAdminTestJSON-1798967069 tempest-VolumesListAdminTestJSON-1798967069-project] Delete volume with id: 498d7e55-0928-4cd8-8728-c886ef9fc04b
May 10 18:01:57.968796 dv-cinder-790492-1-smb devstack@c-api.service[85496]: /usr/local/lib/python3.8/dist-packages/oslo_context/context.py:105: DeprecationWarning: Policy enforcement is depending on the value of is_admin. This key is deprecated. Please update your policy file to use the standard policy values.
May 10 18:01:57.968796 dv-cinder-790492-1-smb devstack@c-api.service[85496]: warnings.warn('Policy enforcement is depending on the value of '
May 10 18:01:57.970435 dv-cinder-790492-1-smb devstack@c-api.service[85496]: INFO cinder.volume.api [None req-543e298d-202f-4aca-a7e5-63ab4755608a tempest-VolumesListAdminTestJSON-1798967069 tempest-VolumesListAdminTestJSON-1798967069-project] Volume info retrieved successfully.
May 10 18:01:58.013027 dv-cinder-790492-1-smb devstack@c-api.service[85496]: INFO cinder.volume.api [None req-543e298d-202f-4aca-a7e5-63ab4755608a tempest-VolumesListAdminTestJSON-1798967069 tempest-VolumesListAdminTestJSON-1798967069-project] Delete volume request issued successfully.
May 10 18:01:58.013636 dv-cinder-790492-1-smb devstack@c-api.service[85496]: INFO cinder.api.openstack.wsgi [None req-543e298d-202f-4aca-a7e5-63ab4755608a tempest-VolumesListAdminTestJSON-1798967069 tempest-VolumesListAdminTestJSON-1798967069-project] http://10.222.0.46/volume/v3/93542cd1ae2d4221bdf7621bb243d2e9/volumes/498d7e55-0928-4cd8-8728-c886ef9fc04b returned with HTTP 202
May 10 18:01:58.014717 dv-cinder-790492-1-smb devstack@c-api.service[85496]: [pid: 85496|app: 0|req: 124/274] 10.222.0.46 () {58 vars in 1328 bytes} [Mon May 10 18:01:57 2021] DELETE /volume/v3/93542cd1ae2d4221bdf7621bb243d2e9/volumes/498d7e55-0928-4cd8-8728-c886ef9fc04b => generated 0 bytes in 118 msecs (HTTP/1.1 202) 6 headers in 233 bytes (1 switches on core 0)
May 10 18:01:58.023045 dv-cinder-790492-1-smb devstack@c-api.service[85495]: INFO cinder.api.openstack.wsgi [None req-360f1e0b-68d8-4258-a5a2-cf3b555d733f tempest-VolumesListAdminTestJSON-1798967069 tempest-VolumesListAdminTestJSON-1798967069-project] GET http://10.222.0.46/volume/v3/93542cd1ae2d4221bdf7621bb243d2e9/volumes/498d7e55-0928-4cd8-8728-c886ef9fc04b
May 10 18:01:58.023515 dv-cinder-790492-1-smb devstack@c-api.service[85495]: DEBUG cinder.api.openstack.wsgi [None req-360f1e0b-68d8-4258-a5a2-cf3b555d733f tempest-VolumesListAdminTestJSON-1798967069 tempest-VolumesListAdminTestJSON-1798967069-project] Empty body provided in request {{(pid=85495) get_body /opt/stack/cinder/cinder/api/openstack/wsgi.py:713}}
May 10 18:01:58.023716 dv-cinder-790492-1-smb devstack@c-api.service[85495]: /usr/local/lib/python3.8/dist-packages/webob/acceptparse.py:1047: DeprecationWarning: The behavior of AcceptValidHeader.best_match is currently being maintained for backward compatibility, but it will be deprecated in the future, as it does not conform to the RFC.
May 10 18:01:58.023716 dv-cinder-790492-1-smb devstack@c-api.service[85495]: warnings.warn(
May 10 18:01:58.024044 dv-cinder-790492-1-smb devstack@c-api.service[85495]: DEBUG cinder.api.openstack.wsgi [None req-360f1e0b-68d8-4258-a5a2-cf3b555d733f tempest-VolumesListAdminTestJSON-1798967069 tempest-VolumesListAdminTestJSON-1798967069-project] Calling method 'show' {{(pid=85495) _process_stack /opt/stack/cinder/cinder/api/openstack/wsgi.py:866}}
May 10 18:01:58.102143 dv-cinder-790492-1-smb devstack@c-api.service[85495]: /usr/local/lib/python3.8/dist-packages/oslo_context/context.py:105: DeprecationWarning: Policy enforcement is depending on the value of is_admin. This key is deprecated. Please update your policy file to use the standard policy values.
May 10 18:01:58.102143 dv-cinder-790492-1-smb devstack@c-api.service[85495]: warnings.warn('Policy enforcement is depending on the value of '
May 10 18:01:58.110318 dv-cinder-790492-1-smb devstack@c-api.service[85495]: INFO cinder.volume.api [None req-360f1e0b-68d8-4258-a5a2-cf3b555d733f tempest-VolumesListAdminTestJSON-1798967069 tempest-VolumesListAdminTestJSON-1798967069-project] Volume info retrieved successfully.
May 10 18:01:58.132725 dv-cinder-790492-1-smb devstack@c-api.service[85495]: INFO cinder.api.openstack.wsgi [None req-360f1e0b-68d8-4258-a5a2-cf3b555d733f tempest-VolumesListAdminTestJSON-1798967069 tempest-VolumesListAdminTestJSON-1798967069-project] http://10.222.0.46/volume/v3/93542cd1ae2d4221bdf7621bb243d2e9/volumes/498d7e55-0928-4cd8-8728-c886ef9fc04b returned with HTTP 200
May 10 18:01:58.143848 dv-cinder-790492-1-smb devstack@c-api.service[85495]: [pid: 85495|app: 0|req: 151/275] 10.222.0.46 () {58 vars in 1325 bytes} [Mon May 10 18:01:58 2021] GET /volume/v3/93542cd1ae2d4221bdf7621bb243d2e9/volumes/498d7e55-0928-4cd8-8728-c886ef9fc04b => generated 916 bytes in 125 msecs (HTTP/1.1 200) 7 headers in 285 bytes (1 switches on core 0)
May 10 18:01:58.515441 dv-cinder-790492-1-smb devstack@c-api.service[85496]: INFO cinder.api.openstack.wsgi [None req-a1deec17-b94f-490c-8c4e-565c95a2cf24 tempest-VolumeTypesTest-1189554677 tempest-VolumeTypesTest-1189554677-project] GET http://10.222.0.46/volume/v3/744195ed78974da2ac59d0fcc9ef843d/volumes/c60fbacb-93e0-4624-8b9c-b478bf9706fd
May 10 18:01:58.515936 dv-cinder-790492-1-smb devstack@c-api.service[85496]: DEBUG cinder.api.openstack.wsgi [None req-a1deec17-b94f-490c-8c4e-565c95a2cf24 tempest-VolumeTypesTest-1189554677 tempest-VolumeTypesTest-1189554677-project] Empty body provided in request {{(pid=85496) get_body /opt/stack/cinder/cinder/api/openstack/wsgi.py:713}}
May 10 18:01:58.516106 dv-cinder-790492-1-smb devstack@c-api.service[85496]: /usr/local/lib/python3.8/dist-packages/webob/acceptparse.py:1047: DeprecationWarning: The behavior of AcceptValidHeader.best_match is currently being maintained for backward compatibility, but it will be deprecated in the future, as it does not conform to the RFC.
May 10 18:01:58.516106 dv-cinder-790492-1-smb devstack@c-api.service[85496]: warnings.warn(
May 10 18:01:58.516759 dv-cinder-790492-1-smb devstack@c-api.service[85496]: DEBUG cinder.api.openstack.wsgi [None req-a1deec17-b94f-490c-8c4e-565c95a2cf24 tempest-VolumeTypesTest-1189554677 tempest-VolumeTypesTest-1189554677-project] Calling method 'show' {{(pid=85496) _process_stack /opt/stack/cinder/cinder/api/openstack/wsgi.py:866}}
May 10 18:01:58.564136 dv-cinder-790492-1-smb devstack@c-api.service[85496]: /usr/local/lib/python3.8/dist-packages/oslo_context/context.py:105: DeprecationWarning: Policy enforcement is depending on the value of is_admin. This key is deprecated. Please update your policy file to use the standard policy values.
May 10 18:01:58.564136 dv-cinder-790492-1-smb devstack@c-api.service[85496]: warnings.warn('Policy enforcement is depending on the value of '
May 10 18:01:58.572240 dv-cinder-790492-1-smb devstack@c-api.service[85496]: INFO cinder.volume.api [None req-a1deec17-b94f-490c-8c4e-565c95a2cf24 tempest-VolumeTypesTest-1189554677 tempest-VolumeTypesTest-1189554677-project] Volume info retrieved successfully.
May 10 18:01:58.596178 dv-cinder-790492-1-smb devstack@c-api.service[85496]: INFO cinder.api.openstack.wsgi [None req-a1deec17-b94f-490c-8c4e-565c95a2cf24 tempest-VolumeTypesTest-1189554677 tempest-VolumeTypesTest-1189554677-project] http://10.222.0.46/volume/v3/744195ed78974da2ac59d0fcc9ef843d/volumes/c60fbacb-93e0-4624-8b9c-b478bf9706fd returned with HTTP 200
May 10 18:01:58.597239 dv-cinder-790492-1-smb devstack@c-api.service[85496]: [pid: 85496|app: 0|req: 125/276] 10.222.0.46 () {58 vars in 1325 bytes} [Mon May 10 18:01:58 2021] GET /volume/v3/744195ed78974da2ac59d0fcc9ef843d/volumes/c60fbacb-93e0-4624-8b9c-b478bf9706fd => generated 943 bytes in 85 msecs (HTTP/1.1 200) 7 headers in 285 bytes (1 switches on core 0)
May 10 18:01:58.612942 dv-cinder-790492-1-smb devstack@c-api.service[85496]: INFO cinder.api.openstack.wsgi [None req-68e6ce10-75f8-466e-8e11-ac76d8cd75f2 tempest-VolumeTypesTest-1189554677 tempest-VolumeTypesTest-1189554677-project] POST http://10.222.0.46/volume/v3/744195ed78974da2ac59d0fcc9ef843d/volumes/c60fbacb-93e0-4624-8b9c-b478bf9706fd/action
May 10 18:01:58.613320 dv-cinder-790492-1-smb devstack@c-api.service[85496]: /usr/local/lib/python3.8/dist-packages/webob/acceptparse.py:1047: DeprecationWarning: The behavior of AcceptValidHeader.best_match is currently being maintained for backward compatibility, but it will be deprecated in the future, as it does not conform to the RFC.
May 10 18:01:58.613320 dv-cinder-790492-1-smb devstack@c-api.service[85496]: warnings.warn(
May 10 18:01:58.613705 dv-cinder-790492-1-smb devstack@c-api.service[85496]: DEBUG cinder.api.openstack.wsgi [None req-68e6ce10-75f8-466e-8e11-ac76d8cd75f2 tempest-VolumeTypesTest-1189554677 tempest-VolumeTypesTest-1189554677-project] Action body: b'{"os-retype": {"new_type": "044e7431-3049-451d-a8f5-4414de50e8b9"}}' {{(pid=85496) get_method /opt/stack/cinder/cinder/api/openstack/wsgi.py:981}}
May 10 18:01:58.614074 dv-cinder-790492-1-smb devstack@c-api.service[85496]: DEBUG cinder.api.openstack.wsgi [None req-68e6ce10-75f8-466e-8e11-ac76d8cd75f2 tempest-VolumeTypesTest-1189554677 tempest-VolumeTypesTest-1189554677-project] Action: 'action', calling method: _retype, body: {"os-retype": {"new_type": "044e7431-3049-451d-a8f5-4414de50e8b9"}} {{(pid=85496) _process_stack /opt/stack/cinder/cinder/api/openstack/wsgi.py:864}}
