May 06 09:23:00.112980 dv-cinder-790014-1-smb devstack@n-api.service[88403]: DEBUG oslo_concurrency.lockutils [None req-ad3d689c-7ece-495c-a801-28be962c167b tempest-AttachVolumeShelveTestJSON-283873773 tempest-AttachVolumeShelveTestJSON-283873773-project] Lock "559bcacb-1015-4c2b-819e-34ee9e0d2f33" acquired by "nova.context.set_target_cell.<locals>.get_or_set_cached_cell_and_set_connections" :: waited 0.000s {{(pid=88403) inner /usr/local/lib/python3.8/dist-packages/oslo_concurrency/lockutils.py:355}}
May 06 09:23:00.113484 dv-cinder-790014-1-smb devstack@n-api.service[88403]: DEBUG oslo_concurrency.lockutils [None req-ad3d689c-7ece-495c-a801-28be962c167b tempest-AttachVolumeShelveTestJSON-283873773 tempest-AttachVolumeShelveTestJSON-283873773-project] Lock "559bcacb-1015-4c2b-819e-34ee9e0d2f33" released by "nova.context.set_target_cell.<locals>.get_or_set_cached_cell_and_set_connections" :: held 0.001s {{(pid=88403) inner /usr/local/lib/python3.8/dist-packages/oslo_concurrency/lockutils.py:367}}
May 06 09:23:00.118257 dv-cinder-790014-1-smb devstack@n-api.service[88403]: DEBUG oslo_concurrency.lockutils [None req-ad3d689c-7ece-495c-a801-28be962c167b tempest-AttachVolumeShelveTestJSON-283873773 tempest-AttachVolumeShelveTestJSON-283873773-project] Lock "559bcacb-1015-4c2b-819e-34ee9e0d2f33" acquired by "nova.context.set_target_cell.<locals>.get_or_set_cached_cell_and_set_connections" :: waited 0.000s {{(pid=88403) inner /usr/local/lib/python3.8/dist-packages/oslo_concurrency/lockutils.py:355}}
May 06 09:23:00.119573 dv-cinder-790014-1-smb devstack@n-api.service[88403]: DEBUG oslo_concurrency.lockutils [None req-ad3d689c-7ece-495c-a801-28be962c167b tempest-AttachVolumeShelveTestJSON-283873773 tempest-AttachVolumeShelveTestJSON-283873773-project] Lock "559bcacb-1015-4c2b-819e-34ee9e0d2f33" released by "nova.context.set_target_cell.<locals>.get_or_set_cached_cell_and_set_connections" :: held 0.001s {{(pid=88403) inner /usr/local/lib/python3.8/dist-packages/oslo_concurrency/lockutils.py:367}}
May 06 09:23:00.285655 dv-cinder-790014-1-smb devstack@n-api.service[88404]: DEBUG nova.policy [None req-bdd3f61b-49e5-4bf3-a350-99b6729439cf tempest-DeleteServersTestJSON-1890886634 tempest-DeleteServersTestJSON-1890886634-project] Policy check for os_compute_api:os-extended-server-attributes failed with credentials {'is_admin': False, 'user_id': '9ca0b7f738654fb9bdc14cf3d95b0c60', 'user_domain_id': 'default', 'system_scope': None, 'domain_id': None, 'project_id': '1fbab28d3fed42e3a82b1e1da7a207c5', 'project_domain_id': 'default', 'roles': ['member', 'reader'], 'is_admin_project': True, 'service_user_id': None, 'service_user_domain_id': None, 'service_project_id': None, 'service_project_domain_id': None, 'service_roles': []} {{(pid=88404) authorize /opt/stack/nova/nova/policy.py:199}}
May 06 09:23:00.295053 dv-cinder-790014-1-smb devstack@n-api.service[88404]: INFO nova.api.openstack.requestlog [None req-bdd3f61b-49e5-4bf3-a350-99b6729439cf tempest-DeleteServersTestJSON-1890886634 tempest-DeleteServersTestJSON-1890886634-project] 10.222.0.20 "GET /compute/v2.1/servers/275369d2-9125-46a5-89a3-4d2a0172a29c" status: 200 len: 1554 microversion: 2.1 time: 0.294330
May 06 09:23:00.296282 dv-cinder-790014-1-smb devstack@n-api.service[88404]: [pid: 88404|app: 0|req: 46/99] 10.222.0.20 () {58 vars in 1236 bytes} [Thu May  6 09:22:59 2021] GET /compute/v2.1/servers/275369d2-9125-46a5-89a3-4d2a0172a29c => generated 1554 bytes in 296 msecs (HTTP/1.1 200) 9 headers in 358 bytes (2 switches on core 0)
May 06 09:23:00.301202 dv-cinder-790014-1-smb devstack@n-api.service[88404]: DEBUG nova.api.openstack.wsgi [None req-8f09205b-3510-4989-9674-a3b3d373970e tempest-AttachVolumeNegativeTest-936183770 tempest-AttachVolumeNegativeTest-936183770-project] Calling method '<bound method ServersController.show of <nova.api.openstack.compute.servers.ServersController object at 0x7f7d6d30d190>>' {{(pid=88404) _process_stack /opt/stack/nova/nova/api/openstack/wsgi.py:513}}
May 06 09:23:00.301999 dv-cinder-790014-1-smb devstack@n-api.service[88404]: DEBUG nova.compute.api [None req-8f09205b-3510-4989-9674-a3b3d373970e tempest-AttachVolumeNegativeTest-936183770 tempest-AttachVolumeNegativeTest-936183770-project] [instance: 2a88fd3f-cb2b-443f-a38d-826bb761e2ce] Fetching instance by UUID {{(pid=88404) get /opt/stack/nova/nova/compute/api.py:2790}}
May 06 09:23:00.309260 dv-cinder-790014-1-smb devstack@n-api.service[88404]: DEBUG oslo_concurrency.lockutils [None req-8f09205b-3510-4989-9674-a3b3d373970e tempest-AttachVolumeNegativeTest-936183770 tempest-AttachVolumeNegativeTest-936183770-project] Lock "559bcacb-1015-4c2b-819e-34ee9e0d2f33" acquired by "nova.context.set_target_cell.<locals>.get_or_set_cached_cell_and_set_connections" :: waited 0.000s {{(pid=88404) inner /usr/local/lib/python3.8/dist-packages/oslo_concurrency/lockutils.py:355}}
May 06 09:23:00.309716 dv-cinder-790014-1-smb devstack@n-api.service[88404]: DEBUG oslo_concurrency.lockutils [None req-8f09205b-3510-4989-9674-a3b3d373970e tempest-AttachVolumeNegativeTest-936183770 tempest-AttachVolumeNegativeTest-936183770-project] Lock "559bcacb-1015-4c2b-819e-34ee9e0d2f33" released by "nova.context.set_target_cell.<locals>.get_or_set_cached_cell_and_set_connections" :: held 0.001s {{(pid=88404) inner /usr/local/lib/python3.8/dist-packages/oslo_concurrency/lockutils.py:367}}
May 06 09:23:00.310711 dv-cinder-790014-1-smb devstack@n-api.service[88404]: DEBUG oslo_concurrency.lockutils [None req-8f09205b-3510-4989-9674-a3b3d373970e tempest-AttachVolumeNegativeTest-936183770 tempest-AttachVolumeNegativeTest-936183770-project] Lock "559bcacb-1015-4c2b-819e-34ee9e0d2f33" acquired by "nova.context.set_target_cell.<locals>.get_or_set_cached_cell_and_set_connections" :: waited 0.000s {{(pid=88404) inner /usr/local/lib/python3.8/dist-packages/oslo_concurrency/lockutils.py:355}}
May 06 09:23:00.311739 dv-cinder-790014-1-smb devstack@n-api.service[88404]: DEBUG oslo_concurrency.lockutils [None req-8f09205b-3510-4989-9674-a3b3d373970e tempest-AttachVolumeNegativeTest-936183770 tempest-AttachVolumeNegativeTest-936183770-project] Lock "559bcacb-1015-4c2b-819e-34ee9e0d2f33" released by "nova.context.set_target_cell.<locals>.get_or_set_cached_cell_and_set_connections" :: held 0.001s {{(pid=88404) inner /usr/local/lib/python3.8/dist-packages/oslo_concurrency/lockutils.py:367}}
May 06 09:23:00.391941 dv-cinder-790014-1-smb devstack@n-api.service[88403]: DEBUG nova.policy [None req-ad3d689c-7ece-495c-a801-28be962c167b tempest-AttachVolumeShelveTestJSON-283873773 tempest-AttachVolumeShelveTestJSON-283873773-project] Policy check for os_compute_api:os-extended-server-attributes failed with credentials {'is_admin': False, 'user_id': '3e3fcb2405f9433e9bc2fa6cd4a9dc48', 'user_domain_id': 'default', 'system_scope': None, 'domain_id': None, 'project_id': '87a87eb65c3849949fab4179da2d6886', 'project_domain_id': 'default', 'roles': ['member', 'reader'], 'is_admin_project': True, 'service_user_id': None, 'service_user_domain_id': None, 'service_project_id': None, 'service_project_domain_id': None, 'service_roles': []} {{(pid=88403) authorize /opt/stack/nova/nova/policy.py:199}}
May 06 09:23:00.402435 dv-cinder-790014-1-smb devstack@n-api.service[88403]: DEBUG nova.policy [None req-ad3d689c-7ece-495c-a801-28be962c167b tempest-AttachVolumeShelveTestJSON-283873773 tempest-AttachVolumeShelveTestJSON-283873773-project] Policy check for os_compute_api:servers:show:host_status failed with credentials {'is_admin': False, 'user_id': '3e3fcb2405f9433e9bc2fa6cd4a9dc48', 'user_domain_id': 'default', 'system_scope': None, 'domain_id': None, 'project_id': '87a87eb65c3849949fab4179da2d6886', 'project_domain_id': 'default', 'roles': ['member', 'reader'], 'is_admin_project': True, 'service_user_id': None, 'service_user_domain_id': None, 'service_project_id': None, 'service_project_domain_id': None, 'service_roles': []} {{(pid=88403) authorize /opt/stack/nova/nova/policy.py:199}}
May 06 09:23:00.405233 dv-cinder-790014-1-smb devstack@n-api.service[88403]: DEBUG nova.policy [None req-ad3d689c-7ece-495c-a801-28be962c167b tempest-AttachVolumeShelveTestJSON-283873773 tempest-AttachVolumeShelveTestJSON-283873773-project] Policy check for os_compute_api:servers:show:host_status:unknown-only failed with credentials {'is_admin': False, 'user_id': '3e3fcb2405f9433e9bc2fa6cd4a9dc48', 'user_domain_id': 'default', 'system_scope': None, 'domain_id': None, 'project_id': '87a87eb65c3849949fab4179da2d6886', 'project_domain_id': 'default', 'roles': ['member', 'reader'], 'is_admin_project': True, 'service_user_id': None, 'service_user_domain_id': None, 'service_project_id': None, 'service_project_domain_id': None, 'service_roles': []} {{(pid=88403) authorize /opt/stack/nova/nova/policy.py:199}}
May 06 09:23:00.406758 dv-cinder-790014-1-smb devstack@n-api.service[88403]: INFO nova.api.openstack.requestlog [None req-ad3d689c-7ece-495c-a801-28be962c167b tempest-AttachVolumeShelveTestJSON-283873773 tempest-AttachVolumeShelveTestJSON-283873773-project] 10.222.0.20 "GET /compute/v2.1/servers/1a4b7c84-a7a6-4942-adbf-b6e3bcf46571" status: 200 len: 1598 microversion: 2.20 time: 0.340306
May 06 09:23:00.416300 dv-cinder-790014-1-smb devstack@n-api.service[88403]: [pid: 88403|app: 0|req: 54/100] 10.222.0.20 () {60 vars in 1277 bytes} [Thu May  6 09:23:00 2021] GET /compute/v2.1/servers/1a4b7c84-a7a6-4942-adbf-b6e3bcf46571 => generated 1598 bytes in 348 msecs (HTTP/1.1 200) 9 headers in 360 bytes (1 switches on core 0)
May 06 09:23:00.425318 dv-cinder-790014-1-smb devstack@n-api.service[88403]: DEBUG nova.api.openstack.wsgi [None req-cdbc3d94-e00a-4dea-87df-7c6416172817 tempest-ServerRescueNegativeTestJSON-329593994 tempest-ServerRescueNegativeTestJSON-329593994-project] Calling method '<bound method ServersController.show of <nova.api.openstack.compute.servers.ServersController object at 0x7f7d6d30a190>>' {{(pid=88403) _process_stack /opt/stack/nova/nova/api/openstack/wsgi.py:513}}
May 06 09:23:00.426261 dv-cinder-790014-1-smb devstack@n-api.service[88403]: DEBUG nova.compute.api [None req-cdbc3d94-e00a-4dea-87df-7c6416172817 tempest-ServerRescueNegativeTestJSON-329593994 tempest-ServerRescueNegativeTestJSON-329593994-project] [instance: 570584b9-2333-4e41-95df-15b0b60d9b58] Fetching instance by UUID {{(pid=88403) get /opt/stack/nova/nova/compute/api.py:2790}}
May 06 09:23:00.443000 dv-cinder-790014-1-smb devstack@n-api.service[88404]: DEBUG nova.policy [None req-8f09205b-3510-4989-9674-a3b3d373970e tempest-AttachVolumeNegativeTest-936183770 tempest-AttachVolumeNegativeTest-936183770-project] Policy check for os_compute_api:os-extended-server-attributes failed with credentials {'is_admin': False, 'user_id': 'e9073404875d4302b64debb4c6d59808', 'user_domain_id': 'default', 'system_scope': None, 'domain_id': None, 'project_id': '721438689c5c44e78f53ad730cb9883d', 'project_domain_id': 'default', 'roles': ['member', 'reader'], 'is_admin_project': True, 'service_user_id': None, 'service_user_domain_id': None, 'service_project_id': None, 'service_project_domain_id': None, 'service_roles': []} {{(pid=88404) authorize /opt/stack/nova/nova/policy.py:199}}
May 06 09:23:00.452911 dv-cinder-790014-1-smb devstack@n-api.service[88404]: INFO nova.api.openstack.requestlog [None req-8f09205b-3510-4989-9674-a3b3d373970e tempest-AttachVolumeNegativeTest-936183770 tempest-AttachVolumeNegativeTest-936183770-project] 10.222.0.20 "GET /compute/v2.1/servers/2a88fd3f-cb2b-443f-a38d-826bb761e2ce" status: 200 len: 1214 microversion: 2.1 time: 0.155283
May 06 09:23:00.459893 dv-cinder-790014-1-smb devstack@n-api.service[88404]: [pid: 88404|app: 0|req: 47/101] 10.222.0.20 () {58 vars in 1236 bytes} [Thu May  6 09:23:00 2021] GET /compute/v2.1/servers/2a88fd3f-cb2b-443f-a38d-826bb761e2ce => generated 1214 bytes in 157 msecs (HTTP/1.1 200) 9 headers in 358 bytes (1 switches on core 0)
May 06 09:23:00.463743 dv-cinder-790014-1-smb devstack@n-api.service[88404]: DEBUG nova.api.openstack.wsgi [None req-c85dd5bc-a8c1-4443-885d-32aaa5840606 tempest-AttachVolumeShelveTestJSON-283873773 tempest-AttachVolumeShelveTestJSON-283873773-project] Calling method '<bound method InterfaceAttachmentController.index of <nova.api.openstack.compute.attach_interfaces.InterfaceAttachmentController object at 0x7f7d6d2b8400>>' {{(pid=88404) _process_stack /opt/stack/nova/nova/api/openstack/wsgi.py:513}}
May 06 09:23:00.465302 dv-cinder-790014-1-smb devstack@n-api.service[88404]: DEBUG nova.compute.api [None req-c85dd5bc-a8c1-4443-885d-32aaa5840606 tempest-AttachVolumeShelveTestJSON-283873773 tempest-AttachVolumeShelveTestJSON-283873773-project] [instance: 1a4b7c84-a7a6-4942-adbf-b6e3bcf46571] Fetching instance by UUID {{(pid=88404) get /opt/stack/nova/nova/compute/api.py:2790}}
May 06 09:23:00.505108 dv-cinder-790014-1-smb devstack@n-api.service[88403]: DEBUG oslo_concurrency.lockutils [None req-cdbc3d94-e00a-4dea-87df-7c6416172817 tempest-ServerRescueNegativeTestJSON-329593994 tempest-ServerRescueNegativeTestJSON-329593994-project] Lock "559bcacb-1015-4c2b-819e-34ee9e0d2f33" acquired by "nova.context.set_target_cell.<locals>.get_or_set_cached_cell_and_set_connections" :: waited 0.000s {{(pid=88403) inner /usr/local/lib/python3.8/dist-packages/oslo_concurrency/lockutils.py:355}}
May 06 09:23:00.509912 dv-cinder-790014-1-smb devstack@n-api.service[88404]: DEBUG oslo_concurrency.lockutils [None req-c85dd5bc-a8c1-4443-885d-32aaa5840606 tempest-AttachVolumeShelveTestJSON-283873773 tempest-AttachVolumeShelveTestJSON-283873773-project] Lock "559bcacb-1015-4c2b-819e-34ee9e0d2f33" acquired by "nova.context.set_target_cell.<locals>.get_or_set_cached_cell_and_set_connections" :: waited 0.000s {{(pid=88404) inner /usr/local/lib/python3.8/dist-packages/oslo_concurrency/lockutils.py:355}}
May 06 09:23:00.510072 dv-cinder-790014-1-smb devstack@n-api.service[88403]: DEBUG oslo_concurrency.lockutils [None req-cdbc3d94-e00a-4dea-87df-7c6416172817 tempest-ServerRescueNegativeTestJSON-329593994 tempest-ServerRescueNegativeTestJSON-329593994-project] Lock "559bcacb-1015-4c2b-819e-34ee9e0d2f33" released by "nova.context.set_target_cell.<locals>.get_or_set_cached_cell_and_set_connections" :: held 0.001s {{(pid=88403) inner /usr/local/lib/python3.8/dist-packages/oslo_concurrency/lockutils.py:367}}
May 06 09:23:00.510183 dv-cinder-790014-1-smb devstack@n-api.service[88404]: DEBUG oslo_concurrency.lockutils [None req-c85dd5bc-a8c1-4443-885d-32aaa5840606 tempest-AttachVolumeShelveTestJSON-283873773 tempest-AttachVolumeShelveTestJSON-283873773-project] Lock "559bcacb-1015-4c2b-819e-34ee9e0d2f33" released by "nova.context.set_target_cell.<locals>.get_or_set_cached_cell_and_set_connections" :: held 0.001s {{(pid=88404) inner /usr/local/lib/python3.8/dist-packages/oslo_concurrency/lockutils.py:367}}
May 06 09:23:00.510310 dv-cinder-790014-1-smb devstack@n-api.service[88403]: DEBUG oslo_concurrency.lockutils [None req-cdbc3d94-e00a-4dea-87df-7c6416172817 tempest-ServerRescueNegativeTestJSON-329593994 tempest-ServerRescueNegativeTestJSON-329593994-project] Lock "559bcacb-1015-4c2b-819e-34ee9e0d2f33" acquired by "nova.context.set_target_cell.<locals>.get_or_set_cached_cell_and_set_connections" :: waited 0.000s {{(pid=88403) inner /usr/local/lib/python3.8/dist-packages/oslo_concurrency/lockutils.py:355}}
May 06 09:23:00.510418 dv-cinder-790014-1-smb devstack@n-api.service[88404]: DEBUG oslo_concurrency.lockutils [None req-c85dd5bc-a8c1-4443-885d-32aaa5840606 tempest-AttachVolumeShelveTestJSON-283873773 tempest-AttachVolumeShelveTestJSON-283873773-project] Lock "559bcacb-1015-4c2b-819e-34ee9e0d2f33" acquired by "nova.context.set_target_cell.<locals>.get_or_set_cached_cell_and_set_connections" :: waited 0.000s {{(pid=88404) inner /usr/local/lib/python3.8/dist-packages/oslo_concurrency/lockutils.py:355}}
May 06 09:23:00.510506 dv-cinder-790014-1-smb devstack@n-api.service[88403]: DEBUG oslo_concurrency.lockutils [None req-cdbc3d94-e00a-4dea-87df-7c6416172817 tempest-ServerRescueNegativeTestJSON-329593994 tempest-ServerRescueNegativeTestJSON-329593994-project] Lock "559bcacb-1015-4c2b-819e-34ee9e0d2f33" released by "nova.context.set_target_cell.<locals>.get_or_set_cached_cell_and_set_connections" :: held 0.000s {{(pid=88403) inner /usr/local/lib/python3.8/dist-packages/oslo_concurrency/lockutils.py:367}}
May 06 09:23:00.510625 dv-cinder-790014-1-smb devstack@n-api.service[88404]: DEBUG oslo_concurrency.lockutils [None req-c85dd5bc-a8c1-4443-885d-32aaa5840606 tempest-AttachVolumeShelveTestJSON-283873773 tempest-AttachVolumeShelveTestJSON-283873773-project] Lock "559bcacb-1015-4c2b-819e-34ee9e0d2f33" released by "nova.context.set_target_cell.<locals>.get_or_set_cached_cell_and_set_connections" :: held 0.000s {{(pid=88404) inner /usr/local/lib/python3.8/dist-packages/oslo_concurrency/lockutils.py:367}}
May 06 09:23:00.721593 dv-cinder-790014-1-smb devstack@n-api.service[88404]: INFO nova.api.openstack.requestlog [None req-c85dd5bc-a8c1-4443-885d-32aaa5840606 tempest-AttachVolumeShelveTestJSON-283873773 tempest-AttachVolumeShelveTestJSON-283873773-project] 10.222.0.20 "GET /compute/v2.1/servers/1a4b7c84-a7a6-4942-adbf-b6e3bcf46571/os-interface" status: 200 len: 285 microversion: 2.20 time: 0.266505
May 06 09:23:00.728065 dv-cinder-790014-1-smb devstack@n-api.service[88404]: [pid: 88404|app: 0|req: 48/102] 10.222.0.20 () {60 vars in 1316 bytes} [Thu May  6 09:23:00 2021] GET /compute/v2.1/servers/1a4b7c84-a7a6-4942-adbf-b6e3bcf46571/os-interface => generated 285 bytes in 268 msecs (HTTP/1.1 200) 9 headers in 359 bytes (1 switches on core 0)
May 06 09:23:00.963813 dv-cinder-790014-1-smb devstack@n-api.service[88403]: DEBUG nova.policy [None req-cdbc3d94-e00a-4dea-87df-7c6416172817 tempest-ServerRescueNegativeTestJSON-329593994 tempest-ServerRescueNegativeTestJSON-329593994-project] Policy check for os_compute_api:os-extended-server-attributes failed with credentials {'is_admin': False, 'user_id': 'd4652ca40362456a9d9a1ddde71cf940', 'user_domain_id': 'default', 'system_scope': None, 'domain_id': None, 'project_id': 'f9983e4cddcf4e468452d86169f2b091', 'project_domain_id': 'default', 'roles': ['member', 'reader'], 'is_admin_project': True, 'service_user_id': None, 'service_user_domain_id': None, 'service_project_id': None, 'service_project_domain_id': None, 'service_roles': []} {{(pid=88403) authorize /opt/stack/nova/nova/policy.py:199}}
May 06 09:23:00.973321 dv-cinder-790014-1-smb devstack@n-api.service[88403]: INFO nova.api.openstack.requestlog [None req-cdbc3d94-e00a-4dea-87df-7c6416172817 tempest-ServerRescueNegativeTestJSON-329593994 tempest-ServerRescueNegativeTestJSON-329593994-project] 10.222.0.20 "GET /compute/v2.1/servers/570584b9-2333-4e41-95df-15b0b60d9b58" status: 200 len: 1521 microversion: 2.1 time: 0.558417
May 06 09:23:00.973906 dv-cinder-790014-1-smb devstack@n-api.service[88403]: [pid: 88403|app: 0|req: 55/103] 10.222.0.20 () {58 vars in 1236 bytes} [Thu May  6 09:23:00 2021] GET /compute/v2.1/servers/570584b9-2333-4e41-95df-15b0b60d9b58 => generated 1521 bytes in 560 msecs (HTTP/1.1 200) 9 headers in 358 bytes (1 switches on core 0)
May 06 09:23:01.313436 dv-cinder-790014-1-smb devstack@n-api.service[88404]: DEBUG nova.api.openstack.wsgi [None req-c5700e01-9836-4fa6-8f2b-6f2d37d852d5 tempest-DeleteServersTestJSON-1890886634 tempest-DeleteServersTestJSON-1890886634-project] Calling method '<bound method ServersController.show of <nova.api.openstack.compute.servers.ServersController object at 0x7f7d6d30d190>>' {{(pid=88404) _process_stack /opt/stack/nova/nova/api/openstack/wsgi.py:513}}
May 06 09:23:01.314200 dv-cinder-790014-1-smb devstack@n-api.service[88404]: DEBUG nova.compute.api [None req-c5700e01-9836-4fa6-8f2b-6f2d37d852d5 tempest-DeleteServersTestJSON-1890886634 tempest-DeleteServersTestJSON-1890886634-project] [instance: 275369d2-9125-46a5-89a3-4d2a0172a29c] Fetching instance by UUID {{(pid=88404) get /opt/stack/nova/nova/compute/api.py:2790}}
May 06 09:23:01.321698 dv-cinder-790014-1-smb devstack@n-api.service[88404]: DEBUG oslo_concurrency.lockutils [None req-c5700e01-9836-4fa6-8f2b-6f2d37d852d5 tempest-DeleteServersTestJSON-1890886634 tempest-DeleteServersTestJSON-1890886634-project] Lock "559bcacb-1015-4c2b-819e-34ee9e0d2f33" acquired by "nova.context.set_target_cell.<locals>.get_or_set_cached_cell_and_set_connections" :: waited 0.000s {{(pid=88404) inner /usr/local/lib/python3.8/dist-packages/oslo_concurrency/lockutils.py:355}}
May 06 09:23:01.322226 dv-cinder-790014-1-smb devstack@n-api.service[88404]: DEBUG oslo_concurrency.lockutils [None req-c5700e01-9836-4fa6-8f2b-6f2d37d852d5 tempest-DeleteServersTestJSON-1890886634 tempest-DeleteServersTestJSON-1890886634-project] Lock "559bcacb-1015-4c2b-819e-34ee9e0d2f33" released by "nova.context.set_target_cell.<locals>.get_or_set_cached_cell_and_set_connections" :: held 0.001s {{(pid=88404) inner /usr/local/lib/python3.8/dist-packages/oslo_concurrency/lockutils.py:367}}
May 06 09:23:01.323133 dv-cinder-790014-1-smb devstack@n-api.service[88404]: DEBUG oslo_concurrency.lockutils [None req-c5700e01-9836-4fa6-8f2b-6f2d37d852d5 tempest-DeleteServersTestJSON-1890886634 tempest-DeleteServersTestJSON-1890886634-project] Lock "559bcacb-1015-4c2b-819e-34ee9e0d2f33" acquired by "nova.context.set_target_cell.<locals>.get_or_set_cached_cell_and_set_connections" :: waited 0.000s {{(pid=88404) inner /usr/local/lib/python3.8/dist-packages/oslo_concurrency/lockutils.py:355}}
May 06 09:23:01.323672 dv-cinder-790014-1-smb devstack@n-api.service[88404]: DEBUG oslo_concurrency.lockutils [None req-c5700e01-9836-4fa6-8f2b-6f2d37d852d5 tempest-DeleteServersTestJSON-1890886634 tempest-DeleteServersTestJSON-1890886634-project] Lock "559bcacb-1015-4c2b-819e-34ee9e0d2f33" released by "nova.context.set_target_cell.<locals>.get_or_set_cached_cell_and_set_connections" :: held 0.000s {{(pid=88404) inner /usr/local/lib/python3.8/dist-packages/oslo_concurrency/lockutils.py:367}}
May 06 09:23:01.473696 dv-cinder-790014-1-smb devstack@n-api.service[88403]: DEBUG nova.api.openstack.wsgi [None req-193a8819-8eb6-49ac-88af-6ea0b074c037 tempest-AttachVolumeNegativeTest-936183770 tempest-AttachVolumeNegativeTest-936183770-project] Calling method '<bound method ServersController.show of <nova.api.openstack.compute.servers.ServersController object at 0x7f7d6d30a190>>' {{(pid=88403) _process_stack /opt/stack/nova/nova/api/openstack/wsgi.py:513}}
May 06 09:23:01.473696 dv-cinder-790014-1-smb devstack@n-api.service[88403]: DEBUG nova.compute.api [None req-193a8819-8eb6-49ac-88af-6ea0b074c037 tempest-AttachVolumeNegativeTest-936183770 tempest-AttachVolumeNegativeTest-936183770-project] [instance: 2a88fd3f-cb2b-443f-a38d-826bb761e2ce] Fetching instance by UUID {{(pid=88403) get /opt/stack/nova/nova/compute/api.py:2790}}
May 06 09:23:01.483718 dv-cinder-790014-1-smb devstack@n-api.service[88403]: DEBUG oslo_concurrency.lockutils [None req-193a8819-8eb6-49ac-88af-6ea0b074c037 tempest-AttachVolumeNegativeTest-936183770 tempest-AttachVolumeNegativeTest-936183770-project] Lock "559bcacb-1015-4c2b-819e-34ee9e0d2f33" acquired by "nova.context.set_target_cell.<locals>.get_or_set_cached_cell_and_set_connections" :: waited 0.000s {{(pid=88403) inner /usr/local/lib/python3.8/dist-packages/oslo_concurrency/lockutils.py:355}}
May 06 09:23:01.484243 dv-cinder-790014-1-smb devstack@n-api.service[88403]: DEBUG oslo_concurrency.lockutils [None req-193a8819-8eb6-49ac-88af-6ea0b074c037 tempest-AttachVolumeNegativeTest-936183770 tempest-AttachVolumeNegativeTest-936183770-project] Lock "559bcacb-1015-4c2b-819e-34ee9e0d2f33" released by "nova.context.set_target_cell.<locals>.get_or_set_cached_cell_and_set_connections" :: held 0.001s {{(pid=88403) inner /usr/local/lib/python3.8/dist-packages/oslo_concurrency/lockutils.py:367}}
May 06 09:23:01.485078 dv-cinder-790014-1-smb devstack@n-api.service[88403]: DEBUG oslo_concurrency.lockutils [None req-193a8819-8eb6-49ac-88af-6ea0b074c037 tempest-AttachVolumeNegativeTest-936183770 tempest-AttachVolumeNegativeTest-936183770-project] Lock "559bcacb-1015-4c2b-819e-34ee9e0d2f33" acquired by "nova.context.set_target_cell.<locals>.get_or_set_cached_cell_and_set_connections" :: waited 0.000s {{(pid=88403) inner /usr/local/lib/python3.8/dist-packages/oslo_concurrency/lockutils.py:355}}
May 06 09:23:01.485538 dv-cinder-790014-1-smb devstack@n-api.service[88403]: DEBUG oslo_concurrency.lockutils [None req-193a8819-8eb6-49ac-88af-6ea0b074c037 tempest-AttachVolumeNegativeTest-936183770 tempest-AttachVolumeNegativeTest-936183770-project] Lock "559bcacb-1015-4c2b-819e-34ee9e0d2f33" released by "nova.context.set_target_cell.<locals>.get_or_set_cached_cell_and_set_connections" :: held 0.000s {{(pid=88403) inner /usr/local/lib/python3.8/dist-packages/oslo_concurrency/lockutils.py:367}}
May 06 09:23:01.751317 dv-cinder-790014-1-smb devstack@n-api.service[88404]: DEBUG nova.policy [None req-c5700e01-9836-4fa6-8f2b-6f2d37d852d5 tempest-DeleteServersTestJSON-1890886634 tempest-DeleteServersTestJSON-1890886634-project] Policy check for os_compute_api:os-extended-server-attributes failed with credentials {'is_admin': False, 'user_id': '9ca0b7f738654fb9bdc14cf3d95b0c60', 'user_domain_id': 'default', 'system_scope': None, 'domain_id': None, 'project_id': '1fbab28d3fed42e3a82b1e1da7a207c5', 'project_domain_id': 'default', 'roles': ['member', 'reader'], 'is_admin_project': True, 'service_user_id': None, 'service_user_domain_id': None, 'service_project_id': None, 'service_project_domain_id': None, 'service_roles': []} {{(pid=88404) authorize /opt/stack/nova/nova/policy.py:199}}
May 06 09:23:01.762764 dv-cinder-790014-1-smb devstack@n-api.service[88404]: INFO nova.api.openstack.requestlog [None req-c5700e01-9836-4fa6-8f2b-6f2d37d852d5 tempest-DeleteServersTestJSON-1890886634 tempest-DeleteServersTestJSON-1890886634-project] 10.222.0.20 "GET /compute/v2.1/servers/275369d2-9125-46a5-89a3-4d2a0172a29c" status: 200 len: 1554 microversion: 2.1 time: 0.453602
May 06 09:23:01.773895 dv-cinder-790014-1-smb devstack@n-api.service[88404]: [pid: 88404|app: 0|req: 49/104] 10.222.0.20 () {58 vars in 1236 bytes} [Thu May  6 09:23:01 2021] GET /compute/v2.1/servers/275369d2-9125-46a5-89a3-4d2a0172a29c => generated 1554 bytes in 463 msecs (HTTP/1.1 200) 9 headers in 358 bytes (1 switches on core 0)
May 06 09:23:01.829315 dv-cinder-790014-1-smb devstack@n-api.service[88403]: DEBUG nova.policy [None req-193a8819-8eb6-49ac-88af-6ea0b074c037 tempest-AttachVolumeNegativeTest-936183770 tempest-AttachVolumeNegativeTest-936183770-project] Policy check for os_compute_api:os-extended-server-attributes failed with credentials {'is_admin': False, 'user_id': 'e9073404875d4302b64debb4c6d59808', 'user_domain_id': 'default', 'system_scope': None, 'domain_id': None, 'project_id': '721438689c5c44e78f53ad730cb9883d', 'project_domain_id': 'default', 'roles': ['member', 'reader'], 'is_admin_project': True, 'service_user_id': None, 'service_user_domain_id': None, 'service_project_id': None, 'service_project_domain_id': None, 'service_roles': []} {{(pid=88403) authorize /opt/stack/nova/nova/policy.py:199}}
May 06 09:23:01.849288 dv-cinder-790014-1-smb devstack@n-api.service[88403]: INFO nova.api.openstack.requestlog [None req-193a8819-8eb6-49ac-88af-6ea0b074c037 tempest-AttachVolumeNegativeTest-936183770 tempest-AttachVolumeNegativeTest-936183770-project] 10.222.0.20 "GET /compute/v2.1/servers/2a88fd3f-cb2b-443f-a38d-826bb761e2ce" status: 200 len: 1278 microversion: 2.1 time: 0.382633
May 06 09:23:01.856314 dv-cinder-790014-1-smb devstack@n-api.service[88403]: [pid: 88403|app: 0|req: 56/105] 10.222.0.20 () {58 vars in 1236 bytes} [Thu May  6 09:23:01 2021] GET /compute/v2.1/servers/2a88fd3f-cb2b-443f-a38d-826bb761e2ce => generated 1278 bytes in 390 msecs (HTTP/1.1 200) 9 headers in 358 bytes (1 switches on core 0)
May 06 09:23:01.990108 dv-cinder-790014-1-smb devstack@n-api.service[88404]: DEBUG nova.api.openstack.wsgi [None req-ed8cd832-0f16-499f-9852-a83bb26a88c4 tempest-ServerRescueNegativeTestJSON-329593994 tempest-ServerRescueNegativeTestJSON-329593994-project] Calling method '<bound method ServersController.show of <nova.api.openstack.compute.servers.ServersController object at 0x7f7d6d30d190>>' {{(pid=88404) _process_stack /opt/stack/nova/nova/api/openstack/wsgi.py:513}}
May 06 09:23:01.990915 dv-cinder-790014-1-smb devstack@n-api.service[88404]: DEBUG nova.compute.api [None req-ed8cd832-0f16-499f-9852-a83bb26a88c4 tempest-ServerRescueNegativeTestJSON-329593994 tempest-ServerRescueNegativeTestJSON-329593994-project] [instance: 570584b9-2333-4e41-95df-15b0b60d9b58] Fetching instance by UUID {{(pid=88404) get /opt/stack/nova/nova/compute/api.py:2790}}
May 06 09:23:02.001065 dv-cinder-790014-1-smb devstack@n-api.service[88404]: DEBUG oslo_concurrency.lockutils [None req-ed8cd832-0f16-499f-9852-a83bb26a88c4 tempest-ServerRescueNegativeTestJSON-329593994 tempest-ServerRescueNegativeTestJSON-329593994-project] Lock "559bcacb-1015-4c2b-819e-34ee9e0d2f33" acquired by "nova.context.set_target_cell.<locals>.get_or_set_cached_cell_and_set_connections" :: waited 0.000s {{(pid=88404) inner /usr/local/lib/python3.8/dist-packages/oslo_concurrency/lockutils.py:355}}
May 06 09:23:02.001065 dv-cinder-790014-1-smb devstack@n-api.service[88404]: DEBUG oslo_concurrency.lockutils [None req-ed8cd832-0f16-499f-9852-a83bb26a88c4 tempest-ServerRescueNegativeTestJSON-329593994 tempest-ServerRescueNegativeTestJSON-329593994-project] Lock "559bcacb-1015-4c2b-819e-34ee9e0d2f33" released by "nova.context.set_target_cell.<locals>.get_or_set_cached_cell_and_set_connections" :: held 0.001s {{(pid=88404) inner /usr/local/lib/python3.8/dist-packages/oslo_concurrency/lockutils.py:367}}
May 06 09:23:02.001065 dv-cinder-790014-1-smb devstack@n-api.service[88404]: DEBUG oslo_concurrency.lockutils [None req-ed8cd832-0f16-499f-9852-a83bb26a88c4 tempest-ServerRescueNegativeTestJSON-329593994 tempest-ServerRescueNegativeTestJSON-329593994-project] Lock "559bcacb-1015-4c2b-819e-34ee9e0d2f33" acquired by "nova.context.set_target_cell.<locals>.get_or_set_cached_cell_and_set_connections" :: waited 0.000s {{(pid=88404) inner /usr/local/lib/python3.8/dist-packages/oslo_concurrency/lockutils.py:355}}
May 06 09:23:02.001738 dv-cinder-790014-1-smb devstack@n-api.service[88404]: DEBUG oslo_concurrency.lockutils [None req-ed8cd832-0f16-499f-9852-a83bb26a88c4 tempest-ServerRescueNegativeTestJSON-329593994 tempest-ServerRescueNegativeTestJSON-329593994-project] Lock "559bcacb-1015-4c2b-819e-34ee9e0d2f33" released by "nova.context.set_target_cell.<locals>.get_or_set_cached_cell_and_set_connections" :: held 0.000s {{(pid=88404) inner /usr/local/lib/python3.8/dist-packages/oslo_concurrency/lockutils.py:367}}
May 06 09:23:02.285709 dv-cinder-790014-1-smb devstack@n-api.service[88404]: DEBUG nova.policy [None req-ed8cd832-0f16-499f-9852-a83bb26a88c4 tempest-ServerRescueNegativeTestJSON-329593994 tempest-ServerRescueNegativeTestJSON-329593994-project] Policy check for os_compute_api:os-extended-server-attributes failed with credentials {'is_admin': False, 'user_id': 'd4652ca40362456a9d9a1ddde71cf940', 'user_domain_id': 'default', 'system_scope': None, 'domain_id': None, 'project_id': 'f9983e4cddcf4e468452d86169f2b091', 'project_domain_id': 'default', 'roles': ['member', 'reader'], 'is_admin_project': True, 'service_user_id': None, 'service_user_domain_id': None, 'service_project_id': None, 'service_project_domain_id': None, 'service_roles': []} {{(pid=88404) authorize /opt/stack/nova/nova/policy.py:199}}
May 06 09:23:02.297600 dv-cinder-790014-1-smb devstack@n-api.service[88404]: INFO nova.api.openstack.requestlog [None req-ed8cd832-0f16-499f-9852-a83bb26a88c4 tempest-ServerRescueNegativeTestJSON-329593994 tempest-ServerRescueNegativeTestJSON-329593994-project] 10.222.0.20 "GET /compute/v2.1/servers/570584b9-2333-4e41-95df-15b0b60d9b58" status: 200 len: 1521 microversion: 2.1 time: 0.311300
May 06 09:23:02.307418 dv-cinder-790014-1-smb devstack@n-api.service[88404]: [pid: 88404|app: 0|req: 50/106] 10.222.0.20 () {58 vars in 1236 bytes} [Thu May  6 09:23:01 2021] GET /compute/v2.1/servers/570584b9-2333-4e41-95df-15b0b60d9b58 => generated 1521 bytes in 322 msecs (HTTP/1.1 200) 9 headers in 358 bytes (1 switches on core 0)
May 06 09:23:02.782219 dv-cinder-790014-1-smb devstack@n-api.service[88403]: DEBUG nova.api.openstack.wsgi [None req-2520d527-27d1-49b0-8afc-05896a558fc9 tempest-DeleteServersTestJSON-1890886634 tempest-DeleteServersTestJSON-1890886634-project] Calling method '<bound method ServersController.show of <nova.api.openstack.compute.servers.ServersController object at 0x7f7d6d30a190>>' {{(pid=88403) _process_stack /opt/stack/nova/nova/api/openstack/wsgi.py:513}}
May 06 09:23:02.783406 dv-cinder-790014-1-smb devstack@n-api.service[88403]: DEBUG nova.compute.api [None req-2520d527-27d1-49b0-8afc-05896a558fc9 tempest-DeleteServersTestJSON-1890886634 tempest-DeleteServersTestJSON-1890886634-project] [instance: 275369d2-9125-46a5-89a3-4d2a0172a29c] Fetching instance by UUID {{(pid=88403) get /opt/stack/nova/nova/compute/api.py:2790}}
May 06 09:23:02.796842 dv-cinder-790014-1-smb devstack@n-api.service[88403]: DEBUG oslo_concurrency.lockutils [None req-2520d527-27d1-49b0-8afc-05896a558fc9 tempest-DeleteServersTestJSON-1890886634 tempest-DeleteServersTestJSON-1890886634-project] Lock "559bcacb-1015-4c2b-819e-34ee9e0d2f33" acquired by "nova.context.set_target_cell.<locals>.get_or_set_cached_cell_and_set_connections" :: waited 0.000s {{(pid=88403) inner /usr/local/lib/python3.8/dist-packages/oslo_concurrency/lockutils.py:355}}
May 06 09:23:02.797548 dv-cinder-790014-1-smb devstack@n-api.service[88403]: DEBUG oslo_concurrency.lockutils [None req-2520d527-27d1-49b0-8afc-05896a558fc9 tempest-DeleteServersTestJSON-1890886634 tempest-DeleteServersTestJSON-1890886634-project] Lock "559bcacb-1015-4c2b-819e-34ee9e0d2f33" released by "nova.context.set_target_cell.<locals>.get_or_set_cached_cell_and_set_connections" :: held 0.001s {{(pid=88403) inner /usr/local/lib/python3.8/dist-packages/oslo_concurrency/lockutils.py:367}}
May 06 09:23:02.798538 dv-cinder-790014-1-smb devstack@n-api.service[88403]: DEBUG oslo_concurrency.lockutils [None req-2520d527-27d1-49b0-8afc-05896a558fc9 tempest-DeleteServersTestJSON-1890886634 tempest-DeleteServersTestJSON-1890886634-project] Lock "559bcacb-1015-4c2b-819e-34ee9e0d2f33" acquired by "nova.context.set_target_cell.<locals>.get_or_set_cached_cell_and_set_connections" :: waited 0.000s {{(pid=88403) inner /usr/local/lib/python3.8/dist-packages/oslo_concurrency/lockutils.py:355}}
May 06 09:23:02.799174 dv-cinder-790014-1-smb devstack@n-api.service[88403]: DEBUG oslo_concurrency.lockutils [None req-2520d527-27d1-49b0-8afc-05896a558fc9 tempest-DeleteServersTestJSON-1890886634 tempest-DeleteServersTestJSON-1890886634-project] Lock "559bcacb-1015-4c2b-819e-34ee9e0d2f33" released by "nova.context.set_target_cell.<locals>.get_or_set_cached_cell_and_set_connections" :: held 0.001s {{(pid=88403) inner /usr/local/lib/python3.8/dist-packages/oslo_concurrency/lockutils.py:367}}
May 06 09:23:02.878294 dv-cinder-790014-1-smb devstack@n-api.service[88404]: DEBUG nova.api.openstack.wsgi [None req-5702352d-cb23-45f1-9234-32782c845d89 tempest-AttachVolumeNegativeTest-936183770 tempest-AttachVolumeNegativeTest-936183770-project] Calling method '<bound method ServersController.show of <nova.api.openstack.compute.servers.ServersController object at 0x7f7d6d30d190>>' {{(pid=88404) _process_stack /opt/stack/nova/nova/api/openstack/wsgi.py:513}}
May 06 09:23:02.879869 dv-cinder-790014-1-smb devstack@n-api.service[88404]: DEBUG nova.compute.api [None req-5702352d-cb23-45f1-9234-32782c845d89 tempest-AttachVolumeNegativeTest-936183770 tempest-AttachVolumeNegativeTest-936183770-project] [instance: 2a88fd3f-cb2b-443f-a38d-826bb761e2ce] Fetching instance by UUID {{(pid=88404) get /opt/stack/nova/nova/compute/api.py:2790}}
May 06 09:23:02.900549 dv-cinder-790014-1-smb devstack@n-api.service[88404]: DEBUG oslo_concurrency.lockutils [None req-5702352d-cb23-45f1-9234-32782c845d89 tempest-AttachVolumeNegativeTest-936183770 tempest-AttachVolumeNegativeTest-936183770-project] Lock "559bcacb-1015-4c2b-819e-34ee9e0d2f33" acquired by "nova.context.set_target_cell.<locals>.get_or_set_cached_cell_and_set_connections" :: waited 0.000s {{(pid=88404) inner /usr/local/lib/python3.8/dist-packages/oslo_concurrency/lockutils.py:355}}
May 06 09:23:02.901608 dv-cinder-790014-1-smb devstack@n-api.service[88404]: DEBUG oslo_concurrency.lockutils [None req-5702352d-cb23-45f1-9234-32782c845d89 tempest-AttachVolumeNegativeTest-936183770 tempest-AttachVolumeNegativeTest-936183770-project] Lock "559bcacb-1015-4c2b-819e-34ee9e0d2f33" released by "nova.context.set_target_cell.<locals>.get_or_set_cached_cell_and_set_connections" :: held 0.001s {{(pid=88404) inner /usr/local/lib/python3.8/dist-packages/oslo_concurrency/lockutils.py:367}}
May 06 09:23:02.902427 dv-cinder-790014-1-smb devstack@n-api.service[88404]: DEBUG oslo_concurrency.lockutils [None req-5702352d-cb23-45f1-9234-32782c845d89 tempest-AttachVolumeNegativeTest-936183770 tempest-AttachVolumeNegativeTest-936183770-project] Lock "559bcacb-1015-4c2b-819e-34ee9e0d2f33" acquired by "nova.context.set_target_cell.<locals>.get_or_set_cached_cell_and_set_connections" :: waited 0.000s {{(pid=88404) inner /usr/local/lib/python3.8/dist-packages/oslo_concurrency/lockutils.py:355}}
May 06 09:23:02.903706 dv-cinder-790014-1-smb devstack@n-api.service[88404]: DEBUG oslo_concurrency.lockutils [None req-5702352d-cb23-45f1-9234-32782c845d89 tempest-AttachVolumeNegativeTest-936183770 tempest-AttachVolumeNegativeTest-936183770-project] Lock "559bcacb-1015-4c2b-819e-34ee9e0d2f33" released by "nova.context.set_target_cell.<locals>.get_or_set_cached_cell_and_set_connections" :: held 0.000s {{(pid=88404) inner /usr/local/lib/python3.8/dist-packages/oslo_concurrency/lockutils.py:367}}
May 06 09:23:03.034763 dv-cinder-790014-1-smb devstack@n-api.service[88404]: DEBUG nova.policy [None req-5702352d-cb23-45f1-9234-32782c845d89 tempest-AttachVolumeNegativeTest-936183770 tempest-AttachVolumeNegativeTest-936183770-project] Policy check for os_compute_api:os-extended-server-attributes failed with credentials {'is_admin': False, 'user_id': 'e9073404875d4302b64debb4c6d59808', 'user_domain_id': 'default', 'system_scope': None, 'domain_id': None, 'project_id': '721438689c5c44e78f53ad730cb9883d', 'project_domain_id': 'default', 'roles': ['member', 'reader'], 'is_admin_project': True, 'service_user_id': None, 'service_user_domain_id': None, 'service_project_id': None, 'service_project_domain_id': None, 'service_roles': []} {{(pid=88404) authorize /opt/stack/nova/nova/policy.py:199}}
May 06 09:23:03.046052 dv-cinder-790014-1-smb devstack@n-api.service[88404]: INFO nova.api.openstack.requestlog [None req-5702352d-cb23-45f1-9234-32782c845d89 tempest-AttachVolumeNegativeTest-936183770 tempest-AttachVolumeNegativeTest-936183770-project] 10.222.0.20 "GET /compute/v2.1/servers/2a88fd3f-cb2b-443f-a38d-826bb761e2ce" status: 200 len: 1276 microversion: 2.1 time: 0.174182
May 06 09:23:03.047972 dv-cinder-790014-1-smb devstack@n-api.service[88404]: [pid: 88404|app: 0|req: 51/107] 10.222.0.20 () {58 vars in 1236 bytes} [Thu May  6 09:23:02 2021] GET /compute/v2.1/servers/2a88fd3f-cb2b-443f-a38d-826bb761e2ce => generated 1276 bytes in 178 msecs (HTTP/1.1 200) 9 headers in 358 bytes (1 switches on core 0)
May 06 09:23:03.322927 dv-cinder-790014-1-smb devstack@n-api.service[88404]: DEBUG nova.api.openstack.wsgi [None req-6827f6cf-2e6f-4c77-a217-9d8b04ac13b3 tempest-ServerRescueNegativeTestJSON-329593994 tempest-ServerRescueNegativeTestJSON-329593994-project] Calling method '<bound method ServersController.show of <nova.api.openstack.compute.servers.ServersController object at 0x7f7d6d30d190>>' {{(pid=88404) _process_stack /opt/stack/nova/nova/api/openstack/wsgi.py:513}}
May 06 09:23:03.322927 dv-cinder-790014-1-smb devstack@n-api.service[88404]: DEBUG nova.compute.api [None req-6827f6cf-2e6f-4c77-a217-9d8b04ac13b3 tempest-ServerRescueNegativeTestJSON-329593994 tempest-ServerRescueNegativeTestJSON-329593994-project] [instance: 570584b9-2333-4e41-95df-15b0b60d9b58] Fetching instance by UUID {{(pid=88404) get /opt/stack/nova/nova/compute/api.py:2790}}
May 06 09:23:03.334037 dv-cinder-790014-1-smb devstack@n-api.service[88404]: DEBUG oslo_concurrency.lockutils [None req-6827f6cf-2e6f-4c77-a217-9d8b04ac13b3 tempest-ServerRescueNegativeTestJSON-329593994 tempest-ServerRescueNegativeTestJSON-329593994-project] Lock "559bcacb-1015-4c2b-819e-34ee9e0d2f33" acquired by "nova.context.set_target_cell.<locals>.get_or_set_cached_cell_and_set_connections" :: waited 0.000s {{(pid=88404) inner /usr/local/lib/python3.8/dist-packages/oslo_concurrency/lockutils.py:355}}
May 06 09:23:03.336584 dv-cinder-790014-1-smb devstack@n-api.service[88404]: DEBUG oslo_concurrency.lockutils [None req-6827f6cf-2e6f-4c77-a217-9d8b04ac13b3 tempest-ServerRescueNegativeTestJSON-329593994 tempest-ServerRescueNegativeTestJSON-329593994-project] Lock "559bcacb-1015-4c2b-819e-34ee9e0d2f33" released by "nova.context.set_target_cell.<locals>.get_or_set_cached_cell_and_set_connections" :: held 0.002s {{(pid=88404) inner /usr/local/lib/python3.8/dist-packages/oslo_concurrency/lockutils.py:367}}
May 06 09:23:03.337784 dv-cinder-790014-1-smb devstack@n-api.service[88404]: DEBUG oslo_concurrency.lockutils [None req-6827f6cf-2e6f-4c77-a217-9d8b04ac13b3 tempest-ServerRescueNegativeTestJSON-329593994 tempest-ServerRescueNegativeTestJSON-329593994-project] Lock "559bcacb-1015-4c2b-819e-34ee9e0d2f33" acquired by "nova.context.set_target_cell.<locals>.get_or_set_cached_cell_and_set_connections" :: waited 0.000s {{(pid=88404) inner /usr/local/lib/python3.8/dist-packages/oslo_concurrency/lockutils.py:355}}
May 06 09:23:03.338850 dv-cinder-790014-1-smb devstack@n-api.service[88404]: DEBUG oslo_concurrency.lockutils [None req-6827f6cf-2e6f-4c77-a217-9d8b04ac13b3 tempest-ServerRescueNegativeTestJSON-329593994 tempest-ServerRescueNegativeTestJSON-329593994-project] Lock "559bcacb-1015-4c2b-819e-34ee9e0d2f33" released by "nova.context.set_target_cell.<locals>.get_or_set_cached_cell_and_set_connections" :: held 0.001s {{(pid=88404) inner /usr/local/lib/python3.8/dist-packages/oslo_concurrency/lockutils.py:367}}
May 06 09:23:03.445403 dv-cinder-790014-1-smb devstack@n-api.service[88403]: DEBUG nova.policy [None req-2520d527-27d1-49b0-8afc-05896a558fc9 tempest-DeleteServersTestJSON-1890886634 tempest-DeleteServersTestJSON-1890886634-project] Policy check for os_compute_api:os-extended-server-attributes failed with credentials {'is_admin': False, 'user_id': '9ca0b7f738654fb9bdc14cf3d95b0c60', 'user_domain_id': 'default', 'system_scope': None, 'domain_id': None, 'project_id': '1fbab28d3fed42e3a82b1e1da7a207c5', 'project_domain_id': 'default', 'roles': ['member', 'reader'], 'is_admin_project': True, 'service_user_id': None, 'service_user_domain_id': None, 'service_project_id': None, 'service_project_domain_id': None, 'service_roles': []} {{(pid=88403) authorize /opt/stack/nova/nova/policy.py:199}}
May 06 09:23:03.456707 dv-cinder-790014-1-smb devstack@n-api.service[88403]: INFO nova.api.openstack.requestlog [None req-2520d527-27d1-49b0-8afc-05896a558fc9 tempest-DeleteServersTestJSON-1890886634 tempest-DeleteServersTestJSON-1890886634-project] 10.222.0.20 "GET /compute/v2.1/servers/275369d2-9125-46a5-89a3-4d2a0172a29c" status: 200 len: 1554 microversion: 2.1 time: 0.678707
May 06 09:23:03.458361 dv-cinder-790014-1-smb devstack@n-api.service[88403]: [pid: 88403|app: 0|req: 57/108] 10.222.0.20 () {58 vars in 1236 bytes} [Thu May  6 09:23:02 2021] GET /compute/v2.1/servers/275369d2-9125-46a5-89a3-4d2a0172a29c => generated 1554 bytes in 681 msecs (HTTP/1.1 200) 9 headers in 358 bytes (1 switches on core 0)
May 06 09:23:03.630567 dv-cinder-790014-1-smb devstack@n-api.service[88404]: DEBUG nova.policy [None req-6827f6cf-2e6f-4c77-a217-9d8b04ac13b3 tempest-ServerRescueNegativeTestJSON-329593994 tempest-ServerRescueNegativeTestJSON-329593994-project] Policy check for os_compute_api:os-extended-server-attributes failed with credentials {'is_admin': False, 'user_id': 'd4652ca40362456a9d9a1ddde71cf940', 'user_domain_id': 'default', 'system_scope': None, 'domain_id': None, 'project_id': 'f9983e4cddcf4e468452d86169f2b091', 'project_domain_id': 'default', 'roles': ['member', 'reader'], 'is_admin_project': True, 'service_user_id': None, 'service_user_domain_id': None, 'service_project_id': None, 'service_project_domain_id': None, 'service_roles': []} {{(pid=88404) authorize /opt/stack/nova/nova/policy.py:199}}
May 06 09:23:03.640758 dv-cinder-790014-1-smb devstack@n-api.service[88404]: INFO nova.api.openstack.requestlog [None req-6827f6cf-2e6f-4c77-a217-9d8b04ac13b3 tempest-ServerRescueNegativeTestJSON-329593994 tempest-ServerRescueNegativeTestJSON-329593994-project] 10.222.0.20 "GET /compute/v2.1/servers/570584b9-2333-4e41-95df-15b0b60d9b58" status: 200 len: 1521 microversion: 2.1 time: 0.326150
May 06 09:23:03.651119 dv-cinder-790014-1-smb devstack@n-api.service[88404]: [pid: 88404|app: 0|req: 52/109] 10.222.0.20 () {58 vars in 1236 bytes} [Thu May  6 09:23:03 2021] GET /compute/v2.1/servers/570584b9-2333-4e41-95df-15b0b60d9b58 => generated 1521 bytes in 340 msecs (HTTP/1.1 200) 9 headers in 358 bytes (1 switches on core 0)
May 06 09:23:03.888604 dv-cinder-790014-1-smb devstack@n-api.service[88403]: DEBUG nova.api.openstack.wsgi [req-264dd29f-d9e1-480d-a14f-10dfb729dc8e req-2053d779-16aa-46be-bad9-361d7770ab00 service nova] Action: 'create', calling method: <bound method ServerExternalEventsController.create of <nova.api.openstack.compute.server_external_events.ServerExternalEventsController object at 0x7f7d6d414370>>, body: {"events": [{"server_uuid": "275369d2-9125-46a5-89a3-4d2a0172a29c", "name": "network-vif-deleted", "tag": "d726f447-4e2c-4632-8bf3-7eb9b5feeeb1"}]} {{(pid=88403) _process_stack /opt/stack/nova/nova/api/openstack/wsgi.py:511}}
May 06 09:23:03.891213 dv-cinder-790014-1-smb devstack@n-api.service[88403]: /usr/local/lib/python3.8/dist-packages/oslo_policy/policy.py:1054: UserWarning: Policy os_compute_api:os-server-external-events:create failed scope check. The token used to make the request was project scoped but the policy requires ['system'] scope. This behavior may change in the future where using the intended scope is required
May 06 09:23:03.891213 dv-cinder-790014-1-smb devstack@n-api.service[88403]:   warnings.warn(msg)
May 06 09:23:03.901522 dv-cinder-790014-1-smb devstack@n-api.service[88403]: DEBUG oslo_concurrency.lockutils [req-264dd29f-d9e1-480d-a14f-10dfb729dc8e req-2053d779-16aa-46be-bad9-361d7770ab00 service nova] Lock "559bcacb-1015-4c2b-819e-34ee9e0d2f33" acquired by "nova.context.set_target_cell.<locals>.get_or_set_cached_cell_and_set_connections" :: waited 0.000s {{(pid=88403) inner /usr/local/lib/python3.8/dist-packages/oslo_concurrency/lockutils.py:355}}
May 06 09:23:03.902035 dv-cinder-790014-1-smb devstack@n-api.service[88403]: DEBUG oslo_concurrency.lockutils [req-264dd29f-d9e1-480d-a14f-10dfb729dc8e req-2053d779-16aa-46be-bad9-361d7770ab00 service nova] Lock "559bcacb-1015-4c2b-819e-34ee9e0d2f33" released by "nova.context.set_target_cell.<locals>.get_or_set_cached_cell_and_set_connections" :: held 0.001s {{(pid=88403) inner /usr/local/lib/python3.8/dist-packages/oslo_concurrency/lockutils.py:367}}
May 06 09:23:03.919321 dv-cinder-790014-1-smb devstack@n-api.service[88403]: INFO nova.api.openstack.compute.server_external_events [req-264dd29f-d9e1-480d-a14f-10dfb729dc8e req-2053d779-16aa-46be-bad9-361d7770ab00 service nova] Creating event network-vif-deleted:d726f447-4e2c-4632-8bf3-7eb9b5feeeb1 for instance 275369d2-9125-46a5-89a3-4d2a0172a29c on hv-cinder-79001
May 06 09:23:03.926136 dv-cinder-790014-1-smb devstack@n-api.service[88403]: INFO nova.api.openstack.requestlog [req-264dd29f-d9e1-480d-a14f-10dfb729dc8e req-2053d779-16aa-46be-bad9-361d7770ab00 service nova] 10.222.0.20 "POST /compute/v2.1/os-server-external-events" status: 200 len: 183 microversion: 2.1 time: 0.042141
May 06 09:23:03.927189 dv-cinder-790014-1-smb devstack@n-api.service[88403]: [pid: 88403|app: 0|req: 58/110] 10.222.0.20 () {64 vars in 1318 bytes} [Thu May  6 09:23:03 2021] POST /compute/v2.1/os-server-external-events => generated 183 bytes in 45 msecs (HTTP/1.1 200) 9 headers in 357 bytes (1 switches on core 0)
May 06 09:23:04.071692 dv-cinder-790014-1-smb devstack@n-api.service[88404]: DEBUG nova.api.openstack.wsgi [None req-b21bba76-47aa-493b-969a-bce561adc333 tempest-AttachVolumeNegativeTest-936183770 tempest-AttachVolumeNegativeTest-936183770-project] Calling method '<bound method ServersController.show of <nova.api.openstack.compute.servers.ServersController object at 0x7f7d6d30d190>>' {{(pid=88404) _process_stack /opt/stack/nova/nova/api/openstack/wsgi.py:513}}
May 06 09:23:04.073710 dv-cinder-790014-1-smb devstack@n-api.service[88404]: DEBUG nova.compute.api [None req-b21bba76-47aa-493b-969a-bce561adc333 tempest-AttachVolumeNegativeTest-936183770 tempest-AttachVolumeNegativeTest-936183770-project] [instance: 2a88fd3f-cb2b-443f-a38d-826bb761e2ce] Fetching instance by UUID {{(pid=88404) get /opt/stack/nova/nova/compute/api.py:2790}}
May 06 09:23:04.089953 dv-cinder-790014-1-smb devstack@n-api.service[88404]: DEBUG oslo_concurrency.lockutils [None req-b21bba76-47aa-493b-969a-bce561adc333 tempest-AttachVolumeNegativeTest-936183770 tempest-AttachVolumeNegativeTest-936183770-project] Lock "559bcacb-1015-4c2b-819e-34ee9e0d2f33" acquired by "nova.context.set_target_cell.<locals>.get_or_set_cached_cell_and_set_connections" :: waited 0.000s {{(pid=88404) inner /usr/local/lib/python3.8/dist-packages/oslo_concurrency/lockutils.py:355}}
