May 04 18:26:58.559984 dv-cinder-789603-2-smb neutron-server[74222]: DEBUG neutron.pecan_wsgi.hooks.policy_enforcement [req-58acb721-73c5-4715-868a-611dd9060c35 req-460d3ec8-f956-47b7-9c4a-1cffa270494a tempest-AttachVolumeTestJSON-509702877 tempest-AttachVolumeTestJSON-509702877-project] Attributes excluded by policy engine: ['standard_attr_id', 'binding:profile', 'binding:host_id', 'binding:vif_type', 'binding:vif_details'] {{(pid=74222) _exclude_attributes_by_policy /opt/stack/neutron/neutron/pecan_wsgi/hooks/policy_enforcement.py:255}}
May 04 18:26:58.560632 dv-cinder-789603-2-smb neutron-server[74221]: DEBUG neutron_lib.callbacks.manager [None req-53ad109e-1be2-461a-9a3b-f7b26bda1d9e admin admin] Notify callbacks ['neutron.plugins.ml2.plugin.Ml2Plugin._handle_after_delete_segment_change-1796323', 'neutron.services.segments.plugin.NovaSegmentNotifier._notify_segment_deleted-16262147'] for segment, after_delete {{(pid=74221) _notify_loop /usr/local/lib/python3.8/dist-packages/neutron_lib/callbacks/manager.py:192}}
May 04 18:26:58.561478 dv-cinder-789603-2-smb neutron-server[74222]: INFO neutron.wsgi [req-58acb721-73c5-4715-868a-611dd9060c35 req-460d3ec8-f956-47b7-9c4a-1cffa270494a tempest-AttachVolumeTestJSON-509702877 tempest-AttachVolumeTestJSON-509702877-project] 10.222.0.49 "GET /v2.0/ports?device_id=d1dedb52-f273-43f8-a579-fd67e562df83 HTTP/1.1" status: 200 len: 946 time: 0.1895375
May 04 18:26:58.574315 dv-cinder-789603-2-smb neutron-server[74222]: DEBUG neutron.wsgi [-] (74222) accepted ('10.222.0.49', 48744) {{(pid=74222) server /usr/local/lib/python3.8/dist-packages/eventlet/wsgi.py:992}}
May 04 18:26:58.583262 dv-cinder-789603-2-smb neutron-server[74222]: DEBUG neutron.api.v2.base [None req-c17bc73d-e994-4d03-ae6c-235d4c8cfeda tempest-AttachVolumeTestJSON-509702877 tempest-AttachVolumeTestJSON-509702877-project] Request body: {'floatingip': {'port_id': 'ba8caf9e-b03c-460f-a66d-86794799e2e7'}} {{(pid=74222) prepare_request_body /opt/stack/neutron/neutron/api/v2/base.py:729}}
May 04 18:26:58.672802 dv-cinder-789603-2-smb neutron-server[74222]: DEBUG neutron_lib.callbacks.manager [None req-d9eac2db-9caf-43b5-9ab6-8dea300dffaa admin admin] Notify callbacks [] for security_group, precommit_create {{(pid=74222) _notify_loop /usr/local/lib/python3.8/dist-packages/neutron_lib/callbacks/manager.py:192}}
May 04 18:26:58.675180 dv-cinder-789603-2-smb neutron-server[74222]: DEBUG neutron_lib.callbacks.manager [None req-c17bc73d-e994-4d03-ae6c-235d4c8cfeda tempest-AttachVolumeTestJSON-509702877 tempest-AttachVolumeTestJSON-509702877-project] Notify callbacks [] for floatingip, before_update {{(pid=74222) _notify_loop /usr/local/lib/python3.8/dist-packages/neutron_lib/callbacks/manager.py:192}}
May 04 18:26:58.736007 dv-cinder-789603-2-smb neutron-server[74222]: DEBUG neutron_lib.callbacks.manager [None req-d9eac2db-9caf-43b5-9ab6-8dea300dffaa admin admin] Notify callbacks ['neutron.plugins.ml2.ovo_rpc._ObjectChangeHandler.handle_event-1030299'] for security_group, after_create {{(pid=74222) _notify_loop /usr/local/lib/python3.8/dist-packages/neutron_lib/callbacks/manager.py:192}}
May 04 18:26:58.749476 dv-cinder-789603-2-smb neutron-server[74221]: DEBUG neutron.plugins.ml2.managers [None req-53ad109e-1be2-461a-9a3b-f7b26bda1d9e admin admin] Network 6439c8b0-68f5-4b5e-8176-84afc9c83264 has no segments {{(pid=74221) _extend_network_dict_provider /opt/stack/neutron/neutron/plugins/ml2/managers.py:169}}
May 04 18:26:58.760667 dv-cinder-789603-2-smb neutron-server[74222]: DEBUG oslo_concurrency.lockutils [-] Lock "event-dispatch" acquired by "neutron.plugins.ml2.ovo_rpc._ObjectChangeHandler.dispatch_events" :: waited 0.000s {{(pid=74222) inner /usr/local/lib/python3.8/dist-packages/oslo_concurrency/lockutils.py:355}}
May 04 18:26:58.801353 dv-cinder-789603-2-smb neutron-server[74221]: /usr/lib/python3/dist-packages/secretstorage/dhcrypto.py:15: CryptographyDeprecationWarning: int_from_bytes is deprecated, use int.from_bytes instead
May 04 18:26:58.801353 dv-cinder-789603-2-smb neutron-server[74221]: from cryptography.utils import int_from_bytes
May 04 18:26:58.801353 dv-cinder-789603-2-smb neutron-server[74221]: /usr/lib/python3/dist-packages/secretstorage/util.py:19: CryptographyDeprecationWarning: int_from_bytes is deprecated, use int.from_bytes instead
May 04 18:26:58.801353 dv-cinder-789603-2-smb neutron-server[74221]: from cryptography.utils import int_from_bytes
May 04 18:26:58.801353 dv-cinder-789603-2-smb neutron-server[74221]: Traceback (most recent call last):
May 04 18:26:58.801353 dv-cinder-789603-2-smb neutron-server[74221]: File "/usr/local/lib/python3.8/dist-packages/eventlet/hubs/hub.py", line 476, in fire_timers
May 04 18:26:58.801353 dv-cinder-789603-2-smb neutron-server[74221]: timer()
May 04 18:26:58.801353 dv-cinder-789603-2-smb neutron-server[74221]: File "/usr/local/lib/python3.8/dist-packages/eventlet/hubs/timer.py", line 59, in __call__
May 04 18:26:58.801353 dv-cinder-789603-2-smb neutron-server[74221]: cb(*args, **kw)
May 04 18:26:58.801353 dv-cinder-789603-2-smb neutron-server[74221]: File "/opt/stack/neutron/neutron/common/utils.py", line 905, in wrapper
May 04 18:26:58.801353 dv-cinder-789603-2-smb neutron-server[74221]: return func(*args, **kwargs)
May 04 18:26:58.801353 dv-cinder-789603-2-smb neutron-server[74221]: File "/opt/stack/neutron/neutron/notifiers/batch_notifier.py", line 58, in synced_send
May 04 18:26:58.801353 dv-cinder-789603-2-smb neutron-server[74221]: self._notify()
May 04 18:26:58.801353 dv-cinder-789603-2-smb neutron-server[74221]: File "/opt/stack/neutron/neutron/notifiers/batch_notifier.py", line 69, in _notify
May 04 18:26:58.801353 dv-cinder-789603-2-smb neutron-server[74221]: self.callback(batched_events)
May 04 18:26:58.801353 dv-cinder-789603-2-smb neutron-server[74221]: File "/opt/stack/neutron/neutron/services/segments/plugin.py", line 211, in _send_notifications
May 04 18:26:58.801353 dv-cinder-789603-2-smb neutron-server[74221]: event.method(event)
May 04 18:26:58.801353 dv-cinder-789603-2-smb neutron-server[74221]: File "/opt/stack/neutron/neutron/services/segments/plugin.py", line 379, in _delete_nova_inventory
May 04 18:26:58.801353 dv-cinder-789603-2-smb neutron-server[74221]: aggregate_id = self._get_aggregate_id(event.segment_id)
May 04 18:26:58.801353 dv-cinder-789603-2-smb neutron-server[74221]: File "/opt/stack/neutron/neutron/services/segments/plugin.py", line 366, in _get_aggregate_id
May 04 18:26:58.801353 dv-cinder-789603-2-smb neutron-server[74221]: aggregate_uuid = self.p_client.list_aggregates(
May 04 18:26:58.801353 dv-cinder-789603-2-smb neutron-server[74221]: File "/usr/local/lib/python3.8/dist-packages/neutron_lib/placement/client.py", line 57, in wrapper
May 04 18:26:58.801353 dv-cinder-789603-2-smb neutron-server[74221]: return f(self, *a, **k)
May 04 18:26:58.801353 dv-cinder-789603-2-smb neutron-server[74221]: File "/usr/local/lib/python3.8/dist-packages/neutron_lib/placement/client.py", line 553, in list_aggregates
May 04 18:26:58.801353 dv-cinder-789603-2-smb neutron-server[74221]: return self._get(url).json()
May 04 18:26:58.801353 dv-cinder-789603-2-smb neutron-server[74221]: File "/usr/local/lib/python3.8/dist-packages/neutron_lib/placement/client.py", line 189, in _get
May 04 18:26:58.801353 dv-cinder-789603-2-smb neutron-server[74221]: return self._client.get(url, endpoint_filter=self._ks_filter,
May 04 18:26:58.801353 dv-cinder-789603-2-smb neutron-server[74221]: File "/usr/local/lib/python3.8/dist-packages/keystoneauth1/session.py", line 1141, in get
May 04 18:26:58.801353 dv-cinder-789603-2-smb neutron-server[74221]: return self.request(url, 'GET', **kwargs)
May 04 18:26:58.801353 dv-cinder-789603-2-smb neutron-server[74221]: File "/usr/local/lib/python3.8/dist-packages/keystoneauth1/session.py", line 811, in request
May 04 18:26:58.801353 dv-cinder-789603-2-smb neutron-server[74221]: base_url = self.get_endpoint(auth, allow=allow,
May 04 18:26:58.801353 dv-cinder-789603-2-smb neutron-server[74221]: File "/usr/local/lib/python3.8/dist-packages/keystoneauth1/session.py", line 1241, in get_endpoint
May 04 18:26:58.801353 dv-cinder-789603-2-smb neutron-server[74221]: auth = self._auth_required(auth, 'determine endpoint URL')
May 04 18:26:58.801353 dv-cinder-789603-2-smb neutron-server[74221]: File "/usr/local/lib/python3.8/dist-packages/keystoneauth1/session.py", line 1181, in _auth_required
May 04 18:26:58.801353 dv-cinder-789603-2-smb neutron-server[74221]: raise exceptions.MissingAuthPlugin(msg_fmt % msg)
May 04 18:26:58.801353 dv-cinder-789603-2-smb neutron-server[74221]: keystoneauth1.exceptions.auth_plugins.MissingAuthPlugin: An auth plugin is required to determine endpoint URL
May 04 18:26:58.864685 dv-cinder-789603-2-smb neutron-server[74222]: DEBUG neutron.pecan_wsgi.hooks.policy_enforcement [req-a56acb58-458e-479e-8c4a-50819233f270 req-069c34a0-ca3b-4f4f-812c-f0205c242f12 tempest-ServerRescueNegativeTestJSON-443730877 tempest-ServerRescueNegativeTestJSON-443730877-project] Attributes excluded by policy engine: ['standard_attr_id', 'binding:profile', 'binding:host_id', 'binding:vif_type', 'binding:vif_details'] {{(pid=74222) _exclude_attributes_by_policy /opt/stack/neutron/neutron/pecan_wsgi/hooks/policy_enforcement.py:255}}
May 04 18:26:58.866007 dv-cinder-789603-2-smb neutron-server[74222]: INFO neutron.wsgi [req-a56acb58-458e-479e-8c4a-50819233f270 req-069c34a0-ca3b-4f4f-812c-f0205c242f12 tempest-ServerRescueNegativeTestJSON-443730877 tempest-ServerRescueNegativeTestJSON-443730877-project] 10.222.0.49 "GET /v2.0/ports?device_id=370b333c-bedf-4a1b-8508-0580d9669df8 HTTP/1.1" status: 200 len: 945 time: 0.3844166
May 04 18:26:58.871137 dv-cinder-789603-2-smb neutron-server[74222]: INFO neutron.wsgi [None req-d9eac2db-9caf-43b5-9ab6-8dea300dffaa admin admin] 10.222.0.49 "GET /v2.0/security-groups?tenant_id=3ac1c1ac9fec45f09fa851b039683cd0&name=default HTTP/1.1" status: 200 len: 2979 time: 0.5649836
May 04 18:26:58.871926 dv-cinder-789603-2-smb neutron-server[74222]: DEBUG neutron.api.rpc.handlers.resources_rpc [None req-d9eac2db-9caf-43b5-9ab6-8dea300dffaa admin admin] Pushing event updated for resources: {'SecurityGroup': ['ID=4fe1832b-8336-4bff-87a3-65f6c5dfbab5,revision_number=1']} {{(pid=74222) push /opt/stack/neutron/neutron/api/rpc/handlers/resources_rpc.py:237}}
May 04 18:26:58.875258 dv-cinder-789603-2-smb neutron-server[74221]: DEBUG neutron.wsgi [-] (74221) accepted ('10.222.0.49', 48756) {{(pid=74221) server /usr/local/lib/python3.8/dist-packages/eventlet/wsgi.py:992}}
May 04 18:26:58.878127 dv-cinder-789603-2-smb neutron-server[74222]: DEBUG oslo_concurrency.lockutils [None req-d9eac2db-9caf-43b5-9ab6-8dea300dffaa admin admin] Lock "event-dispatch" released by "neutron.plugins.ml2.ovo_rpc._ObjectChangeHandler.dispatch_events" :: held 0.117s {{(pid=74222) inner /usr/local/lib/python3.8/dist-packages/oslo_concurrency/lockutils.py:367}}
May 04 18:26:58.968587 dv-cinder-789603-2-smb neutron-server[74222]: INFO neutron.wsgi [req-a56acb58-458e-479e-8c4a-50819233f270 req-a97cddab-3d3b-4f00-b852-d954c361f9ac tempest-ServerRescueNegativeTestJSON-443730877 tempest-ServerRescueNegativeTestJSON-443730877-project] 10.222.0.49 "GET /v2.0/security-groups?id=716c2d38-25e1-4c63-8982-e0f99d95172f&fields=id&fields=name HTTP/1.1" status: 200 len: 286 time: 0.0928988
May 04 18:26:58.994443 dv-cinder-789603-2-smb neutron-server[74221]: DEBUG neutron_lib.callbacks.manager [None req-ebf7fd5b-720a-4b13-bc0a-bd572a4b4fa1 admin admin] Notify callbacks [] for security_group, before_delete {{(pid=74221) _notify_loop /usr/local/lib/python3.8/dist-packages/neutron_lib/callbacks/manager.py:192}}
May 04 18:26:59.015385 dv-cinder-789603-2-smb neutron-server[74221]: DEBUG neutron_lib.callbacks.manager [None req-53ad109e-1be2-461a-9a3b-f7b26bda1d9e admin admin] Notify callbacks ['neutron.plugins.ml2.plugin.Ml2Plugin._network_delete_after_delete_handler-1771060', 'neutron.plugins.ml2.ovo_rpc._ObjectChangeHandler.handle_event-1030304', 'neutron.api.rpc.agentnotifiers.dhcp_rpc_agent_api.DhcpAgentNotifyAPI._native_event_send_dhcp_notification-549518', 'neutron.services.l3_router.l3_router_plugin.DVRResourceOperationHandler.delete_fip_namespaces_for_ext_net-942662'] for network, after_delete {{(pid=74221) _notify_loop /usr/local/lib/python3.8/dist-packages/neutron_lib/callbacks/manager.py:192}}
May 04 18:26:59.032406 dv-cinder-789603-2-smb neutron-server[74221]: DEBUG neutron_lib.callbacks.manager [None req-ebf7fd5b-720a-4b13-bc0a-bd572a4b4fa1 admin admin] Notify callbacks [] for security_group, precommit_delete {{(pid=74221) _notify_loop /usr/local/lib/python3.8/dist-packages/neutron_lib/callbacks/manager.py:192}}
May 04 18:26:59.040224 dv-cinder-789603-2-smb neutron-server[74221]: DEBUG oslo_concurrency.lockutils [None req-c3fad542-573b-4fc7-a0a2-479c01ff5871 admin admin] Lock "event-dispatch" acquired by "neutron.plugins.ml2.ovo_rpc._ObjectChangeHandler.dispatch_events" :: waited 0.000s {{(pid=74221) inner /usr/local/lib/python3.8/dist-packages/oslo_concurrency/lockutils.py:355}}
May 04 18:26:59.065872 dv-cinder-789603-2-smb neutron-server[74221]: DEBUG neutron_lib.callbacks.manager [None req-53ad109e-1be2-461a-9a3b-f7b26bda1d9e admin admin] Notify callbacks ['neutron.api.rpc.agentnotifiers.dhcp_rpc_agent_api.DhcpAgentNotifyAPI._send_dhcp_notification-549536'] for network, before_response {{(pid=74221) _notify_loop /usr/local/lib/python3.8/dist-packages/neutron_lib/callbacks/manager.py:192}}
May 04 18:26:59.088587 dv-cinder-789603-2-smb neutron-server[74221]: DEBUG neutron.api.rpc.handlers.resources_rpc [None req-53ad109e-1be2-461a-9a3b-f7b26bda1d9e admin admin] Pushing event deleted for resources: {'Network': ['ID=6439c8b0-68f5-4b5e-8176-84afc9c83264,revision_number=None']} {{(pid=74221) push /opt/stack/neutron/neutron/api/rpc/handlers/resources_rpc.py:237}}
May 04 18:26:59.111157 dv-cinder-789603-2-smb neutron-server[74221]: DEBUG oslo_concurrency.lockutils [None req-53ad109e-1be2-461a-9a3b-f7b26bda1d9e admin admin] Lock "event-dispatch" released by "neutron.plugins.ml2.ovo_rpc._ObjectChangeHandler.dispatch_events" :: held 0.071s {{(pid=74221) inner /usr/local/lib/python3.8/dist-packages/oslo_concurrency/lockutils.py:367}}
May 04 18:26:59.202779 dv-cinder-789603-2-smb neutron-server[74221]: INFO neutron.wsgi [None req-53ad109e-1be2-461a-9a3b-f7b26bda1d9e admin admin] 10.222.0.49 "DELETE /v2.0/networks/6439c8b0-68f5-4b5e-8176-84afc9c83264 HTTP/1.1" status: 204 len: 168 time: 1.9982758
May 04 18:26:59.298408 dv-cinder-789603-2-smb neutron-server[74221]: DEBUG neutron_lib.callbacks.manager [None req-ebf7fd5b-720a-4b13-bc0a-bd572a4b4fa1 admin admin] Notify callbacks ['neutron.plugins.ml2.ovo_rpc._ObjectChangeHandler.handle_event-1030299'] for security_group, after_delete {{(pid=74221) _notify_loop /usr/local/lib/python3.8/dist-packages/neutron_lib/callbacks/manager.py:192}}
May 04 18:26:59.305996 dv-cinder-789603-2-smb neutron-server[74221]: DEBUG oslo_concurrency.lockutils [None req-b7d30087-8bcf-4135-b047-163e5de8674f admin admin] Lock "event-dispatch" acquired by "neutron.plugins.ml2.ovo_rpc._ObjectChangeHandler.dispatch_events" :: waited 0.000s {{(pid=74221) inner /usr/local/lib/python3.8/dist-packages/oslo_concurrency/lockutils.py:355}}
May 04 18:26:59.321500 dv-cinder-789603-2-smb neutron-server[74221]: DEBUG neutron_lib.callbacks.manager [None req-7bb82e3e-9965-40bd-a3cb-eada6af92e4e admin admin] Notify callbacks ['neutron.plugins.ml2.ovo_rpc._ObjectChangeHandler.handle_event-30354', 'neutron.api.rpc.agentnotifiers.dhcp_rpc_agent_api.DhcpAgentNotifyAPI._native_event_send_dhcp_notification-549518', 'neutron.services.segments.plugin.NovaSegmentNotifier._notify_subnet_created-16262112', 'neutron.services.segments.plugin.SegmentHostRoutes.host_routes_after_create-15596326'] for subnet, after_create {{(pid=74221) _notify_loop /usr/local/lib/python3.8/dist-packages/neutron_lib/callbacks/manager.py:192}}
May 04 18:26:59.325539 dv-cinder-789603-2-smb neutron-server[74221]: DEBUG neutron.api.rpc.handlers.resources_rpc [None req-ebf7fd5b-720a-4b13-bc0a-bd572a4b4fa1 admin admin] Pushing event deleted for resources: {'SecurityGroup': ['ID=4fe1832b-8336-4bff-87a3-65f6c5dfbab5,revision_number=None']} {{(pid=74221) push /opt/stack/neutron/neutron/api/rpc/handlers/resources_rpc.py:237}}
May 04 18:26:59.333621 dv-cinder-789603-2-smb neutron-server[74221]: DEBUG oslo_concurrency.lockutils [None req-ebf7fd5b-720a-4b13-bc0a-bd572a4b4fa1 admin admin] Lock "event-dispatch" released by "neutron.plugins.ml2.ovo_rpc._ObjectChangeHandler.dispatch_events" :: held 0.028s {{(pid=74221) inner /usr/local/lib/python3.8/dist-packages/oslo_concurrency/lockutils.py:367}}
May 04 18:26:59.342948 dv-cinder-789603-2-smb neutron-server[74221]: DEBUG oslo_concurrency.lockutils [None req-826cfed7-240d-4e91-ade7-c02c4ab1c5f6 admin admin] Lock "event-dispatch" acquired by "neutron.plugins.ml2.ovo_rpc._ObjectChangeHandler.dispatch_events" :: waited 0.000s {{(pid=74221) inner /usr/local/lib/python3.8/dist-packages/oslo_concurrency/lockutils.py:355}}
May 04 18:26:59.369838 dv-cinder-789603-2-smb neutron-server[74221]: DEBUG neutron_lib.callbacks.manager [None req-ebf7fd5b-720a-4b13-bc0a-bd572a4b4fa1 admin admin] Notify callbacks [] for security_group, before_response {{(pid=74221) _notify_loop /usr/local/lib/python3.8/dist-packages/neutron_lib/callbacks/manager.py:192}}
May 04 18:26:59.373262 dv-cinder-789603-2-smb neutron-server[74221]: INFO neutron.wsgi [None req-ebf7fd5b-720a-4b13-bc0a-bd572a4b4fa1 admin admin] 10.222.0.49 "DELETE /v2.0/security-groups/4fe1832b-8336-4bff-87a3-65f6c5dfbab5 HTTP/1.1" status: 204 len: 168 time: 0.4926617
May 04 18:26:59.424923 dv-cinder-789603-2-smb neutron-server[74221]: DEBUG neutron.api.rpc.handlers.resources_rpc [None req-7bb82e3e-9965-40bd-a3cb-eada6af92e4e admin admin] Pushing event updated for resources: {'Subnet': ['ID=332a97e0-c43d-4850-9b45-ff3cec961b00,revision_number=0']} {{(pid=74221) push /opt/stack/neutron/neutron/api/rpc/handlers/resources_rpc.py:237}}
May 04 18:26:59.428641 dv-cinder-789603-2-smb neutron-server[74221]: DEBUG oslo_concurrency.lockutils [None req-7bb82e3e-9965-40bd-a3cb-eada6af92e4e admin admin] Lock "event-dispatch" released by "neutron.plugins.ml2.ovo_rpc._ObjectChangeHandler.dispatch_events" :: held 0.086s {{(pid=74221) inner /usr/local/lib/python3.8/dist-packages/oslo_concurrency/lockutils.py:367}}
May 04 18:26:59.440896 dv-cinder-789603-2-smb neutron-server[74221]: DEBUG neutron.plugins.ml2.drivers.mech_agent [None req-7bb82e3e-9965-40bd-a3cb-eada6af92e4e admin admin] Checking segment: {'id': '18d6efec-d729-45db-81f5-be939e12153b', 'network_type': 'vlan', 'physical_network': 'physnet1', 'segmentation_id': 773, 'network_id': '39b35aab-83ac-49e3-917d-68b993cebece'} for mappings: {'physnet1': 'br-data'} with network types: ['local', 'flat', 'vlan'] {{(pid=74221) check_segment_for_agent /opt/stack/neutron/neutron/plugins/ml2/drivers/mech_agent.py:341}}
May 04 18:26:59.441246 dv-cinder-789603-2-smb neutron-server[74221]: DEBUG neutron.scheduler.dhcp_agent_scheduler [None req-7bb82e3e-9965-40bd-a3cb-eada6af92e4e admin admin] Network hostable DHCP agents. Network: 39b35aab-83ac-49e3-917d-68b993cebece, hostable agents: ['948d1784-d24a-40dc-b599-c4e6e391e200'], hosted agents: [] {{(pid=74221) _get_network_hostable_dhcp_agents /opt/stack/neutron/neutron/scheduler/dhcp_agent_scheduler.py:329}}
May 04 18:26:59.566062 dv-cinder-789603-2-smb neutron-server[74221]: DEBUG neutron.scheduler.dhcp_agent_scheduler [None req-7bb82e3e-9965-40bd-a3cb-eada6af92e4e admin admin] Network 39b35aab-83ac-49e3-917d-68b993cebece is scheduled to be hosted by DHCP agent 948d1784-d24a-40dc-b599-c4e6e391e200 with binding_index 1 {{(pid=74221) bind /opt/stack/neutron/neutron/scheduler/dhcp_agent_scheduler.py:227}}
May 04 18:26:59.650814 dv-cinder-789603-2-smb neutron-server[74222]: DEBUG neutron.pecan_wsgi.hooks.policy_enforcement [req-7ed101bc-64eb-44fb-8134-6d74e27fd000 req-04fa26e0-b265-4bec-ae27-86520a2ffe49 tempest-AttachVolumeNegativeTest-93790782 tempest-AttachVolumeNegativeTest-93790782-project] Attributes excluded by policy engine: ['standard_attr_id', 'binding:profile', 'binding:host_id', 'binding:vif_type', 'binding:vif_details'] {{(pid=74222) _exclude_attributes_by_policy /opt/stack/neutron/neutron/pecan_wsgi/hooks/policy_enforcement.py:255}}
May 04 18:26:59.652155 dv-cinder-789603-2-smb neutron-server[74221]: DEBUG neutron.scheduler.base_scheduler [None req-7bb82e3e-9965-40bd-a3cb-eada6af92e4e admin admin] Resources bound (agent type, host, resource id): (DHCP agent, dv-cinder-789603-2-smb, 39b35aab-83ac-49e3-917d-68b993cebece) {{(pid=74221) schedule /opt/stack/neutron/neutron/scheduler/base_scheduler.py:57}}
May 04 18:26:59.652305 dv-cinder-789603-2-smb neutron-server[74222]: INFO neutron.wsgi [req-7ed101bc-64eb-44fb-8134-6d74e27fd000 req-04fa26e0-b265-4bec-ae27-86520a2ffe49 tempest-AttachVolumeNegativeTest-93790782 tempest-AttachVolumeNegativeTest-93790782-project] 10.222.0.49 "GET /v2.0/ports?device_id=aaf60b29-9220-465e-83c7-1e3c8c898abe HTTP/1.1" status: 200 len: 944 time: 0.2066214
May 04 18:26:59.662826 dv-cinder-789603-2-smb neutron-server[74221]: DEBUG neutron.pecan_wsgi.hooks.policy_enforcement [None req-7bb82e3e-9965-40bd-a3cb-eada6af92e4e admin admin] Attributes excluded by policy engine: ['standard_attr_id', 'shared', 'segment_id', 'network'] {{(pid=74221) _exclude_attributes_by_policy /opt/stack/neutron/neutron/pecan_wsgi/hooks/policy_enforcement.py:255}}
May 04 18:26:59.663903 dv-cinder-789603-2-smb neutron-server[74221]: DEBUG neutron_lib.callbacks.manager [None req-7bb82e3e-9965-40bd-a3cb-eada6af92e4e admin admin] Notify callbacks ['neutron.api.rpc.agentnotifiers.dhcp_rpc_agent_api.DhcpAgentNotifyAPI._send_dhcp_notification-549536'] for subnet, before_response {{(pid=74221) _notify_loop /usr/local/lib/python3.8/dist-packages/neutron_lib/callbacks/manager.py:192}}
May 04 18:26:59.669101 dv-cinder-789603-2-smb neutron-server[74223]: DEBUG neutron.api.rpc.handlers.dhcp_rpc [None req-6238a688-01ba-480b-9612-80220771c2f8 None None] Network 39b35aab-83ac-49e3-917d-68b993cebece requested from dv-cinder-789603-2-smb {{(pid=74223) get_network_info /opt/stack/neutron/neutron/api/rpc/handlers/dhcp_rpc.py:213}}
May 04 18:26:59.741588 dv-cinder-789603-2-smb neutron-server[74221]: DEBUG neutron.wsgi [-] (74221) accepted ('10.222.0.49', 48806) {{(pid=74221) server /usr/local/lib/python3.8/dist-packages/eventlet/wsgi.py:992}}
May 04 18:26:59.762040 dv-cinder-789603-2-smb neutron-server[74221]: INFO neutron.wsgi [None req-7bb82e3e-9965-40bd-a3cb-eada6af92e4e admin admin] 10.222.0.49 "POST /v2.0/subnets HTTP/1.1" status: 201 len: 844 time: 1.9504628
May 04 18:26:59.803274 dv-cinder-789603-2-smb neutron-server[74221]: INFO neutron.wsgi [None req-05eeba8b-08ff-4025-adc5-1f4e7b6013c2 admin admin] 10.222.0.49 "GET /v2.0/security-groups?tenant_id=bbb04e0b5efb425f90f0f9aee3cac890&name=default HTTP/1.1" status: 200 len: 2975 time: 0.0580673
May 04 18:26:59.804219 dv-cinder-789603-2-smb neutron-server[74221]: DEBUG neutron.wsgi [-] (74221) accepted ('10.222.0.49', 48812) {{(pid=74221) server /usr/local/lib/python3.8/dist-packages/eventlet/wsgi.py:992}}
May 04 18:26:59.813882 dv-cinder-789603-2-smb neutron-server[74222]: INFO neutron.wsgi [req-7ed101bc-64eb-44fb-8134-6d74e27fd000 req-5bc6dafc-ca6b-4a48-b1e7-56ba722920ed tempest-AttachVolumeNegativeTest-93790782 tempest-AttachVolumeNegativeTest-93790782-project] 10.222.0.49 "GET /v2.0/security-groups?id=1aa27977-b395-4814-8c0f-fcd42655a82f&fields=id&fields=name HTTP/1.1" status: 200 len: 286 time: 0.1250944
May 04 18:26:59.858862 dv-cinder-789603-2-smb neutron-server[74223]: DEBUG neutron.plugins.ml2.rpc [None req-be75d5b3-43c2-414c-960e-97891493a408 None None] Device 1638aa14-7403-4257-a09e-05352b898838 details requested by agent hyperv_hv-cinder-78960 with host hv-cinder-78960 {{(pid=74223) get_device_details /opt/stack/neutron/neutron/plugins/ml2/rpc.py:88}}
May 04 18:26:59.861459 dv-cinder-789603-2-smb neutron-server[74222]: DEBUG neutron_lib.callbacks.manager [None req-c17bc73d-e994-4d03-ae6c-235d4c8cfeda tempest-AttachVolumeTestJSON-509702877 tempest-AttachVolumeTestJSON-509702877-project] Notify callbacks [] for floatingip, precommit_update {{(pid=74222) _notify_loop /usr/local/lib/python3.8/dist-packages/neutron_lib/callbacks/manager.py:192}}
May 04 18:26:59.904490 dv-cinder-789603-2-smb neutron-server[74221]: DEBUG neutron_lib.callbacks.manager [None req-0a84b1bd-bb00-4615-80d6-6e9112a4c71f admin admin] Notify callbacks [] for security_group, before_delete {{(pid=74221) _notify_loop /usr/local/lib/python3.8/dist-packages/neutron_lib/callbacks/manager.py:192}}
May 04 18:26:59.932361 dv-cinder-789603-2-smb neutron-server[74222]: DEBUG neutron_lib.callbacks.manager [None req-c17bc73d-e994-4d03-ae6c-235d4c8cfeda tempest-AttachVolumeTestJSON-509702877 tempest-AttachVolumeTestJSON-509702877-project] Notify callbacks ['neutron.services.l3_router.l3_router_plugin.DVRResourceOperationHandler._create_dvr_floating_gw_port-942676'] for floatingip, after_update {{(pid=74222) _notify_loop /usr/local/lib/python3.8/dist-packages/neutron_lib/callbacks/manager.py:192}}
May 04 18:26:59.947267 dv-cinder-789603-2-smb neutron-server[74221]: DEBUG neutron_lib.callbacks.manager [None req-0a84b1bd-bb00-4615-80d6-6e9112a4c71f admin admin] Notify callbacks [] for security_group, precommit_delete {{(pid=74221) _notify_loop /usr/local/lib/python3.8/dist-packages/neutron_lib/callbacks/manager.py:192}}
May 04 18:27:00.063169 dv-cinder-789603-2-smb neutron-server[74223]: DEBUG neutron.api.rpc.handlers.dhcp_rpc [None req-fe07b343-dd57-4f7c-a6cd-7e3ad1767ef5 None None] Network 39b35aab-83ac-49e3-917d-68b993cebece requested from dv-cinder-789603-2-smb {{(pid=74223) get_network_info /opt/stack/neutron/neutron/api/rpc/handlers/dhcp_rpc.py:213}}
May 04 18:27:00.138915 dv-cinder-789603-2-smb neutron-server[74221]: DEBUG neutron_lib.callbacks.manager [None req-0a84b1bd-bb00-4615-80d6-6e9112a4c71f admin admin] Notify callbacks ['neutron.plugins.ml2.ovo_rpc._ObjectChangeHandler.handle_event-1030299'] for security_group, after_delete {{(pid=74221) _notify_loop /usr/local/lib/python3.8/dist-packages/neutron_lib/callbacks/manager.py:192}}
May 04 18:27:00.152384 dv-cinder-789603-2-smb neutron-server[74221]: DEBUG oslo_concurrency.lockutils [None req-69a2e64f-74bc-4f77-9ea0-7b310cd43090 admin admin] Lock "event-dispatch" acquired by "neutron.plugins.ml2.ovo_rpc._ObjectChangeHandler.dispatch_events" :: waited 0.000s {{(pid=74221) inner /usr/local/lib/python3.8/dist-packages/oslo_concurrency/lockutils.py:355}}
May 04 18:27:00.179778 dv-cinder-789603-2-smb neutron-server[74221]: DEBUG neutron.api.rpc.handlers.resources_rpc [None req-0a84b1bd-bb00-4615-80d6-6e9112a4c71f admin admin] Pushing event deleted for resources: {'SecurityGroup': ['ID=00722f54-4f75-41c7-98df-3035ea613095,revision_number=None']} {{(pid=74221) push /opt/stack/neutron/neutron/api/rpc/handlers/resources_rpc.py:237}}
May 04 18:27:00.183288 dv-cinder-789603-2-smb neutron-server[74221]: DEBUG oslo_concurrency.lockutils [None req-0a84b1bd-bb00-4615-80d6-6e9112a4c71f admin admin] Lock "event-dispatch" released by "neutron.plugins.ml2.ovo_rpc._ObjectChangeHandler.dispatch_events" :: held 0.032s {{(pid=74221) inner /usr/local/lib/python3.8/dist-packages/oslo_concurrency/lockutils.py:367}}
May 04 18:27:00.198269 dv-cinder-789603-2-smb neutron-server[74222]: INFO neutron.db.l3_db [None req-c17bc73d-e994-4d03-ae6c-235d4c8cfeda tempest-AttachVolumeTestJSON-509702877 tempest-AttachVolumeTestJSON-509702877-project] Floating IP 2f23f19f-b0b1-4906-9f00-3ed3bcd52f9d associated. External IP: 172.28.1.200, port: ba8caf9e-b03c-460f-a66d-86794799e2e7.
May 04 18:27:00.236248 dv-cinder-789603-2-smb neutron-server[74221]: DEBUG neutron_lib.callbacks.manager [None req-0a84b1bd-bb00-4615-80d6-6e9112a4c71f admin admin] Notify callbacks [] for security_group, before_response {{(pid=74221) _notify_loop /usr/local/lib/python3.8/dist-packages/neutron_lib/callbacks/manager.py:192}}
May 04 18:27:00.237476 dv-cinder-789603-2-smb neutron-server[74221]: INFO neutron.wsgi [None req-0a84b1bd-bb00-4615-80d6-6e9112a4c71f admin admin] 10.222.0.49 "DELETE /v2.0/security-groups/00722f54-4f75-41c7-98df-3035ea613095 HTTP/1.1" status: 204 len: 168 time: 0.4323790
May 04 18:27:00.345090 dv-cinder-789603-2-smb neutron-server[74223]: DEBUG neutron.plugins.ml2.db [None req-be75d5b3-43c2-414c-960e-97891493a408 None None] For port 1638aa14-7403-4257-a09e-05352b898838, host hv-cinder-78960, got binding levels [PortBindingLevel(driver='hyperv',host='hv-cinder-78960',level=0,port_id=1638aa14-7403-4257-a09e-05352b898838,segment=NetworkSegment(e27d6d3a-acad-4e56-8b22-9dcd41a82e38),segment_id=e27d6d3a-acad-4e56-8b22-9dcd41a82e38)] {{(pid=74223) get_binding_level_objs /opt/stack/neutron/neutron/plugins/ml2/db.py:75}}
May 04 18:27:00.368193 dv-cinder-789603-2-smb neutron-server[74223]: DEBUG neutron.plugins.ml2.rpc [None req-be75d5b3-43c2-414c-960e-97891493a408 None None] Returning: {'device': '1638aa14-7403-4257-a09e-05352b898838', 'network_id': 'd89a4125-3764-4595-b3a0-58856003dba9', 'port_id': '1638aa14-7403-4257-a09e-05352b898838', 'mac_address': 'fa:16:3e:e8:f3:c9', 'admin_state_up': True, 'network_type': 'vlan', 'segmentation_id': 778, 'physical_network': 'physnet1', 'mtu': 1500, 'fixed_ips': [{'subnet_id': '745e4f5f-e99e-45c7-ba2f-044ccda911f1', 'ip_address': '172.20.0.14'}], 'device_owner': 'compute:nova', 'allowed_address_pairs': [], 'port_security_enabled': True, 'qos_policy_id': None, 'network_qos_policy_id': None, 'profile': {}, 'propagate_uplink_status': False} {{(pid=74223) _get_device_details /opt/stack/neutron/neutron/plugins/ml2/rpc.py:168}}
May 04 18:27:00.453785 dv-cinder-789603-2-smb neutron-server[74222]: DEBUG neutron.pecan_wsgi.hooks.policy_enforcement [req-9d736938-beea-46ac-8217-ac520962c172 req-2af7e2d3-0fd3-48c7-a2fd-ba01d546c1a5 tempest-ServerRescueNegativeTestJSON-443730877 tempest-ServerRescueNegativeTestJSON-443730877-project] Attributes excluded by policy engine: ['standard_attr_id', 'binding:profile', 'binding:host_id', 'binding:vif_type', 'binding:vif_details'] {{(pid=74222) _exclude_attributes_by_policy /opt/stack/neutron/neutron/pecan_wsgi/hooks/policy_enforcement.py:255}}
May 04 18:27:00.455300 dv-cinder-789603-2-smb neutron-server[74222]: INFO neutron.wsgi [req-9d736938-beea-46ac-8217-ac520962c172 req-2af7e2d3-0fd3-48c7-a2fd-ba01d546c1a5 tempest-ServerRescueNegativeTestJSON-443730877 tempest-ServerRescueNegativeTestJSON-443730877-project] 10.222.0.49 "GET /v2.0/ports?device_id=370b333c-bedf-4a1b-8508-0580d9669df8 HTTP/1.1" status: 200 len: 945 time: 0.1840186
May 04 18:27:00.476269 dv-cinder-789603-2-smb neutron-server[74223]: DEBUG neutron_lib.callbacks.manager [None req-be75d5b3-43c2-414c-960e-97891493a408 None None] Notify callbacks ['neutron.plugins.ml2.plugin.SecurityGroupDbMixin._ensure_default_security_group_handler-1734150'] for port, before_update {{(pid=74223) _notify_loop /usr/local/lib/python3.8/dist-packages/neutron_lib/callbacks/manager.py:192}}
May 04 18:27:00.503830 dv-cinder-789603-2-smb neutron-server[74223]: DEBUG neutron.notifiers.nova [None req-be75d5b3-43c2-414c-960e-97891493a408 None None] Ignoring state change previous_port_status: DOWN current_port_status: BUILD port_id 1638aa14-7403-4257-a09e-05352b898838 {{(pid=74223) record_port_status_changed /opt/stack/neutron/neutron/notifiers/nova.py:224}}
May 04 18:27:00.521491 dv-cinder-789603-2-smb neutron-server[74223]: DEBUG neutron.plugins.ml2.db [None req-be75d5b3-43c2-414c-960e-97891493a408 None None] For port 1638aa14-7403-4257-a09e-05352b898838, host hv-cinder-78960, got binding levels [PortBindingLevel(driver='hyperv',host='hv-cinder-78960',level=0,port_id=1638aa14-7403-4257-a09e-05352b898838,segment=NetworkSegment(e27d6d3a-acad-4e56-8b22-9dcd41a82e38),segment_id=e27d6d3a-acad-4e56-8b22-9dcd41a82e38)] {{(pid=74223) get_binding_level_objs /opt/stack/neutron/neutron/plugins/ml2/db.py:75}}
May 04 18:27:00.586236 dv-cinder-789603-2-smb neutron-server[74222]: INFO neutron.wsgi [req-9d736938-beea-46ac-8217-ac520962c172 req-52264976-8fdd-473f-b8c8-6f9b77a8db02 tempest-ServerRescueNegativeTestJSON-443730877 tempest-ServerRescueNegativeTestJSON-443730877-project] 10.222.0.49 "GET /v2.0/security-groups?id=716c2d38-25e1-4c63-8982-e0f99d95172f&fields=id&fields=name HTTP/1.1" status: 200 len: 286 time: 0.0760911
May 04 18:27:00.606131 dv-cinder-789603-2-smb neutron-server[74223]: DEBUG neutron_lib.callbacks.manager [None req-be75d5b3-43c2-414c-960e-97891493a408 None None] Notify callbacks ['neutron.plugins.ml2.plugin.SecurityGroupServerNotifierRpcMixin.notify_sg_on_port_change-1734213', 'neutron.plugins.ml2.ovo_rpc._ObjectChangeHandler.handle_event-30339', 'neutron.api.rpc.agentnotifiers.dhcp_rpc_agent_api.DhcpAgentNotifyAPI._native_event_send_dhcp_notification-549518', 'neutron.db.l3_db.L3RpcNotifierMixin._notify_gateway_port_ip_changed-8785700205469', 'neutron.db.l3_dvrscheduler_db._notify_l3_agent_port_update-8785699787560', 'neutron.db.l3_hascheduler_db._notify_l3_agent_ha_port_update-8785699787605'] for port, after_update {{(pid=74223) _notify_loop /usr/local/lib/python3.8/dist-packages/neutron_lib/callbacks/manager.py:192}}
May 04 18:27:00.610079 dv-cinder-789603-2-smb neutron-server[74223]: DEBUG oslo_concurrency.lockutils [None req-be75d5b3-43c2-414c-960e-97891493a408 None None] Lock "event-dispatch" acquired by "neutron.plugins.ml2.ovo_rpc._ObjectChangeHandler.dispatch_events" :: waited 0.000s {{(pid=74223) inner /usr/local/lib/python3.8/dist-packages/oslo_concurrency/lockutils.py:355}}
May 04 18:27:00.702121 dv-cinder-789603-2-smb neutron-server[74222]: DEBUG neutron.scheduler.l3_agent_scheduler [None req-c17bc73d-e994-4d03-ae6c-235d4c8cfeda tempest-AttachVolumeTestJSON-509702877 tempest-AttachVolumeTestJSON-509702877-project] Router 69ceafa4-b679-412b-b7cd-ddd042228f5c has already been hosted by L3 agent 79cecabe-ec62-460d-bf10-ca4760d2206b {{(pid=74222) _get_candidates /opt/stack/neutron/neutron/scheduler/l3_agent_scheduler.py:127}}
May 04 18:27:00.703311 dv-cinder-789603-2-smb neutron-server[74223]: DEBUG neutron.api.rpc.handlers.resources_rpc [None req-be75d5b3-43c2-414c-960e-97891493a408 None None] Pushing event updated for resources: {'Port': ['ID=1638aa14-7403-4257-a09e-05352b898838,revision_number=4']} {{(pid=74223) push /opt/stack/neutron/neutron/api/rpc/handlers/resources_rpc.py:237}}
May 04 18:27:00.706948 dv-cinder-789603-2-smb neutron-server[74223]: DEBUG oslo_concurrency.lockutils [None req-be75d5b3-43c2-414c-960e-97891493a408 None None] Lock "event-dispatch" released by "neutron.plugins.ml2.ovo_rpc._ObjectChangeHandler.dispatch_events" :: held 0.097s {{(pid=74223) inner /usr/local/lib/python3.8/dist-packages/oslo_concurrency/lockutils.py:367}}
May 04 18:27:01.005741 dv-cinder-789603-2-smb neutron-server[74223]: DEBUG neutron.plugins.ml2.db [None req-be75d5b3-43c2-414c-960e-97891493a408 None None] get_ports_and_sgs() called for port_ids ['1638aa14-7403-4257-a09e-05352b898838'] {{(pid=74223) get_ports_and_sgs /opt/stack/neutron/neutron/plugins/ml2/db.py:164}}
May 04 18:27:01.012343 dv-cinder-789603-2-smb neutron-server[74222]: DEBUG neutron.api.rpc.agentnotifiers.l3_rpc_agent_api [None req-c17bc73d-e994-4d03-ae6c-235d4c8cfeda tempest-AttachVolumeTestJSON-509702877 tempest-AttachVolumeTestJSON-509702877-project] Notify agent at l3_agent.dv-cinder-789603-2-smb the message routers_updated {{(pid=74222) _agent_notification /opt/stack/neutron/neutron/api/rpc/agentnotifiers/l3_rpc_agent_api.py:68}}
May 04 18:27:01.025940 dv-cinder-789603-2-smb neutron-server[74224]: DEBUG neutron.api.rpc.handlers.l3_rpc [None req-fca609fa-e576-43b3-ad25-145a114672e6 None None] Sync routers for ids ['69ceafa4-b679-412b-b7cd-ddd042228f5c'] in dv-cinder-789603-2-smb {{(pid=74224) sync_routers /opt/stack/neutron/neutron/api/rpc/handlers/l3_rpc.py:125}}
May 04 18:27:01.047651 dv-cinder-789603-2-smb neutron-server[74224]: DEBUG neutron.db.l3_dvrscheduler_db [None req-fca609fa-e576-43b3-ad25-145a114672e6 None None] Routers {'69ceafa4-b679-412b-b7cd-ddd042228f5c'} bound to L3 agent in host dv-cinder-789603-2-smb {{(pid=74224) _get_router_ids_for_agent /opt/stack/neutron/neutron/db/l3_dvrscheduler_db.py:422}}
May 04 18:27:01.050019 dv-cinder-789603-2-smb neutron-server[74224]: DEBUG neutron.db.l3_hamode_db [None req-fca609fa-e576-43b3-ad25-145a114672e6 None None] neutron.services.l3_router.l3_router_plugin.L3RouterPlugin method get_ha_sync_data_for_host called with arguments (, 'dv-cinder-789603-2-smb', Agent(admin_state_up=True,agent_type='L3 agent',availability_zone='nova',binary='neutron-l3-agent',configurations={"agent_mode": "legacy", "ex_gw_ports": 4, "extensions": [], "floating_ips": 0, "handle_internal_only_routers": true, "interface_driver": "openvswitch", "interfaces": 4, "log_agent_heartbeats": false, "routers": 4},created_at=2021-05-04T18:18:06Z,description=,heartbeat_timestamp=2021-05-04T18:26:36Z,host='dv-cinder-789603-2-smb',id=79cecabe-ec62-460d-bf10-ca4760d2206b,load=0,resource_versions=,resources_synced=,started_at=2021-05-04T18:18:06Z,topic='l3_agent')) {'router_ids': ['69ceafa4-b679-412b-b7cd-ddd042228f5c'], 'active': True} {{(pid=74224) wrapper /usr/local/lib/python3.8/dist-packages/oslo_log/helpers.py:65}}
May 04 18:27:01.129766 dv-cinder-789603-2-smb neutron-server[74222]: DEBUG neutron_lib.callbacks.manager [None req-c17bc73d-e994-4d03-ae6c-235d4c8cfeda tempest-AttachVolumeTestJSON-509702877 tempest-AttachVolumeTestJSON-509702877-project] Notify callbacks ['neutron.notifiers.nova.Notifier._send_nova_notification-163130'] for floatingip, before_response {{(pid=74222) _notify_loop /usr/local/lib/python3.8/dist-packages/neutron_lib/callbacks/manager.py:192}}
May 04 18:27:01.199149 dv-cinder-789603-2-smb neutron-server[74222]: INFO neutron.wsgi [None req-c17bc73d-e994-4d03-ae6c-235d4c8cfeda tempest-AttachVolumeTestJSON-509702877 tempest-AttachVolumeTestJSON-509702877-project] 10.222.0.49 "PUT /v2.0/floatingips/2f23f19f-b0b1-4906-9f00-3ed3bcd52f9d HTTP/1.1" status: 200 len: 992 time: 2.6234467
May 04 18:27:01.208724 dv-cinder-789603-2-smb neutron-server[74222]: DEBUG neutron.notifiers.nova [-] Sending events: [{'name': 'network-changed', 'server_uuid': 'd1dedb52-f273-43f8-a579-fd67e562df83', 'tag': 'ba8caf9e-b03c-460f-a66d-86794799e2e7'}] {{(pid=74222) send_events /opt/stack/neutron/neutron/notifiers/nova.py:262}}
May 04 18:27:01.230757 dv-cinder-789603-2-smb neutron-server[74222]: DEBUG neutron.pecan_wsgi.hooks.policy_enforcement [req-b1245559-ab82-4f67-b524-6532e1d1732b req-cb3de9c5-e967-4949-b706-6d85cce5eff3 tempest-VolumesActionsTest-1406354262 tempest-VolumesActionsTest-1406354262-project] Attributes excluded by policy engine: ['standard_attr_id', 'vlan_transparent', 'provider:network_type', 'provider:physical_network', 'provider:segmentation_id'] {{(pid=74222) _exclude_attributes_by_policy /opt/stack/neutron/neutron/pecan_wsgi/hooks/policy_enforcement.py:255}}
May 04 18:27:01.232516 dv-cinder-789603-2-smb neutron-server[74222]: INFO neutron.wsgi [req-b1245559-ab82-4f67-b524-6532e1d1732b req-cb3de9c5-e967-4949-b706-6d85cce5eff3 tempest-VolumesActionsTest-1406354262 tempest-VolumesActionsTest-1406354262-project] 10.222.0.49 "GET /v2.0/networks?id=9040d36b-5325-4781-ac32-725ba1a5f599 HTTP/1.1" status: 200 len: 809 time: 0.3173721
May 04 18:27:01.255630 dv-cinder-789603-2-smb neutron-server[74222]: DEBUG neutron.pecan_wsgi.hooks.policy_enforcement [req-a2ab7b3d-765e-4a97-8ac3-8b6bdee4f5e2 req-a9446669-af4c-4283-b80f-4aab17d210a4 tempest-AttachVolumeNegativeTest-93790782 tempest-AttachVolumeNegativeTest-93790782-project] Attributes excluded by policy engine: ['standard_attr_id', 'binding:profile', 'binding:host_id', 'binding:vif_type', 'binding:vif_details'] {{(pid=74222) _exclude_attributes_by_policy /opt/stack/neutron/neutron/pecan_wsgi/hooks/policy_enforcement.py:255}}
May 04 18:27:01.259381 dv-cinder-789603-2-smb neutron-server[74222]: INFO neutron.wsgi [req-a2ab7b3d-765e-4a97-8ac3-8b6bdee4f5e2 req-a9446669-af4c-4283-b80f-4aab17d210a4 tempest-AttachVolumeNegativeTest-93790782 tempest-AttachVolumeNegativeTest-93790782-project] 10.222.0.49 "GET /v2.0/ports?device_id=aaf60b29-9220-465e-83c7-1e3c8c898abe HTTP/1.1" status: 200 len: 945 time: 0.3129578
May 04 18:27:01.314570 dv-cinder-789603-2-smb neutron-server[74224]: DEBUG neutron.db.l3_dvr_db [None req-fca609fa-e576-43b3-ad25-145a114672e6 None None] Set router 69ceafa4-b679-412b-b7cd-ddd042228f5c gateway port host: dv-cinder-789603-2-smb {{(pid=74224) _build_routers_list /opt/stack/neutron/neutron/db/l3_dvr_db.py:819}}
May 04 18:27:01.430057 dv-cinder-789603-2-smb neutron-server[74222]: INFO neutron.wsgi [req-b1245559-ab82-4f67-b524-6532e1d1732b req-2c169ea5-eaf9-4325-b0c2-1d226da98e36 tempest-VolumesActionsTest-1406354262 tempest-VolumesActionsTest-1406354262-project] 10.222.0.49 "GET /v2.0/quotas/c6b505e72f8f4151930e25f79b385a24 HTTP/1.1" status: 200 len: 375 time: 0.1695070
May 04 18:27:01.495658 dv-cinder-789603-2-smb neutron-server[74222]: INFO neutron.wsgi [req-a2ab7b3d-765e-4a97-8ac3-8b6bdee4f5e2 req-5775664b-8192-47c8-8b53-31cd6fb2b0a7 tempest-AttachVolumeNegativeTest-93790782 tempest-AttachVolumeNegativeTest-93790782-project] 10.222.0.49 "GET /v2.0/security-groups?id=1aa27977-b395-4814-8c0f-fcd42655a82f&fields=id&fields=name HTTP/1.1" status: 200 len: 286 time: 0.2237740
May 04 18:27:01.503743 dv-cinder-789603-2-smb neutron-server[74222]: INFO neutron.wsgi [req-b1245559-ab82-4f67-b524-6532e1d1732b req-065a97ae-6fe5-47d4-af59-e4828a615232 tempest-VolumesActionsTest-1406354262 tempest-VolumesActionsTest-1406354262-project] 10.222.0.49 "GET /v2.0/ports?tenant_id=c6b505e72f8f4151930e25f79b385a24&fields=id HTTP/1.1" status: 200 len: 210 time: 0.0728116
May 04 18:27:01.665873 dv-cinder-789603-2-smb neutron-server[74222]: INFO neutron.wsgi [req-b1245559-ab82-4f67-b524-6532e1d1732b req-25fb0104-31c4-454a-9796-46747449cd88 service neutron] 10.222.0.49 "GET /v2.0/networks/9040d36b-5325-4781-ac32-725ba1a5f599?fields=segments HTTP/1.1" status: 200 len: 212 time: 0.1612105
May 04 18:27:01.772080 dv-cinder-789603-2-smb neutron-server[74222]: INFO neutron.notifiers.nova [-] Nova event response: {'name': 'network-changed', 'server_uuid': 'd1dedb52-f273-43f8-a579-fd67e562df83', 'tag': 'ba8caf9e-b03c-460f-a66d-86794799e2e7', 'status': 'completed', 'code': 200}
May 04 18:27:01.820422 dv-cinder-789603-2-smb neutron-server[74222]: INFO neutron.wsgi [req-b1245559-ab82-4f67-b524-6532e1d1732b req-86573c8a-61f1-4101-81fa-38b470c26aad service neutron] 10.222.0.49 "GET /v2.0/networks/9040d36b-5325-4781-ac32-725ba1a5f599?fields=provider%3Aphysical_network&fields=provider%3Anetwork_type HTTP/1.1" status: 200 len: 281 time: 0.1475942
May 04 18:27:01.847728 dv-cinder-789603-2-smb neutron-server[74224]: DEBUG neutron.db.l3_hamode_db [None req-fca609fa-e576-43b3-ad25-145a114672e6 None None] neutron.services.l3_router.l3_router_plugin.L3RouterPlugin method _process_sync_ha_data called with arguments (, [{'id': '69ceafa4-b679-412b-b7cd-ddd042228f5c', 'name': 'tempest-AttachVolumeTestJSON-1277100894-router', 'tenant_id': '4c120e913866442b994ca71f4b2f0f98', 'admin_state_up': True, 'status': 'ACTIVE', 'external_gateway_info': {'network_id': '90b44f7d-5c55-4edd-ba51-1d4bf68bd72d', 'external_fixed_ips': [{'subnet_id': '15770a9c-0e03-4178-b54a-c3c1706d1253', 'ip_address': '172.28.1.156'}], 'enable_snat': True}, 'gw_port_id': 'f3207022-b947-4177-93e3-c02cf8f72467', 'description': '', 'availability_zones': ['nova'], 'distributed': False, 'ha': False, 'ha_vr_id': 0, 'availability_zone_hints': [], 'routes': [], 'flavor_id': None, 'tags': [], 'created_at': '2021-05-04T18:25:58Z', 'updated_at': '2021-05-04T18:26:14Z', 'revision_number': 4, 'project_id': '4c120e913866442b994ca71f4b2f0f98', 'gw_port': {'id': 'f3207022-b947-4177-93e3-c02cf8f72467', 'name': '', 'network_id': '90b44f7d-5c55-4edd-ba51-1d4bf68bd72d', 'tenant_id': '', 'mac_address': 'fa:16:3e:63:21:08', 'admin_state_up': True, 'status': 'ACTIVE', 'device_id': '69ceafa4-b679-412b-b7cd-ddd042228f5c', 'device_owner': 'network:router_gateway', 'standard_attr_id': 82, 'fixed_ips': [{'subnet_id': '15770a9c-0e03-4178-b54a-c3c1706d1253', 'ip_address': '172.28.1.156', 'prefixlen': 24}], 'allowed_address_pairs': [], 'extra_dhcp_opts': [], 'security_groups': [], 'description': '', 'binding:vnic_type': 'normal', 'binding:profile': {}, 'binding:host_id': 'dv-cinder-789603-2-smb', 'binding:vif_type': 'ovs', 'binding:vif_details': {'connectivity': 'l2', 'port_filter': True, 'ovs_hybrid_plug': False, 'datapath_type': 'system', 'bridge_name': 'br-int'}, 'port_security_enabled': False, 'tags': [], 'created_at': '2021-05-04T18:26:01Z', 'updated_at': '2021-05-04T18:26:17Z', 'revision_number': 4, 'project_id': '', 'subnets': [{'id': '15770a9c-0e03-4178-b54a-c3c1706d1253', 'cidr': '172.28.1.0/24', 'gateway_ip': '172.28.1.1', 'dns_nameservers': [], 'ipv6_ra_mode': None, 'subnetpool_id': None}], 'extra_subnets': [], 'address_scopes': {4: None, 6: None}, 'mtu': 1500}, 'enable_snat': True, 'gw_port_host': 'dv-cinder-789603-2-smb', '_floatingips': [{'id': '2f23f19f-b0b1-4906-9f00-3ed3bcd52f9d', 'tenant_id': '4c120e913866442b994ca71f4b2f0f98', 'floating_ip_address': '172.28.1.200', 'floating_network_id': '90b44f7d-5c55-4edd-ba51-1d4bf68bd72d', 'router_id': '69ceafa4-b679-412b-b7cd-ddd042228f5c', 'port_id': 'ba8caf9e-b03c-460f-a66d-86794799e2e7', 'fixed_ip_address': '172.20.0.10', 'status': 'DOWN', 'standard_attr_id': 148, 'description': '', 'qos_policy_id': None, 'port_details': {'name': '', 'network_id': '634c6d2b-13fc-4507-bef8-13a83088a32c', 'mac_address': 'fa:16:3e:cf:bc:97', 'admin_state_up': True, 'status': 'ACTIVE', 'device_id': 'd1dedb52-f273-43f8-a579-fd67e562df83', 'device_owner': 'compute:nova'}, 'dns_domain': '', 'dns_name': '', 'tags': [], 'created_at': '2021-05-04T18:26:31Z', 'updated_at': '2021-05-04T18:26:59Z', 'revision_number': 1, 'project_id': '4c120e913866442b994ca71f4b2f0f98', 'fixed_ip_address_scope': None}], '_interfaces': [{'id': 'cc4f9458-2154-49cc-a86a-ccf9f853cc9f', 'name': '', 'network_id': '634c6d2b-13fc-4507-bef8-13a83088a32c', 'tenant_id': '4c120e913866442b994ca71f4b2f0f98', 'mac_address': 'fa:16:3e:70:f7:f6', 'admin_state_up': True, 'status': 'ACTIVE', 'device_id': '69ceafa4-b679-412b-b7cd-ddd042228f5c', 'device_owner': 'network:router_interface', 'standard_attr_id': 102, 'fixed_ips': [{'subnet_id': '656edfdd-aa87-4bb6-baf1-030ff554b1f3', 'ip_address': '172.20.0.1', 'prefixlen': 28}], 'allowed_address_pairs': [], 'extra_dhcp_opts': [], 'security_groups': [], 'description': '', 'binding:vnic_type': 'normal', 'binding:profile': {}, 'binding:host_id': 'dv-cinder-789603-2-smb', 'binding:vif_type': 'ovs', 'binding:vif_details': {'connectivity': 'l2', 'port_filter': True, 'ovs_hybrid_plug': False, 'datapath_type': 'system', 'bridge_name': 'br-int'}, 'port_security_enabled': False, 'tags': [], 'created_at': '2021-05-04T18:26:12Z', 'updated_at': '2021-05-04T18:26:26Z', 'revision_number': 5, 'project_id': '4c120e913866442b994ca71f4b2f0f98', 'subnets': [{'id': '656edfdd-aa87-4bb6-baf1-030ff554b1f3', 'cidr': '172.20.0.0/28', 'gateway_ip': '172.20.0.1', 'dns_nameservers': [], 'ipv6_ra_mode': None, 'subnetpool_id': None}], 'extra_subnets': [], 'address_scopes': {4: None, 6: None}, 'mtu': 1500}]}], 'dv-cinder-789603-2-smb', False) {} {{(pid=74224) wrapper /usr/local/lib/python3.8/dist-packages/oslo_log/helpers.py:65}}
May 04 18:27:01.859192 dv-cinder-789603-2-smb neutron-server[74224]: DEBUG neutron.api.rpc.handlers.l3_rpc [None req-fca609fa-e576-43b3-ad25-145a114672e6 None None] Checking router: 69ceafa4-b679-412b-b7cd-ddd042228f5c for host: dv-cinder-789603-2-smb {{(pid=74224) _ensure_host_set_on_ports /opt/stack/neutron/neutron/api/rpc/handlers/l3_rpc.py:155}}
May 04 18:27:01.889297 dv-cinder-789603-2-smb neutron-server[74224]: DEBUG neutron.db.l3_dvrscheduler_db [None req-fca609fa-e576-43b3-ad25-145a114672e6 None None] Routers {'69ceafa4-b679-412b-b7cd-ddd042228f5c'} bound to L3 agent in host dv-cinder-789603-2-smb {{(pid=74224) _get_router_ids_for_agent /opt/stack/neutron/neutron/db/l3_dvrscheduler_db.py:422}}
May 04 18:27:01.890463 dv-cinder-789603-2-smb neutron-server[74224]: DEBUG neutron.db.l3_hamode_db [None req-fca609fa-e576-43b3-ad25-145a114672e6 None None] neutron.services.l3_router.l3_router_plugin.L3RouterPlugin method get_ha_sync_data_for_host called with arguments (, 'dv-cinder-789603-2-smb', Agent(admin_state_up=True,agent_type='L3 agent',availability_zone='nova',binary='neutron-l3-agent',configurations={"agent_mode": "legacy", "ex_gw_ports": 4, "extensions": [], "floating_ips": 0, "handle_internal_only_routers": true, "interface_driver": "openvswitch", "interfaces": 4, "log_agent_heartbeats": false, "routers": 4},created_at=2021-05-04T18:18:06Z,description=,heartbeat_timestamp=2021-05-04T18:26:36Z,host='dv-cinder-789603-2-smb',id=79cecabe-ec62-460d-bf10-ca4760d2206b,load=0,resource_versions=,resources_synced=,started_at=2021-05-04T18:18:06Z,topic='l3_agent')) {'router_ids': ['69ceafa4-b679-412b-b7cd-ddd042228f5c'], 'active': True} {{(pid=74224) wrapper /usr/local/lib/python3.8/dist-packages/oslo_log/helpers.py:65}}
May 04 18:27:01.894900 dv-cinder-789603-2-smb neutron-server[74221]: DEBUG neutron.pecan_wsgi.hooks.policy_enforcement [req-40c0a01f-e96c-43fb-94d8-d4a2dfa0e57b req-c8eca01f-ab0b-447e-9a1e-4ae4d7eb9753 service neutron] Attributes excluded by policy engine: ['standard_attr_id'] {{(pid=74221) _exclude_attributes_by_policy /opt/stack/neutron/neutron/pecan_wsgi/hooks/policy_enforcement.py:255}}
